I20260601 13:37:57.367726  4005 tablet_service.cc:1917] Received RequestConsensusVote() RPC: tablet_id: "97b0f213158d4bbebbe701b071a27b8d" candidate_uuid: "c9dd387ea683461b9e5f45dfa44ea854" candidate_term: 1 candidate_status { last_received { term: 0 index: 0 } } ignore_live_leader: false dest_uuid: "88b29e628f784201a4e8b14485092544" is_pre_election: true
I20260601 13:37:57.367851  4005 raft_consensus.cc:2468] T 97b0f213158d4bbebbe701b071a27b8d P 88b29e628f784201a4e8b14485092544 [term 0 FOLLOWER]: Leader pre-election vote request: Granting yes vote for candidate c9dd387ea683461b9e5f45dfa44ea854 in term 0.
I20260601 13:37:57.367935  3893 leader_election.cc:304] T 97b0f213158d4bbebbe701b071a27b8d P c9dd387ea683461b9e5f45dfa44ea854 [CANDIDATE]: Term 1 pre-election: Election decided. Result: candidate won. Election summary: received 2 responses out of 3 voters: 2 yes votes; 0 no votes. yes voters: adffc0920daf4e10852474e4e72971da, c9dd387ea683461b9e5f45dfa44ea854; no voters: 
I20260601 13:37:57.368162  4056 raft_consensus.cc:2804] T 97b0f213158d4bbebbe701b071a27b8d P c9dd387ea683461b9e5f45dfa44ea854 [term 0 FOLLOWER]: Leader pre-election won for term 1
I20260601 13:37:57.368221  4056 raft_consensus.cc:493] T 97b0f213158d4bbebbe701b071a27b8d P c9dd387ea683461b9e5f45dfa44ea854 [term 0 FOLLOWER]: Starting leader election (no leader contacted us within the election timeout)
I20260601 13:37:57.368274  4056 raft_consensus.cc:3060] T 97b0f213158d4bbebbe701b071a27b8d P c9dd387ea683461b9e5f45dfa44ea854 [term 0 FOLLOWER]: Advancing to term 1
I20260601 13:37:57.369019  4056 raft_consensus.cc:515] T 97b0f213158d4bbebbe701b071a27b8d P c9dd387ea683461b9e5f45dfa44ea854 [term 1 FOLLOWER]: Starting leader election with config: opid_index: -1 OBSOLETE_local: false peers { permanent_uuid: "adffc0920daf4e10852474e4e72971da" member_type: VOTER last_known_addr { host: "127.3.27.65" port: 33183 } } peers { permanent_uuid: "c9dd387ea683461b9e5f45dfa44ea854" member_type: VOTER last_known_addr { host: "127.3.27.66" port: 33297 } } peers { permanent_uuid: "88b29e628f784201a4e8b14485092544" member_type: VOTER last_known_addr { host: "127.3.27.67" port: 42281 } }
I20260601 13:37:57.369314  4056 leader_election.cc:290] T 97b0f213158d4bbebbe701b071a27b8d P c9dd387ea683461b9e5f45dfa44ea854 [CANDIDATE]: Term 1 election: Requested vote from peers adffc0920daf4e10852474e4e72971da (127.3.27.65:33183), 88b29e628f784201a4e8b14485092544 (127.3.27.67:42281)
I20260601 13:37:57.369642  3854 tablet_service.cc:1917] Received RequestConsensusVote() RPC: tablet_id: "97b0f213158d4bbebbe701b071a27b8d" candidate_uuid: "c9dd387ea683461b9e5f45dfa44ea854" candidate_term: 1 candidate_status { last_received { term: 0 index: 0 } } ignore_live_leader: false dest_uuid: "adffc0920daf4e10852474e4e72971da"
I20260601 13:37:57.369741  3854 raft_consensus.cc:3060] T 97b0f213158d4bbebbe701b071a27b8d P adffc0920daf4e10852474e4e72971da [term 0 FOLLOWER]: Advancing to term 1
I20260601 13:37:57.369753  4005 tablet_service.cc:1917] Received RequestConsensusVote() RPC: tablet_id: "97b0f213158d4bbebbe701b071a27b8d" candidate_uuid: "c9dd387ea683461b9e5f45dfa44ea854" candidate_term: 1 candidate_status { last_received { term: 0 index: 0 } } ignore_live_leader: false dest_uuid: "88b29e628f784201a4e8b14485092544"
I20260601 13:37:57.369864  4005 raft_consensus.cc:3060] T 97b0f213158d4bbebbe701b071a27b8d P 88b29e628f784201a4e8b14485092544 [term 0 FOLLOWER]: Advancing to term 1
I20260601 13:37:57.370585  3854 raft_consensus.cc:2468] T 97b0f213158d4bbebbe701b071a27b8d P adffc0920daf4e10852474e4e72971da [term 1 FOLLOWER]: Leader election vote request: Granting yes vote for candidate c9dd387ea683461b9e5f45dfa44ea854 in term 1.
I20260601 13:37:57.370703  4005 raft_consensus.cc:2468] T 97b0f213158d4bbebbe701b071a27b8d P 88b29e628f784201a4e8b14485092544 [term 1 FOLLOWER]: Leader election vote request: Granting yes vote for candidate c9dd387ea683461b9e5f45dfa44ea854 in term 1.
I20260601 13:37:57.370834  3893 leader_election.cc:304] T 97b0f213158d4bbebbe701b071a27b8d P c9dd387ea683461b9e5f45dfa44ea854 [CANDIDATE]: Term 1 election: Election decided. Result: candidate won. Election summary: received 2 responses out of 3 voters: 2 yes votes; 0 no votes. yes voters: adffc0920daf4e10852474e4e72971da, c9dd387ea683461b9e5f45dfa44ea854; no voters: 
I20260601 13:37:57.371017  4056 raft_consensus.cc:2804] T 97b0f213158d4bbebbe701b071a27b8d P c9dd387ea683461b9e5f45dfa44ea854 [term 1 FOLLOWER]: Leader election won for term 1
I20260601 13:37:57.371124  4056 raft_consensus.cc:697] T 97b0f213158d4bbebbe701b071a27b8d P c9dd387ea683461b9e5f45dfa44ea854 [term 1 LEADER]: Becoming Leader. State: Replica: c9dd387ea683461b9e5f45dfa44ea854, State: Running, Role: LEADER
I20260601 13:37:57.371263  4056 consensus_queue.cc:237] T 97b0f213158d4bbebbe701b071a27b8d P c9dd387ea683461b9e5f45dfa44ea854 [LEADER]: Queue going to LEADER mode. State: All replicated index: 0, Majority replicated index: 0, Committed index: 0, Last appended: 0.0, Last appended by leader: 0, Current term: 1, Majority size: 2, State: 0, Mode: LEADER, active raft config: opid_index: -1 OBSOLETE_local: false peers { permanent_uuid: "adffc0920daf4e10852474e4e72971da" member_type: VOTER last_known_addr { host: "127.3.27.65" port: 33183 } } peers { permanent_uuid: "c9dd387ea683461b9e5f45dfa44ea854" member_type: VOTER last_known_addr { host: "127.3.27.66" port: 33297 } } peers { permanent_uuid: "88b29e628f784201a4e8b14485092544" member_type: VOTER last_known_addr { host: "127.3.27.67" port: 42281 } }
I20260601 13:37:57.372762  3749 catalog_manager.cc:5696] T 97b0f213158d4bbebbe701b071a27b8d P c9dd387ea683461b9e5f45dfa44ea854 reported cstate change: term changed from 0 to 1, leader changed from <none> to c9dd387ea683461b9e5f45dfa44ea854 (127.3.27.66). New cstate: current_term: 1 leader_uuid: "c9dd387ea683461b9e5f45dfa44ea854" committed_config { opid_index: -1 OBSOLETE_local: false peers { permanent_uuid: "adffc0920daf4e10852474e4e72971da" member_type: VOTER last_known_addr { host: "127.3.27.65" port: 33183 } health_report { overall_health: UNKNOWN } } peers { permanent_uuid: "c9dd387ea683461b9e5f45dfa44ea854" member_type: VOTER last_known_addr { host: "127.3.27.66" port: 33297 } health_report { overall_health: HEALTHY } } peers { permanent_uuid: "88b29e628f784201a4e8b14485092544" member_type: VOTER last_known_addr { host: "127.3.27.67" port: 42281 } health_report { overall_health: UNKNOWN } } }
I20260601 13:37:57.404529  4056 raft_consensus.cc:493] T 322eacff74ef4a6aadac1cb60ab921bf P c9dd387ea683461b9e5f45dfa44ea854 [term 0 FOLLOWER]: Starting pre-election (no leader contacted us within the election timeout)
I20260601 13:37:57.404747  4056 raft_consensus.cc:515] T 322eacff74ef4a6aadac1cb60ab921bf P c9dd387ea683461b9e5f45dfa44ea854 [term 0 FOLLOWER]: Starting pre-election with config: opid_index: -1 OBSOLETE_local: false peers { permanent_uuid: "adffc0920daf4e10852474e4e72971da" member_type: VOTER last_known_addr { host: "127.3.27.65" port: 33183 } } peers { permanent_uuid: "c9dd387ea683461b9e5f45dfa44ea854" member_type: VOTER last_known_addr { host: "127.3.27.66" port: 33297 } } peers { permanent_uuid: "88b29e628f784201a4e8b14485092544" member_type: VOTER last_known_addr { host: "127.3.27.67" port: 42281 } }
I20260601 13:37:57.405262  4056 leader_election.cc:290] T 322eacff74ef4a6aadac1cb60ab921bf P c9dd387ea683461b9e5f45dfa44ea854 [CANDIDATE]: Term 1 pre-election: Requested pre-vote from peers adffc0920daf4e10852474e4e72971da (127.3.27.65:33183), 88b29e628f784201a4e8b14485092544 (127.3.27.67:42281)
I20260601 13:37:57.405768  3854 tablet_service.cc:1917] Received RequestConsensusVote() RPC: tablet_id: "322eacff74ef4a6aadac1cb60ab921bf" candidate_uuid: "c9dd387ea683461b9e5f45dfa44ea854" candidate_term: 1 candidate_status { last_received { term: 0 index: 0 } } ignore_live_leader: false dest_uuid: "adffc0920daf4e10852474e4e72971da" is_pre_election: true
I20260601 13:37:57.405903  4005 tablet_service.cc:1917] Received RequestConsensusVote() RPC: tablet_id: "322eacff74ef4a6aadac1cb60ab921bf" candidate_uuid: "c9dd387ea683461b9e5f45dfa44ea854" candidate_term: 1 candidate_status { last_received { term: 0 index: 0 } } ignore_live_leader: false dest_uuid: "88b29e628f784201a4e8b14485092544" is_pre_election: true
I20260601 13:37:57.405905  3854 raft_consensus.cc:2468] T 322eacff74ef4a6aadac1cb60ab921bf P adffc0920daf4e10852474e4e72971da [term 0 FOLLOWER]: Leader pre-election vote request: Granting yes vote for candidate c9dd387ea683461b9e5f45dfa44ea854 in term 0.
I20260601 13:37:57.406080  4005 raft_consensus.cc:2468] T 322eacff74ef4a6aadac1cb60ab921bf P 88b29e628f784201a4e8b14485092544 [term 0 FOLLOWER]: Leader pre-election vote request: Granting yes vote for candidate c9dd387ea683461b9e5f45dfa44ea854 in term 0.
I20260601 13:37:57.406376  3893 leader_election.cc:304] T 322eacff74ef4a6aadac1cb60ab921bf P c9dd387ea683461b9e5f45dfa44ea854 [CANDIDATE]: Term 1 pre-election: Election decided. Result: candidate won. Election summary: received 2 responses out of 3 voters: 2 yes votes; 0 no votes. yes voters: adffc0920daf4e10852474e4e72971da, c9dd387ea683461b9e5f45dfa44ea854; no voters: 
I20260601 13:37:57.406641  4056 raft_consensus.cc:2804] T 322eacff74ef4a6aadac1cb60ab921bf P c9dd387ea683461b9e5f45dfa44ea854 [term 0 FOLLOWER]: Leader pre-election won for term 1
I20260601 13:37:57.406701  4056 raft_consensus.cc:493] T 322eacff74ef4a6aadac1cb60ab921bf P c9dd387ea683461b9e5f45dfa44ea854 [term 0 FOLLOWER]: Starting leader election (no leader contacted us within the election timeout)
I20260601 13:37:57.406729  4056 raft_consensus.cc:3060] T 322eacff74ef4a6aadac1cb60ab921bf P c9dd387ea683461b9e5f45dfa44ea854 [term 0 FOLLOWER]: Advancing to term 1
I20260601 13:37:57.407586  4056 raft_consensus.cc:515] T 322eacff74ef4a6aadac1cb60ab921bf P c9dd387ea683461b9e5f45dfa44ea854 [term 1 FOLLOWER]: Starting leader election with config: opid_index: -1 OBSOLETE_local: false peers { permanent_uuid: "adffc0920daf4e10852474e4e72971da" member_type: VOTER last_known_addr { host: "127.3.27.65" port: 33183 } } peers { permanent_uuid: "c9dd387ea683461b9e5f45dfa44ea854" member_type: VOTER last_known_addr { host: "127.3.27.66" port: 33297 } } peers { permanent_uuid: "88b29e628f784201a4e8b14485092544" member_type: VOTER last_known_addr { host: "127.3.27.67" port: 42281 } }
I20260601 13:37:57.407944  4056 leader_election.cc:290] T 322eacff74ef4a6aadac1cb60ab921bf P c9dd387ea683461b9e5f45dfa44ea854 [CANDIDATE]: Term 1 election: Requested vote from peers adffc0920daf4e10852474e4e72971da (127.3.27.65:33183), 88b29e628f784201a4e8b14485092544 (127.3.27.67:42281)
I20260601 13:37:57.408383  3854 tablet_service.cc:1917] Received RequestConsensusVote() RPC: tablet_id: "322eacff74ef4a6aadac1cb60ab921bf" candidate_uuid: "c9dd387ea683461b9e5f45dfa44ea854" candidate_term: 1 candidate_status { last_received { term: 0 index: 0 } } ignore_live_leader: false dest_uuid: "adffc0920daf4e10852474e4e72971da"
I20260601 13:37:57.408421  4005 tablet_service.cc:1917] Received RequestConsensusVote() RPC: tablet_id: "322eacff74ef4a6aadac1cb60ab921bf" candidate_uuid: "c9dd387ea683461b9e5f45dfa44ea854" candidate_term: 1 candidate_status { last_received { term: 0 index: 0 } } ignore_live_leader: false dest_uuid: "88b29e628f784201a4e8b14485092544"
I20260601 13:37:57.408524  3854 raft_consensus.cc:3060] T 322eacff74ef4a6aadac1cb60ab921bf P adffc0920daf4e10852474e4e72971da [term 0 FOLLOWER]: Advancing to term 1
I20260601 13:37:57.408550  4005 raft_consensus.cc:3060] T 322eacff74ef4a6aadac1cb60ab921bf P 88b29e628f784201a4e8b14485092544 [term 0 FOLLOWER]: Advancing to term 1
I20260601 13:37:57.409261  4005 raft_consensus.cc:2468] T 322eacff74ef4a6aadac1cb60ab921bf P 88b29e628f784201a4e8b14485092544 [term 1 FOLLOWER]: Leader election vote request: Granting yes vote for candidate c9dd387ea683461b9e5f45dfa44ea854 in term 1.
I20260601 13:37:57.409266  3854 raft_consensus.cc:2468] T 322eacff74ef4a6aadac1cb60ab921bf P adffc0920daf4e10852474e4e72971da [term 1 FOLLOWER]: Leader election vote request: Granting yes vote for candidate c9dd387ea683461b9e5f45dfa44ea854 in term 1.
I20260601 13:37:57.409600  3893 leader_election.cc:304] T 322eacff74ef4a6aadac1cb60ab921bf P c9dd387ea683461b9e5f45dfa44ea854 [CANDIDATE]: Term 1 election: Election decided. Result: candidate won. Election summary: received 2 responses out of 3 voters: 2 yes votes; 0 no votes. yes voters: 88b29e628f784201a4e8b14485092544, c9dd387ea683461b9e5f45dfa44ea854; no voters: 
I20260601 13:37:57.409772  4056 raft_consensus.cc:2804] T 322eacff74ef4a6aadac1cb60ab921bf P c9dd387ea683461b9e5f45dfa44ea854 [term 1 FOLLOWER]: Leader election won for term 1
I20260601 13:37:57.409860  4056 raft_consensus.cc:697] T 322eacff74ef4a6aadac1cb60ab921bf P c9dd387ea683461b9e5f45dfa44ea854 [term 1 LEADER]: Becoming Leader. State: Replica: c9dd387ea683461b9e5f45dfa44ea854, State: Running, Role: LEADER
I20260601 13:37:57.410000  4056 consensus_queue.cc:237] T 322eacff74ef4a6aadac1cb60ab921bf P c9dd387ea683461b9e5f45dfa44ea854 [LEADER]: Queue going to LEADER mode. State: All replicated index: 0, Majority replicated index: 0, Committed index: 0, Last appended: 0.0, Last appended by leader: 0, Current term: 1, Majority size: 2, State: 0, Mode: LEADER, active raft config: opid_index: -1 OBSOLETE_local: false peers { permanent_uuid: "adffc0920daf4e10852474e4e72971da" member_type: VOTER last_known_addr { host: "127.3.27.65" port: 33183 } } peers { permanent_uuid: "c9dd387ea683461b9e5f45dfa44ea854" member_type: VOTER last_known_addr { host: "127.3.27.66" port: 33297 } } peers { permanent_uuid: "88b29e628f784201a4e8b14485092544" member_type: VOTER last_known_addr { host: "127.3.27.67" port: 42281 } }
I20260601 13:37:57.411629  3749 catalog_manager.cc:5696] T 322eacff74ef4a6aadac1cb60ab921bf P c9dd387ea683461b9e5f45dfa44ea854 reported cstate change: term changed from 0 to 1, leader changed from <none> to c9dd387ea683461b9e5f45dfa44ea854 (127.3.27.66). New cstate: current_term: 1 leader_uuid: "c9dd387ea683461b9e5f45dfa44ea854" committed_config { opid_index: -1 OBSOLETE_local: false peers { permanent_uuid: "adffc0920daf4e10852474e4e72971da" member_type: VOTER last_known_addr { host: "127.3.27.65" port: 33183 } health_report { overall_health: UNKNOWN } } peers { permanent_uuid: "c9dd387ea683461b9e5f45dfa44ea854" member_type: VOTER last_known_addr { host: "127.3.27.66" port: 33297 } health_report { overall_health: HEALTHY } } peers { permanent_uuid: "88b29e628f784201a4e8b14485092544" member_type: VOTER last_known_addr { host: "127.3.27.67" port: 42281 } health_report { overall_health: UNKNOWN } } }
I20260601 13:37:57.457991  4056 raft_consensus.cc:493] T bc7ee57c51fe42bc85620df24fa09464 P c9dd387ea683461b9e5f45dfa44ea854 [term 0 FOLLOWER]: Starting pre-election (no leader contacted us within the election timeout)
I20260601 13:37:57.458211  4056 raft_consensus.cc:515] T bc7ee57c51fe42bc85620df24fa09464 P c9dd387ea683461b9e5f45dfa44ea854 [term 0 FOLLOWER]: Starting pre-election with config: opid_index: -1 OBSOLETE_local: false peers { permanent_uuid: "adffc0920daf4e10852474e4e72971da" member_type: VOTER last_known_addr { host: "127.3.27.65" port: 33183 } } peers { permanent_uuid: "c9dd387ea683461b9e5f45dfa44ea854" member_type: VOTER last_known_addr { host: "127.3.27.66" port: 33297 } } peers { permanent_uuid: "88b29e628f784201a4e8b14485092544" member_type: VOTER last_known_addr { host: "127.3.27.67" port: 42281 } }
I20260601 13:37:57.458717  4056 leader_election.cc:290] T bc7ee57c51fe42bc85620df24fa09464 P c9dd387ea683461b9e5f45dfa44ea854 [CANDIDATE]: Term 1 pre-election: Requested pre-vote from peers adffc0920daf4e10852474e4e72971da (127.3.27.65:33183), 88b29e628f784201a4e8b14485092544 (127.3.27.67:42281)
I20260601 13:37:57.459116  3854 tablet_service.cc:1917] Received RequestConsensusVote() RPC: tablet_id: "bc7ee57c51fe42bc85620df24fa09464" candidate_uuid: "c9dd387ea683461b9e5f45dfa44ea854" candidate_term: 1 candidate_status { last_received { term: 0 index: 0 } } ignore_live_leader: false dest_uuid: "adffc0920daf4e10852474e4e72971da" is_pre_election: true
I20260601 13:37:57.459230  3854 raft_consensus.cc:2468] T bc7ee57c51fe42bc85620df24fa09464 P adffc0920daf4e10852474e4e72971da [term 0 FOLLOWER]: Leader pre-election vote request: Granting yes vote for candidate c9dd387ea683461b9e5f45dfa44ea854 in term 0.
I20260601 13:37:57.459239  4005 tablet_service.cc:1917] Received RequestConsensusVote() RPC: tablet_id: "bc7ee57c51fe42bc85620df24fa09464" candidate_uuid: "c9dd387ea683461b9e5f45dfa44ea854" candidate_term: 1 candidate_status { last_received { term: 0 index: 0 } } ignore_live_leader: false dest_uuid: "88b29e628f784201a4e8b14485092544" is_pre_election: true
I20260601 13:37:57.459439  4005 raft_consensus.cc:2468] T bc7ee57c51fe42bc85620df24fa09464 P 88b29e628f784201a4e8b14485092544 [term 0 FOLLOWER]: Leader pre-election vote request: Granting yes vote for candidate c9dd387ea683461b9e5f45dfa44ea854 in term 0.
I20260601 13:37:57.459561  3893 leader_election.cc:304] T bc7ee57c51fe42bc85620df24fa09464 P c9dd387ea683461b9e5f45dfa44ea854 [CANDIDATE]: Term 1 pre-election: Election decided. Result: candidate won. Election summary: received 2 responses out of 3 voters: 2 yes votes; 0 no votes. yes voters: adffc0920daf4e10852474e4e72971da, c9dd387ea683461b9e5f45dfa44ea854; no voters: 
I20260601 13:37:57.459746  4056 raft_consensus.cc:2804] T bc7ee57c51fe42bc85620df24fa09464 P c9dd387ea683461b9e5f45dfa44ea854 [term 0 FOLLOWER]: Leader pre-election won for term 1
I20260601 13:37:57.459816  4056 raft_consensus.cc:493] T bc7ee57c51fe42bc85620df24fa09464 P c9dd387ea683461b9e5f45dfa44ea854 [term 0 FOLLOWER]: Starting leader election (no leader contacted us within the election timeout)
I20260601 13:37:57.459875  4056 raft_consensus.cc:3060] T bc7ee57c51fe42bc85620df24fa09464 P c9dd387ea683461b9e5f45dfa44ea854 [term 0 FOLLOWER]: Advancing to term 1
I20260601 13:37:57.460690  4056 raft_consensus.cc:515] T bc7ee57c51fe42bc85620df24fa09464 P c9dd387ea683461b9e5f45dfa44ea854 [term 1 FOLLOWER]: Starting leader election with config: opid_index: -1 OBSOLETE_local: false peers { permanent_uuid: "adffc0920daf4e10852474e4e72971da" member_type: VOTER last_known_addr { host: "127.3.27.65" port: 33183 } } peers { permanent_uuid: "c9dd387ea683461b9e5f45dfa44ea854" member_type: VOTER last_known_addr { host: "127.3.27.66" port: 33297 } } peers { permanent_uuid: "88b29e628f784201a4e8b14485092544" member_type: VOTER last_known_addr { host: "127.3.27.67" port: 42281 } }
I20260601 13:37:57.461012  4056 leader_election.cc:290] T bc7ee57c51fe42bc85620df24fa09464 P c9dd387ea683461b9e5f45dfa44ea854 [CANDIDATE]: Term 1 election: Requested vote from peers adffc0920daf4e10852474e4e72971da (127.3.27.65:33183), 88b29e628f784201a4e8b14485092544 (127.3.27.67:42281)
I20260601 13:37:57.461326  3854 tablet_service.cc:1917] Received RequestConsensusVote() RPC: tablet_id: "bc7ee57c51fe42bc85620df24fa09464" candidate_uuid: "c9dd387ea683461b9e5f45dfa44ea854" candidate_term: 1 candidate_status { last_received { term: 0 index: 0 } } ignore_live_leader: false dest_uuid: "adffc0920daf4e10852474e4e72971da"
I20260601 13:37:57.461431  3854 raft_consensus.cc:3060] T bc7ee57c51fe42bc85620df24fa09464 P adffc0920daf4e10852474e4e72971da [term 0 FOLLOWER]: Advancing to term 1
I20260601 13:37:57.461393  4005 tablet_service.cc:1917] Received RequestConsensusVote() RPC: tablet_id: "bc7ee57c51fe42bc85620df24fa09464" candidate_uuid: "c9dd387ea683461b9e5f45dfa44ea854" candidate_term: 1 candidate_status { last_received { term: 0 index: 0 } } ignore_live_leader: false dest_uuid: "88b29e628f784201a4e8b14485092544"
I20260601 13:37:57.461537  4005 raft_consensus.cc:3060] T bc7ee57c51fe42bc85620df24fa09464 P 88b29e628f784201a4e8b14485092544 [term 0 FOLLOWER]: Advancing to term 1
I20260601 13:37:57.462165  3854 raft_consensus.cc:2468] T bc7ee57c51fe42bc85620df24fa09464 P adffc0920daf4e10852474e4e72971da [term 1 FOLLOWER]: Leader election vote request: Granting yes vote for candidate c9dd387ea683461b9e5f45dfa44ea854 in term 1.
I20260601 13:37:57.462383  4005 raft_consensus.cc:2468] T bc7ee57c51fe42bc85620df24fa09464 P 88b29e628f784201a4e8b14485092544 [term 1 FOLLOWER]: Leader election vote request: Granting yes vote for candidate c9dd387ea683461b9e5f45dfa44ea854 in term 1.
I20260601 13:37:57.462446  3893 leader_election.cc:304] T bc7ee57c51fe42bc85620df24fa09464 P c9dd387ea683461b9e5f45dfa44ea854 [CANDIDATE]: Term 1 election: Election decided. Result: candidate won. Election summary: received 2 responses out of 3 voters: 2 yes votes; 0 no votes. yes voters: adffc0920daf4e10852474e4e72971da, c9dd387ea683461b9e5f45dfa44ea854; no voters: 
I20260601 13:37:57.462630  4056 raft_consensus.cc:2804] T bc7ee57c51fe42bc85620df24fa09464 P c9dd387ea683461b9e5f45dfa44ea854 [term 1 FOLLOWER]: Leader election won for term 1
I20260601 13:37:57.462733  4056 raft_consensus.cc:697] T bc7ee57c51fe42bc85620df24fa09464 P c9dd387ea683461b9e5f45dfa44ea854 [term 1 LEADER]: Becoming Leader. State: Replica: c9dd387ea683461b9e5f45dfa44ea854, State: Running, Role: LEADER
I20260601 13:37:57.462872  4056 consensus_queue.cc:237] T bc7ee57c51fe42bc85620df24fa09464 P c9dd387ea683461b9e5f45dfa44ea854 [LEADER]: Queue going to LEADER mode. State: All replicated index: 0, Majority replicated index: 0, Committed index: 0, Last appended: 0.0, Last appended by leader: 0, Current term: 1, Majority size: 2, State: 0, Mode: LEADER, active raft config: opid_index: -1 OBSOLETE_local: false peers { permanent_uuid: "adffc0920daf4e10852474e4e72971da" member_type: VOTER last_known_addr { host: "127.3.27.65" port: 33183 } } peers { permanent_uuid: "c9dd387ea683461b9e5f45dfa44ea854" member_type: VOTER last_known_addr { host: "127.3.27.66" port: 33297 } } peers { permanent_uuid: "88b29e628f784201a4e8b14485092544" member_type: VOTER last_known_addr { host: "127.3.27.67" port: 42281 } }
I20260601 13:37:57.464449  3749 catalog_manager.cc:5696] T bc7ee57c51fe42bc85620df24fa09464 P c9dd387ea683461b9e5f45dfa44ea854 reported cstate change: term changed from 0 to 1, leader changed from <none> to c9dd387ea683461b9e5f45dfa44ea854 (127.3.27.66). New cstate: current_term: 1 leader_uuid: "c9dd387ea683461b9e5f45dfa44ea854" committed_config { opid_index: -1 OBSOLETE_local: false peers { permanent_uuid: "adffc0920daf4e10852474e4e72971da" member_type: VOTER last_known_addr { host: "127.3.27.65" port: 33183 } health_report { overall_health: UNKNOWN } } peers { permanent_uuid: "c9dd387ea683461b9e5f45dfa44ea854" member_type: VOTER last_known_addr { host: "127.3.27.66" port: 33297 } health_report { overall_health: HEALTHY } } peers { permanent_uuid: "88b29e628f784201a4e8b14485092544" member_type: VOTER last_known_addr { host: "127.3.27.67" port: 42281 } health_report { overall_health: UNKNOWN } } }
I20260601 13:37:57.467352  3181 file_cache.cc:492] Constructed file cache file cache with capacity 419430
W20260601 13:37:57.469355  4098 instance_detector.cc:116] could not retrieve AWS instance metadata: Network error: curl error: HTTP response code said error: The requested URL returned error: 404
W20260601 13:37:57.469393  4101 instance_detector.cc:116] could not retrieve OpenStack instance metadata: Network error: curl error: HTTP response code said error: The requested URL returned error: 404
W20260601 13:37:57.469632  4099 instance_detector.cc:116] could not retrieve Azure instance metadata: Network error: curl error: HTTP response code said error: The requested URL returned error: 404
I20260601 13:37:57.469877  3181 server_base.cc:1061] running on GCE node
I20260601 13:37:57.470046  3181 hybrid_clock.cc:584] initializing the hybrid clock with 'system_unsync' time source
W20260601 13:37:57.470120  3181 system_unsync_time.cc:38] NTP support is disabled. Clock error bounds will not be accurate. This configuration is not suitable for distributed clusters.
I20260601 13:37:57.470136  3181 hybrid_clock.cc:648] HybridClock initialized: now 1780321077470137 us; error 0 us; skew 500 ppm
I20260601 13:37:57.471055  3181 webserver.cc:533] Webserver started at http://127.3.27.68:36323/ using document root <none> and password file <none>
I20260601 13:37:57.471184  3181 fs_manager.cc:362] Metadata directory not provided
I20260601 13:37:57.471225  3181 fs_manager.cc:368] Using write-ahead log directory (fs_wal_dir) as metadata directory
I20260601 13:37:57.471280  3181 server_base.cc:909] This appears to be a new deployment of Kudu; creating new FS layout
I20260601 13:37:57.471616  3181 fs_manager.cc:1068] Generated new instance metadata in path /tmp/dist-test-tasklnA_K1/test-tmp/auto_rebalancer-test.0.AutoRebalancerTest.AutoRebalancingTurnOffAndOn.1780321073418610-3181-0/minicluster-data/ts-3-root/instance:
uuid: "9191e3974eae4e2f81768dfebd717af5"
format_stamp: "Formatted at 2026-06-01 13:37:57 on dist-test-slave-7fjb"
I20260601 13:37:57.472957  3181 fs_manager.cc:696] Time spent creating directory manager: real 0.001s	user 0.001s	sys 0.000s
I20260601 13:37:57.474007  4106 log_block_manager.cc:4031] Time spent loading block containers with low live blocks: real 0.000s	user 0.000s	sys 0.000s
I20260601 13:37:57.474347  3181 fs_manager.cc:730] Time spent opening block manager: real 0.001s	user 0.001s	sys 0.000s
I20260601 13:37:57.474414  3181 fs_manager.cc:647] Opened local filesystem: /tmp/dist-test-tasklnA_K1/test-tmp/auto_rebalancer-test.0.AutoRebalancerTest.AutoRebalancingTurnOffAndOn.1780321073418610-3181-0/minicluster-data/ts-3-root
uuid: "9191e3974eae4e2f81768dfebd717af5"
format_stamp: "Formatted at 2026-06-01 13:37:57 on dist-test-slave-7fjb"
I20260601 13:37:57.474516  3181 fs_report.cc:389] FS layout report
--------------------
wal directory: /tmp/dist-test-tasklnA_K1/test-tmp/auto_rebalancer-test.0.AutoRebalancerTest.AutoRebalancingTurnOffAndOn.1780321073418610-3181-0/minicluster-data/ts-3-root
metadata directory: /tmp/dist-test-tasklnA_K1/test-tmp/auto_rebalancer-test.0.AutoRebalancerTest.AutoRebalancingTurnOffAndOn.1780321073418610-3181-0/minicluster-data/ts-3-root
1 data directories: /tmp/dist-test-tasklnA_K1/test-tmp/auto_rebalancer-test.0.AutoRebalancerTest.AutoRebalancingTurnOffAndOn.1780321073418610-3181-0/minicluster-data/ts-3-root/data
Total live blocks: 0
Total live bytes: 0
Total live bytes (after alignment): 0
Total number of LBM containers: 0 (0 full)
Did not check for missing blocks
Did not check for orphaned blocks
Total full LBM containers with extra space: 0 (0 repaired)
Total full LBM container extra space in bytes: 0 (0 repaired)
Total incomplete LBM containers: 0 (0 repaired)
Total LBM partial records: 0 (0 repaired)
Total corrupted LBM metadata records in RocksDB: 0 (0 repaired)
I20260601 13:37:57.514706  3181 rpc_server.cc:225] running with OpenSSL 1.1.1  11 Sep 2018
I20260601 13:37:57.515149  3181 kserver.cc:163] Server-wide thread pool size limit: 3276
I20260601 13:37:57.515473  3181 txn_system_client.cc:432] TxnSystemClient initialization is disabled...
I20260601 13:37:57.515998  3181 ts_tablet_manager.cc:585] Loaded tablet metadata (0 total tablets, 0 live tablets)
I20260601 13:37:57.516041  3181 ts_tablet_manager.cc:531] Time spent load tablet metadata: real 0.000s	user 0.000s	sys 0.000s
I20260601 13:37:57.516113  3181 ts_tablet_manager.cc:616] Registered 0 tablets
I20260601 13:37:57.516152  3181 ts_tablet_manager.cc:595] Time spent register tablets: real 0.000s	user 0.000s	sys 0.000s
I20260601 13:37:57.521548  3181 rpc_server.cc:307] RPC server started. Bound to: 127.3.27.68:39317
I20260601 13:37:57.521611  4169 acceptor_pool.cc:272] collecting diagnostics on the listening RPC socket 127.3.27.68:39317 every 8 connection(s)
I20260601 13:37:57.526357  4170 heartbeater.cc:344] Connected to a master server at 127.3.27.126:41149
I20260601 13:37:57.526503  4170 heartbeater.cc:461] Registering TS with master...
I20260601 13:37:57.526773  4170 heartbeater.cc:507] Master 127.3.27.126:41149 requested a full tablet report, sending...
I20260601 13:37:57.527395  3748 ts_manager.cc:194] Registered new tserver with Master: 9191e3974eae4e2f81768dfebd717af5 (127.3.27.68:39317)
I20260601 13:37:57.528010  3748 master_service.cc:502] Signed X509 certificate for tserver {username='slave'} at 127.0.0.1:44922
I20260601 13:37:57.731310  4062 consensus_queue.cc:1048] T 6c9b49ec93954b9ea4bef278fbdc5adf P adffc0920daf4e10852474e4e72971da [LEADER]: Connected to new peer: Peer: permanent_uuid: "c9dd387ea683461b9e5f45dfa44ea854" member_type: VOTER last_known_addr { host: "127.3.27.66" port: 33297 }, Status: LMP_MISMATCH, Last received: 0.0, Next index: 1, Last known committed idx: 0, Time since last communication: 0.000s
I20260601 13:37:57.734445  4175 consensus_queue.cc:1048] T 6c9b49ec93954b9ea4bef278fbdc5adf P adffc0920daf4e10852474e4e72971da [LEADER]: Connected to new peer: Peer: permanent_uuid: "88b29e628f784201a4e8b14485092544" member_type: VOTER last_known_addr { host: "127.3.27.67" port: 42281 }, Status: LMP_MISMATCH, Last received: 0.0, Next index: 1, Last known committed idx: 0, Time since last communication: 0.000s
I20260601 13:37:57.767436  4056 consensus_queue.cc:1048] T 345c5674bf544adca1324d15b525af2e P c9dd387ea683461b9e5f45dfa44ea854 [LEADER]: Connected to new peer: Peer: permanent_uuid: "88b29e628f784201a4e8b14485092544" member_type: VOTER last_known_addr { host: "127.3.27.67" port: 42281 }, Status: LMP_MISMATCH, Last received: 0.0, Next index: 1, Last known committed idx: 0, Time since last communication: 0.000s
I20260601 13:37:57.770643  4056 consensus_queue.cc:1048] T 345c5674bf544adca1324d15b525af2e P c9dd387ea683461b9e5f45dfa44ea854 [LEADER]: Connected to new peer: Peer: permanent_uuid: "adffc0920daf4e10852474e4e72971da" member_type: VOTER last_known_addr { host: "127.3.27.65" port: 33183 }, Status: LMP_MISMATCH, Last received: 0.0, Next index: 1, Last known committed idx: 0, Time since last communication: 0.000s
I20260601 13:37:57.805630  4065 consensus_queue.cc:1048] T 4b50c7582aa7403da3c73d69eea1edb6 P 88b29e628f784201a4e8b14485092544 [LEADER]: Connected to new peer: Peer: permanent_uuid: "c9dd387ea683461b9e5f45dfa44ea854" member_type: VOTER last_known_addr { host: "127.3.27.66" port: 33297 }, Status: LMP_MISMATCH, Last received: 0.0, Next index: 1, Last known committed idx: 0, Time since last communication: 0.000s
I20260601 13:37:57.809027  4183 consensus_queue.cc:1048] T 4b50c7582aa7403da3c73d69eea1edb6 P 88b29e628f784201a4e8b14485092544 [LEADER]: Connected to new peer: Peer: permanent_uuid: "adffc0920daf4e10852474e4e72971da" member_type: VOTER last_known_addr { host: "127.3.27.65" port: 33183 }, Status: LMP_MISMATCH, Last received: 0.0, Next index: 1, Last known committed idx: 0, Time since last communication: 0.000s
I20260601 13:37:57.813024  4090 consensus_queue.cc:1048] T 322eacff74ef4a6aadac1cb60ab921bf P c9dd387ea683461b9e5f45dfa44ea854 [LEADER]: Connected to new peer: Peer: permanent_uuid: "adffc0920daf4e10852474e4e72971da" member_type: VOTER last_known_addr { host: "127.3.27.65" port: 33183 }, Status: LMP_MISMATCH, Last received: 0.0, Next index: 1, Last known committed idx: 0, Time since last communication: 0.000s
I20260601 13:37:57.815984  4186 consensus_queue.cc:1048] T 322eacff74ef4a6aadac1cb60ab921bf P c9dd387ea683461b9e5f45dfa44ea854 [LEADER]: Connected to new peer: Peer: permanent_uuid: "88b29e628f784201a4e8b14485092544" member_type: VOTER last_known_addr { host: "127.3.27.67" port: 42281 }, Status: LMP_MISMATCH, Last received: 0.0, Next index: 1, Last known committed idx: 0, Time since last communication: 0.000s
I20260601 13:37:57.820775  4175 consensus_queue.cc:1048] T d065e4db63914cf5adc5867251fa69db P adffc0920daf4e10852474e4e72971da [LEADER]: Connected to new peer: Peer: permanent_uuid: "88b29e628f784201a4e8b14485092544" member_type: VOTER last_known_addr { host: "127.3.27.67" port: 42281 }, Status: LMP_MISMATCH, Last received: 0.0, Next index: 1, Last known committed idx: 0, Time since last communication: 0.000s
I20260601 13:37:57.823562  4062 consensus_queue.cc:1048] T d065e4db63914cf5adc5867251fa69db P adffc0920daf4e10852474e4e72971da [LEADER]: Connected to new peer: Peer: permanent_uuid: "c9dd387ea683461b9e5f45dfa44ea854" member_type: VOTER last_known_addr { host: "127.3.27.66" port: 33297 }, Status: LMP_MISMATCH, Last received: 0.0, Next index: 1, Last known committed idx: 0, Time since last communication: 0.000s
I20260601 13:37:57.834357  4062 consensus_queue.cc:1048] T 0093c551160a4f04901e014c3f978ca3 P adffc0920daf4e10852474e4e72971da [LEADER]: Connected to new peer: Peer: permanent_uuid: "88b29e628f784201a4e8b14485092544" member_type: VOTER last_known_addr { host: "127.3.27.67" port: 42281 }, Status: LMP_MISMATCH, Last received: 0.0, Next index: 1, Last known committed idx: 0, Time since last communication: 0.000s
I20260601 13:37:57.837435  4191 consensus_queue.cc:1048] T 0093c551160a4f04901e014c3f978ca3 P adffc0920daf4e10852474e4e72971da [LEADER]: Connected to new peer: Peer: permanent_uuid: "c9dd387ea683461b9e5f45dfa44ea854" member_type: VOTER last_known_addr { host: "127.3.27.66" port: 33297 }, Status: LMP_MISMATCH, Last received: 0.0, Next index: 1, Last known committed idx: 0, Time since last communication: 0.000s
I20260601 13:37:57.844569  4186 consensus_queue.cc:1048] T 97b0f213158d4bbebbe701b071a27b8d P c9dd387ea683461b9e5f45dfa44ea854 [LEADER]: Connected to new peer: Peer: permanent_uuid: "adffc0920daf4e10852474e4e72971da" member_type: VOTER last_known_addr { host: "127.3.27.65" port: 33183 }, Status: LMP_MISMATCH, Last received: 0.0, Next index: 1, Last known committed idx: 0, Time since last communication: 0.000s
I20260601 13:37:57.847771  4056 consensus_queue.cc:1048] T 97b0f213158d4bbebbe701b071a27b8d P c9dd387ea683461b9e5f45dfa44ea854 [LEADER]: Connected to new peer: Peer: permanent_uuid: "88b29e628f784201a4e8b14485092544" member_type: VOTER last_known_addr { host: "127.3.27.67" port: 42281 }, Status: LMP_MISMATCH, Last received: 0.0, Next index: 1, Last known committed idx: 0, Time since last communication: 0.000s
I20260601 13:37:57.942359  4056 consensus_queue.cc:1048] T bc7ee57c51fe42bc85620df24fa09464 P c9dd387ea683461b9e5f45dfa44ea854 [LEADER]: Connected to new peer: Peer: permanent_uuid: "adffc0920daf4e10852474e4e72971da" member_type: VOTER last_known_addr { host: "127.3.27.65" port: 33183 }, Status: LMP_MISMATCH, Last received: 0.0, Next index: 1, Last known committed idx: 0, Time since last communication: 0.000s
I20260601 13:37:57.945531  4056 consensus_queue.cc:1048] T bc7ee57c51fe42bc85620df24fa09464 P c9dd387ea683461b9e5f45dfa44ea854 [LEADER]: Connected to new peer: Peer: permanent_uuid: "88b29e628f784201a4e8b14485092544" member_type: VOTER last_known_addr { host: "127.3.27.67" port: 42281 }, Status: LMP_MISMATCH, Last received: 0.0, Next index: 1, Last known committed idx: 0, Time since last communication: 0.000s
I20260601 13:37:58.006794  3805 auto_leader_rebalancer.cc:140] leader rebalance for table test-workload
I20260601 13:37:58.012754  3854 tablet_service.cc:2072] Received LeaderStepDown RPC: tablet_id: "d065e4db63914cf5adc5867251fa69db"
dest_uuid: "adffc0920daf4e10852474e4e72971da"
mode: GRACEFUL
new_leader_uuid: "88b29e628f784201a4e8b14485092544"
 from {username='slave'} at 127.0.0.1:38484
I20260601 13:37:58.012935  3854 raft_consensus.cc:606] T d065e4db63914cf5adc5867251fa69db P adffc0920daf4e10852474e4e72971da [term 1 LEADER]: Received request to transfer leadership to TS 88b29e628f784201a4e8b14485092544
I20260601 13:37:58.013396  3805 auto_leader_rebalancer.cc:388] table: test-workload, leader rebalance finish, leader transfer count: 1
I20260601 13:37:58.013587  3805 auto_leader_rebalancer.cc:451] All tables' leader rebalancing finished this round
I20260601 13:37:58.237649  4191 raft_consensus.cc:993] T d065e4db63914cf5adc5867251fa69db P adffc0920daf4e10852474e4e72971da: : Instructing follower 88b29e628f784201a4e8b14485092544 to start an election
I20260601 13:37:58.237771  4191 raft_consensus.cc:1081] T d065e4db63914cf5adc5867251fa69db P adffc0920daf4e10852474e4e72971da [term 1 LEADER]: Signalling peer 88b29e628f784201a4e8b14485092544 to start an election
I20260601 13:37:58.238335  4005 tablet_service.cc:2044] Received Run Leader Election RPC: tablet_id: "d065e4db63914cf5adc5867251fa69db"
dest_uuid: "88b29e628f784201a4e8b14485092544"
 from {username='slave'} at 127.0.0.1:46932
I20260601 13:37:58.238528  4005 raft_consensus.cc:493] T d065e4db63914cf5adc5867251fa69db P 88b29e628f784201a4e8b14485092544 [term 1 FOLLOWER]: Starting forced leader election (received explicit request)
I20260601 13:37:58.238626  4005 raft_consensus.cc:3060] T d065e4db63914cf5adc5867251fa69db P 88b29e628f784201a4e8b14485092544 [term 1 FOLLOWER]: Advancing to term 2
I20260601 13:37:58.239480  4005 raft_consensus.cc:515] T d065e4db63914cf5adc5867251fa69db P 88b29e628f784201a4e8b14485092544 [term 2 FOLLOWER]: Starting forced leader election with config: opid_index: -1 OBSOLETE_local: false peers { permanent_uuid: "adffc0920daf4e10852474e4e72971da" member_type: VOTER last_known_addr { host: "127.3.27.65" port: 33183 } } peers { permanent_uuid: "c9dd387ea683461b9e5f45dfa44ea854" member_type: VOTER last_known_addr { host: "127.3.27.66" port: 33297 } } peers { permanent_uuid: "88b29e628f784201a4e8b14485092544" member_type: VOTER last_known_addr { host: "127.3.27.67" port: 42281 } }
I20260601 13:37:58.239866  4005 leader_election.cc:290] T d065e4db63914cf5adc5867251fa69db P 88b29e628f784201a4e8b14485092544 [CANDIDATE]: Term 2 election: Requested vote from peers adffc0920daf4e10852474e4e72971da (127.3.27.65:33183), c9dd387ea683461b9e5f45dfa44ea854 (127.3.27.66:33297)
I20260601 13:37:58.240286  3854 tablet_service.cc:1917] Received RequestConsensusVote() RPC: tablet_id: "d065e4db63914cf5adc5867251fa69db" candidate_uuid: "88b29e628f784201a4e8b14485092544" candidate_term: 2 candidate_status { last_received { term: 1 index: 1 } } ignore_live_leader: true dest_uuid: "adffc0920daf4e10852474e4e72971da"
I20260601 13:37:58.240399  3930 tablet_service.cc:1917] Received RequestConsensusVote() RPC: tablet_id: "d065e4db63914cf5adc5867251fa69db" candidate_uuid: "88b29e628f784201a4e8b14485092544" candidate_term: 2 candidate_status { last_received { term: 1 index: 1 } } ignore_live_leader: true dest_uuid: "c9dd387ea683461b9e5f45dfa44ea854"
I20260601 13:37:58.240408  3854 raft_consensus.cc:3055] T d065e4db63914cf5adc5867251fa69db P adffc0920daf4e10852474e4e72971da [term 1 LEADER]: Stepping down as leader of term 1
I20260601 13:37:58.240535  3854 raft_consensus.cc:740] T d065e4db63914cf5adc5867251fa69db P adffc0920daf4e10852474e4e72971da [term 1 LEADER]: Becoming Follower/Learner. State: Replica: adffc0920daf4e10852474e4e72971da, State: Running, Role: LEADER
I20260601 13:37:58.240558  3930 raft_consensus.cc:3060] T d065e4db63914cf5adc5867251fa69db P c9dd387ea683461b9e5f45dfa44ea854 [term 1 FOLLOWER]: Advancing to term 2
I20260601 13:37:58.240743  3854 consensus_queue.cc:260] T d065e4db63914cf5adc5867251fa69db P adffc0920daf4e10852474e4e72971da [NON_LEADER]: Queue going to NON_LEADER mode. State: All replicated index: 0, Majority replicated index: 1, Committed index: 1, Last appended: 1.1, Last appended by leader: 1, Current term: 1, Majority size: -1, State: 0, Mode: NON_LEADER, active raft config: opid_index: -1 OBSOLETE_local: false peers { permanent_uuid: "adffc0920daf4e10852474e4e72971da" member_type: VOTER last_known_addr { host: "127.3.27.65" port: 33183 } } peers { permanent_uuid: "c9dd387ea683461b9e5f45dfa44ea854" member_type: VOTER last_known_addr { host: "127.3.27.66" port: 33297 } } peers { permanent_uuid: "88b29e628f784201a4e8b14485092544" member_type: VOTER last_known_addr { host: "127.3.27.67" port: 42281 } }
I20260601 13:37:58.240942  3854 raft_consensus.cc:3060] T d065e4db63914cf5adc5867251fa69db P adffc0920daf4e10852474e4e72971da [term 1 FOLLOWER]: Advancing to term 2
I20260601 13:37:58.241420  3930 raft_consensus.cc:2468] T d065e4db63914cf5adc5867251fa69db P c9dd387ea683461b9e5f45dfa44ea854 [term 2 FOLLOWER]: Leader election vote request: Granting yes vote for candidate 88b29e628f784201a4e8b14485092544 in term 2.
I20260601 13:37:58.241721  3854 raft_consensus.cc:2468] T d065e4db63914cf5adc5867251fa69db P adffc0920daf4e10852474e4e72971da [term 2 FOLLOWER]: Leader election vote request: Granting yes vote for candidate 88b29e628f784201a4e8b14485092544 in term 2.
I20260601 13:37:58.241740  3968 leader_election.cc:304] T d065e4db63914cf5adc5867251fa69db P 88b29e628f784201a4e8b14485092544 [CANDIDATE]: Term 2 election: Election decided. Result: candidate won. Election summary: received 2 responses out of 3 voters: 2 yes votes; 0 no votes. yes voters: 88b29e628f784201a4e8b14485092544, c9dd387ea683461b9e5f45dfa44ea854; no voters: 
I20260601 13:37:58.241956  4183 raft_consensus.cc:2804] T d065e4db63914cf5adc5867251fa69db P 88b29e628f784201a4e8b14485092544 [term 2 FOLLOWER]: Leader election won for term 2
I20260601 13:37:58.242049  4183 raft_consensus.cc:697] T d065e4db63914cf5adc5867251fa69db P 88b29e628f784201a4e8b14485092544 [term 2 LEADER]: Becoming Leader. State: Replica: 88b29e628f784201a4e8b14485092544, State: Running, Role: LEADER
I20260601 13:37:58.242218  4183 consensus_queue.cc:237] T d065e4db63914cf5adc5867251fa69db P 88b29e628f784201a4e8b14485092544 [LEADER]: Queue going to LEADER mode. State: All replicated index: 0, Majority replicated index: 1, Committed index: 1, Last appended: 1.1, Last appended by leader: 1, Current term: 2, Majority size: 2, State: 0, Mode: LEADER, active raft config: opid_index: -1 OBSOLETE_local: false peers { permanent_uuid: "adffc0920daf4e10852474e4e72971da" member_type: VOTER last_known_addr { host: "127.3.27.65" port: 33183 } } peers { permanent_uuid: "c9dd387ea683461b9e5f45dfa44ea854" member_type: VOTER last_known_addr { host: "127.3.27.66" port: 33297 } } peers { permanent_uuid: "88b29e628f784201a4e8b14485092544" member_type: VOTER last_known_addr { host: "127.3.27.67" port: 42281 } }
I20260601 13:37:58.243762  3749 catalog_manager.cc:5696] T d065e4db63914cf5adc5867251fa69db P 88b29e628f784201a4e8b14485092544 reported cstate change: term changed from 1 to 2, leader changed from adffc0920daf4e10852474e4e72971da (127.3.27.65) to 88b29e628f784201a4e8b14485092544 (127.3.27.67). New cstate: current_term: 2 leader_uuid: "88b29e628f784201a4e8b14485092544" committed_config { opid_index: -1 OBSOLETE_local: false peers { permanent_uuid: "adffc0920daf4e10852474e4e72971da" member_type: VOTER last_known_addr { host: "127.3.27.65" port: 33183 } health_report { overall_health: UNKNOWN } } peers { permanent_uuid: "c9dd387ea683461b9e5f45dfa44ea854" member_type: VOTER last_known_addr { host: "127.3.27.66" port: 33297 } health_report { overall_health: UNKNOWN } } peers { permanent_uuid: "88b29e628f784201a4e8b14485092544" member_type: VOTER last_known_addr { host: "127.3.27.67" port: 42281 } health_report { overall_health: HEALTHY } } }
I20260601 13:37:58.528883  4170 heartbeater.cc:499] Master 127.3.27.126:41149 was elected leader, sending a full tablet report...
I20260601 13:37:58.814420  3854 raft_consensus.cc:1275] T d065e4db63914cf5adc5867251fa69db P adffc0920daf4e10852474e4e72971da [term 2 FOLLOWER]: Refusing update from remote peer 88b29e628f784201a4e8b14485092544: Log matching property violated. Preceding OpId in replica: term: 1 index: 1. Preceding OpId from leader: term: 2 index: 2. (index mismatch)
I20260601 13:37:58.814937  4202 consensus_queue.cc:1048] T d065e4db63914cf5adc5867251fa69db P 88b29e628f784201a4e8b14485092544 [LEADER]: Connected to new peer: Peer: permanent_uuid: "adffc0920daf4e10852474e4e72971da" member_type: VOTER last_known_addr { host: "127.3.27.65" port: 33183 }, Status: LMP_MISMATCH, Last received: 0.0, Next index: 2, Last known committed idx: 1, Time since last communication: 0.000s
I20260601 13:37:58.817335  3930 raft_consensus.cc:1275] T d065e4db63914cf5adc5867251fa69db P c9dd387ea683461b9e5f45dfa44ea854 [term 2 FOLLOWER]: Refusing update from remote peer 88b29e628f784201a4e8b14485092544: Log matching property violated. Preceding OpId in replica: term: 1 index: 1. Preceding OpId from leader: term: 2 index: 2. (index mismatch)
I20260601 13:37:58.817718  4204 consensus_queue.cc:1048] T d065e4db63914cf5adc5867251fa69db P 88b29e628f784201a4e8b14485092544 [LEADER]: Connected to new peer: Peer: permanent_uuid: "c9dd387ea683461b9e5f45dfa44ea854" member_type: VOTER last_known_addr { host: "127.3.27.66" port: 33297 }, Status: LMP_MISMATCH, Last received: 0.0, Next index: 2, Last known committed idx: 1, Time since last communication: 0.000s
I20260601 13:38:00.013942  3805 auto_leader_rebalancer.cc:140] leader rebalance for table test-workload
I20260601 13:38:00.014986  3805 auto_leader_rebalancer.cc:388] table: test-workload, leader rebalance finish, leader transfer count: 0
I20260601 13:38:00.015077  3805 auto_leader_rebalancer.cc:451] All tables' leader rebalancing finished this round
I20260601 13:38:02.015395  3805 auto_leader_rebalancer.cc:140] leader rebalance for table test-workload
I20260601 13:38:02.016263  3805 auto_leader_rebalancer.cc:388] table: test-workload, leader rebalance finish, leader transfer count: 0
I20260601 13:38:02.016348  3805 auto_leader_rebalancer.cc:451] All tables' leader rebalancing finished this round
I20260601 13:38:03.021673  3930 consensus_queue.cc:237] T bc7ee57c51fe42bc85620df24fa09464 P c9dd387ea683461b9e5f45dfa44ea854 [LEADER]: Queue going to LEADER mode. State: All replicated index: 0, Majority replicated index: 1, Committed index: 1, Last appended: 1.1, Last appended by leader: 0, Current term: 1, Majority size: 2, State: 0, Mode: LEADER, active raft config: opid_index: 2 OBSOLETE_local: false peers { permanent_uuid: "adffc0920daf4e10852474e4e72971da" member_type: VOTER last_known_addr { host: "127.3.27.65" port: 33183 } attrs { replace: true } } peers { permanent_uuid: "c9dd387ea683461b9e5f45dfa44ea854" member_type: VOTER last_known_addr { host: "127.3.27.66" port: 33297 } } peers { permanent_uuid: "88b29e628f784201a4e8b14485092544" member_type: VOTER last_known_addr { host: "127.3.27.67" port: 42281 } } peers { permanent_uuid: "9191e3974eae4e2f81768dfebd717af5" member_type: NON_VOTER last_known_addr { host: "127.3.27.68" port: 39317 } attrs { promote: true } }
I20260601 13:38:03.023926  3854 raft_consensus.cc:1275] T bc7ee57c51fe42bc85620df24fa09464 P adffc0920daf4e10852474e4e72971da [term 1 FOLLOWER]: Refusing update from remote peer c9dd387ea683461b9e5f45dfa44ea854: Log matching property violated. Preceding OpId in replica: term: 1 index: 1. Preceding OpId from leader: term: 1 index: 2. (index mismatch)
I20260601 13:38:03.023926  4004 raft_consensus.cc:1275] T bc7ee57c51fe42bc85620df24fa09464 P 88b29e628f784201a4e8b14485092544 [term 1 FOLLOWER]: Refusing update from remote peer c9dd387ea683461b9e5f45dfa44ea854: Log matching property violated. Preceding OpId in replica: term: 1 index: 1. Preceding OpId from leader: term: 1 index: 2. (index mismatch)
I20260601 13:38:03.024466  4215 consensus_queue.cc:1048] T bc7ee57c51fe42bc85620df24fa09464 P c9dd387ea683461b9e5f45dfa44ea854 [LEADER]: Connected to new peer: Peer: permanent_uuid: "88b29e628f784201a4e8b14485092544" member_type: VOTER last_known_addr { host: "127.3.27.67" port: 42281 }, Status: LMP_MISMATCH, Last received: 0.0, Next index: 2, Last known committed idx: 1, Time since last communication: 0.000s
I20260601 13:38:03.024718  4214 consensus_queue.cc:1048] T bc7ee57c51fe42bc85620df24fa09464 P c9dd387ea683461b9e5f45dfa44ea854 [LEADER]: Connected to new peer: Peer: permanent_uuid: "adffc0920daf4e10852474e4e72971da" member_type: VOTER last_known_addr { host: "127.3.27.65" port: 33183 } attrs { replace: true }, Status: LMP_MISMATCH, Last received: 0.0, Next index: 2, Last known committed idx: 1, Time since last communication: 0.000s
I20260601 13:38:03.026667  4215 raft_consensus.cc:2955] T bc7ee57c51fe42bc85620df24fa09464 P c9dd387ea683461b9e5f45dfa44ea854 [term 1 LEADER]: Committing config change with OpId 1.2: config changed from index -1 to 2, NON_VOTER 9191e3974eae4e2f81768dfebd717af5 (127.3.27.68) added. New config: { opid_index: 2 OBSOLETE_local: false peers { permanent_uuid: "adffc0920daf4e10852474e4e72971da" member_type: VOTER last_known_addr { host: "127.3.27.65" port: 33183 } attrs { replace: true } } peers { permanent_uuid: "c9dd387ea683461b9e5f45dfa44ea854" member_type: VOTER last_known_addr { host: "127.3.27.66" port: 33297 } } peers { permanent_uuid: "88b29e628f784201a4e8b14485092544" member_type: VOTER last_known_addr { host: "127.3.27.67" port: 42281 } } peers { permanent_uuid: "9191e3974eae4e2f81768dfebd717af5" member_type: NON_VOTER last_known_addr { host: "127.3.27.68" port: 39317 } attrs { promote: true } } }
I20260601 13:38:03.027415  4004 raft_consensus.cc:2955] T bc7ee57c51fe42bc85620df24fa09464 P 88b29e628f784201a4e8b14485092544 [term 1 FOLLOWER]: Committing config change with OpId 1.2: config changed from index -1 to 2, NON_VOTER 9191e3974eae4e2f81768dfebd717af5 (127.3.27.68) added. New config: { opid_index: 2 OBSOLETE_local: false peers { permanent_uuid: "adffc0920daf4e10852474e4e72971da" member_type: VOTER last_known_addr { host: "127.3.27.65" port: 33183 } attrs { replace: true } } peers { permanent_uuid: "c9dd387ea683461b9e5f45dfa44ea854" member_type: VOTER last_known_addr { host: "127.3.27.66" port: 33297 } } peers { permanent_uuid: "88b29e628f784201a4e8b14485092544" member_type: VOTER last_known_addr { host: "127.3.27.67" port: 42281 } } peers { permanent_uuid: "9191e3974eae4e2f81768dfebd717af5" member_type: NON_VOTER last_known_addr { host: "127.3.27.68" port: 39317 } attrs { promote: true } } }
