[==========] Running 24 tests from 2 test suites.
[----------] Global test environment set-up.
[----------] 22 tests from AutoRebalancerTest
[ RUN      ] AutoRebalancerTest.OnlyLeaderDoesAutoRebalancing
WARNING: Logging before InitGoogleLogging() is written to STDERR
I20260601 13:21:46.144447 31566 internal_mini_cluster.cc:156] Creating distributed mini masters. Addrs: 127.30.211.190:44651,127.30.211.189:33309,127.30.211.188:45321
I20260601 13:21:46.145686 31566 env_posix.cc:2267] Not raising this process' open files per process limit of 1048576; it is already as high as it can go
I20260601 13:21:46.146354 31566 file_cache.cc:492] Constructed file cache file cache with capacity 419430
W20260601 13:21:46.153779 31571 instance_detector.cc:116] could not retrieve AWS instance metadata: Network error: curl error: HTTP response code said error: The requested URL returned error: 404
W20260601 13:21:46.153839 31574 instance_detector.cc:116] could not retrieve OpenStack instance metadata: Network error: curl error: HTTP response code said error: The requested URL returned error: 404
W20260601 13:21:46.153806 31572 instance_detector.cc:116] could not retrieve Azure instance metadata: Network error: curl error: HTTP response code said error: The requested URL returned error: 404
I20260601 13:21:46.154217 31566 server_base.cc:1061] running on GCE node
I20260601 13:21:46.154754 31566 hybrid_clock.cc:584] initializing the hybrid clock with 'system_unsync' time source
W20260601 13:21:46.154858 31566 system_unsync_time.cc:38] NTP support is disabled. Clock error bounds will not be accurate. This configuration is not suitable for distributed clusters.
I20260601 13:21:46.154891 31566 hybrid_clock.cc:648] HybridClock initialized: now 1780320106154889 us; error 0 us; skew 500 ppm
I20260601 13:21:46.156896 31566 webserver.cc:533] Webserver started at http://127.30.211.190:34709/ using document root <none> and password file <none>
I20260601 13:21:46.157516 31566 fs_manager.cc:362] Metadata directory not provided
I20260601 13:21:46.157575 31566 fs_manager.cc:368] Using write-ahead log directory (fs_wal_dir) as metadata directory
I20260601 13:21:46.157788 31566 server_base.cc:909] This appears to be a new deployment of Kudu; creating new FS layout
I20260601 13:21:46.159569 31566 fs_manager.cc:1068] Generated new instance metadata in path /tmp/dist-test-taskHiz4xG/test-tmp/auto_rebalancer-test.0.AutoRebalancerTest.OnlyLeaderDoesAutoRebalancing.1780320106133241-31566-0/minicluster-data/master-0-root/instance:
uuid: "3b9e8f2b16724648be6795e02fa282a3"
format_stamp: "Formatted at 2026-06-01 13:21:46 on dist-test-slave-12bh"
I20260601 13:21:46.163432 31566 fs_manager.cc:696] Time spent creating directory manager: real 0.003s	user 0.004s	sys 0.000s
I20260601 13:21:46.165737 31579 log_block_manager.cc:4031] Time spent loading block containers with low live blocks: real 0.000s	user 0.000s	sys 0.000s
I20260601 13:21:46.167135 31566 fs_manager.cc:730] Time spent opening block manager: real 0.002s	user 0.003s	sys 0.000s
I20260601 13:21:46.167279 31566 fs_manager.cc:647] Opened local filesystem: /tmp/dist-test-taskHiz4xG/test-tmp/auto_rebalancer-test.0.AutoRebalancerTest.OnlyLeaderDoesAutoRebalancing.1780320106133241-31566-0/minicluster-data/master-0-root
uuid: "3b9e8f2b16724648be6795e02fa282a3"
format_stamp: "Formatted at 2026-06-01 13:21:46 on dist-test-slave-12bh"
I20260601 13:21:46.167434 31566 fs_report.cc:389] FS layout report
--------------------
wal directory: /tmp/dist-test-taskHiz4xG/test-tmp/auto_rebalancer-test.0.AutoRebalancerTest.OnlyLeaderDoesAutoRebalancing.1780320106133241-31566-0/minicluster-data/master-0-root
metadata directory: /tmp/dist-test-taskHiz4xG/test-tmp/auto_rebalancer-test.0.AutoRebalancerTest.OnlyLeaderDoesAutoRebalancing.1780320106133241-31566-0/minicluster-data/master-0-root
1 data directories: /tmp/dist-test-taskHiz4xG/test-tmp/auto_rebalancer-test.0.AutoRebalancerTest.OnlyLeaderDoesAutoRebalancing.1780320106133241-31566-0/minicluster-data/master-0-root/data
Total live blocks: 0
Total live bytes: 0
Total live bytes (after alignment): 0
Total number of LBM containers: 0 (0 full)
Did not check for missing blocks
Did not check for orphaned blocks
Total full LBM containers with extra space: 0 (0 repaired)
Total full LBM container extra space in bytes: 0 (0 repaired)
Total incomplete LBM containers: 0 (0 repaired)
Total LBM partial records: 0 (0 repaired)
Total corrupted LBM metadata records in RocksDB: 0 (0 repaired)
I20260601 13:21:46.183418 31566 rpc_server.cc:225] running with OpenSSL 1.1.1  11 Sep 2018
I20260601 13:21:46.184073 31566 env_posix.cc:2267] Not raising this process' running threads per effective uid limit of 18446744073709551615; it is already as high as it can go
I20260601 13:21:46.184281 31566 kserver.cc:163] Server-wide thread pool size limit: 3276
I20260601 13:21:46.192287 31566 rpc_server.cc:307] RPC server started. Bound to: 127.30.211.190:44651
I20260601 13:21:46.192320 31631 acceptor_pool.cc:272] collecting diagnostics on the listening RPC socket 127.30.211.190:44651 every 8 connection(s)
I20260601 13:21:46.193703 31566 file_cache.cc:492] Constructed file cache file cache with capacity 419430
W20260601 13:21:46.195709 31635 instance_detector.cc:116] could not retrieve Azure instance metadata: Network error: curl error: HTTP response code said error: The requested URL returned error: 404
W20260601 13:21:46.195734 31637 instance_detector.cc:116] could not retrieve OpenStack instance metadata: Network error: curl error: HTTP response code said error: The requested URL returned error: 404
I20260601 13:21:46.195874 31632 data_dirs.cc:400] Could only allocate 1 dirs of requested 3 for tablet 00000000000000000000000000000000. 1 dirs total, 0 dirs full, 0 dirs failed
W20260601 13:21:46.195818 31634 instance_detector.cc:116] could not retrieve AWS instance metadata: Network error: curl error: HTTP response code said error: The requested URL returned error: 404
I20260601 13:21:46.196286 31566 server_base.cc:1061] running on GCE node
I20260601 13:21:46.196465 31566 hybrid_clock.cc:584] initializing the hybrid clock with 'system_unsync' time source
W20260601 13:21:46.196517 31566 system_unsync_time.cc:38] NTP support is disabled. Clock error bounds will not be accurate. This configuration is not suitable for distributed clusters.
I20260601 13:21:46.196550 31566 hybrid_clock.cc:648] HybridClock initialized: now 1780320106196549 us; error 0 us; skew 500 ppm
I20260601 13:21:46.197512 31566 webserver.cc:533] Webserver started at http://127.30.211.189:34773/ using document root <none> and password file <none>
I20260601 13:21:46.197685 31566 fs_manager.cc:362] Metadata directory not provided
I20260601 13:21:46.197747 31566 fs_manager.cc:368] Using write-ahead log directory (fs_wal_dir) as metadata directory
I20260601 13:21:46.197824 31566 server_base.cc:909] This appears to be a new deployment of Kudu; creating new FS layout
I20260601 13:21:46.198285 31566 fs_manager.cc:1068] Generated new instance metadata in path /tmp/dist-test-taskHiz4xG/test-tmp/auto_rebalancer-test.0.AutoRebalancerTest.OnlyLeaderDoesAutoRebalancing.1780320106133241-31566-0/minicluster-data/master-1-root/instance:
uuid: "8b118d7e6806412ca74c1aa68d75f7a8"
format_stamp: "Formatted at 2026-06-01 13:21:46 on dist-test-slave-12bh"
I20260601 13:21:46.199816 31566 fs_manager.cc:696] Time spent creating directory manager: real 0.001s	user 0.000s	sys 0.002s
I20260601 13:21:46.200558 31632 sys_catalog.cc:422] member_type: VOTER last_known_addr { host: "127.30.211.190" port: 44651 } has no permanent_uuid. Determining permanent_uuid...
I20260601 13:21:46.200930 31642 log_block_manager.cc:4031] Time spent loading block containers with low live blocks: real 0.000s	user 0.000s	sys 0.000s
I20260601 13:21:46.201224 31566 fs_manager.cc:730] Time spent opening block manager: real 0.001s	user 0.000s	sys 0.001s
I20260601 13:21:46.201283 31566 fs_manager.cc:647] Opened local filesystem: /tmp/dist-test-taskHiz4xG/test-tmp/auto_rebalancer-test.0.AutoRebalancerTest.OnlyLeaderDoesAutoRebalancing.1780320106133241-31566-0/minicluster-data/master-1-root
uuid: "8b118d7e6806412ca74c1aa68d75f7a8"
format_stamp: "Formatted at 2026-06-01 13:21:46 on dist-test-slave-12bh"
I20260601 13:21:46.201368 31566 fs_report.cc:389] FS layout report
--------------------
wal directory: /tmp/dist-test-taskHiz4xG/test-tmp/auto_rebalancer-test.0.AutoRebalancerTest.OnlyLeaderDoesAutoRebalancing.1780320106133241-31566-0/minicluster-data/master-1-root
metadata directory: /tmp/dist-test-taskHiz4xG/test-tmp/auto_rebalancer-test.0.AutoRebalancerTest.OnlyLeaderDoesAutoRebalancing.1780320106133241-31566-0/minicluster-data/master-1-root
1 data directories: /tmp/dist-test-taskHiz4xG/test-tmp/auto_rebalancer-test.0.AutoRebalancerTest.OnlyLeaderDoesAutoRebalancing.1780320106133241-31566-0/minicluster-data/master-1-root/data
Total live blocks: 0
Total live bytes: 0
Total live bytes (after alignment): 0
Total number of LBM containers: 0 (0 full)
Did not check for missing blocks
Did not check for orphaned blocks
Total full LBM containers with extra space: 0 (0 repaired)
Total full LBM container extra space in bytes: 0 (0 repaired)
Total incomplete LBM containers: 0 (0 repaired)
Total LBM partial records: 0 (0 repaired)
Total corrupted LBM metadata records in RocksDB: 0 (0 repaired)
I20260601 13:21:46.213850 31632 sys_catalog.cc:422] member_type: VOTER last_known_addr { host: "127.30.211.189" port: 33309 } has no permanent_uuid. Determining permanent_uuid...
W20260601 13:21:46.214974 31582 proxy.cc:239] Call had error, refreshing address and retrying: Network error: Client connection negotiation failed: client connection to 127.30.211.189:33309: connect: Connection refused (error 111)
W20260601 13:21:46.215844 31632 consensus_peers.cc:760] Error getting permanent uuid from config peer 127.30.211.189:33309: Network error: Client connection negotiation failed: client connection to 127.30.211.189:33309: connect: Connection refused (error 111)
I20260601 13:21:46.217732 31566 rpc_server.cc:225] running with OpenSSL 1.1.1  11 Sep 2018
I20260601 13:21:46.218187 31566 kserver.cc:163] Server-wide thread pool size limit: 3276
I20260601 13:21:46.223491 31566 rpc_server.cc:307] RPC server started. Bound to: 127.30.211.189:33309
I20260601 13:21:46.223516 31697 acceptor_pool.cc:272] collecting diagnostics on the listening RPC socket 127.30.211.189:33309 every 8 connection(s)
I20260601 13:21:46.224273 31566 file_cache.cc:492] Constructed file cache file cache with capacity 419430
I20260601 13:21:46.224466 31698 data_dirs.cc:400] Could only allocate 1 dirs of requested 3 for tablet 00000000000000000000000000000000. 1 dirs total, 0 dirs full, 0 dirs failed
W20260601 13:21:46.225885 31700 instance_detector.cc:116] could not retrieve AWS instance metadata: Network error: curl error: HTTP response code said error: The requested URL returned error: 404
I20260601 13:21:46.226058 31698 sys_catalog.cc:422] member_type: VOTER last_known_addr { host: "127.30.211.190" port: 44651 } has no permanent_uuid. Determining permanent_uuid...
W20260601 13:21:46.226207 31701 instance_detector.cc:116] could not retrieve Azure instance metadata: Network error: curl error: HTTP response code said error: The requested URL returned error: 404
W20260601 13:21:46.226190 31703 instance_detector.cc:116] could not retrieve OpenStack instance metadata: Network error: curl error: HTTP response code said error: The requested URL returned error: 404
I20260601 13:21:46.226594 31566 server_base.cc:1061] running on GCE node
I20260601 13:21:46.226788 31566 hybrid_clock.cc:584] initializing the hybrid clock with 'system_unsync' time source
W20260601 13:21:46.226833 31566 system_unsync_time.cc:38] NTP support is disabled. Clock error bounds will not be accurate. This configuration is not suitable for distributed clusters.
I20260601 13:21:46.226854 31566 hybrid_clock.cc:648] HybridClock initialized: now 1780320106226853 us; error 0 us; skew 500 ppm
I20260601 13:21:46.227747 31566 webserver.cc:533] Webserver started at http://127.30.211.188:34073/ using document root <none> and password file <none>
I20260601 13:21:46.227913 31566 fs_manager.cc:362] Metadata directory not provided
I20260601 13:21:46.227988 31566 fs_manager.cc:368] Using write-ahead log directory (fs_wal_dir) as metadata directory
I20260601 13:21:46.228065 31566 server_base.cc:909] This appears to be a new deployment of Kudu; creating new FS layout
I20260601 13:21:46.228432 31566 fs_manager.cc:1068] Generated new instance metadata in path /tmp/dist-test-taskHiz4xG/test-tmp/auto_rebalancer-test.0.AutoRebalancerTest.OnlyLeaderDoesAutoRebalancing.1780320106133241-31566-0/minicluster-data/master-2-root/instance:
uuid: "a9a2f59cedac4e3f889474aec13ae6a7"
format_stamp: "Formatted at 2026-06-01 13:21:46 on dist-test-slave-12bh"
I20260601 13:21:46.229887 31566 fs_manager.cc:696] Time spent creating directory manager: real 0.001s	user 0.002s	sys 0.000s
I20260601 13:21:46.231060 31709 log_block_manager.cc:4031] Time spent loading block containers with low live blocks: real 0.000s	user 0.000s	sys 0.000s
I20260601 13:21:46.231330 31566 fs_manager.cc:730] Time spent opening block manager: real 0.001s	user 0.000s	sys 0.001s
I20260601 13:21:46.231412 31566 fs_manager.cc:647] Opened local filesystem: /tmp/dist-test-taskHiz4xG/test-tmp/auto_rebalancer-test.0.AutoRebalancerTest.OnlyLeaderDoesAutoRebalancing.1780320106133241-31566-0/minicluster-data/master-2-root
uuid: "a9a2f59cedac4e3f889474aec13ae6a7"
format_stamp: "Formatted at 2026-06-01 13:21:46 on dist-test-slave-12bh"
I20260601 13:21:46.231491 31566 fs_report.cc:389] FS layout report
--------------------
wal directory: /tmp/dist-test-taskHiz4xG/test-tmp/auto_rebalancer-test.0.AutoRebalancerTest.OnlyLeaderDoesAutoRebalancing.1780320106133241-31566-0/minicluster-data/master-2-root
metadata directory: /tmp/dist-test-taskHiz4xG/test-tmp/auto_rebalancer-test.0.AutoRebalancerTest.OnlyLeaderDoesAutoRebalancing.1780320106133241-31566-0/minicluster-data/master-2-root
1 data directories: /tmp/dist-test-taskHiz4xG/test-tmp/auto_rebalancer-test.0.AutoRebalancerTest.OnlyLeaderDoesAutoRebalancing.1780320106133241-31566-0/minicluster-data/master-2-root/data
Total live blocks: 0
Total live bytes: 0
Total live bytes (after alignment): 0
Total number of LBM containers: 0 (0 full)
Did not check for missing blocks
Did not check for orphaned blocks
Total full LBM containers with extra space: 0 (0 repaired)
Total full LBM container extra space in bytes: 0 (0 repaired)
Total incomplete LBM containers: 0 (0 repaired)
Total LBM partial records: 0 (0 repaired)
Total corrupted LBM metadata records in RocksDB: 0 (0 repaired)
I20260601 13:21:46.233309 31698 sys_catalog.cc:422] member_type: VOTER last_known_addr { host: "127.30.211.189" port: 33309 } has no permanent_uuid. Determining permanent_uuid...
I20260601 13:21:46.237664 31698 sys_catalog.cc:422] member_type: VOTER last_known_addr { host: "127.30.211.188" port: 45321 } has no permanent_uuid. Determining permanent_uuid...
W20260601 13:21:46.239156 31698 consensus_peers.cc:760] Error getting permanent uuid from config peer 127.30.211.188:45321: Network error: Client connection negotiation failed: client connection to 127.30.211.188:45321: connect: Connection refused (error 111)
I20260601 13:21:46.242305 31566 rpc_server.cc:225] running with OpenSSL 1.1.1  11 Sep 2018
I20260601 13:21:46.242749 31566 kserver.cc:163] Server-wide thread pool size limit: 3276
I20260601 13:21:46.247882 31566 rpc_server.cc:307] RPC server started. Bound to: 127.30.211.188:45321
I20260601 13:21:46.247959 31763 acceptor_pool.cc:272] collecting diagnostics on the listening RPC socket 127.30.211.188:45321 every 8 connection(s)
I20260601 13:21:46.248404 31566 internal_mini_cluster.cc:184] Waiting to initialize catalog manager on master 0
I20260601 13:21:46.248878 31764 data_dirs.cc:400] Could only allocate 1 dirs of requested 3 for tablet 00000000000000000000000000000000. 1 dirs total, 0 dirs full, 0 dirs failed
I20260601 13:21:46.250010 31764 sys_catalog.cc:422] member_type: VOTER last_known_addr { host: "127.30.211.190" port: 44651 } has no permanent_uuid. Determining permanent_uuid...
I20260601 13:21:46.254375 31764 sys_catalog.cc:422] member_type: VOTER last_known_addr { host: "127.30.211.189" port: 33309 } has no permanent_uuid. Determining permanent_uuid...
I20260601 13:21:46.258085 31764 sys_catalog.cc:422] member_type: VOTER last_known_addr { host: "127.30.211.188" port: 45321 } has no permanent_uuid. Determining permanent_uuid...
I20260601 13:21:46.264253 31764 tablet_bootstrap.cc:492] T 00000000000000000000000000000000 P a9a2f59cedac4e3f889474aec13ae6a7: Bootstrap starting.
I20260601 13:21:46.265050 31632 consensus_peers.cc:770] Retrying to get permanent uuid for remote peer: member_type: VOTER last_known_addr { host: "127.30.211.189" port: 33309 } attempt: 1
I20260601 13:21:46.267210 31764 tablet_bootstrap.cc:654] T 00000000000000000000000000000000 P a9a2f59cedac4e3f889474aec13ae6a7: Neither blocks nor log segments found. Creating new log.
I20260601 13:21:46.268242 31764 log.cc:826] T 00000000000000000000000000000000 P a9a2f59cedac4e3f889474aec13ae6a7: Log is configured to *not* fsync() on all Append() calls
I20260601 13:21:46.269239 31632 sys_catalog.cc:422] member_type: VOTER last_known_addr { host: "127.30.211.188" port: 45321 } has no permanent_uuid. Determining permanent_uuid...
I20260601 13:21:46.269906 31764 tablet_bootstrap.cc:492] T 00000000000000000000000000000000 P a9a2f59cedac4e3f889474aec13ae6a7: No bootstrap required, opened a new log
I20260601 13:21:46.273089 31764 raft_consensus.cc:359] T 00000000000000000000000000000000 P a9a2f59cedac4e3f889474aec13ae6a7 [term 0 FOLLOWER]: Replica starting. Triggering 0 pending ops. Active config: opid_index: -1 OBSOLETE_local: false peers { permanent_uuid: "3b9e8f2b16724648be6795e02fa282a3" member_type: VOTER last_known_addr { host: "127.30.211.190" port: 44651 } } peers { permanent_uuid: "8b118d7e6806412ca74c1aa68d75f7a8" member_type: VOTER last_known_addr { host: "127.30.211.189" port: 33309 } } peers { permanent_uuid: "a9a2f59cedac4e3f889474aec13ae6a7" member_type: VOTER last_known_addr { host: "127.30.211.188" port: 45321 } }
I20260601 13:21:46.273270 31764 raft_consensus.cc:385] T 00000000000000000000000000000000 P a9a2f59cedac4e3f889474aec13ae6a7 [term 0 FOLLOWER]: Consensus starting up: Expiring failure detector timer to make a prompt election more likely
I20260601 13:21:46.273402 31764 raft_consensus.cc:740] T 00000000000000000000000000000000 P a9a2f59cedac4e3f889474aec13ae6a7 [term 0 FOLLOWER]: Becoming Follower/Learner. State: Replica: a9a2f59cedac4e3f889474aec13ae6a7, State: Initialized, Role: FOLLOWER
I20260601 13:21:46.273831 31764 consensus_queue.cc:260] T 00000000000000000000000000000000 P a9a2f59cedac4e3f889474aec13ae6a7 [NON_LEADER]: Queue going to NON_LEADER mode. State: All replicated index: 0, Majority replicated index: 0, Committed index: 0, Last appended: 0.0, Last appended by leader: 0, Current term: 0, Majority size: -1, State: 0, Mode: NON_LEADER, active raft config: opid_index: -1 OBSOLETE_local: false peers { permanent_uuid: "3b9e8f2b16724648be6795e02fa282a3" member_type: VOTER last_known_addr { host: "127.30.211.190" port: 44651 } } peers { permanent_uuid: "8b118d7e6806412ca74c1aa68d75f7a8" member_type: VOTER last_known_addr { host: "127.30.211.189" port: 33309 } } peers { permanent_uuid: "a9a2f59cedac4e3f889474aec13ae6a7" member_type: VOTER last_known_addr { host: "127.30.211.188" port: 45321 } }
I20260601 13:21:46.274312 31769 sys_catalog.cc:455] T 00000000000000000000000000000000 P a9a2f59cedac4e3f889474aec13ae6a7 [sys.catalog]: SysCatalogTable state changed. Reason: RaftConsensus started. Latest consensus state: current_term: 0 committed_config { opid_index: -1 OBSOLETE_local: false peers { permanent_uuid: "3b9e8f2b16724648be6795e02fa282a3" member_type: VOTER last_known_addr { host: "127.30.211.190" port: 44651 } } peers { permanent_uuid: "8b118d7e6806412ca74c1aa68d75f7a8" member_type: VOTER last_known_addr { host: "127.30.211.189" port: 33309 } } peers { permanent_uuid: "a9a2f59cedac4e3f889474aec13ae6a7" member_type: VOTER last_known_addr { host: "127.30.211.188" port: 45321 } } }
I20260601 13:21:46.274443 31769 sys_catalog.cc:458] T 00000000000000000000000000000000 P a9a2f59cedac4e3f889474aec13ae6a7 [sys.catalog]: This master's current role is: FOLLOWER
I20260601 13:21:46.274567 31632 tablet_bootstrap.cc:492] T 00000000000000000000000000000000 P 3b9e8f2b16724648be6795e02fa282a3: Bootstrap starting.
I20260601 13:21:46.274992 31764 sys_catalog.cc:565] T 00000000000000000000000000000000 P a9a2f59cedac4e3f889474aec13ae6a7 [sys.catalog]: configured and running, proceeding with master startup.
I20260601 13:21:46.275513 31632 tablet_bootstrap.cc:654] T 00000000000000000000000000000000 P 3b9e8f2b16724648be6795e02fa282a3: Neither blocks nor log segments found. Creating new log.
I20260601 13:21:46.276614 31632 tablet_bootstrap.cc:492] T 00000000000000000000000000000000 P 3b9e8f2b16724648be6795e02fa282a3: No bootstrap required, opened a new log
I20260601 13:21:46.277073 31632 raft_consensus.cc:359] T 00000000000000000000000000000000 P 3b9e8f2b16724648be6795e02fa282a3 [term 0 FOLLOWER]: Replica starting. Triggering 0 pending ops. Active config: opid_index: -1 OBSOLETE_local: false peers { permanent_uuid: "3b9e8f2b16724648be6795e02fa282a3" member_type: VOTER last_known_addr { host: "127.30.211.190" port: 44651 } } peers { permanent_uuid: "8b118d7e6806412ca74c1aa68d75f7a8" member_type: VOTER last_known_addr { host: "127.30.211.189" port: 33309 } } peers { permanent_uuid: "a9a2f59cedac4e3f889474aec13ae6a7" member_type: VOTER last_known_addr { host: "127.30.211.188" port: 45321 } }
I20260601 13:21:46.277182 31632 raft_consensus.cc:385] T 00000000000000000000000000000000 P 3b9e8f2b16724648be6795e02fa282a3 [term 0 FOLLOWER]: Consensus starting up: Expiring failure detector timer to make a prompt election more likely
I20260601 13:21:46.277248 31632 raft_consensus.cc:740] T 00000000000000000000000000000000 P 3b9e8f2b16724648be6795e02fa282a3 [term 0 FOLLOWER]: Becoming Follower/Learner. State: Replica: 3b9e8f2b16724648be6795e02fa282a3, State: Initialized, Role: FOLLOWER
I20260601 13:21:46.277410 31632 consensus_queue.cc:260] T 00000000000000000000000000000000 P 3b9e8f2b16724648be6795e02fa282a3 [NON_LEADER]: Queue going to NON_LEADER mode. State: All replicated index: 0, Majority replicated index: 0, Committed index: 0, Last appended: 0.0, Last appended by leader: 0, Current term: 0, Majority size: -1, State: 0, Mode: NON_LEADER, active raft config: opid_index: -1 OBSOLETE_local: false peers { permanent_uuid: "3b9e8f2b16724648be6795e02fa282a3" member_type: VOTER last_known_addr { host: "127.30.211.190" port: 44651 } } peers { permanent_uuid: "8b118d7e6806412ca74c1aa68d75f7a8" member_type: VOTER last_known_addr { host: "127.30.211.189" port: 33309 } } peers { permanent_uuid: "a9a2f59cedac4e3f889474aec13ae6a7" member_type: VOTER last_known_addr { host: "127.30.211.188" port: 45321 } }
I20260601 13:21:46.277737 31782 sys_catalog.cc:455] T 00000000000000000000000000000000 P 3b9e8f2b16724648be6795e02fa282a3 [sys.catalog]: SysCatalogTable state changed. Reason: RaftConsensus started. Latest consensus state: current_term: 0 committed_config { opid_index: -1 OBSOLETE_local: false peers { permanent_uuid: "3b9e8f2b16724648be6795e02fa282a3" member_type: VOTER last_known_addr { host: "127.30.211.190" port: 44651 } } peers { permanent_uuid: "8b118d7e6806412ca74c1aa68d75f7a8" member_type: VOTER last_known_addr { host: "127.30.211.189" port: 33309 } } peers { permanent_uuid: "a9a2f59cedac4e3f889474aec13ae6a7" member_type: VOTER last_known_addr { host: "127.30.211.188" port: 45321 } } }
I20260601 13:21:46.277835 31782 sys_catalog.cc:458] T 00000000000000000000000000000000 P 3b9e8f2b16724648be6795e02fa282a3 [sys.catalog]: This master's current role is: FOLLOWER
I20260601 13:21:46.277930 31632 sys_catalog.cc:565] T 00000000000000000000000000000000 P 3b9e8f2b16724648be6795e02fa282a3 [sys.catalog]: configured and running, proceeding with master startup.
I20260601 13:21:46.279749 31566 internal_mini_cluster.cc:184] Waiting to initialize catalog manager on master 1
W20260601 13:21:46.280210 31781 catalog_manager.cc:1593] T 00000000000000000000000000000000 P a9a2f59cedac4e3f889474aec13ae6a7: loading cluster ID for follower catalog manager: Not found: cluster ID entry not found
W20260601 13:21:46.280283 31781 catalog_manager.cc:883] Not found: cluster ID entry not found: failed to prepare follower catalog manager, will retry
W20260601 13:21:46.280372 31794 catalog_manager.cc:1593] T 00000000000000000000000000000000 P 3b9e8f2b16724648be6795e02fa282a3: loading cluster ID for follower catalog manager: Not found: cluster ID entry not found
W20260601 13:21:46.280432 31794 catalog_manager.cc:883] Not found: cluster ID entry not found: failed to prepare follower catalog manager, will retry
I20260601 13:21:46.291337 31698 consensus_peers.cc:770] Retrying to get permanent uuid for remote peer: member_type: VOTER last_known_addr { host: "127.30.211.188" port: 45321 } attempt: 1
I20260601 13:21:46.296918 31698 tablet_bootstrap.cc:492] T 00000000000000000000000000000000 P 8b118d7e6806412ca74c1aa68d75f7a8: Bootstrap starting.
I20260601 13:21:46.298317 31698 tablet_bootstrap.cc:654] T 00000000000000000000000000000000 P 8b118d7e6806412ca74c1aa68d75f7a8: Neither blocks nor log segments found. Creating new log.
I20260601 13:21:46.299479 31698 tablet_bootstrap.cc:492] T 00000000000000000000000000000000 P 8b118d7e6806412ca74c1aa68d75f7a8: No bootstrap required, opened a new log
I20260601 13:21:46.299919 31698 raft_consensus.cc:359] T 00000000000000000000000000000000 P 8b118d7e6806412ca74c1aa68d75f7a8 [term 0 FOLLOWER]: Replica starting. Triggering 0 pending ops. Active config: opid_index: -1 OBSOLETE_local: false peers { permanent_uuid: "3b9e8f2b16724648be6795e02fa282a3" member_type: VOTER last_known_addr { host: "127.30.211.190" port: 44651 } } peers { permanent_uuid: "8b118d7e6806412ca74c1aa68d75f7a8" member_type: VOTER last_known_addr { host: "127.30.211.189" port: 33309 } } peers { permanent_uuid: "a9a2f59cedac4e3f889474aec13ae6a7" member_type: VOTER last_known_addr { host: "127.30.211.188" port: 45321 } }
I20260601 13:21:46.300015 31698 raft_consensus.cc:385] T 00000000000000000000000000000000 P 8b118d7e6806412ca74c1aa68d75f7a8 [term 0 FOLLOWER]: Consensus starting up: Expiring failure detector timer to make a prompt election more likely
I20260601 13:21:46.300037 31698 raft_consensus.cc:740] T 00000000000000000000000000000000 P 8b118d7e6806412ca74c1aa68d75f7a8 [term 0 FOLLOWER]: Becoming Follower/Learner. State: Replica: 8b118d7e6806412ca74c1aa68d75f7a8, State: Initialized, Role: FOLLOWER
I20260601 13:21:46.300239 31698 consensus_queue.cc:260] T 00000000000000000000000000000000 P 8b118d7e6806412ca74c1aa68d75f7a8 [NON_LEADER]: Queue going to NON_LEADER mode. State: All replicated index: 0, Majority replicated index: 0, Committed index: 0, Last appended: 0.0, Last appended by leader: 0, Current term: 0, Majority size: -1, State: 0, Mode: NON_LEADER, active raft config: opid_index: -1 OBSOLETE_local: false peers { permanent_uuid: "3b9e8f2b16724648be6795e02fa282a3" member_type: VOTER last_known_addr { host: "127.30.211.190" port: 44651 } } peers { permanent_uuid: "8b118d7e6806412ca74c1aa68d75f7a8" member_type: VOTER last_known_addr { host: "127.30.211.189" port: 33309 } } peers { permanent_uuid: "a9a2f59cedac4e3f889474aec13ae6a7" member_type: VOTER last_known_addr { host: "127.30.211.188" port: 45321 } }
I20260601 13:21:46.300594 31796 sys_catalog.cc:455] T 00000000000000000000000000000000 P 8b118d7e6806412ca74c1aa68d75f7a8 [sys.catalog]: SysCatalogTable state changed. Reason: RaftConsensus started. Latest consensus state: current_term: 0 committed_config { opid_index: -1 OBSOLETE_local: false peers { permanent_uuid: "3b9e8f2b16724648be6795e02fa282a3" member_type: VOTER last_known_addr { host: "127.30.211.190" port: 44651 } } peers { permanent_uuid: "8b118d7e6806412ca74c1aa68d75f7a8" member_type: VOTER last_known_addr { host: "127.30.211.189" port: 33309 } } peers { permanent_uuid: "a9a2f59cedac4e3f889474aec13ae6a7" member_type: VOTER last_known_addr { host: "127.30.211.188" port: 45321 } } }
I20260601 13:21:46.300701 31796 sys_catalog.cc:458] T 00000000000000000000000000000000 P 8b118d7e6806412ca74c1aa68d75f7a8 [sys.catalog]: This master's current role is: FOLLOWER
I20260601 13:21:46.300827 31698 sys_catalog.cc:565] T 00000000000000000000000000000000 P 8b118d7e6806412ca74c1aa68d75f7a8 [sys.catalog]: configured and running, proceeding with master startup.
I20260601 13:21:46.302878 31566 internal_mini_cluster.cc:184] Waiting to initialize catalog manager on master 2
W20260601 13:21:46.303457 31807 catalog_manager.cc:1593] T 00000000000000000000000000000000 P 8b118d7e6806412ca74c1aa68d75f7a8: loading cluster ID for follower catalog manager: Not found: cluster ID entry not found
I20260601 13:21:46.303532 31566 file_cache.cc:492] Constructed file cache file cache with capacity 419430
W20260601 13:21:46.303537 31807 catalog_manager.cc:883] Not found: cluster ID entry not found: failed to prepare follower catalog manager, will retry
W20260601 13:21:46.306303 31808 instance_detector.cc:116] could not retrieve AWS instance metadata: Network error: curl error: HTTP response code said error: The requested URL returned error: 404
W20260601 13:21:46.306422 31809 instance_detector.cc:116] could not retrieve Azure instance metadata: Network error: curl error: HTTP response code said error: The requested URL returned error: 404
W20260601 13:21:46.306604 31811 instance_detector.cc:116] could not retrieve OpenStack instance metadata: Network error: curl error: HTTP response code said error: The requested URL returned error: 404
I20260601 13:21:46.306633 31566 server_base.cc:1061] running on GCE node
I20260601 13:21:46.306843 31566 hybrid_clock.cc:584] initializing the hybrid clock with 'system_unsync' time source
W20260601 13:21:46.306885 31566 system_unsync_time.cc:38] NTP support is disabled. Clock error bounds will not be accurate. This configuration is not suitable for distributed clusters.
I20260601 13:21:46.306900 31566 hybrid_clock.cc:648] HybridClock initialized: now 1780320106306900 us; error 0 us; skew 500 ppm
I20260601 13:21:46.307870 31566 webserver.cc:533] Webserver started at http://127.30.211.129:35365/ using document root <none> and password file <none>
I20260601 13:21:46.308034 31566 fs_manager.cc:362] Metadata directory not provided
I20260601 13:21:46.308079 31566 fs_manager.cc:368] Using write-ahead log directory (fs_wal_dir) as metadata directory
I20260601 13:21:46.308172 31566 server_base.cc:909] This appears to be a new deployment of Kudu; creating new FS layout
I20260601 13:21:46.308554 31566 fs_manager.cc:1068] Generated new instance metadata in path /tmp/dist-test-taskHiz4xG/test-tmp/auto_rebalancer-test.0.AutoRebalancerTest.OnlyLeaderDoesAutoRebalancing.1780320106133241-31566-0/minicluster-data/ts-0-root/instance:
uuid: "6cffde5b7c174d45ba8ebddbd3999171"
format_stamp: "Formatted at 2026-06-01 13:21:46 on dist-test-slave-12bh"
I20260601 13:21:46.310107 31566 fs_manager.cc:696] Time spent creating directory manager: real 0.001s	user 0.002s	sys 0.000s
I20260601 13:21:46.311125 31816 log_block_manager.cc:4031] Time spent loading block containers with low live blocks: real 0.000s	user 0.000s	sys 0.000s
I20260601 13:21:46.311359 31566 fs_manager.cc:730] Time spent opening block manager: real 0.001s	user 0.001s	sys 0.000s
I20260601 13:21:46.311442 31566 fs_manager.cc:647] Opened local filesystem: /tmp/dist-test-taskHiz4xG/test-tmp/auto_rebalancer-test.0.AutoRebalancerTest.OnlyLeaderDoesAutoRebalancing.1780320106133241-31566-0/minicluster-data/ts-0-root
uuid: "6cffde5b7c174d45ba8ebddbd3999171"
format_stamp: "Formatted at 2026-06-01 13:21:46 on dist-test-slave-12bh"
I20260601 13:21:46.311528 31566 fs_report.cc:389] FS layout report
--------------------
wal directory: /tmp/dist-test-taskHiz4xG/test-tmp/auto_rebalancer-test.0.AutoRebalancerTest.OnlyLeaderDoesAutoRebalancing.1780320106133241-31566-0/minicluster-data/ts-0-root
metadata directory: /tmp/dist-test-taskHiz4xG/test-tmp/auto_rebalancer-test.0.AutoRebalancerTest.OnlyLeaderDoesAutoRebalancing.1780320106133241-31566-0/minicluster-data/ts-0-root
1 data directories: /tmp/dist-test-taskHiz4xG/test-tmp/auto_rebalancer-test.0.AutoRebalancerTest.OnlyLeaderDoesAutoRebalancing.1780320106133241-31566-0/minicluster-data/ts-0-root/data
Total live blocks: 0
Total live bytes: 0
Total live bytes (after alignment): 0
Total number of LBM containers: 0 (0 full)
Did not check for missing blocks
Did not check for orphaned blocks
Total full LBM containers with extra space: 0 (0 repaired)
Total full LBM container extra space in bytes: 0 (0 repaired)
Total incomplete LBM containers: 0 (0 repaired)
Total LBM partial records: 0 (0 repaired)
Total corrupted LBM metadata records in RocksDB: 0 (0 repaired)
I20260601 13:21:46.316299 31566 rpc_server.cc:225] running with OpenSSL 1.1.1  11 Sep 2018
I20260601 13:21:46.316713 31566 kserver.cc:163] Server-wide thread pool size limit: 3276
I20260601 13:21:46.317116 31566 txn_system_client.cc:432] TxnSystemClient initialization is disabled...
I20260601 13:21:46.318055 31566 ts_tablet_manager.cc:585] Loaded tablet metadata (0 total tablets, 0 live tablets)
I20260601 13:21:46.318125 31566 ts_tablet_manager.cc:531] Time spent load tablet metadata: real 0.000s	user 0.000s	sys 0.000s
I20260601 13:21:46.318187 31566 ts_tablet_manager.cc:616] Registered 0 tablets
I20260601 13:21:46.318241 31566 ts_tablet_manager.cc:595] Time spent register tablets: real 0.000s	user 0.000s	sys 0.000s
I20260601 13:21:46.324858 31566 rpc_server.cc:307] RPC server started. Bound to: 127.30.211.129:39613
I20260601 13:21:46.324919 31879 acceptor_pool.cc:272] collecting diagnostics on the listening RPC socket 127.30.211.129:39613 every 8 connection(s)
I20260601 13:21:46.326081 31566 file_cache.cc:492] Constructed file cache file cache with capacity 419430
W20260601 13:21:46.328585 31886 instance_detector.cc:116] could not retrieve AWS instance metadata: Network error: curl error: HTTP response code said error: The requested URL returned error: 404
I20260601 13:21:46.331525 31880 heartbeater.cc:344] Connected to a master server at 127.30.211.190:44651
I20260601 13:21:46.331678 31880 heartbeater.cc:461] Registering TS with master...
I20260601 13:21:46.332286 31880 heartbeater.cc:507] Master 127.30.211.190:44651 requested a full tablet report, sending...
I20260601 13:21:46.333876 31596 ts_manager.cc:194] Registered new tserver with Master: 6cffde5b7c174d45ba8ebddbd3999171 (127.30.211.129:39613)
W20260601 13:21:46.334304 31887 instance_detector.cc:116] could not retrieve Azure instance metadata: Network error: curl error: HTTP response code said error: The requested URL returned error: 404
W20260601 13:21:46.334688 31889 instance_detector.cc:116] could not retrieve OpenStack instance metadata: Network error: curl error: HTTP response code said error: The requested URL returned error: 404
I20260601 13:21:46.335124 31566 server_base.cc:1061] running on GCE node
I20260601 13:21:46.335328 31881 heartbeater.cc:344] Connected to a master server at 127.30.211.188:45321
I20260601 13:21:46.335423 31566 hybrid_clock.cc:584] initializing the hybrid clock with 'system_unsync' time source
W20260601 13:21:46.335496 31566 system_unsync_time.cc:38] NTP support is disabled. Clock error bounds will not be accurate. This configuration is not suitable for distributed clusters.
I20260601 13:21:46.335529 31566 hybrid_clock.cc:648] HybridClock initialized: now 1780320106335527 us; error 0 us; skew 500 ppm
I20260601 13:21:46.335439 31881 heartbeater.cc:461] Registering TS with master...
I20260601 13:21:46.336113 31881 heartbeater.cc:507] Master 127.30.211.188:45321 requested a full tablet report, sending...
I20260601 13:21:46.336822 31566 webserver.cc:533] Webserver started at http://127.30.211.130:35427/ using document root <none> and password file <none>
I20260601 13:21:46.336863 31728 ts_manager.cc:194] Registered new tserver with Master: 6cffde5b7c174d45ba8ebddbd3999171 (127.30.211.129:39613)
I20260601 13:21:46.336984 31566 fs_manager.cc:362] Metadata directory not provided
I20260601 13:21:46.337035 31566 fs_manager.cc:368] Using write-ahead log directory (fs_wal_dir) as metadata directory
I20260601 13:21:46.337121 31566 server_base.cc:909] This appears to be a new deployment of Kudu; creating new FS layout
I20260601 13:21:46.337522 31566 fs_manager.cc:1068] Generated new instance metadata in path /tmp/dist-test-taskHiz4xG/test-tmp/auto_rebalancer-test.0.AutoRebalancerTest.OnlyLeaderDoesAutoRebalancing.1780320106133241-31566-0/minicluster-data/ts-1-root/instance:
uuid: "215678f1c4ce487192a964a24e402819"
format_stamp: "Formatted at 2026-06-01 13:21:46 on dist-test-slave-12bh"
I20260601 13:21:46.335417 31882 heartbeater.cc:344] Connected to a master server at 127.30.211.189:33309
I20260601 13:21:46.338068 31882 heartbeater.cc:461] Registering TS with master...
I20260601 13:21:46.338313 31882 heartbeater.cc:507] Master 127.30.211.189:33309 requested a full tablet report, sending...
I20260601 13:21:46.339025 31662 ts_manager.cc:194] Registered new tserver with Master: 6cffde5b7c174d45ba8ebddbd3999171 (127.30.211.129:39613)
I20260601 13:21:46.339417 31566 fs_manager.cc:696] Time spent creating directory manager: real 0.002s	user 0.000s	sys 0.002s
I20260601 13:21:46.340466 31895 log_block_manager.cc:4031] Time spent loading block containers with low live blocks: real 0.000s	user 0.000s	sys 0.000s
I20260601 13:21:46.340736 31566 fs_manager.cc:730] Time spent opening block manager: real 0.001s	user 0.000s	sys 0.001s
I20260601 13:21:46.340813 31566 fs_manager.cc:647] Opened local filesystem: /tmp/dist-test-taskHiz4xG/test-tmp/auto_rebalancer-test.0.AutoRebalancerTest.OnlyLeaderDoesAutoRebalancing.1780320106133241-31566-0/minicluster-data/ts-1-root
uuid: "215678f1c4ce487192a964a24e402819"
format_stamp: "Formatted at 2026-06-01 13:21:46 on dist-test-slave-12bh"
I20260601 13:21:46.340904 31566 fs_report.cc:389] FS layout report
--------------------
wal directory: /tmp/dist-test-taskHiz4xG/test-tmp/auto_rebalancer-test.0.AutoRebalancerTest.OnlyLeaderDoesAutoRebalancing.1780320106133241-31566-0/minicluster-data/ts-1-root
metadata directory: /tmp/dist-test-taskHiz4xG/test-tmp/auto_rebalancer-test.0.AutoRebalancerTest.OnlyLeaderDoesAutoRebalancing.1780320106133241-31566-0/minicluster-data/ts-1-root
1 data directories: /tmp/dist-test-taskHiz4xG/test-tmp/auto_rebalancer-test.0.AutoRebalancerTest.OnlyLeaderDoesAutoRebalancing.1780320106133241-31566-0/minicluster-data/ts-1-root/data
Total live blocks: 0
Total live bytes: 0
Total live bytes (after alignment): 0
Total number of LBM containers: 0 (0 full)
Did not check for missing blocks
Did not check for orphaned blocks
Total full LBM containers with extra space: 0 (0 repaired)
Total full LBM container extra space in bytes: 0 (0 repaired)
Total incomplete LBM containers: 0 (0 repaired)
Total LBM partial records: 0 (0 repaired)
Total corrupted LBM metadata records in RocksDB: 0 (0 repaired)
I20260601 13:21:46.357231 31566 rpc_server.cc:225] running with OpenSSL 1.1.1  11 Sep 2018
I20260601 13:21:46.357751 31566 kserver.cc:163] Server-wide thread pool size limit: 3276
I20260601 13:21:46.358177 31566 txn_system_client.cc:432] TxnSystemClient initialization is disabled...
I20260601 13:21:46.358753 31566 ts_tablet_manager.cc:585] Loaded tablet metadata (0 total tablets, 0 live tablets)
I20260601 13:21:46.358796 31566 ts_tablet_manager.cc:531] Time spent load tablet metadata: real 0.000s	user 0.000s	sys 0.000s
I20260601 13:21:46.358848 31566 ts_tablet_manager.cc:616] Registered 0 tablets
I20260601 13:21:46.358884 31566 ts_tablet_manager.cc:595] Time spent register tablets: real 0.000s	user 0.000s	sys 0.000s
I20260601 13:21:46.365043 31566 rpc_server.cc:307] RPC server started. Bound to: 127.30.211.130:41735
I20260601 13:21:46.365106 31958 acceptor_pool.cc:272] collecting diagnostics on the listening RPC socket 127.30.211.130:41735 every 8 connection(s)
I20260601 13:21:46.366214 31566 file_cache.cc:492] Constructed file cache file cache with capacity 419430
W20260601 13:21:46.370112 31969 instance_detector.cc:116] could not retrieve OpenStack instance metadata: Network error: curl error: HTTP response code said error: The requested URL returned error: 404
W20260601 13:21:46.370554 31967 instance_detector.cc:116] could not retrieve Azure instance metadata: Network error: curl error: HTTP response code said error: The requested URL returned error: 404
I20260601 13:21:46.371416 31959 heartbeater.cc:344] Connected to a master server at 127.30.211.190:44651
I20260601 13:21:46.371534 31959 heartbeater.cc:461] Registering TS with master...
I20260601 13:21:46.371927 31960 heartbeater.cc:344] Connected to a master server at 127.30.211.188:45321
I20260601 13:21:46.372005 31960 heartbeater.cc:461] Registering TS with master...
I20260601 13:21:46.372048 31959 heartbeater.cc:507] Master 127.30.211.190:44651 requested a full tablet report, sending...
I20260601 13:21:46.372195 31960 heartbeater.cc:507] Master 127.30.211.188:45321 requested a full tablet report, sending...
I20260601 13:21:46.372771 31596 ts_manager.cc:194] Registered new tserver with Master: 215678f1c4ce487192a964a24e402819 (127.30.211.130:41735)
I20260601 13:21:46.372829 31728 ts_manager.cc:194] Registered new tserver with Master: 215678f1c4ce487192a964a24e402819 (127.30.211.130:41735)
W20260601 13:21:46.373194 31966 instance_detector.cc:116] could not retrieve AWS instance metadata: Network error: curl error: HTTP response code said error: The requested URL returned error: 404
I20260601 13:21:46.373397 31961 heartbeater.cc:344] Connected to a master server at 127.30.211.189:33309
I20260601 13:21:46.373478 31961 heartbeater.cc:461] Registering TS with master...
I20260601 13:21:46.373688 31961 heartbeater.cc:507] Master 127.30.211.189:33309 requested a full tablet report, sending...
I20260601 13:21:46.374104 31566 server_base.cc:1061] running on GCE node
I20260601 13:21:46.374425 31662 ts_manager.cc:194] Registered new tserver with Master: 215678f1c4ce487192a964a24e402819 (127.30.211.130:41735)
I20260601 13:21:46.374514 31566 hybrid_clock.cc:584] initializing the hybrid clock with 'system_unsync' time source
W20260601 13:21:46.374577 31566 system_unsync_time.cc:38] NTP support is disabled. Clock error bounds will not be accurate. This configuration is not suitable for distributed clusters.
I20260601 13:21:46.374614 31566 hybrid_clock.cc:648] HybridClock initialized: now 1780320106374612 us; error 0 us; skew 500 ppm
I20260601 13:21:46.375563 31566 webserver.cc:533] Webserver started at http://127.30.211.131:44843/ using document root <none> and password file <none>
I20260601 13:21:46.375746 31566 fs_manager.cc:362] Metadata directory not provided
I20260601 13:21:46.375810 31566 fs_manager.cc:368] Using write-ahead log directory (fs_wal_dir) as metadata directory
I20260601 13:21:46.375890 31566 server_base.cc:909] This appears to be a new deployment of Kudu; creating new FS layout
I20260601 13:21:46.376344 31566 fs_manager.cc:1068] Generated new instance metadata in path /tmp/dist-test-taskHiz4xG/test-tmp/auto_rebalancer-test.0.AutoRebalancerTest.OnlyLeaderDoesAutoRebalancing.1780320106133241-31566-0/minicluster-data/ts-2-root/instance:
uuid: "2674d474eb6c43278c19ed5517b62b42"
format_stamp: "Formatted at 2026-06-01 13:21:46 on dist-test-slave-12bh"
I20260601 13:21:46.377986 31566 fs_manager.cc:696] Time spent creating directory manager: real 0.001s	user 0.001s	sys 0.001s
I20260601 13:21:46.379058 31974 log_block_manager.cc:4031] Time spent loading block containers with low live blocks: real 0.000s	user 0.000s	sys 0.000s
I20260601 13:21:46.379349 31566 fs_manager.cc:730] Time spent opening block manager: real 0.001s	user 0.001s	sys 0.000s
I20260601 13:21:46.379448 31566 fs_manager.cc:647] Opened local filesystem: /tmp/dist-test-taskHiz4xG/test-tmp/auto_rebalancer-test.0.AutoRebalancerTest.OnlyLeaderDoesAutoRebalancing.1780320106133241-31566-0/minicluster-data/ts-2-root
uuid: "2674d474eb6c43278c19ed5517b62b42"
format_stamp: "Formatted at 2026-06-01 13:21:46 on dist-test-slave-12bh"
I20260601 13:21:46.379522 31566 fs_report.cc:389] FS layout report
--------------------
wal directory: /tmp/dist-test-taskHiz4xG/test-tmp/auto_rebalancer-test.0.AutoRebalancerTest.OnlyLeaderDoesAutoRebalancing.1780320106133241-31566-0/minicluster-data/ts-2-root
metadata directory: /tmp/dist-test-taskHiz4xG/test-tmp/auto_rebalancer-test.0.AutoRebalancerTest.OnlyLeaderDoesAutoRebalancing.1780320106133241-31566-0/minicluster-data/ts-2-root
1 data directories: /tmp/dist-test-taskHiz4xG/test-tmp/auto_rebalancer-test.0.AutoRebalancerTest.OnlyLeaderDoesAutoRebalancing.1780320106133241-31566-0/minicluster-data/ts-2-root/data
Total live blocks: 0
Total live bytes: 0
Total live bytes (after alignment): 0
Total number of LBM containers: 0 (0 full)
Did not check for missing blocks
Did not check for orphaned blocks
Total full LBM containers with extra space: 0 (0 repaired)
Total full LBM container extra space in bytes: 0 (0 repaired)
Total incomplete LBM containers: 0 (0 repaired)
Total LBM partial records: 0 (0 repaired)
Total corrupted LBM metadata records in RocksDB: 0 (0 repaired)
I20260601 13:21:46.421326 31566 rpc_server.cc:225] running with OpenSSL 1.1.1  11 Sep 2018
I20260601 13:21:46.421824 31566 kserver.cc:163] Server-wide thread pool size limit: 3276
I20260601 13:21:46.422557 31566 txn_system_client.cc:432] TxnSystemClient initialization is disabled...
I20260601 13:21:46.423092 31566 ts_tablet_manager.cc:585] Loaded tablet metadata (0 total tablets, 0 live tablets)
I20260601 13:21:46.423130 31566 ts_tablet_manager.cc:531] Time spent load tablet metadata: real 0.000s	user 0.000s	sys 0.000s
I20260601 13:21:46.423162 31566 ts_tablet_manager.cc:616] Registered 0 tablets
I20260601 13:21:46.423218 31566 ts_tablet_manager.cc:595] Time spent register tablets: real 0.000s	user 0.000s	sys 0.000s
I20260601 13:21:46.429690 31566 rpc_server.cc:307] RPC server started. Bound to: 127.30.211.131:33923
I20260601 13:21:46.429795 32037 acceptor_pool.cc:272] collecting diagnostics on the listening RPC socket 127.30.211.131:33923 every 8 connection(s)
W20260601 13:21:46.435529 31585 tablet.cc:2404] T 00000000000000000000000000000000 P 3b9e8f2b16724648be6795e02fa282a3: Can't schedule compaction. Clean time has not been advanced past its initial value.
I20260601 13:21:46.435766 32039 heartbeater.cc:344] Connected to a master server at 127.30.211.188:45321
I20260601 13:21:46.435847 32038 heartbeater.cc:344] Connected to a master server at 127.30.211.190:44651
I20260601 13:21:46.435948 32038 heartbeater.cc:461] Registering TS with master...
I20260601 13:21:46.436182 32038 heartbeater.cc:507] Master 127.30.211.190:44651 requested a full tablet report, sending...
I20260601 13:21:46.435849 32039 heartbeater.cc:461] Registering TS with master...
I20260601 13:21:46.436609 32039 heartbeater.cc:507] Master 127.30.211.188:45321 requested a full tablet report, sending...
I20260601 13:21:46.436961 31596 ts_manager.cc:194] Registered new tserver with Master: 2674d474eb6c43278c19ed5517b62b42 (127.30.211.131:33923)
I20260601 13:21:46.437273 31728 ts_manager.cc:194] Registered new tserver with Master: 2674d474eb6c43278c19ed5517b62b42 (127.30.211.131:33923)
I20260601 13:21:46.438911 32040 heartbeater.cc:344] Connected to a master server at 127.30.211.189:33309
I20260601 13:21:46.438997 32040 heartbeater.cc:461] Registering TS with master...
I20260601 13:21:46.439188 32040 heartbeater.cc:507] Master 127.30.211.189:33309 requested a full tablet report, sending...
I20260601 13:21:46.439791 31662 ts_manager.cc:194] Registered new tserver with Master: 2674d474eb6c43278c19ed5517b62b42 (127.30.211.131:33923)
I20260601 13:21:46.440740 31566 internal_mini_cluster.cc:371] 3 TS(s) registered with all masters after 0.01035757s
I20260601 13:21:46.646271 31782 raft_consensus.cc:493] T 00000000000000000000000000000000 P 3b9e8f2b16724648be6795e02fa282a3 [term 0 FOLLOWER]: Starting pre-election (no leader contacted us within the election timeout)
I20260601 13:21:46.646477 31782 raft_consensus.cc:515] T 00000000000000000000000000000000 P 3b9e8f2b16724648be6795e02fa282a3 [term 0 FOLLOWER]: Starting pre-election with config: opid_index: -1 OBSOLETE_local: false peers { permanent_uuid: "3b9e8f2b16724648be6795e02fa282a3" member_type: VOTER last_known_addr { host: "127.30.211.190" port: 44651 } } peers { permanent_uuid: "8b118d7e6806412ca74c1aa68d75f7a8" member_type: VOTER last_known_addr { host: "127.30.211.189" port: 33309 } } peers { permanent_uuid: "a9a2f59cedac4e3f889474aec13ae6a7" member_type: VOTER last_known_addr { host: "127.30.211.188" port: 45321 } }
I20260601 13:21:46.647399 31782 leader_election.cc:290] T 00000000000000000000000000000000 P 3b9e8f2b16724648be6795e02fa282a3 [CANDIDATE]: Term 1 pre-election: Requested pre-vote from peers 8b118d7e6806412ca74c1aa68d75f7a8 (127.30.211.189:33309), a9a2f59cedac4e3f889474aec13ae6a7 (127.30.211.188:45321)
I20260601 13:21:46.648034 31672 tablet_service.cc:1917] Received RequestConsensusVote() RPC: tablet_id: "00000000000000000000000000000000" candidate_uuid: "3b9e8f2b16724648be6795e02fa282a3" candidate_term: 1 candidate_status { last_received { term: 0 index: 0 } } ignore_live_leader: false dest_uuid: "8b118d7e6806412ca74c1aa68d75f7a8" is_pre_election: true
