I20260601 13:39:33.989120  9834 tablet_bootstrap.cc:654] T ec151c0e72fd410db32b4bf23a35e389 P dc57ae64fff245ee8a7d1eaabf338df0: Neither blocks nor log segments found. Creating new log.
I20260601 13:39:33.989312  9816 raft_consensus.cc:359] T 356a63bf1efe4654b5a2b5a326a03b18 P a15e1a87cd7845fab1b65111c69ef528 [term 0 FOLLOWER]: Replica starting. Triggering 0 pending ops. Active config: opid_index: -1 OBSOLETE_local: false peers { permanent_uuid: "278856c60cc74c6397d55e921e1549ae" member_type: VOTER last_known_addr { host: "127.5.12.1" port: 41011 } } peers { permanent_uuid: "a15e1a87cd7845fab1b65111c69ef528" member_type: VOTER last_known_addr { host: "127.5.12.2" port: 42993 } } peers { permanent_uuid: "dc57ae64fff245ee8a7d1eaabf338df0" member_type: VOTER last_known_addr { host: "127.5.12.3" port: 34355 } }
I20260601 13:39:33.989413  9816 raft_consensus.cc:385] T 356a63bf1efe4654b5a2b5a326a03b18 P a15e1a87cd7845fab1b65111c69ef528 [term 0 FOLLOWER]: Consensus starting up: Expiring failure detector timer to make a prompt election more likely
I20260601 13:39:33.989444  9816 raft_consensus.cc:740] T 356a63bf1efe4654b5a2b5a326a03b18 P a15e1a87cd7845fab1b65111c69ef528 [term 0 FOLLOWER]: Becoming Follower/Learner. State: Replica: a15e1a87cd7845fab1b65111c69ef528, State: Initialized, Role: FOLLOWER
I20260601 13:39:33.989552  9816 consensus_queue.cc:260] T 356a63bf1efe4654b5a2b5a326a03b18 P a15e1a87cd7845fab1b65111c69ef528 [NON_LEADER]: Queue going to NON_LEADER mode. State: All replicated index: 0, Majority replicated index: 0, Committed index: 0, Last appended: 0.0, Last appended by leader: 0, Current term: 0, Majority size: -1, State: 0, Mode: NON_LEADER, active raft config: opid_index: -1 OBSOLETE_local: false peers { permanent_uuid: "278856c60cc74c6397d55e921e1549ae" member_type: VOTER last_known_addr { host: "127.5.12.1" port: 41011 } } peers { permanent_uuid: "a15e1a87cd7845fab1b65111c69ef528" member_type: VOTER last_known_addr { host: "127.5.12.2" port: 42993 } } peers { permanent_uuid: "dc57ae64fff245ee8a7d1eaabf338df0" member_type: VOTER last_known_addr { host: "127.5.12.3" port: 34355 } }
I20260601 13:39:33.987578  9817 raft_consensus.cc:740] T 94173e5aca8a40a39d8097e72ffc1e36 P 278856c60cc74c6397d55e921e1549ae [term 0 FOLLOWER]: Becoming Follower/Learner. State: Replica: 278856c60cc74c6397d55e921e1549ae, State: Initialized, Role: FOLLOWER
I20260601 13:39:33.989800  9817 consensus_queue.cc:260] T 94173e5aca8a40a39d8097e72ffc1e36 P 278856c60cc74c6397d55e921e1549ae [NON_LEADER]: Queue going to NON_LEADER mode. State: All replicated index: 0, Majority replicated index: 0, Committed index: 0, Last appended: 0.0, Last appended by leader: 0, Current term: 0, Majority size: -1, State: 0, Mode: NON_LEADER, active raft config: opid_index: -1 OBSOLETE_local: false peers { permanent_uuid: "278856c60cc74c6397d55e921e1549ae" member_type: VOTER last_known_addr { host: "127.5.12.1" port: 41011 } } peers { permanent_uuid: "a15e1a87cd7845fab1b65111c69ef528" member_type: VOTER last_known_addr { host: "127.5.12.2" port: 42993 } } peers { permanent_uuid: "dc57ae64fff245ee8a7d1eaabf338df0" member_type: VOTER last_known_addr { host: "127.5.12.3" port: 34355 } }
I20260601 13:39:33.989873  9816 ts_tablet_manager.cc:1434] T 356a63bf1efe4654b5a2b5a326a03b18 P a15e1a87cd7845fab1b65111c69ef528: Time spent starting tablet: real 0.001s	user 0.001s	sys 0.000s
I20260601 13:39:33.990048  9816 tablet_bootstrap.cc:492] T 7dfcaff5fb5740d08547e7e94e5bcff0 P a15e1a87cd7845fab1b65111c69ef528: Bootstrap starting.
I20260601 13:39:33.990167  9817 ts_tablet_manager.cc:1434] T 94173e5aca8a40a39d8097e72ffc1e36 P 278856c60cc74c6397d55e921e1549ae: Time spent starting tablet: real 0.003s	user 0.001s	sys 0.000s
I20260601 13:39:33.990358  9817 tablet_bootstrap.cc:492] T 74ab9019a71d492e8e3635897422f544 P 278856c60cc74c6397d55e921e1549ae: Bootstrap starting.
I20260601 13:39:33.990916  9816 tablet_bootstrap.cc:654] T 7dfcaff5fb5740d08547e7e94e5bcff0 P a15e1a87cd7845fab1b65111c69ef528: Neither blocks nor log segments found. Creating new log.
I20260601 13:39:33.991446  9817 tablet_bootstrap.cc:654] T 74ab9019a71d492e8e3635897422f544 P 278856c60cc74c6397d55e921e1549ae: Neither blocks nor log segments found. Creating new log.
I20260601 13:39:33.992635  9817 tablet_bootstrap.cc:492] T 74ab9019a71d492e8e3635897422f544 P 278856c60cc74c6397d55e921e1549ae: No bootstrap required, opened a new log
I20260601 13:39:33.992767  9817 ts_tablet_manager.cc:1403] T 74ab9019a71d492e8e3635897422f544 P 278856c60cc74c6397d55e921e1549ae: Time spent bootstrapping tablet: real 0.002s	user 0.002s	sys 0.000s
I20260601 13:39:33.993170  9817 raft_consensus.cc:359] T 74ab9019a71d492e8e3635897422f544 P 278856c60cc74c6397d55e921e1549ae [term 0 FOLLOWER]: Replica starting. Triggering 0 pending ops. Active config: opid_index: -1 OBSOLETE_local: false peers { permanent_uuid: "278856c60cc74c6397d55e921e1549ae" member_type: VOTER last_known_addr { host: "127.5.12.1" port: 41011 } } peers { permanent_uuid: "a15e1a87cd7845fab1b65111c69ef528" member_type: VOTER last_known_addr { host: "127.5.12.2" port: 42993 } } peers { permanent_uuid: "dc57ae64fff245ee8a7d1eaabf338df0" member_type: VOTER last_known_addr { host: "127.5.12.3" port: 34355 } }
I20260601 13:39:33.993355  9817 raft_consensus.cc:385] T 74ab9019a71d492e8e3635897422f544 P 278856c60cc74c6397d55e921e1549ae [term 0 FOLLOWER]: Consensus starting up: Expiring failure detector timer to make a prompt election more likely
I20260601 13:39:33.993430  9817 raft_consensus.cc:740] T 74ab9019a71d492e8e3635897422f544 P 278856c60cc74c6397d55e921e1549ae [term 0 FOLLOWER]: Becoming Follower/Learner. State: Replica: 278856c60cc74c6397d55e921e1549ae, State: Initialized, Role: FOLLOWER
I20260601 13:39:33.993597  9817 consensus_queue.cc:260] T 74ab9019a71d492e8e3635897422f544 P 278856c60cc74c6397d55e921e1549ae [NON_LEADER]: Queue going to NON_LEADER mode. State: All replicated index: 0, Majority replicated index: 0, Committed index: 0, Last appended: 0.0, Last appended by leader: 0, Current term: 0, Majority size: -1, State: 0, Mode: NON_LEADER, active raft config: opid_index: -1 OBSOLETE_local: false peers { permanent_uuid: "278856c60cc74c6397d55e921e1549ae" member_type: VOTER last_known_addr { host: "127.5.12.1" port: 41011 } } peers { permanent_uuid: "a15e1a87cd7845fab1b65111c69ef528" member_type: VOTER last_known_addr { host: "127.5.12.2" port: 42993 } } peers { permanent_uuid: "dc57ae64fff245ee8a7d1eaabf338df0" member_type: VOTER last_known_addr { host: "127.5.12.3" port: 34355 } }
I20260601 13:39:33.993984  9817 ts_tablet_manager.cc:1434] T 74ab9019a71d492e8e3635897422f544 P 278856c60cc74c6397d55e921e1549ae: Time spent starting tablet: real 0.001s	user 0.001s	sys 0.000s
I20260601 13:39:33.994223  9817 tablet_bootstrap.cc:492] T 547df8af6e194a14abec0e6a80930b1f P 278856c60cc74c6397d55e921e1549ae: Bootstrap starting.
I20260601 13:39:33.995260  9817 tablet_bootstrap.cc:654] T 547df8af6e194a14abec0e6a80930b1f P 278856c60cc74c6397d55e921e1549ae: Neither blocks nor log segments found. Creating new log.
I20260601 13:39:34.000000  9817 tablet_bootstrap.cc:492] T 547df8af6e194a14abec0e6a80930b1f P 278856c60cc74c6397d55e921e1549ae: No bootstrap required, opened a new log
I20260601 13:39:34.000161  9817 ts_tablet_manager.cc:1403] T 547df8af6e194a14abec0e6a80930b1f P 278856c60cc74c6397d55e921e1549ae: Time spent bootstrapping tablet: real 0.006s	user 0.002s	sys 0.000s
I20260601 13:39:34.000646  9817 raft_consensus.cc:359] T 547df8af6e194a14abec0e6a80930b1f P 278856c60cc74c6397d55e921e1549ae [term 0 FOLLOWER]: Replica starting. Triggering 0 pending ops. Active config: opid_index: -1 OBSOLETE_local: false peers { permanent_uuid: "278856c60cc74c6397d55e921e1549ae" member_type: VOTER last_known_addr { host: "127.5.12.1" port: 41011 } } peers { permanent_uuid: "a15e1a87cd7845fab1b65111c69ef528" member_type: VOTER last_known_addr { host: "127.5.12.2" port: 42993 } } peers { permanent_uuid: "dc57ae64fff245ee8a7d1eaabf338df0" member_type: VOTER last_known_addr { host: "127.5.12.3" port: 34355 } }
I20260601 13:39:34.000797  9816 tablet_bootstrap.cc:492] T 7dfcaff5fb5740d08547e7e94e5bcff0 P a15e1a87cd7845fab1b65111c69ef528: No bootstrap required, opened a new log
I20260601 13:39:34.000886  9816 ts_tablet_manager.cc:1403] T 7dfcaff5fb5740d08547e7e94e5bcff0 P a15e1a87cd7845fab1b65111c69ef528: Time spent bootstrapping tablet: real 0.011s	user 0.002s	sys 0.000s
I20260601 13:39:34.001343  9834 tablet_bootstrap.cc:492] T ec151c0e72fd410db32b4bf23a35e389 P dc57ae64fff245ee8a7d1eaabf338df0: No bootstrap required, opened a new log
I20260601 13:39:34.001427  9834 ts_tablet_manager.cc:1403] T ec151c0e72fd410db32b4bf23a35e389 P dc57ae64fff245ee8a7d1eaabf338df0: Time spent bootstrapping tablet: real 0.015s	user 0.001s	sys 0.001s
I20260601 13:39:34.001394  9816 raft_consensus.cc:359] T 7dfcaff5fb5740d08547e7e94e5bcff0 P a15e1a87cd7845fab1b65111c69ef528 [term 0 FOLLOWER]: Replica starting. Triggering 0 pending ops. Active config: opid_index: -1 OBSOLETE_local: false peers { permanent_uuid: "278856c60cc74c6397d55e921e1549ae" member_type: VOTER last_known_addr { host: "127.5.12.1" port: 41011 } } peers { permanent_uuid: "a15e1a87cd7845fab1b65111c69ef528" member_type: VOTER last_known_addr { host: "127.5.12.2" port: 42993 } } peers { permanent_uuid: "dc57ae64fff245ee8a7d1eaabf338df0" member_type: VOTER last_known_addr { host: "127.5.12.3" port: 34355 } }
I20260601 13:39:34.001508  9816 raft_consensus.cc:385] T 7dfcaff5fb5740d08547e7e94e5bcff0 P a15e1a87cd7845fab1b65111c69ef528 [term 0 FOLLOWER]: Consensus starting up: Expiring failure detector timer to make a prompt election more likely
I20260601 13:39:34.001545  9816 raft_consensus.cc:740] T 7dfcaff5fb5740d08547e7e94e5bcff0 P a15e1a87cd7845fab1b65111c69ef528 [term 0 FOLLOWER]: Becoming Follower/Learner. State: Replica: a15e1a87cd7845fab1b65111c69ef528, State: Initialized, Role: FOLLOWER
I20260601 13:39:34.001668  9816 consensus_queue.cc:260] T 7dfcaff5fb5740d08547e7e94e5bcff0 P a15e1a87cd7845fab1b65111c69ef528 [NON_LEADER]: Queue going to NON_LEADER mode. State: All replicated index: 0, Majority replicated index: 0, Committed index: 0, Last appended: 0.0, Last appended by leader: 0, Current term: 0, Majority size: -1, State: 0, Mode: NON_LEADER, active raft config: opid_index: -1 OBSOLETE_local: false peers { permanent_uuid: "278856c60cc74c6397d55e921e1549ae" member_type: VOTER last_known_addr { host: "127.5.12.1" port: 41011 } } peers { permanent_uuid: "a15e1a87cd7845fab1b65111c69ef528" member_type: VOTER last_known_addr { host: "127.5.12.2" port: 42993 } } peers { permanent_uuid: "dc57ae64fff245ee8a7d1eaabf338df0" member_type: VOTER last_known_addr { host: "127.5.12.3" port: 34355 } }
I20260601 13:39:34.001869  9834 raft_consensus.cc:359] T ec151c0e72fd410db32b4bf23a35e389 P dc57ae64fff245ee8a7d1eaabf338df0 [term 0 FOLLOWER]: Replica starting. Triggering 0 pending ops. Active config: opid_index: -1 OBSOLETE_local: false peers { permanent_uuid: "278856c60cc74c6397d55e921e1549ae" member_type: VOTER last_known_addr { host: "127.5.12.1" port: 41011 } } peers { permanent_uuid: "a15e1a87cd7845fab1b65111c69ef528" member_type: VOTER last_known_addr { host: "127.5.12.2" port: 42993 } } peers { permanent_uuid: "dc57ae64fff245ee8a7d1eaabf338df0" member_type: VOTER last_known_addr { host: "127.5.12.3" port: 34355 } }
I20260601 13:39:34.001968  9834 raft_consensus.cc:385] T ec151c0e72fd410db32b4bf23a35e389 P dc57ae64fff245ee8a7d1eaabf338df0 [term 0 FOLLOWER]: Consensus starting up: Expiring failure detector timer to make a prompt election more likely
I20260601 13:39:34.002015  9834 raft_consensus.cc:740] T ec151c0e72fd410db32b4bf23a35e389 P dc57ae64fff245ee8a7d1eaabf338df0 [term 0 FOLLOWER]: Becoming Follower/Learner. State: Replica: dc57ae64fff245ee8a7d1eaabf338df0, State: Initialized, Role: FOLLOWER
I20260601 13:39:34.002067  9816 ts_tablet_manager.cc:1434] T 7dfcaff5fb5740d08547e7e94e5bcff0 P a15e1a87cd7845fab1b65111c69ef528: Time spent starting tablet: real 0.001s	user 0.001s	sys 0.000s
I20260601 13:39:34.002128  9834 consensus_queue.cc:260] T ec151c0e72fd410db32b4bf23a35e389 P dc57ae64fff245ee8a7d1eaabf338df0 [NON_LEADER]: Queue going to NON_LEADER mode. State: All replicated index: 0, Majority replicated index: 0, Committed index: 0, Last appended: 0.0, Last appended by leader: 0, Current term: 0, Majority size: -1, State: 0, Mode: NON_LEADER, active raft config: opid_index: -1 OBSOLETE_local: false peers { permanent_uuid: "278856c60cc74c6397d55e921e1549ae" member_type: VOTER last_known_addr { host: "127.5.12.1" port: 41011 } } peers { permanent_uuid: "a15e1a87cd7845fab1b65111c69ef528" member_type: VOTER last_known_addr { host: "127.5.12.2" port: 42993 } } peers { permanent_uuid: "dc57ae64fff245ee8a7d1eaabf338df0" member_type: VOTER last_known_addr { host: "127.5.12.3" port: 34355 } }
I20260601 13:39:34.002293  9816 tablet_bootstrap.cc:492] T 74ab9019a71d492e8e3635897422f544 P a15e1a87cd7845fab1b65111c69ef528: Bootstrap starting.
I20260601 13:39:34.002416  9834 ts_tablet_manager.cc:1434] T ec151c0e72fd410db32b4bf23a35e389 P dc57ae64fff245ee8a7d1eaabf338df0: Time spent starting tablet: real 0.001s	user 0.000s	sys 0.000s
I20260601 13:39:34.002591  9834 tablet_bootstrap.cc:492] T cf2df65ea2554328bb37192fe937a838 P dc57ae64fff245ee8a7d1eaabf338df0: Bootstrap starting.
I20260601 13:39:34.003505  9816 tablet_bootstrap.cc:654] T 74ab9019a71d492e8e3635897422f544 P a15e1a87cd7845fab1b65111c69ef528: Neither blocks nor log segments found. Creating new log.
I20260601 13:39:34.003839  9834 tablet_bootstrap.cc:654] T cf2df65ea2554328bb37192fe937a838 P dc57ae64fff245ee8a7d1eaabf338df0: Neither blocks nor log segments found. Creating new log.
I20260601 13:39:34.000795  9817 raft_consensus.cc:385] T 547df8af6e194a14abec0e6a80930b1f P 278856c60cc74c6397d55e921e1549ae [term 0 FOLLOWER]: Consensus starting up: Expiring failure detector timer to make a prompt election more likely
I20260601 13:39:34.004277  9817 raft_consensus.cc:740] T 547df8af6e194a14abec0e6a80930b1f P 278856c60cc74c6397d55e921e1549ae [term 0 FOLLOWER]: Becoming Follower/Learner. State: Replica: 278856c60cc74c6397d55e921e1549ae, State: Initialized, Role: FOLLOWER
I20260601 13:39:34.004454  9817 consensus_queue.cc:260] T 547df8af6e194a14abec0e6a80930b1f P 278856c60cc74c6397d55e921e1549ae [NON_LEADER]: Queue going to NON_LEADER mode. State: All replicated index: 0, Majority replicated index: 0, Committed index: 0, Last appended: 0.0, Last appended by leader: 0, Current term: 0, Majority size: -1, State: 0, Mode: NON_LEADER, active raft config: opid_index: -1 OBSOLETE_local: false peers { permanent_uuid: "278856c60cc74c6397d55e921e1549ae" member_type: VOTER last_known_addr { host: "127.5.12.1" port: 41011 } } peers { permanent_uuid: "a15e1a87cd7845fab1b65111c69ef528" member_type: VOTER last_known_addr { host: "127.5.12.2" port: 42993 } } peers { permanent_uuid: "dc57ae64fff245ee8a7d1eaabf338df0" member_type: VOTER last_known_addr { host: "127.5.12.3" port: 34355 } }
I20260601 13:39:34.005504  9817 ts_tablet_manager.cc:1434] T 547df8af6e194a14abec0e6a80930b1f P 278856c60cc74c6397d55e921e1549ae: Time spent starting tablet: real 0.005s	user 0.001s	sys 0.000s
I20260601 13:39:34.005504  9816 tablet_bootstrap.cc:492] T 74ab9019a71d492e8e3635897422f544 P a15e1a87cd7845fab1b65111c69ef528: No bootstrap required, opened a new log
I20260601 13:39:34.005589  9834 tablet_bootstrap.cc:492] T cf2df65ea2554328bb37192fe937a838 P dc57ae64fff245ee8a7d1eaabf338df0: No bootstrap required, opened a new log
I20260601 13:39:34.005712  9816 ts_tablet_manager.cc:1403] T 74ab9019a71d492e8e3635897422f544 P a15e1a87cd7845fab1b65111c69ef528: Time spent bootstrapping tablet: real 0.003s	user 0.002s	sys 0.000s
I20260601 13:39:34.005712  9834 ts_tablet_manager.cc:1403] T cf2df65ea2554328bb37192fe937a838 P dc57ae64fff245ee8a7d1eaabf338df0: Time spent bootstrapping tablet: real 0.003s	user 0.000s	sys 0.002s
I20260601 13:39:34.006223  9817 tablet_bootstrap.cc:492] T cf2df65ea2554328bb37192fe937a838 P 278856c60cc74c6397d55e921e1549ae: Bootstrap starting.
I20260601 13:39:34.006217  9834 raft_consensus.cc:359] T cf2df65ea2554328bb37192fe937a838 P dc57ae64fff245ee8a7d1eaabf338df0 [term 0 FOLLOWER]: Replica starting. Triggering 0 pending ops. Active config: opid_index: -1 OBSOLETE_local: false peers { permanent_uuid: "278856c60cc74c6397d55e921e1549ae" member_type: VOTER last_known_addr { host: "127.5.12.1" port: 41011 } } peers { permanent_uuid: "a15e1a87cd7845fab1b65111c69ef528" member_type: VOTER last_known_addr { host: "127.5.12.2" port: 42993 } } peers { permanent_uuid: "dc57ae64fff245ee8a7d1eaabf338df0" member_type: VOTER last_known_addr { host: "127.5.12.3" port: 34355 } }
I20260601 13:39:34.006335  9834 raft_consensus.cc:385] T cf2df65ea2554328bb37192fe937a838 P dc57ae64fff245ee8a7d1eaabf338df0 [term 0 FOLLOWER]: Consensus starting up: Expiring failure detector timer to make a prompt election more likely
I20260601 13:39:34.006229  9816 raft_consensus.cc:359] T 74ab9019a71d492e8e3635897422f544 P a15e1a87cd7845fab1b65111c69ef528 [term 0 FOLLOWER]: Replica starting. Triggering 0 pending ops. Active config: opid_index: -1 OBSOLETE_local: false peers { permanent_uuid: "278856c60cc74c6397d55e921e1549ae" member_type: VOTER last_known_addr { host: "127.5.12.1" port: 41011 } } peers { permanent_uuid: "a15e1a87cd7845fab1b65111c69ef528" member_type: VOTER last_known_addr { host: "127.5.12.2" port: 42993 } } peers { permanent_uuid: "dc57ae64fff245ee8a7d1eaabf338df0" member_type: VOTER last_known_addr { host: "127.5.12.3" port: 34355 } }
I20260601 13:39:34.006366  9834 raft_consensus.cc:740] T cf2df65ea2554328bb37192fe937a838 P dc57ae64fff245ee8a7d1eaabf338df0 [term 0 FOLLOWER]: Becoming Follower/Learner. State: Replica: dc57ae64fff245ee8a7d1eaabf338df0, State: Initialized, Role: FOLLOWER
I20260601 13:39:34.006377  9816 raft_consensus.cc:385] T 74ab9019a71d492e8e3635897422f544 P a15e1a87cd7845fab1b65111c69ef528 [term 0 FOLLOWER]: Consensus starting up: Expiring failure detector timer to make a prompt election more likely
I20260601 13:39:34.006410  9816 raft_consensus.cc:740] T 74ab9019a71d492e8e3635897422f544 P a15e1a87cd7845fab1b65111c69ef528 [term 0 FOLLOWER]: Becoming Follower/Learner. State: Replica: a15e1a87cd7845fab1b65111c69ef528, State: Initialized, Role: FOLLOWER
I20260601 13:39:34.006489  9834 consensus_queue.cc:260] T cf2df65ea2554328bb37192fe937a838 P dc57ae64fff245ee8a7d1eaabf338df0 [NON_LEADER]: Queue going to NON_LEADER mode. State: All replicated index: 0, Majority replicated index: 0, Committed index: 0, Last appended: 0.0, Last appended by leader: 0, Current term: 0, Majority size: -1, State: 0, Mode: NON_LEADER, active raft config: opid_index: -1 OBSOLETE_local: false peers { permanent_uuid: "278856c60cc74c6397d55e921e1549ae" member_type: VOTER last_known_addr { host: "127.5.12.1" port: 41011 } } peers { permanent_uuid: "a15e1a87cd7845fab1b65111c69ef528" member_type: VOTER last_known_addr { host: "127.5.12.2" port: 42993 } } peers { permanent_uuid: "dc57ae64fff245ee8a7d1eaabf338df0" member_type: VOTER last_known_addr { host: "127.5.12.3" port: 34355 } }
I20260601 13:39:34.006510  9816 consensus_queue.cc:260] T 74ab9019a71d492e8e3635897422f544 P a15e1a87cd7845fab1b65111c69ef528 [NON_LEADER]: Queue going to NON_LEADER mode. State: All replicated index: 0, Majority replicated index: 0, Committed index: 0, Last appended: 0.0, Last appended by leader: 0, Current term: 0, Majority size: -1, State: 0, Mode: NON_LEADER, active raft config: opid_index: -1 OBSOLETE_local: false peers { permanent_uuid: "278856c60cc74c6397d55e921e1549ae" member_type: VOTER last_known_addr { host: "127.5.12.1" port: 41011 } } peers { permanent_uuid: "a15e1a87cd7845fab1b65111c69ef528" member_type: VOTER last_known_addr { host: "127.5.12.2" port: 42993 } } peers { permanent_uuid: "dc57ae64fff245ee8a7d1eaabf338df0" member_type: VOTER last_known_addr { host: "127.5.12.3" port: 34355 } }
I20260601 13:39:34.006734  9834 ts_tablet_manager.cc:1434] T cf2df65ea2554328bb37192fe937a838 P dc57ae64fff245ee8a7d1eaabf338df0: Time spent starting tablet: real 0.001s	user 0.000s	sys 0.001s
I20260601 13:39:34.006744  9816 ts_tablet_manager.cc:1434] T 74ab9019a71d492e8e3635897422f544 P a15e1a87cd7845fab1b65111c69ef528: Time spent starting tablet: real 0.001s	user 0.001s	sys 0.000s
I20260601 13:39:34.006913  9834 tablet_bootstrap.cc:492] T 547df8af6e194a14abec0e6a80930b1f P dc57ae64fff245ee8a7d1eaabf338df0: Bootstrap starting.
I20260601 13:39:34.006924  9816 tablet_bootstrap.cc:492] T 12f3e051b0c54952ba3ef6647f08dec9 P a15e1a87cd7845fab1b65111c69ef528: Bootstrap starting.
I20260601 13:39:34.007725  9817 tablet_bootstrap.cc:654] T cf2df65ea2554328bb37192fe937a838 P 278856c60cc74c6397d55e921e1549ae: Neither blocks nor log segments found. Creating new log.
I20260601 13:39:34.007920  9834 tablet_bootstrap.cc:654] T 547df8af6e194a14abec0e6a80930b1f P dc57ae64fff245ee8a7d1eaabf338df0: Neither blocks nor log segments found. Creating new log.
I20260601 13:39:34.007920  9816 tablet_bootstrap.cc:654] T 12f3e051b0c54952ba3ef6647f08dec9 P a15e1a87cd7845fab1b65111c69ef528: Neither blocks nor log segments found. Creating new log.
I20260601 13:39:34.009132  9834 tablet_bootstrap.cc:492] T 547df8af6e194a14abec0e6a80930b1f P dc57ae64fff245ee8a7d1eaabf338df0: No bootstrap required, opened a new log
I20260601 13:39:34.009260  9834 ts_tablet_manager.cc:1403] T 547df8af6e194a14abec0e6a80930b1f P dc57ae64fff245ee8a7d1eaabf338df0: Time spent bootstrapping tablet: real 0.002s	user 0.002s	sys 0.000s
I20260601 13:39:34.009300  9816 tablet_bootstrap.cc:492] T 12f3e051b0c54952ba3ef6647f08dec9 P a15e1a87cd7845fab1b65111c69ef528: No bootstrap required, opened a new log
I20260601 13:39:34.009444  9816 ts_tablet_manager.cc:1403] T 12f3e051b0c54952ba3ef6647f08dec9 P a15e1a87cd7845fab1b65111c69ef528: Time spent bootstrapping tablet: real 0.003s	user 0.002s	sys 0.000s
I20260601 13:39:34.009802  9834 raft_consensus.cc:359] T 547df8af6e194a14abec0e6a80930b1f P dc57ae64fff245ee8a7d1eaabf338df0 [term 0 FOLLOWER]: Replica starting. Triggering 0 pending ops. Active config: opid_index: -1 OBSOLETE_local: false peers { permanent_uuid: "278856c60cc74c6397d55e921e1549ae" member_type: VOTER last_known_addr { host: "127.5.12.1" port: 41011 } } peers { permanent_uuid: "a15e1a87cd7845fab1b65111c69ef528" member_type: VOTER last_known_addr { host: "127.5.12.2" port: 42993 } } peers { permanent_uuid: "dc57ae64fff245ee8a7d1eaabf338df0" member_type: VOTER last_known_addr { host: "127.5.12.3" port: 34355 } }
I20260601 13:39:34.009975  9834 raft_consensus.cc:385] T 547df8af6e194a14abec0e6a80930b1f P dc57ae64fff245ee8a7d1eaabf338df0 [term 0 FOLLOWER]: Consensus starting up: Expiring failure detector timer to make a prompt election more likely
I20260601 13:39:34.009936  9816 raft_consensus.cc:359] T 12f3e051b0c54952ba3ef6647f08dec9 P a15e1a87cd7845fab1b65111c69ef528 [term 0 FOLLOWER]: Replica starting. Triggering 0 pending ops. Active config: opid_index: -1 OBSOLETE_local: false peers { permanent_uuid: "278856c60cc74c6397d55e921e1549ae" member_type: VOTER last_known_addr { host: "127.5.12.1" port: 41011 } } peers { permanent_uuid: "a15e1a87cd7845fab1b65111c69ef528" member_type: VOTER last_known_addr { host: "127.5.12.2" port: 42993 } } peers { permanent_uuid: "dc57ae64fff245ee8a7d1eaabf338df0" member_type: VOTER last_known_addr { host: "127.5.12.3" port: 34355 } }
I20260601 13:39:34.010149  9816 raft_consensus.cc:385] T 12f3e051b0c54952ba3ef6647f08dec9 P a15e1a87cd7845fab1b65111c69ef528 [term 0 FOLLOWER]: Consensus starting up: Expiring failure detector timer to make a prompt election more likely
I20260601 13:39:34.010089  9834 raft_consensus.cc:740] T 547df8af6e194a14abec0e6a80930b1f P dc57ae64fff245ee8a7d1eaabf338df0 [term 0 FOLLOWER]: Becoming Follower/Learner. State: Replica: dc57ae64fff245ee8a7d1eaabf338df0, State: Initialized, Role: FOLLOWER
I20260601 13:39:34.010231  9816 raft_consensus.cc:740] T 12f3e051b0c54952ba3ef6647f08dec9 P a15e1a87cd7845fab1b65111c69ef528 [term 0 FOLLOWER]: Becoming Follower/Learner. State: Replica: a15e1a87cd7845fab1b65111c69ef528, State: Initialized, Role: FOLLOWER
I20260601 13:39:34.010555  9816 consensus_queue.cc:260] T 12f3e051b0c54952ba3ef6647f08dec9 P a15e1a87cd7845fab1b65111c69ef528 [NON_LEADER]: Queue going to NON_LEADER mode. State: All replicated index: 0, Majority replicated index: 0, Committed index: 0, Last appended: 0.0, Last appended by leader: 0, Current term: 0, Majority size: -1, State: 0, Mode: NON_LEADER, active raft config: opid_index: -1 OBSOLETE_local: false peers { permanent_uuid: "278856c60cc74c6397d55e921e1549ae" member_type: VOTER last_known_addr { host: "127.5.12.1" port: 41011 } } peers { permanent_uuid: "a15e1a87cd7845fab1b65111c69ef528" member_type: VOTER last_known_addr { host: "127.5.12.2" port: 42993 } } peers { permanent_uuid: "dc57ae64fff245ee8a7d1eaabf338df0" member_type: VOTER last_known_addr { host: "127.5.12.3" port: 34355 } }
I20260601 13:39:34.010582  9834 consensus_queue.cc:260] T 547df8af6e194a14abec0e6a80930b1f P dc57ae64fff245ee8a7d1eaabf338df0 [NON_LEADER]: Queue going to NON_LEADER mode. State: All replicated index: 0, Majority replicated index: 0, Committed index: 0, Last appended: 0.0, Last appended by leader: 0, Current term: 0, Majority size: -1, State: 0, Mode: NON_LEADER, active raft config: opid_index: -1 OBSOLETE_local: false peers { permanent_uuid: "278856c60cc74c6397d55e921e1549ae" member_type: VOTER last_known_addr { host: "127.5.12.1" port: 41011 } } peers { permanent_uuid: "a15e1a87cd7845fab1b65111c69ef528" member_type: VOTER last_known_addr { host: "127.5.12.2" port: 42993 } } peers { permanent_uuid: "dc57ae64fff245ee8a7d1eaabf338df0" member_type: VOTER last_known_addr { host: "127.5.12.3" port: 34355 } }
I20260601 13:39:34.010972  9834 ts_tablet_manager.cc:1434] T 547df8af6e194a14abec0e6a80930b1f P dc57ae64fff245ee8a7d1eaabf338df0: Time spent starting tablet: real 0.002s	user 0.001s	sys 0.000s
I20260601 13:39:34.011157  9817 tablet_bootstrap.cc:492] T cf2df65ea2554328bb37192fe937a838 P 278856c60cc74c6397d55e921e1549ae: No bootstrap required, opened a new log
I20260601 13:39:34.011240  9817 ts_tablet_manager.cc:1403] T cf2df65ea2554328bb37192fe937a838 P 278856c60cc74c6397d55e921e1549ae: Time spent bootstrapping tablet: real 0.005s	user 0.002s	sys 0.000s
I20260601 13:39:34.011319  9834 tablet_bootstrap.cc:492] T 7dfcaff5fb5740d08547e7e94e5bcff0 P dc57ae64fff245ee8a7d1eaabf338df0: Bootstrap starting.
I20260601 13:39:34.011703  9817 raft_consensus.cc:359] T cf2df65ea2554328bb37192fe937a838 P 278856c60cc74c6397d55e921e1549ae [term 0 FOLLOWER]: Replica starting. Triggering 0 pending ops. Active config: opid_index: -1 OBSOLETE_local: false peers { permanent_uuid: "278856c60cc74c6397d55e921e1549ae" member_type: VOTER last_known_addr { host: "127.5.12.1" port: 41011 } } peers { permanent_uuid: "a15e1a87cd7845fab1b65111c69ef528" member_type: VOTER last_known_addr { host: "127.5.12.2" port: 42993 } } peers { permanent_uuid: "dc57ae64fff245ee8a7d1eaabf338df0" member_type: VOTER last_known_addr { host: "127.5.12.3" port: 34355 } }
I20260601 13:39:34.011794  9817 raft_consensus.cc:385] T cf2df65ea2554328bb37192fe937a838 P 278856c60cc74c6397d55e921e1549ae [term 0 FOLLOWER]: Consensus starting up: Expiring failure detector timer to make a prompt election more likely
I20260601 13:39:34.011828  9817 raft_consensus.cc:740] T cf2df65ea2554328bb37192fe937a838 P 278856c60cc74c6397d55e921e1549ae [term 0 FOLLOWER]: Becoming Follower/Learner. State: Replica: 278856c60cc74c6397d55e921e1549ae, State: Initialized, Role: FOLLOWER
I20260601 13:39:34.012152  9817 consensus_queue.cc:260] T cf2df65ea2554328bb37192fe937a838 P 278856c60cc74c6397d55e921e1549ae [NON_LEADER]: Queue going to NON_LEADER mode. State: All replicated index: 0, Majority replicated index: 0, Committed index: 0, Last appended: 0.0, Last appended by leader: 0, Current term: 0, Majority size: -1, State: 0, Mode: NON_LEADER, active raft config: opid_index: -1 OBSOLETE_local: false peers { permanent_uuid: "278856c60cc74c6397d55e921e1549ae" member_type: VOTER last_known_addr { host: "127.5.12.1" port: 41011 } } peers { permanent_uuid: "a15e1a87cd7845fab1b65111c69ef528" member_type: VOTER last_known_addr { host: "127.5.12.2" port: 42993 } } peers { permanent_uuid: "dc57ae64fff245ee8a7d1eaabf338df0" member_type: VOTER last_known_addr { host: "127.5.12.3" port: 34355 } }
I20260601 13:39:34.012439  9817 ts_tablet_manager.cc:1434] T cf2df65ea2554328bb37192fe937a838 P 278856c60cc74c6397d55e921e1549ae: Time spent starting tablet: real 0.001s	user 0.001s	sys 0.000s
I20260601 13:39:34.012599  9834 tablet_bootstrap.cc:654] T 7dfcaff5fb5740d08547e7e94e5bcff0 P dc57ae64fff245ee8a7d1eaabf338df0: Neither blocks nor log segments found. Creating new log.
I20260601 13:39:34.012612  9817 tablet_bootstrap.cc:492] T 996353615e7843ada151aeeb94cae55d P 278856c60cc74c6397d55e921e1549ae: Bootstrap starting.
I20260601 13:39:34.010999  9816 ts_tablet_manager.cc:1434] T 12f3e051b0c54952ba3ef6647f08dec9 P a15e1a87cd7845fab1b65111c69ef528: Time spent starting tablet: real 0.001s	user 0.001s	sys 0.000s
I20260601 13:39:34.013438  9816 tablet_bootstrap.cc:492] T 94173e5aca8a40a39d8097e72ffc1e36 P a15e1a87cd7845fab1b65111c69ef528: Bootstrap starting.
I20260601 13:39:34.013788  9817 tablet_bootstrap.cc:654] T 996353615e7843ada151aeeb94cae55d P 278856c60cc74c6397d55e921e1549ae: Neither blocks nor log segments found. Creating new log.
I20260601 13:39:34.014556  9816 tablet_bootstrap.cc:654] T 94173e5aca8a40a39d8097e72ffc1e36 P a15e1a87cd7845fab1b65111c69ef528: Neither blocks nor log segments found. Creating new log.
I20260601 13:39:34.014994  9834 tablet_bootstrap.cc:492] T 7dfcaff5fb5740d08547e7e94e5bcff0 P dc57ae64fff245ee8a7d1eaabf338df0: No bootstrap required, opened a new log
I20260601 13:39:34.015008  9817 tablet_bootstrap.cc:492] T 996353615e7843ada151aeeb94cae55d P 278856c60cc74c6397d55e921e1549ae: No bootstrap required, opened a new log
I20260601 13:39:34.015132  9834 ts_tablet_manager.cc:1403] T 7dfcaff5fb5740d08547e7e94e5bcff0 P dc57ae64fff245ee8a7d1eaabf338df0: Time spent bootstrapping tablet: real 0.004s	user 0.002s	sys 0.001s
I20260601 13:39:34.015237  9817 ts_tablet_manager.cc:1403] T 996353615e7843ada151aeeb94cae55d P 278856c60cc74c6397d55e921e1549ae: Time spent bootstrapping tablet: real 0.003s	user 0.002s	sys 0.000s
I20260601 13:39:34.015575  9834 raft_consensus.cc:359] T 7dfcaff5fb5740d08547e7e94e5bcff0 P dc57ae64fff245ee8a7d1eaabf338df0 [term 0 FOLLOWER]: Replica starting. Triggering 0 pending ops. Active config: opid_index: -1 OBSOLETE_local: false peers { permanent_uuid: "278856c60cc74c6397d55e921e1549ae" member_type: VOTER last_known_addr { host: "127.5.12.1" port: 41011 } } peers { permanent_uuid: "a15e1a87cd7845fab1b65111c69ef528" member_type: VOTER last_known_addr { host: "127.5.12.2" port: 42993 } } peers { permanent_uuid: "dc57ae64fff245ee8a7d1eaabf338df0" member_type: VOTER last_known_addr { host: "127.5.12.3" port: 34355 } }
I20260601 13:39:34.015691  9834 raft_consensus.cc:385] T 7dfcaff5fb5740d08547e7e94e5bcff0 P dc57ae64fff245ee8a7d1eaabf338df0 [term 0 FOLLOWER]: Consensus starting up: Expiring failure detector timer to make a prompt election more likely
I20260601 13:39:34.015743  9834 raft_consensus.cc:740] T 7dfcaff5fb5740d08547e7e94e5bcff0 P dc57ae64fff245ee8a7d1eaabf338df0 [term 0 FOLLOWER]: Becoming Follower/Learner. State: Replica: dc57ae64fff245ee8a7d1eaabf338df0, State: Initialized, Role: FOLLOWER
I20260601 13:39:34.015715  9817 raft_consensus.cc:359] T 996353615e7843ada151aeeb94cae55d P 278856c60cc74c6397d55e921e1549ae [term 0 FOLLOWER]: Replica starting. Triggering 0 pending ops. Active config: opid_index: -1 OBSOLETE_local: false peers { permanent_uuid: "278856c60cc74c6397d55e921e1549ae" member_type: VOTER last_known_addr { host: "127.5.12.1" port: 41011 } } peers { permanent_uuid: "a15e1a87cd7845fab1b65111c69ef528" member_type: VOTER last_known_addr { host: "127.5.12.2" port: 42993 } } peers { permanent_uuid: "dc57ae64fff245ee8a7d1eaabf338df0" member_type: VOTER last_known_addr { host: "127.5.12.3" port: 34355 } }
I20260601 13:39:34.015890  9817 raft_consensus.cc:385] T 996353615e7843ada151aeeb94cae55d P 278856c60cc74c6397d55e921e1549ae [term 0 FOLLOWER]: Consensus starting up: Expiring failure detector timer to make a prompt election more likely
I20260601 13:39:34.015890  9834 consensus_queue.cc:260] T 7dfcaff5fb5740d08547e7e94e5bcff0 P dc57ae64fff245ee8a7d1eaabf338df0 [NON_LEADER]: Queue going to NON_LEADER mode. State: All replicated index: 0, Majority replicated index: 0, Committed index: 0, Last appended: 0.0, Last appended by leader: 0, Current term: 0, Majority size: -1, State: 0, Mode: NON_LEADER, active raft config: opid_index: -1 OBSOLETE_local: false peers { permanent_uuid: "278856c60cc74c6397d55e921e1549ae" member_type: VOTER last_known_addr { host: "127.5.12.1" port: 41011 } } peers { permanent_uuid: "a15e1a87cd7845fab1b65111c69ef528" member_type: VOTER last_known_addr { host: "127.5.12.2" port: 42993 } } peers { permanent_uuid: "dc57ae64fff245ee8a7d1eaabf338df0" member_type: VOTER last_known_addr { host: "127.5.12.3" port: 34355 } }
I20260601 13:39:34.015712  9816 tablet_bootstrap.cc:492] T 94173e5aca8a40a39d8097e72ffc1e36 P a15e1a87cd7845fab1b65111c69ef528: No bootstrap required, opened a new log
I20260601 13:39:34.015974  9817 raft_consensus.cc:740] T 996353615e7843ada151aeeb94cae55d P 278856c60cc74c6397d55e921e1549ae [term 0 FOLLOWER]: Becoming Follower/Learner. State: Replica: 278856c60cc74c6397d55e921e1549ae, State: Initialized, Role: FOLLOWER
I20260601 13:39:34.016099  9816 ts_tablet_manager.cc:1403] T 94173e5aca8a40a39d8097e72ffc1e36 P a15e1a87cd7845fab1b65111c69ef528: Time spent bootstrapping tablet: real 0.003s	user 0.002s	sys 0.000s
I20260601 13:39:34.016144  9817 consensus_queue.cc:260] T 996353615e7843ada151aeeb94cae55d P 278856c60cc74c6397d55e921e1549ae [NON_LEADER]: Queue going to NON_LEADER mode. State: All replicated index: 0, Majority replicated index: 0, Committed index: 0, Last appended: 0.0, Last appended by leader: 0, Current term: 0, Majority size: -1, State: 0, Mode: NON_LEADER, active raft config: opid_index: -1 OBSOLETE_local: false peers { permanent_uuid: "278856c60cc74c6397d55e921e1549ae" member_type: VOTER last_known_addr { host: "127.5.12.1" port: 41011 } } peers { permanent_uuid: "a15e1a87cd7845fab1b65111c69ef528" member_type: VOTER last_known_addr { host: "127.5.12.2" port: 42993 } } peers { permanent_uuid: "dc57ae64fff245ee8a7d1eaabf338df0" member_type: VOTER last_known_addr { host: "127.5.12.3" port: 34355 } }
I20260601 13:39:34.016274  9834 ts_tablet_manager.cc:1434] T 7dfcaff5fb5740d08547e7e94e5bcff0 P dc57ae64fff245ee8a7d1eaabf338df0: Time spent starting tablet: real 0.001s	user 0.001s	sys 0.000s
I20260601 13:39:34.016387  9817 ts_tablet_manager.cc:1434] T 996353615e7843ada151aeeb94cae55d P 278856c60cc74c6397d55e921e1549ae: Time spent starting tablet: real 0.001s	user 0.001s	sys 0.000s
I20260601 13:39:34.016430  9834 tablet_bootstrap.cc:492] T 996353615e7843ada151aeeb94cae55d P dc57ae64fff245ee8a7d1eaabf338df0: Bootstrap starting.
I20260601 13:39:34.016546  9816 raft_consensus.cc:359] T 94173e5aca8a40a39d8097e72ffc1e36 P a15e1a87cd7845fab1b65111c69ef528 [term 0 FOLLOWER]: Replica starting. Triggering 0 pending ops. Active config: opid_index: -1 OBSOLETE_local: false peers { permanent_uuid: "278856c60cc74c6397d55e921e1549ae" member_type: VOTER last_known_addr { host: "127.5.12.1" port: 41011 } } peers { permanent_uuid: "a15e1a87cd7845fab1b65111c69ef528" member_type: VOTER last_known_addr { host: "127.5.12.2" port: 42993 } } peers { permanent_uuid: "dc57ae64fff245ee8a7d1eaabf338df0" member_type: VOTER last_known_addr { host: "127.5.12.3" port: 34355 } }
I20260601 13:39:34.016650  9816 raft_consensus.cc:385] T 94173e5aca8a40a39d8097e72ffc1e36 P a15e1a87cd7845fab1b65111c69ef528 [term 0 FOLLOWER]: Consensus starting up: Expiring failure detector timer to make a prompt election more likely
I20260601 13:39:34.016686  9816 raft_consensus.cc:740] T 94173e5aca8a40a39d8097e72ffc1e36 P a15e1a87cd7845fab1b65111c69ef528 [term 0 FOLLOWER]: Becoming Follower/Learner. State: Replica: a15e1a87cd7845fab1b65111c69ef528, State: Initialized, Role: FOLLOWER
I20260601 13:39:34.016819  9816 consensus_queue.cc:260] T 94173e5aca8a40a39d8097e72ffc1e36 P a15e1a87cd7845fab1b65111c69ef528 [NON_LEADER]: Queue going to NON_LEADER mode. State: All replicated index: 0, Majority replicated index: 0, Committed index: 0, Last appended: 0.0, Last appended by leader: 0, Current term: 0, Majority size: -1, State: 0, Mode: NON_LEADER, active raft config: opid_index: -1 OBSOLETE_local: false peers { permanent_uuid: "278856c60cc74c6397d55e921e1549ae" member_type: VOTER last_known_addr { host: "127.5.12.1" port: 41011 } } peers { permanent_uuid: "a15e1a87cd7845fab1b65111c69ef528" member_type: VOTER last_known_addr { host: "127.5.12.2" port: 42993 } } peers { permanent_uuid: "dc57ae64fff245ee8a7d1eaabf338df0" member_type: VOTER last_known_addr { host: "127.5.12.3" port: 34355 } }
I20260601 13:39:34.017124  9816 ts_tablet_manager.cc:1434] T 94173e5aca8a40a39d8097e72ffc1e36 P a15e1a87cd7845fab1b65111c69ef528: Time spent starting tablet: real 0.001s	user 0.000s	sys 0.000s
I20260601 13:39:34.017357  9822 raft_consensus.cc:493] T 7dfcaff5fb5740d08547e7e94e5bcff0 P a15e1a87cd7845fab1b65111c69ef528 [term 0 FOLLOWER]: Starting pre-election (no leader contacted us within the election timeout)
I20260601 13:39:34.017375  9816 tablet_bootstrap.cc:492] T 547df8af6e194a14abec0e6a80930b1f P a15e1a87cd7845fab1b65111c69ef528: Bootstrap starting.
I20260601 13:39:34.017459  9822 raft_consensus.cc:515] T 7dfcaff5fb5740d08547e7e94e5bcff0 P a15e1a87cd7845fab1b65111c69ef528 [term 0 FOLLOWER]: Starting pre-election with config: opid_index: -1 OBSOLETE_local: false peers { permanent_uuid: "278856c60cc74c6397d55e921e1549ae" member_type: VOTER last_known_addr { host: "127.5.12.1" port: 41011 } } peers { permanent_uuid: "a15e1a87cd7845fab1b65111c69ef528" member_type: VOTER last_known_addr { host: "127.5.12.2" port: 42993 } } peers { permanent_uuid: "dc57ae64fff245ee8a7d1eaabf338df0" member_type: VOTER last_known_addr { host: "127.5.12.3" port: 34355 } }
I20260601 13:39:34.017987  9822 leader_election.cc:290] T 7dfcaff5fb5740d08547e7e94e5bcff0 P a15e1a87cd7845fab1b65111c69ef528 [CANDIDATE]: Term 1 pre-election: Requested pre-vote from peers 278856c60cc74c6397d55e921e1549ae (127.5.12.1:41011), dc57ae64fff245ee8a7d1eaabf338df0 (127.5.12.3:34355)
I20260601 13:39:34.018602  9816 tablet_bootstrap.cc:654] T 547df8af6e194a14abec0e6a80930b1f P a15e1a87cd7845fab1b65111c69ef528: Neither blocks nor log segments found. Creating new log.
I20260601 13:39:34.019421  9834 tablet_bootstrap.cc:654] T 996353615e7843ada151aeeb94cae55d P dc57ae64fff245ee8a7d1eaabf338df0: Neither blocks nor log segments found. Creating new log.
I20260601 13:39:34.020519  9816 tablet_bootstrap.cc:492] T 547df8af6e194a14abec0e6a80930b1f P a15e1a87cd7845fab1b65111c69ef528: No bootstrap required, opened a new log
I20260601 13:39:34.020609  9816 ts_tablet_manager.cc:1403] T 547df8af6e194a14abec0e6a80930b1f P a15e1a87cd7845fab1b65111c69ef528: Time spent bootstrapping tablet: real 0.003s	user 0.002s	sys 0.000s
I20260601 13:39:34.021061  9816 raft_consensus.cc:359] T 547df8af6e194a14abec0e6a80930b1f P a15e1a87cd7845fab1b65111c69ef528 [term 0 FOLLOWER]: Replica starting. Triggering 0 pending ops. Active config: opid_index: -1 OBSOLETE_local: false peers { permanent_uuid: "278856c60cc74c6397d55e921e1549ae" member_type: VOTER last_known_addr { host: "127.5.12.1" port: 41011 } } peers { permanent_uuid: "a15e1a87cd7845fab1b65111c69ef528" member_type: VOTER last_known_addr { host: "127.5.12.2" port: 42993 } } peers { permanent_uuid: "dc57ae64fff245ee8a7d1eaabf338df0" member_type: VOTER last_known_addr { host: "127.5.12.3" port: 34355 } }
I20260601 13:39:34.021163  9816 raft_consensus.cc:385] T 547df8af6e194a14abec0e6a80930b1f P a15e1a87cd7845fab1b65111c69ef528 [term 0 FOLLOWER]: Consensus starting up: Expiring failure detector timer to make a prompt election more likely
I20260601 13:39:34.021193  9816 raft_consensus.cc:740] T 547df8af6e194a14abec0e6a80930b1f P a15e1a87cd7845fab1b65111c69ef528 [term 0 FOLLOWER]: Becoming Follower/Learner. State: Replica: a15e1a87cd7845fab1b65111c69ef528, State: Initialized, Role: FOLLOWER
I20260601 13:39:34.021340  9816 consensus_queue.cc:260] T 547df8af6e194a14abec0e6a80930b1f P a15e1a87cd7845fab1b65111c69ef528 [NON_LEADER]: Queue going to NON_LEADER mode. State: All replicated index: 0, Majority replicated index: 0, Committed index: 0, Last appended: 0.0, Last appended by leader: 0, Current term: 0, Majority size: -1, State: 0, Mode: NON_LEADER, active raft config: opid_index: -1 OBSOLETE_local: false peers { permanent_uuid: "278856c60cc74c6397d55e921e1549ae" member_type: VOTER last_known_addr { host: "127.5.12.1" port: 41011 } } peers { permanent_uuid: "a15e1a87cd7845fab1b65111c69ef528" member_type: VOTER last_known_addr { host: "127.5.12.2" port: 42993 } } peers { permanent_uuid: "dc57ae64fff245ee8a7d1eaabf338df0" member_type: VOTER last_known_addr { host: "127.5.12.3" port: 34355 } }
I20260601 13:39:34.021608  9816 ts_tablet_manager.cc:1434] T 547df8af6e194a14abec0e6a80930b1f P a15e1a87cd7845fab1b65111c69ef528: Time spent starting tablet: real 0.001s	user 0.001s	sys 0.000s
I20260601 13:39:34.022228  9834 tablet_bootstrap.cc:492] T 996353615e7843ada151aeeb94cae55d P dc57ae64fff245ee8a7d1eaabf338df0: No bootstrap required, opened a new log
I20260601 13:39:34.022370  9834 ts_tablet_manager.cc:1403] T 996353615e7843ada151aeeb94cae55d P dc57ae64fff245ee8a7d1eaabf338df0: Time spent bootstrapping tablet: real 0.006s	user 0.002s	sys 0.000s
I20260601 13:39:34.022990  9770 tablet_service.cc:1917] Received RequestConsensusVote() RPC: tablet_id: "7dfcaff5fb5740d08547e7e94e5bcff0" candidate_uuid: "a15e1a87cd7845fab1b65111c69ef528" candidate_term: 1 candidate_status { last_received { term: 0 index: 0 } } ignore_live_leader: false dest_uuid: "dc57ae64fff245ee8a7d1eaabf338df0" is_pre_election: true
I20260601 13:39:34.023370  9618 tablet_service.cc:1917] Received RequestConsensusVote() RPC: tablet_id: "7dfcaff5fb5740d08547e7e94e5bcff0" candidate_uuid: "a15e1a87cd7845fab1b65111c69ef528" candidate_term: 1 candidate_status { last_received { term: 0 index: 0 } } ignore_live_leader: false dest_uuid: "278856c60cc74c6397d55e921e1549ae" is_pre_election: true
I20260601 13:39:34.023406  9770 raft_consensus.cc:2468] T 7dfcaff5fb5740d08547e7e94e5bcff0 P dc57ae64fff245ee8a7d1eaabf338df0 [term 0 FOLLOWER]: Leader pre-election vote request: Granting yes vote for candidate a15e1a87cd7845fab1b65111c69ef528 in term 0.
I20260601 13:39:34.023470  9618 raft_consensus.cc:2468] T 7dfcaff5fb5740d08547e7e94e5bcff0 P 278856c60cc74c6397d55e921e1549ae [term 0 FOLLOWER]: Leader pre-election vote request: Granting yes vote for candidate a15e1a87cd7845fab1b65111c69ef528 in term 0.
I20260601 13:39:34.023658  9834 raft_consensus.cc:359] T 996353615e7843ada151aeeb94cae55d P dc57ae64fff245ee8a7d1eaabf338df0 [term 0 FOLLOWER]: Replica starting. Triggering 0 pending ops. Active config: opid_index: -1 OBSOLETE_local: false peers { permanent_uuid: "278856c60cc74c6397d55e921e1549ae" member_type: VOTER last_known_addr { host: "127.5.12.1" port: 41011 } } peers { permanent_uuid: "a15e1a87cd7845fab1b65111c69ef528" member_type: VOTER last_known_addr { host: "127.5.12.2" port: 42993 } } peers { permanent_uuid: "dc57ae64fff245ee8a7d1eaabf338df0" member_type: VOTER last_known_addr { host: "127.5.12.3" port: 34355 } }
I20260601 13:39:34.023801  9657 leader_election.cc:304] T 7dfcaff5fb5740d08547e7e94e5bcff0 P a15e1a87cd7845fab1b65111c69ef528 [CANDIDATE]: Term 1 pre-election: Election decided. Result: candidate won. Election summary: received 2 responses out of 3 voters: 2 yes votes; 0 no votes. yes voters: 278856c60cc74c6397d55e921e1549ae, a15e1a87cd7845fab1b65111c69ef528; no voters: 
I20260601 13:39:34.023980  9822 raft_consensus.cc:2804] T 7dfcaff5fb5740d08547e7e94e5bcff0 P a15e1a87cd7845fab1b65111c69ef528 [term 0 FOLLOWER]: Leader pre-election won for term 1
I20260601 13:39:34.024051  9822 raft_consensus.cc:493] T 7dfcaff5fb5740d08547e7e94e5bcff0 P a15e1a87cd7845fab1b65111c69ef528 [term 0 FOLLOWER]: Starting leader election (no leader contacted us within the election timeout)
I20260601 13:39:34.024094  9822 raft_consensus.cc:3060] T 7dfcaff5fb5740d08547e7e94e5bcff0 P a15e1a87cd7845fab1b65111c69ef528 [term 0 FOLLOWER]: Advancing to term 1
I20260601 13:39:34.023813  9834 raft_consensus.cc:385] T 996353615e7843ada151aeeb94cae55d P dc57ae64fff245ee8a7d1eaabf338df0 [term 0 FOLLOWER]: Consensus starting up: Expiring failure detector timer to make a prompt election more likely
I20260601 13:39:34.024629  9834 raft_consensus.cc:740] T 996353615e7843ada151aeeb94cae55d P dc57ae64fff245ee8a7d1eaabf338df0 [term 0 FOLLOWER]: Becoming Follower/Learner. State: Replica: dc57ae64fff245ee8a7d1eaabf338df0, State: Initialized, Role: FOLLOWER
I20260601 13:39:34.024798  9834 consensus_queue.cc:260] T 996353615e7843ada151aeeb94cae55d P dc57ae64fff245ee8a7d1eaabf338df0 [NON_LEADER]: Queue going to NON_LEADER mode. State: All replicated index: 0, Majority replicated index: 0, Committed index: 0, Last appended: 0.0, Last appended by leader: 0, Current term: 0, Majority size: -1, State: 0, Mode: NON_LEADER, active raft config: opid_index: -1 OBSOLETE_local: false peers { permanent_uuid: "278856c60cc74c6397d55e921e1549ae" member_type: VOTER last_known_addr { host: "127.5.12.1" port: 41011 } } peers { permanent_uuid: "a15e1a87cd7845fab1b65111c69ef528" member_type: VOTER last_known_addr { host: "127.5.12.2" port: 42993 } } peers { permanent_uuid: "dc57ae64fff245ee8a7d1eaabf338df0" member_type: VOTER last_known_addr { host: "127.5.12.3" port: 34355 } }
I20260601 13:39:34.025152  9834 ts_tablet_manager.cc:1434] T 996353615e7843ada151aeeb94cae55d P dc57ae64fff245ee8a7d1eaabf338df0: Time spent starting tablet: real 0.002s	user 0.001s	sys 0.000s
I20260601 13:39:34.025300  9822 raft_consensus.cc:515] T 7dfcaff5fb5740d08547e7e94e5bcff0 P a15e1a87cd7845fab1b65111c69ef528 [term 1 FOLLOWER]: Starting leader election with config: opid_index: -1 OBSOLETE_local: false peers { permanent_uuid: "278856c60cc74c6397d55e921e1549ae" member_type: VOTER last_known_addr { host: "127.5.12.1" port: 41011 } } peers { permanent_uuid: "a15e1a87cd7845fab1b65111c69ef528" member_type: VOTER last_known_addr { host: "127.5.12.2" port: 42993 } } peers { permanent_uuid: "dc57ae64fff245ee8a7d1eaabf338df0" member_type: VOTER last_known_addr { host: "127.5.12.3" port: 34355 } }
I20260601 13:39:34.025415  9834 tablet_bootstrap.cc:492] T b17210b3a79442ee8df898a56e71e9a5 P dc57ae64fff245ee8a7d1eaabf338df0: Bootstrap starting.
I20260601 13:39:34.025666  9822 leader_election.cc:290] T 7dfcaff5fb5740d08547e7e94e5bcff0 P a15e1a87cd7845fab1b65111c69ef528 [CANDIDATE]: Term 1 election: Requested vote from peers 278856c60cc74c6397d55e921e1549ae (127.5.12.1:41011), dc57ae64fff245ee8a7d1eaabf338df0 (127.5.12.3:34355)
I20260601 13:39:34.026054  9618 tablet_service.cc:1917] Received RequestConsensusVote() RPC: tablet_id: "7dfcaff5fb5740d08547e7e94e5bcff0" candidate_uuid: "a15e1a87cd7845fab1b65111c69ef528" candidate_term: 1 candidate_status { last_received { term: 0 index: 0 } } ignore_live_leader: false dest_uuid: "278856c60cc74c6397d55e921e1549ae"
I20260601 13:39:34.026094  9770 tablet_service.cc:1917] Received RequestConsensusVote() RPC: tablet_id: "7dfcaff5fb5740d08547e7e94e5bcff0" candidate_uuid: "a15e1a87cd7845fab1b65111c69ef528" candidate_term: 1 candidate_status { last_received { term: 0 index: 0 } } ignore_live_leader: false dest_uuid: "dc57ae64fff245ee8a7d1eaabf338df0"
I20260601 13:39:34.026173  9618 raft_consensus.cc:3060] T 7dfcaff5fb5740d08547e7e94e5bcff0 P 278856c60cc74c6397d55e921e1549ae [term 0 FOLLOWER]: Advancing to term 1
I20260601 13:39:34.026206  9770 raft_consensus.cc:3060] T 7dfcaff5fb5740d08547e7e94e5bcff0 P dc57ae64fff245ee8a7d1eaabf338df0 [term 0 FOLLOWER]: Advancing to term 1
I20260601 13:39:34.026618  9834 tablet_bootstrap.cc:654] T b17210b3a79442ee8df898a56e71e9a5 P dc57ae64fff245ee8a7d1eaabf338df0: Neither blocks nor log segments found. Creating new log.
I20260601 13:39:34.027024  9770 raft_consensus.cc:2468] T 7dfcaff5fb5740d08547e7e94e5bcff0 P dc57ae64fff245ee8a7d1eaabf338df0 [term 1 FOLLOWER]: Leader election vote request: Granting yes vote for candidate a15e1a87cd7845fab1b65111c69ef528 in term 1.
I20260601 13:39:34.027329  9618 raft_consensus.cc:2468] T 7dfcaff5fb5740d08547e7e94e5bcff0 P 278856c60cc74c6397d55e921e1549ae [term 1 FOLLOWER]: Leader election vote request: Granting yes vote for candidate a15e1a87cd7845fab1b65111c69ef528 in term 1.
I20260601 13:39:34.027325  9657 leader_election.cc:304] T 7dfcaff5fb5740d08547e7e94e5bcff0 P a15e1a87cd7845fab1b65111c69ef528 [CANDIDATE]: Term 1 election: Election decided. Result: candidate won. Election summary: received 2 responses out of 3 voters: 2 yes votes; 0 no votes. yes voters: a15e1a87cd7845fab1b65111c69ef528, dc57ae64fff245ee8a7d1eaabf338df0; no voters: 
I20260601 13:39:34.027535  9822 raft_consensus.cc:2804] T 7dfcaff5fb5740d08547e7e94e5bcff0 P a15e1a87cd7845fab1b65111c69ef528 [term 1 FOLLOWER]: Leader election won for term 1
I20260601 13:39:34.027619  9822 raft_consensus.cc:697] T 7dfcaff5fb5740d08547e7e94e5bcff0 P a15e1a87cd7845fab1b65111c69ef528 [term 1 LEADER]: Becoming Leader. State: Replica: a15e1a87cd7845fab1b65111c69ef528, State: Running, Role: LEADER
