I20260601 13:37:41.596701  3194 tablet_service.cc:1917] Received RequestConsensusVote() RPC: tablet_id: "255505b9f00e4257997c0f4043510ce5" candidate_uuid: "d4a8c2d107cf44e1822812102a1441e3" candidate_term: 1 candidate_status { last_received { term: 0 index: 0 } } ignore_live_leader: false dest_uuid: "f1167a66486641c48ad422d0a93a6b85"
I20260601 13:37:41.596742  3269 tablet_service.cc:1917] Received RequestConsensusVote() RPC: tablet_id: "255505b9f00e4257997c0f4043510ce5" candidate_uuid: "d4a8c2d107cf44e1822812102a1441e3" candidate_term: 1 candidate_status { last_received { term: 0 index: 0 } } ignore_live_leader: false dest_uuid: "ac783f2a8647405bb049b722de64ccc4"
I20260601 13:37:41.596798  3194 raft_consensus.cc:3060] T 255505b9f00e4257997c0f4043510ce5 P f1167a66486641c48ad422d0a93a6b85 [term 0 FOLLOWER]: Advancing to term 1
I20260601 13:37:41.596896  3269 raft_consensus.cc:3060] T 255505b9f00e4257997c0f4043510ce5 P ac783f2a8647405bb049b722de64ccc4 [term 0 FOLLOWER]: Advancing to term 1
I20260601 13:37:41.597716  3194 raft_consensus.cc:2468] T 255505b9f00e4257997c0f4043510ce5 P f1167a66486641c48ad422d0a93a6b85 [term 1 FOLLOWER]: Leader election vote request: Granting yes vote for candidate d4a8c2d107cf44e1822812102a1441e3 in term 1.
I20260601 13:37:41.597756  3269 raft_consensus.cc:2468] T 255505b9f00e4257997c0f4043510ce5 P ac783f2a8647405bb049b722de64ccc4 [term 1 FOLLOWER]: Leader election vote request: Granting yes vote for candidate d4a8c2d107cf44e1822812102a1441e3 in term 1.
I20260601 13:37:41.597980  3311 leader_election.cc:304] T 255505b9f00e4257997c0f4043510ce5 P d4a8c2d107cf44e1822812102a1441e3 [CANDIDATE]: Term 1 election: Election decided. Result: candidate won. Election summary: received 2 responses out of 3 voters: 2 yes votes; 0 no votes. yes voters: d4a8c2d107cf44e1822812102a1441e3, f1167a66486641c48ad422d0a93a6b85; no voters: 
I20260601 13:37:41.598143  3400 raft_consensus.cc:2804] T 255505b9f00e4257997c0f4043510ce5 P d4a8c2d107cf44e1822812102a1441e3 [term 1 FOLLOWER]: Leader election won for term 1
I20260601 13:37:41.598258  3400 raft_consensus.cc:697] T 255505b9f00e4257997c0f4043510ce5 P d4a8c2d107cf44e1822812102a1441e3 [term 1 LEADER]: Becoming Leader. State: Replica: d4a8c2d107cf44e1822812102a1441e3, State: Running, Role: LEADER
I20260601 13:37:41.598413  3400 consensus_queue.cc:237] T 255505b9f00e4257997c0f4043510ce5 P d4a8c2d107cf44e1822812102a1441e3 [LEADER]: Queue going to LEADER mode. State: All replicated index: 0, Majority replicated index: 0, Committed index: 0, Last appended: 0.0, Last appended by leader: 0, Current term: 1, Majority size: 2, State: 0, Mode: LEADER, active raft config: opid_index: -1 OBSOLETE_local: false peers { permanent_uuid: "f1167a66486641c48ad422d0a93a6b85" member_type: VOTER last_known_addr { host: "127.2.119.1" port: 44633 } } peers { permanent_uuid: "ac783f2a8647405bb049b722de64ccc4" member_type: VOTER last_known_addr { host: "127.2.119.2" port: 40003 } } peers { permanent_uuid: "d4a8c2d107cf44e1822812102a1441e3" member_type: VOTER last_known_addr { host: "127.2.119.3" port: 33567 } }
I20260601 13:37:41.600258  3091 catalog_manager.cc:5696] T 255505b9f00e4257997c0f4043510ce5 P d4a8c2d107cf44e1822812102a1441e3 reported cstate change: term changed from 0 to 1, leader changed from <none> to d4a8c2d107cf44e1822812102a1441e3 (127.2.119.3). New cstate: current_term: 1 leader_uuid: "d4a8c2d107cf44e1822812102a1441e3" committed_config { opid_index: -1 OBSOLETE_local: false peers { permanent_uuid: "f1167a66486641c48ad422d0a93a6b85" member_type: VOTER last_known_addr { host: "127.2.119.1" port: 44633 } health_report { overall_health: UNKNOWN } } peers { permanent_uuid: "ac783f2a8647405bb049b722de64ccc4" member_type: VOTER last_known_addr { host: "127.2.119.2" port: 40003 } health_report { overall_health: UNKNOWN } } peers { permanent_uuid: "d4a8c2d107cf44e1822812102a1441e3" member_type: VOTER last_known_addr { host: "127.2.119.3" port: 33567 } health_report { overall_health: HEALTHY } } }
I20260601 13:37:41.635864  3396 raft_consensus.cc:493] T e49c5d801c384fad8dd70d09330615ce P f1167a66486641c48ad422d0a93a6b85 [term 0 FOLLOWER]: Starting pre-election (no leader contacted us within the election timeout)
I20260601 13:37:41.635999  3396 raft_consensus.cc:515] T e49c5d801c384fad8dd70d09330615ce P f1167a66486641c48ad422d0a93a6b85 [term 0 FOLLOWER]: Starting pre-election with config: opid_index: -1 OBSOLETE_local: false peers { permanent_uuid: "f1167a66486641c48ad422d0a93a6b85" member_type: VOTER last_known_addr { host: "127.2.119.1" port: 44633 } } peers { permanent_uuid: "ac783f2a8647405bb049b722de64ccc4" member_type: VOTER last_known_addr { host: "127.2.119.2" port: 40003 } } peers { permanent_uuid: "d4a8c2d107cf44e1822812102a1441e3" member_type: VOTER last_known_addr { host: "127.2.119.3" port: 33567 } }
I20260601 13:37:41.636572  3396 leader_election.cc:290] T e49c5d801c384fad8dd70d09330615ce P f1167a66486641c48ad422d0a93a6b85 [CANDIDATE]: Term 1 pre-election: Requested pre-vote from peers ac783f2a8647405bb049b722de64ccc4 (127.2.119.2:40003), d4a8c2d107cf44e1822812102a1441e3 (127.2.119.3:33567)
I20260601 13:37:41.636904  3269 tablet_service.cc:1917] Received RequestConsensusVote() RPC: tablet_id: "e49c5d801c384fad8dd70d09330615ce" candidate_uuid: "f1167a66486641c48ad422d0a93a6b85" candidate_term: 1 candidate_status { last_received { term: 0 index: 0 } } ignore_live_leader: false dest_uuid: "ac783f2a8647405bb049b722de64ccc4" is_pre_election: true
I20260601 13:37:41.636948  3345 tablet_service.cc:1917] Received RequestConsensusVote() RPC: tablet_id: "e49c5d801c384fad8dd70d09330615ce" candidate_uuid: "f1167a66486641c48ad422d0a93a6b85" candidate_term: 1 candidate_status { last_received { term: 0 index: 0 } } ignore_live_leader: false dest_uuid: "d4a8c2d107cf44e1822812102a1441e3" is_pre_election: true
I20260601 13:37:41.637017  3269 raft_consensus.cc:2468] T e49c5d801c384fad8dd70d09330615ce P ac783f2a8647405bb049b722de64ccc4 [term 0 FOLLOWER]: Leader pre-election vote request: Granting yes vote for candidate f1167a66486641c48ad422d0a93a6b85 in term 0.
I20260601 13:37:41.637141  3345 raft_consensus.cc:2468] T e49c5d801c384fad8dd70d09330615ce P d4a8c2d107cf44e1822812102a1441e3 [term 0 FOLLOWER]: Leader pre-election vote request: Granting yes vote for candidate f1167a66486641c48ad422d0a93a6b85 in term 0.
I20260601 13:37:41.637454  3160 leader_election.cc:304] T e49c5d801c384fad8dd70d09330615ce P f1167a66486641c48ad422d0a93a6b85 [CANDIDATE]: Term 1 pre-election: Election decided. Result: candidate won. Election summary: received 2 responses out of 3 voters: 2 yes votes; 0 no votes. yes voters: d4a8c2d107cf44e1822812102a1441e3, f1167a66486641c48ad422d0a93a6b85; no voters: 
I20260601 13:37:41.637617  3396 raft_consensus.cc:2804] T e49c5d801c384fad8dd70d09330615ce P f1167a66486641c48ad422d0a93a6b85 [term 0 FOLLOWER]: Leader pre-election won for term 1
I20260601 13:37:41.637682  3396 raft_consensus.cc:493] T e49c5d801c384fad8dd70d09330615ce P f1167a66486641c48ad422d0a93a6b85 [term 0 FOLLOWER]: Starting leader election (no leader contacted us within the election timeout)
I20260601 13:37:41.637727  3396 raft_consensus.cc:3060] T e49c5d801c384fad8dd70d09330615ce P f1167a66486641c48ad422d0a93a6b85 [term 0 FOLLOWER]: Advancing to term 1
I20260601 13:37:41.638523  3396 raft_consensus.cc:515] T e49c5d801c384fad8dd70d09330615ce P f1167a66486641c48ad422d0a93a6b85 [term 1 FOLLOWER]: Starting leader election with config: opid_index: -1 OBSOLETE_local: false peers { permanent_uuid: "f1167a66486641c48ad422d0a93a6b85" member_type: VOTER last_known_addr { host: "127.2.119.1" port: 44633 } } peers { permanent_uuid: "ac783f2a8647405bb049b722de64ccc4" member_type: VOTER last_known_addr { host: "127.2.119.2" port: 40003 } } peers { permanent_uuid: "d4a8c2d107cf44e1822812102a1441e3" member_type: VOTER last_known_addr { host: "127.2.119.3" port: 33567 } }
I20260601 13:37:41.638895  3396 leader_election.cc:290] T e49c5d801c384fad8dd70d09330615ce P f1167a66486641c48ad422d0a93a6b85 [CANDIDATE]: Term 1 election: Requested vote from peers ac783f2a8647405bb049b722de64ccc4 (127.2.119.2:40003), d4a8c2d107cf44e1822812102a1441e3 (127.2.119.3:33567)
I20260601 13:37:41.639148  3345 tablet_service.cc:1917] Received RequestConsensusVote() RPC: tablet_id: "e49c5d801c384fad8dd70d09330615ce" candidate_uuid: "f1167a66486641c48ad422d0a93a6b85" candidate_term: 1 candidate_status { last_received { term: 0 index: 0 } } ignore_live_leader: false dest_uuid: "d4a8c2d107cf44e1822812102a1441e3"
I20260601 13:37:41.639148  3269 tablet_service.cc:1917] Received RequestConsensusVote() RPC: tablet_id: "e49c5d801c384fad8dd70d09330615ce" candidate_uuid: "f1167a66486641c48ad422d0a93a6b85" candidate_term: 1 candidate_status { last_received { term: 0 index: 0 } } ignore_live_leader: false dest_uuid: "ac783f2a8647405bb049b722de64ccc4"
I20260601 13:37:41.639320  3269 raft_consensus.cc:3060] T e49c5d801c384fad8dd70d09330615ce P ac783f2a8647405bb049b722de64ccc4 [term 0 FOLLOWER]: Advancing to term 1
I20260601 13:37:41.639307  3345 raft_consensus.cc:3060] T e49c5d801c384fad8dd70d09330615ce P d4a8c2d107cf44e1822812102a1441e3 [term 0 FOLLOWER]: Advancing to term 1
I20260601 13:37:41.640185  3269 raft_consensus.cc:2468] T e49c5d801c384fad8dd70d09330615ce P ac783f2a8647405bb049b722de64ccc4 [term 1 FOLLOWER]: Leader election vote request: Granting yes vote for candidate f1167a66486641c48ad422d0a93a6b85 in term 1.
I20260601 13:37:41.640187  3345 raft_consensus.cc:2468] T e49c5d801c384fad8dd70d09330615ce P d4a8c2d107cf44e1822812102a1441e3 [term 1 FOLLOWER]: Leader election vote request: Granting yes vote for candidate f1167a66486641c48ad422d0a93a6b85 in term 1.
I20260601 13:37:41.640507  3160 leader_election.cc:304] T e49c5d801c384fad8dd70d09330615ce P f1167a66486641c48ad422d0a93a6b85 [CANDIDATE]: Term 1 election: Election decided. Result: candidate won. Election summary: received 2 responses out of 3 voters: 2 yes votes; 0 no votes. yes voters: d4a8c2d107cf44e1822812102a1441e3, f1167a66486641c48ad422d0a93a6b85; no voters: 
I20260601 13:37:41.640715  3396 raft_consensus.cc:2804] T e49c5d801c384fad8dd70d09330615ce P f1167a66486641c48ad422d0a93a6b85 [term 1 FOLLOWER]: Leader election won for term 1
I20260601 13:37:41.640837  3396 raft_consensus.cc:697] T e49c5d801c384fad8dd70d09330615ce P f1167a66486641c48ad422d0a93a6b85 [term 1 LEADER]: Becoming Leader. State: Replica: f1167a66486641c48ad422d0a93a6b85, State: Running, Role: LEADER
I20260601 13:37:41.640998  3396 consensus_queue.cc:237] T e49c5d801c384fad8dd70d09330615ce P f1167a66486641c48ad422d0a93a6b85 [LEADER]: Queue going to LEADER mode. State: All replicated index: 0, Majority replicated index: 0, Committed index: 0, Last appended: 0.0, Last appended by leader: 0, Current term: 1, Majority size: 2, State: 0, Mode: LEADER, active raft config: opid_index: -1 OBSOLETE_local: false peers { permanent_uuid: "f1167a66486641c48ad422d0a93a6b85" member_type: VOTER last_known_addr { host: "127.2.119.1" port: 44633 } } peers { permanent_uuid: "ac783f2a8647405bb049b722de64ccc4" member_type: VOTER last_known_addr { host: "127.2.119.2" port: 40003 } } peers { permanent_uuid: "d4a8c2d107cf44e1822812102a1441e3" member_type: VOTER last_known_addr { host: "127.2.119.3" port: 33567 } }
I20260601 13:37:41.642805  3091 catalog_manager.cc:5696] T e49c5d801c384fad8dd70d09330615ce P f1167a66486641c48ad422d0a93a6b85 reported cstate change: term changed from 0 to 1, leader changed from <none> to f1167a66486641c48ad422d0a93a6b85 (127.2.119.1). New cstate: current_term: 1 leader_uuid: "f1167a66486641c48ad422d0a93a6b85" committed_config { opid_index: -1 OBSOLETE_local: false peers { permanent_uuid: "f1167a66486641c48ad422d0a93a6b85" member_type: VOTER last_known_addr { host: "127.2.119.1" port: 44633 } health_report { overall_health: HEALTHY } } peers { permanent_uuid: "ac783f2a8647405bb049b722de64ccc4" member_type: VOTER last_known_addr { host: "127.2.119.2" port: 40003 } health_report { overall_health: UNKNOWN } } peers { permanent_uuid: "d4a8c2d107cf44e1822812102a1441e3" member_type: VOTER last_known_addr { host: "127.2.119.3" port: 33567 } health_report { overall_health: UNKNOWN } } }
I20260601 13:37:41.688129  3400 raft_consensus.cc:493] T 607a179f833f48b58d428bcb57dcf563 P d4a8c2d107cf44e1822812102a1441e3 [term 0 FOLLOWER]: Starting pre-election (no leader contacted us within the election timeout)
I20260601 13:37:41.688287  3400 raft_consensus.cc:515] T 607a179f833f48b58d428bcb57dcf563 P d4a8c2d107cf44e1822812102a1441e3 [term 0 FOLLOWER]: Starting pre-election with config: opid_index: -1 OBSOLETE_local: false peers { permanent_uuid: "f1167a66486641c48ad422d0a93a6b85" member_type: VOTER last_known_addr { host: "127.2.119.1" port: 44633 } } peers { permanent_uuid: "ac783f2a8647405bb049b722de64ccc4" member_type: VOTER last_known_addr { host: "127.2.119.2" port: 40003 } } peers { permanent_uuid: "d4a8c2d107cf44e1822812102a1441e3" member_type: VOTER last_known_addr { host: "127.2.119.3" port: 33567 } }
I20260601 13:37:41.688912  3400 leader_election.cc:290] T 607a179f833f48b58d428bcb57dcf563 P d4a8c2d107cf44e1822812102a1441e3 [CANDIDATE]: Term 1 pre-election: Requested pre-vote from peers f1167a66486641c48ad422d0a93a6b85 (127.2.119.1:44633), ac783f2a8647405bb049b722de64ccc4 (127.2.119.2:40003)
I20260601 13:37:41.689492  3269 tablet_service.cc:1917] Received RequestConsensusVote() RPC: tablet_id: "607a179f833f48b58d428bcb57dcf563" candidate_uuid: "d4a8c2d107cf44e1822812102a1441e3" candidate_term: 1 candidate_status { last_received { term: 0 index: 0 } } ignore_live_leader: false dest_uuid: "ac783f2a8647405bb049b722de64ccc4" is_pre_election: true
I20260601 13:37:41.689468  3194 tablet_service.cc:1917] Received RequestConsensusVote() RPC: tablet_id: "607a179f833f48b58d428bcb57dcf563" candidate_uuid: "d4a8c2d107cf44e1822812102a1441e3" candidate_term: 1 candidate_status { last_received { term: 0 index: 0 } } ignore_live_leader: false dest_uuid: "f1167a66486641c48ad422d0a93a6b85" is_pre_election: true
I20260601 13:37:41.689633  3269 raft_consensus.cc:2468] T 607a179f833f48b58d428bcb57dcf563 P ac783f2a8647405bb049b722de64ccc4 [term 0 FOLLOWER]: Leader pre-election vote request: Granting yes vote for candidate d4a8c2d107cf44e1822812102a1441e3 in term 0.
I20260601 13:37:41.689633  3194 raft_consensus.cc:2468] T 607a179f833f48b58d428bcb57dcf563 P f1167a66486641c48ad422d0a93a6b85 [term 0 FOLLOWER]: Leader pre-election vote request: Granting yes vote for candidate d4a8c2d107cf44e1822812102a1441e3 in term 0.
I20260601 13:37:41.689967  3311 leader_election.cc:304] T 607a179f833f48b58d428bcb57dcf563 P d4a8c2d107cf44e1822812102a1441e3 [CANDIDATE]: Term 1 pre-election: Election decided. Result: candidate won. Election summary: received 2 responses out of 3 voters: 2 yes votes; 0 no votes. yes voters: d4a8c2d107cf44e1822812102a1441e3, f1167a66486641c48ad422d0a93a6b85; no voters: 
I20260601 13:37:41.690140  3400 raft_consensus.cc:2804] T 607a179f833f48b58d428bcb57dcf563 P d4a8c2d107cf44e1822812102a1441e3 [term 0 FOLLOWER]: Leader pre-election won for term 1
I20260601 13:37:41.690204  3400 raft_consensus.cc:493] T 607a179f833f48b58d428bcb57dcf563 P d4a8c2d107cf44e1822812102a1441e3 [term 0 FOLLOWER]: Starting leader election (no leader contacted us within the election timeout)
I20260601 13:37:41.690248  3400 raft_consensus.cc:3060] T 607a179f833f48b58d428bcb57dcf563 P d4a8c2d107cf44e1822812102a1441e3 [term 0 FOLLOWER]: Advancing to term 1
I20260601 13:37:41.691094  3400 raft_consensus.cc:515] T 607a179f833f48b58d428bcb57dcf563 P d4a8c2d107cf44e1822812102a1441e3 [term 1 FOLLOWER]: Starting leader election with config: opid_index: -1 OBSOLETE_local: false peers { permanent_uuid: "f1167a66486641c48ad422d0a93a6b85" member_type: VOTER last_known_addr { host: "127.2.119.1" port: 44633 } } peers { permanent_uuid: "ac783f2a8647405bb049b722de64ccc4" member_type: VOTER last_known_addr { host: "127.2.119.2" port: 40003 } } peers { permanent_uuid: "d4a8c2d107cf44e1822812102a1441e3" member_type: VOTER last_known_addr { host: "127.2.119.3" port: 33567 } }
I20260601 13:37:41.691529  3400 leader_election.cc:290] T 607a179f833f48b58d428bcb57dcf563 P d4a8c2d107cf44e1822812102a1441e3 [CANDIDATE]: Term 1 election: Requested vote from peers f1167a66486641c48ad422d0a93a6b85 (127.2.119.1:44633), ac783f2a8647405bb049b722de64ccc4 (127.2.119.2:40003)
I20260601 13:37:41.691908  3194 tablet_service.cc:1917] Received RequestConsensusVote() RPC: tablet_id: "607a179f833f48b58d428bcb57dcf563" candidate_uuid: "d4a8c2d107cf44e1822812102a1441e3" candidate_term: 1 candidate_status { last_received { term: 0 index: 0 } } ignore_live_leader: false dest_uuid: "f1167a66486641c48ad422d0a93a6b85"
I20260601 13:37:41.692034  3194 raft_consensus.cc:3060] T 607a179f833f48b58d428bcb57dcf563 P f1167a66486641c48ad422d0a93a6b85 [term 0 FOLLOWER]: Advancing to term 1
I20260601 13:37:41.692049  3269 tablet_service.cc:1917] Received RequestConsensusVote() RPC: tablet_id: "607a179f833f48b58d428bcb57dcf563" candidate_uuid: "d4a8c2d107cf44e1822812102a1441e3" candidate_term: 1 candidate_status { last_received { term: 0 index: 0 } } ignore_live_leader: false dest_uuid: "ac783f2a8647405bb049b722de64ccc4"
I20260601 13:37:41.692225  3269 raft_consensus.cc:3060] T 607a179f833f48b58d428bcb57dcf563 P ac783f2a8647405bb049b722de64ccc4 [term 0 FOLLOWER]: Advancing to term 1
I20260601 13:37:41.692920  3194 raft_consensus.cc:2468] T 607a179f833f48b58d428bcb57dcf563 P f1167a66486641c48ad422d0a93a6b85 [term 1 FOLLOWER]: Leader election vote request: Granting yes vote for candidate d4a8c2d107cf44e1822812102a1441e3 in term 1.
I20260601 13:37:41.692919  3269 raft_consensus.cc:2468] T 607a179f833f48b58d428bcb57dcf563 P ac783f2a8647405bb049b722de64ccc4 [term 1 FOLLOWER]: Leader election vote request: Granting yes vote for candidate d4a8c2d107cf44e1822812102a1441e3 in term 1.
I20260601 13:37:41.693310  3311 leader_election.cc:304] T 607a179f833f48b58d428bcb57dcf563 P d4a8c2d107cf44e1822812102a1441e3 [CANDIDATE]: Term 1 election: Election decided. Result: candidate won. Election summary: received 2 responses out of 3 voters: 2 yes votes; 0 no votes. yes voters: d4a8c2d107cf44e1822812102a1441e3, f1167a66486641c48ad422d0a93a6b85; no voters: 
I20260601 13:37:41.693511  3400 raft_consensus.cc:2804] T 607a179f833f48b58d428bcb57dcf563 P d4a8c2d107cf44e1822812102a1441e3 [term 1 FOLLOWER]: Leader election won for term 1
I20260601 13:37:41.693610  3400 raft_consensus.cc:697] T 607a179f833f48b58d428bcb57dcf563 P d4a8c2d107cf44e1822812102a1441e3 [term 1 LEADER]: Becoming Leader. State: Replica: d4a8c2d107cf44e1822812102a1441e3, State: Running, Role: LEADER
I20260601 13:37:41.693783  3400 consensus_queue.cc:237] T 607a179f833f48b58d428bcb57dcf563 P d4a8c2d107cf44e1822812102a1441e3 [LEADER]: Queue going to LEADER mode. State: All replicated index: 0, Majority replicated index: 0, Committed index: 0, Last appended: 0.0, Last appended by leader: 0, Current term: 1, Majority size: 2, State: 0, Mode: LEADER, active raft config: opid_index: -1 OBSOLETE_local: false peers { permanent_uuid: "f1167a66486641c48ad422d0a93a6b85" member_type: VOTER last_known_addr { host: "127.2.119.1" port: 44633 } } peers { permanent_uuid: "ac783f2a8647405bb049b722de64ccc4" member_type: VOTER last_known_addr { host: "127.2.119.2" port: 40003 } } peers { permanent_uuid: "d4a8c2d107cf44e1822812102a1441e3" member_type: VOTER last_known_addr { host: "127.2.119.3" port: 33567 } }
I20260601 13:37:41.695533  3091 catalog_manager.cc:5696] T 607a179f833f48b58d428bcb57dcf563 P d4a8c2d107cf44e1822812102a1441e3 reported cstate change: term changed from 0 to 1, leader changed from <none> to d4a8c2d107cf44e1822812102a1441e3 (127.2.119.3). New cstate: current_term: 1 leader_uuid: "d4a8c2d107cf44e1822812102a1441e3" committed_config { opid_index: -1 OBSOLETE_local: false peers { permanent_uuid: "f1167a66486641c48ad422d0a93a6b85" member_type: VOTER last_known_addr { host: "127.2.119.1" port: 44633 } health_report { overall_health: UNKNOWN } } peers { permanent_uuid: "ac783f2a8647405bb049b722de64ccc4" member_type: VOTER last_known_addr { host: "127.2.119.2" port: 40003 } health_report { overall_health: UNKNOWN } } peers { permanent_uuid: "d4a8c2d107cf44e1822812102a1441e3" member_type: VOTER last_known_addr { host: "127.2.119.3" port: 33567 } health_report { overall_health: HEALTHY } } }
I20260601 13:37:41.706373  2524 file_cache.cc:492] Constructed file cache file cache with capacity 419430
W20260601 13:37:41.708725  3439 instance_detector.cc:116] could not retrieve Azure instance metadata: Network error: curl error: HTTP response code said error: The requested URL returned error: 404
W20260601 13:37:41.708755  3438 instance_detector.cc:116] could not retrieve AWS instance metadata: Network error: curl error: HTTP response code said error: The requested URL returned error: 404
I20260601 13:37:41.708896  2524 server_base.cc:1061] running on GCE node
W20260601 13:37:41.708978  3441 instance_detector.cc:116] could not retrieve OpenStack instance metadata: Network error: curl error: HTTP response code said error: The requested URL returned error: 404
I20260601 13:37:41.709241  2524 hybrid_clock.cc:584] initializing the hybrid clock with 'system_unsync' time source
W20260601 13:37:41.709285  2524 system_unsync_time.cc:38] NTP support is disabled. Clock error bounds will not be accurate. This configuration is not suitable for distributed clusters.
I20260601 13:37:41.709302  2524 hybrid_clock.cc:648] HybridClock initialized: now 1780321061709302 us; error 0 us; skew 500 ppm
I20260601 13:37:41.710299  2524 webserver.cc:533] Webserver started at http://127.2.119.4:41991/ using document root <none> and password file <none>
I20260601 13:37:41.710427  2524 fs_manager.cc:362] Metadata directory not provided
I20260601 13:37:41.710467  2524 fs_manager.cc:368] Using write-ahead log directory (fs_wal_dir) as metadata directory
I20260601 13:37:41.710520  2524 server_base.cc:909] This appears to be a new deployment of Kudu; creating new FS layout
I20260601 13:37:41.710856  2524 fs_manager.cc:1068] Generated new instance metadata in path /tmp/dist-test-taskk_2Ufv/test-tmp/auto_rebalancer-test.0.AutoRebalancerTest.AutoRebalancingTurnOffAndOn.1780321057461994-2524-0/minicluster-data/ts-3-root/instance:
uuid: "631c4628f38a468d9890da546a619bf1"
format_stamp: "Formatted at 2026-06-01 13:37:41 on dist-test-slave-fxk0"
I20260601 13:37:41.712383  2524 fs_manager.cc:696] Time spent creating directory manager: real 0.001s	user 0.002s	sys 0.000s
I20260601 13:37:41.713479  3446 log_block_manager.cc:4031] Time spent loading block containers with low live blocks: real 0.000s	user 0.000s	sys 0.000s
I20260601 13:37:41.713752  2524 fs_manager.cc:730] Time spent opening block manager: real 0.001s	user 0.001s	sys 0.000s
I20260601 13:37:41.713850  2524 fs_manager.cc:647] Opened local filesystem: /tmp/dist-test-taskk_2Ufv/test-tmp/auto_rebalancer-test.0.AutoRebalancerTest.AutoRebalancingTurnOffAndOn.1780321057461994-2524-0/minicluster-data/ts-3-root
uuid: "631c4628f38a468d9890da546a619bf1"
format_stamp: "Formatted at 2026-06-01 13:37:41 on dist-test-slave-fxk0"
I20260601 13:37:41.713949  2524 fs_report.cc:389] FS layout report
--------------------
wal directory: /tmp/dist-test-taskk_2Ufv/test-tmp/auto_rebalancer-test.0.AutoRebalancerTest.AutoRebalancingTurnOffAndOn.1780321057461994-2524-0/minicluster-data/ts-3-root
metadata directory: /tmp/dist-test-taskk_2Ufv/test-tmp/auto_rebalancer-test.0.AutoRebalancerTest.AutoRebalancingTurnOffAndOn.1780321057461994-2524-0/minicluster-data/ts-3-root
1 data directories: /tmp/dist-test-taskk_2Ufv/test-tmp/auto_rebalancer-test.0.AutoRebalancerTest.AutoRebalancingTurnOffAndOn.1780321057461994-2524-0/minicluster-data/ts-3-root/data
Total live blocks: 0
Total live bytes: 0
Total live bytes (after alignment): 0
Total number of LBM containers: 0 (0 full)
Did not check for missing blocks
Did not check for orphaned blocks
Total full LBM containers with extra space: 0 (0 repaired)
Total full LBM container extra space in bytes: 0 (0 repaired)
Total incomplete LBM containers: 0 (0 repaired)
Total LBM partial records: 0 (0 repaired)
Total corrupted LBM metadata records in RocksDB: 0 (0 repaired)
I20260601 13:37:41.733711  2524 rpc_server.cc:225] running with OpenSSL 1.1.1  11 Sep 2018
I20260601 13:37:41.734241  2524 kserver.cc:163] Server-wide thread pool size limit: 3276
I20260601 13:37:41.734618  2524 txn_system_client.cc:432] TxnSystemClient initialization is disabled...
I20260601 13:37:41.735147  2524 ts_tablet_manager.cc:585] Loaded tablet metadata (0 total tablets, 0 live tablets)
I20260601 13:37:41.735215  2524 ts_tablet_manager.cc:531] Time spent load tablet metadata: real 0.000s	user 0.000s	sys 0.000s
I20260601 13:37:41.735297  2524 ts_tablet_manager.cc:616] Registered 0 tablets
I20260601 13:37:41.735347  2524 ts_tablet_manager.cc:595] Time spent register tablets: real 0.000s	user 0.000s	sys 0.000s
I20260601 13:37:41.741101  2524 rpc_server.cc:307] RPC server started. Bound to: 127.2.119.4:42159
I20260601 13:37:41.741171  3509 acceptor_pool.cc:272] collecting diagnostics on the listening RPC socket 127.2.119.4:42159 every 8 connection(s)
I20260601 13:37:41.745883  3510 heartbeater.cc:344] Connected to a master server at 127.2.119.62:36333
I20260601 13:37:41.745990  3510 heartbeater.cc:461] Registering TS with master...
I20260601 13:37:41.746205  3510 heartbeater.cc:507] Master 127.2.119.62:36333 requested a full tablet report, sending...
I20260601 13:37:41.746838  3091 ts_manager.cc:194] Registered new tserver with Master: 631c4628f38a468d9890da546a619bf1 (127.2.119.4:42159)
I20260601 13:37:41.747399  3091 master_service.cc:502] Signed X509 certificate for tserver {username='slave'} at 127.0.0.1:44576
I20260601 13:37:41.839490  3400 consensus_queue.cc:1048] T cf9eb7fb77334480ad8bcd9b4dea6da5 P d4a8c2d107cf44e1822812102a1441e3 [LEADER]: Connected to new peer: Peer: permanent_uuid: "f1167a66486641c48ad422d0a93a6b85" member_type: VOTER last_known_addr { host: "127.2.119.1" port: 44633 }, Status: LMP_MISMATCH, Last received: 0.0, Next index: 1, Last known committed idx: 0, Time since last communication: 0.000s
I20260601 13:37:41.843082  3515 consensus_queue.cc:1048] T cf9eb7fb77334480ad8bcd9b4dea6da5 P d4a8c2d107cf44e1822812102a1441e3 [LEADER]: Connected to new peer: Peer: permanent_uuid: "ac783f2a8647405bb049b722de64ccc4" member_type: VOTER last_known_addr { host: "127.2.119.2" port: 40003 }, Status: LMP_MISMATCH, Last received: 0.0, Next index: 1, Last known committed idx: 0, Time since last communication: 0.000s
I20260601 13:37:41.912655  3397 consensus_queue.cc:1048] T c327fc5801a34c5cb474eda947f4e8e6 P ac783f2a8647405bb049b722de64ccc4 [LEADER]: Connected to new peer: Peer: permanent_uuid: "f1167a66486641c48ad422d0a93a6b85" member_type: VOTER last_known_addr { host: "127.2.119.1" port: 44633 }, Status: LMP_MISMATCH, Last received: 0.0, Next index: 1, Last known committed idx: 0, Time since last communication: 0.000s
I20260601 13:37:41.916236  3397 consensus_queue.cc:1048] T c327fc5801a34c5cb474eda947f4e8e6 P ac783f2a8647405bb049b722de64ccc4 [LEADER]: Connected to new peer: Peer: permanent_uuid: "d4a8c2d107cf44e1822812102a1441e3" member_type: VOTER last_known_addr { host: "127.2.119.3" port: 33567 }, Status: LMP_MISMATCH, Last received: 0.0, Next index: 1, Last known committed idx: 0, Time since last communication: 0.000s
I20260601 13:37:41.966416  3515 consensus_queue.cc:1048] T b2790a2516e6484b97b1b2653916f08d P d4a8c2d107cf44e1822812102a1441e3 [LEADER]: Connected to new peer: Peer: permanent_uuid: "ac783f2a8647405bb049b722de64ccc4" member_type: VOTER last_known_addr { host: "127.2.119.2" port: 40003 }, Status: LMP_MISMATCH, Last received: 0.0, Next index: 1, Last known committed idx: 0, Time since last communication: 0.000s
I20260601 13:37:41.969707  3400 consensus_queue.cc:1048] T b2790a2516e6484b97b1b2653916f08d P d4a8c2d107cf44e1822812102a1441e3 [LEADER]: Connected to new peer: Peer: permanent_uuid: "f1167a66486641c48ad422d0a93a6b85" member_type: VOTER last_known_addr { host: "127.2.119.1" port: 44633 }, Status: LMP_MISMATCH, Last received: 0.0, Next index: 1, Last known committed idx: 0, Time since last communication: 0.000s
I20260601 13:37:41.971170  3431 consensus_queue.cc:1048] T 30e184ac5bef483ab4363d5b19d1a652 P f1167a66486641c48ad422d0a93a6b85 [LEADER]: Connected to new peer: Peer: permanent_uuid: "ac783f2a8647405bb049b722de64ccc4" member_type: VOTER last_known_addr { host: "127.2.119.2" port: 40003 }, Status: LMP_MISMATCH, Last received: 0.0, Next index: 1, Last known committed idx: 0, Time since last communication: 0.000s
I20260601 13:37:41.973862  3431 consensus_queue.cc:1048] T 30e184ac5bef483ab4363d5b19d1a652 P f1167a66486641c48ad422d0a93a6b85 [LEADER]: Connected to new peer: Peer: permanent_uuid: "d4a8c2d107cf44e1822812102a1441e3" member_type: VOTER last_known_addr { host: "127.2.119.3" port: 33567 }, Status: LMP_MISMATCH, Last received: 0.0, Next index: 1, Last known committed idx: 0, Time since last communication: 0.000s
I20260601 13:37:41.980453  3400 consensus_queue.cc:1048] T 255505b9f00e4257997c0f4043510ce5 P d4a8c2d107cf44e1822812102a1441e3 [LEADER]: Connected to new peer: Peer: permanent_uuid: "ac783f2a8647405bb049b722de64ccc4" member_type: VOTER last_known_addr { host: "127.2.119.2" port: 40003 }, Status: LMP_MISMATCH, Last received: 0.0, Next index: 1, Last known committed idx: 0, Time since last communication: 0.000s
I20260601 13:37:41.983180  3400 consensus_queue.cc:1048] T 255505b9f00e4257997c0f4043510ce5 P d4a8c2d107cf44e1822812102a1441e3 [LEADER]: Connected to new peer: Peer: permanent_uuid: "f1167a66486641c48ad422d0a93a6b85" member_type: VOTER last_known_addr { host: "127.2.119.1" port: 44633 }, Status: LMP_MISMATCH, Last received: 0.0, Next index: 1, Last known committed idx: 0, Time since last communication: 0.000s
I20260601 13:37:41.990676  3431 consensus_queue.cc:1048] T 8afec69a7833427fa0a40dfbff74fa39 P f1167a66486641c48ad422d0a93a6b85 [LEADER]: Connected to new peer: Peer: permanent_uuid: "ac783f2a8647405bb049b722de64ccc4" member_type: VOTER last_known_addr { host: "127.2.119.2" port: 40003 }, Status: LMP_MISMATCH, Last received: 0.0, Next index: 1, Last known committed idx: 0, Time since last communication: 0.000s
I20260601 13:37:41.993636  3396 consensus_queue.cc:1048] T 8afec69a7833427fa0a40dfbff74fa39 P f1167a66486641c48ad422d0a93a6b85 [LEADER]: Connected to new peer: Peer: permanent_uuid: "d4a8c2d107cf44e1822812102a1441e3" member_type: VOTER last_known_addr { host: "127.2.119.3" port: 33567 }, Status: LMP_MISMATCH, Last received: 0.0, Next index: 1, Last known committed idx: 0, Time since last communication: 0.000s
I20260601 13:37:42.072942  3400 consensus_queue.cc:1048] T 607a179f833f48b58d428bcb57dcf563 P d4a8c2d107cf44e1822812102a1441e3 [LEADER]: Connected to new peer: Peer: permanent_uuid: "ac783f2a8647405bb049b722de64ccc4" member_type: VOTER last_known_addr { host: "127.2.119.2" port: 40003 }, Status: LMP_MISMATCH, Last received: 0.0, Next index: 1, Last known committed idx: 0, Time since last communication: 0.000s
I20260601 13:37:42.076367  3400 consensus_queue.cc:1048] T 607a179f833f48b58d428bcb57dcf563 P d4a8c2d107cf44e1822812102a1441e3 [LEADER]: Connected to new peer: Peer: permanent_uuid: "f1167a66486641c48ad422d0a93a6b85" member_type: VOTER last_known_addr { host: "127.2.119.1" port: 44633 }, Status: LMP_MISMATCH, Last received: 0.0, Next index: 1, Last known committed idx: 0, Time since last communication: 0.000s
I20260601 13:37:42.126516  3145 auto_leader_rebalancer.cc:140] leader rebalance for table test-workload
I20260601 13:37:42.136195  3345 tablet_service.cc:2072] Received LeaderStepDown RPC: tablet_id: "b2790a2516e6484b97b1b2653916f08d"
dest_uuid: "d4a8c2d107cf44e1822812102a1441e3"
mode: GRACEFUL
new_leader_uuid: "ac783f2a8647405bb049b722de64ccc4"
 from {username='slave'} at 127.0.0.1:51036
I20260601 13:37:42.136443  3345 raft_consensus.cc:606] T b2790a2516e6484b97b1b2653916f08d P d4a8c2d107cf44e1822812102a1441e3 [term 1 LEADER]: Received request to transfer leadership to TS ac783f2a8647405bb049b722de64ccc4
I20260601 13:37:42.136940  3145 auto_leader_rebalancer.cc:388] table: test-workload, leader rebalance finish, leader transfer count: 1
I20260601 13:37:42.137204  3145 auto_leader_rebalancer.cc:451] All tables' leader rebalancing finished this round
I20260601 13:37:42.175966  3396 consensus_queue.cc:1048] T e49c5d801c384fad8dd70d09330615ce P f1167a66486641c48ad422d0a93a6b85 [LEADER]: Connected to new peer: Peer: permanent_uuid: "ac783f2a8647405bb049b722de64ccc4" member_type: VOTER last_known_addr { host: "127.2.119.2" port: 40003 }, Status: LMP_MISMATCH, Last received: 0.0, Next index: 1, Last known committed idx: 0, Time since last communication: 0.000s
I20260601 13:37:42.179915  3528 consensus_queue.cc:1048] T e49c5d801c384fad8dd70d09330615ce P f1167a66486641c48ad422d0a93a6b85 [LEADER]: Connected to new peer: Peer: permanent_uuid: "d4a8c2d107cf44e1822812102a1441e3" member_type: VOTER last_known_addr { host: "127.2.119.3" port: 33567 }, Status: LMP_MISMATCH, Last received: 0.0, Next index: 1, Last known committed idx: 0, Time since last communication: 0.000s
I20260601 13:37:42.353608  3531 raft_consensus.cc:993] T b2790a2516e6484b97b1b2653916f08d P d4a8c2d107cf44e1822812102a1441e3: : Instructing follower ac783f2a8647405bb049b722de64ccc4 to start an election
I20260601 13:37:42.353736  3531 raft_consensus.cc:1081] T b2790a2516e6484b97b1b2653916f08d P d4a8c2d107cf44e1822812102a1441e3 [term 1 LEADER]: Signalling peer ac783f2a8647405bb049b722de64ccc4 to start an election
I20260601 13:37:42.354481  3269 tablet_service.cc:2044] Received Run Leader Election RPC: tablet_id: "b2790a2516e6484b97b1b2653916f08d"
dest_uuid: "ac783f2a8647405bb049b722de64ccc4"
 from {username='slave'} at 127.0.0.1:42340
I20260601 13:37:42.354617  3269 raft_consensus.cc:493] T b2790a2516e6484b97b1b2653916f08d P ac783f2a8647405bb049b722de64ccc4 [term 1 FOLLOWER]: Starting forced leader election (received explicit request)
I20260601 13:37:42.354707  3269 raft_consensus.cc:3060] T b2790a2516e6484b97b1b2653916f08d P ac783f2a8647405bb049b722de64ccc4 [term 1 FOLLOWER]: Advancing to term 2
I20260601 13:37:42.355767  3269 raft_consensus.cc:515] T b2790a2516e6484b97b1b2653916f08d P ac783f2a8647405bb049b722de64ccc4 [term 2 FOLLOWER]: Starting forced leader election with config: opid_index: -1 OBSOLETE_local: false peers { permanent_uuid: "f1167a66486641c48ad422d0a93a6b85" member_type: VOTER last_known_addr { host: "127.2.119.1" port: 44633 } } peers { permanent_uuid: "ac783f2a8647405bb049b722de64ccc4" member_type: VOTER last_known_addr { host: "127.2.119.2" port: 40003 } } peers { permanent_uuid: "d4a8c2d107cf44e1822812102a1441e3" member_type: VOTER last_known_addr { host: "127.2.119.3" port: 33567 } }
I20260601 13:37:42.356127  3269 leader_election.cc:290] T b2790a2516e6484b97b1b2653916f08d P ac783f2a8647405bb049b722de64ccc4 [CANDIDATE]: Term 2 election: Requested vote from peers f1167a66486641c48ad422d0a93a6b85 (127.2.119.1:44633), d4a8c2d107cf44e1822812102a1441e3 (127.2.119.3:33567)
I20260601 13:37:42.356400  3194 tablet_service.cc:1917] Received RequestConsensusVote() RPC: tablet_id: "b2790a2516e6484b97b1b2653916f08d" candidate_uuid: "ac783f2a8647405bb049b722de64ccc4" candidate_term: 2 candidate_status { last_received { term: 1 index: 1 } } ignore_live_leader: true dest_uuid: "f1167a66486641c48ad422d0a93a6b85"
I20260601 13:37:42.356465  3345 tablet_service.cc:1917] Received RequestConsensusVote() RPC: tablet_id: "b2790a2516e6484b97b1b2653916f08d" candidate_uuid: "ac783f2a8647405bb049b722de64ccc4" candidate_term: 2 candidate_status { last_received { term: 1 index: 1 } } ignore_live_leader: true dest_uuid: "d4a8c2d107cf44e1822812102a1441e3"
I20260601 13:37:42.356537  3194 raft_consensus.cc:3060] T b2790a2516e6484b97b1b2653916f08d P f1167a66486641c48ad422d0a93a6b85 [term 1 FOLLOWER]: Advancing to term 2
I20260601 13:37:42.356606  3345 raft_consensus.cc:3055] T b2790a2516e6484b97b1b2653916f08d P d4a8c2d107cf44e1822812102a1441e3 [term 1 LEADER]: Stepping down as leader of term 1
I20260601 13:37:42.356657  3345 raft_consensus.cc:740] T b2790a2516e6484b97b1b2653916f08d P d4a8c2d107cf44e1822812102a1441e3 [term 1 LEADER]: Becoming Follower/Learner. State: Replica: d4a8c2d107cf44e1822812102a1441e3, State: Running, Role: LEADER
I20260601 13:37:42.356822  3345 consensus_queue.cc:260] T b2790a2516e6484b97b1b2653916f08d P d4a8c2d107cf44e1822812102a1441e3 [NON_LEADER]: Queue going to NON_LEADER mode. State: All replicated index: 0, Majority replicated index: 1, Committed index: 1, Last appended: 1.1, Last appended by leader: 1, Current term: 1, Majority size: -1, State: 0, Mode: NON_LEADER, active raft config: opid_index: -1 OBSOLETE_local: false peers { permanent_uuid: "f1167a66486641c48ad422d0a93a6b85" member_type: VOTER last_known_addr { host: "127.2.119.1" port: 44633 } } peers { permanent_uuid: "ac783f2a8647405bb049b722de64ccc4" member_type: VOTER last_known_addr { host: "127.2.119.2" port: 40003 } } peers { permanent_uuid: "d4a8c2d107cf44e1822812102a1441e3" member_type: VOTER last_known_addr { host: "127.2.119.3" port: 33567 } }
I20260601 13:37:42.356992  3345 raft_consensus.cc:3060] T b2790a2516e6484b97b1b2653916f08d P d4a8c2d107cf44e1822812102a1441e3 [term 1 FOLLOWER]: Advancing to term 2
I20260601 13:37:42.357425  3194 raft_consensus.cc:2468] T b2790a2516e6484b97b1b2653916f08d P f1167a66486641c48ad422d0a93a6b85 [term 2 FOLLOWER]: Leader election vote request: Granting yes vote for candidate ac783f2a8647405bb049b722de64ccc4 in term 2.
I20260601 13:37:42.357728  3236 leader_election.cc:304] T b2790a2516e6484b97b1b2653916f08d P ac783f2a8647405bb049b722de64ccc4 [CANDIDATE]: Term 2 election: Election decided. Result: candidate won. Election summary: received 2 responses out of 3 voters: 2 yes votes; 0 no votes. yes voters: ac783f2a8647405bb049b722de64ccc4, f1167a66486641c48ad422d0a93a6b85; no voters: 
I20260601 13:37:42.357779  3345 raft_consensus.cc:2468] T b2790a2516e6484b97b1b2653916f08d P d4a8c2d107cf44e1822812102a1441e3 [term 2 FOLLOWER]: Leader election vote request: Granting yes vote for candidate ac783f2a8647405bb049b722de64ccc4 in term 2.
I20260601 13:37:42.357911  3423 raft_consensus.cc:2804] T b2790a2516e6484b97b1b2653916f08d P ac783f2a8647405bb049b722de64ccc4 [term 2 FOLLOWER]: Leader election won for term 2
I20260601 13:37:42.358014  3423 raft_consensus.cc:697] T b2790a2516e6484b97b1b2653916f08d P ac783f2a8647405bb049b722de64ccc4 [term 2 LEADER]: Becoming Leader. State: Replica: ac783f2a8647405bb049b722de64ccc4, State: Running, Role: LEADER
I20260601 13:37:42.358137  3423 consensus_queue.cc:237] T b2790a2516e6484b97b1b2653916f08d P ac783f2a8647405bb049b722de64ccc4 [LEADER]: Queue going to LEADER mode. State: All replicated index: 0, Majority replicated index: 1, Committed index: 1, Last appended: 1.1, Last appended by leader: 1, Current term: 2, Majority size: 2, State: 0, Mode: LEADER, active raft config: opid_index: -1 OBSOLETE_local: false peers { permanent_uuid: "f1167a66486641c48ad422d0a93a6b85" member_type: VOTER last_known_addr { host: "127.2.119.1" port: 44633 } } peers { permanent_uuid: "ac783f2a8647405bb049b722de64ccc4" member_type: VOTER last_known_addr { host: "127.2.119.2" port: 40003 } } peers { permanent_uuid: "d4a8c2d107cf44e1822812102a1441e3" member_type: VOTER last_known_addr { host: "127.2.119.3" port: 33567 } }
I20260601 13:37:42.359560  3091 catalog_manager.cc:5696] T b2790a2516e6484b97b1b2653916f08d P ac783f2a8647405bb049b722de64ccc4 reported cstate change: term changed from 1 to 2, leader changed from d4a8c2d107cf44e1822812102a1441e3 (127.2.119.3) to ac783f2a8647405bb049b722de64ccc4 (127.2.119.2). New cstate: current_term: 2 leader_uuid: "ac783f2a8647405bb049b722de64ccc4" committed_config { opid_index: -1 OBSOLETE_local: false peers { permanent_uuid: "f1167a66486641c48ad422d0a93a6b85" member_type: VOTER last_known_addr { host: "127.2.119.1" port: 44633 } health_report { overall_health: UNKNOWN } } peers { permanent_uuid: "ac783f2a8647405bb049b722de64ccc4" member_type: VOTER last_known_addr { host: "127.2.119.2" port: 40003 } health_report { overall_health: HEALTHY } } peers { permanent_uuid: "d4a8c2d107cf44e1822812102a1441e3" member_type: VOTER last_known_addr { host: "127.2.119.3" port: 33567 } health_report { overall_health: UNKNOWN } } }
I20260601 13:37:42.748240  3510 heartbeater.cc:499] Master 127.2.119.62:36333 was elected leader, sending a full tablet report...
I20260601 13:37:42.869313  3345 raft_consensus.cc:1275] T b2790a2516e6484b97b1b2653916f08d P d4a8c2d107cf44e1822812102a1441e3 [term 2 FOLLOWER]: Refusing update from remote peer ac783f2a8647405bb049b722de64ccc4: Log matching property violated. Preceding OpId in replica: term: 1 index: 1. Preceding OpId from leader: term: 2 index: 2. (index mismatch)
I20260601 13:37:42.869903  3540 consensus_queue.cc:1048] T b2790a2516e6484b97b1b2653916f08d P ac783f2a8647405bb049b722de64ccc4 [LEADER]: Connected to new peer: Peer: permanent_uuid: "d4a8c2d107cf44e1822812102a1441e3" member_type: VOTER last_known_addr { host: "127.2.119.3" port: 33567 }, Status: LMP_MISMATCH, Last received: 0.0, Next index: 2, Last known committed idx: 1, Time since last communication: 0.000s
I20260601 13:37:42.872215  3194 raft_consensus.cc:1275] T b2790a2516e6484b97b1b2653916f08d P f1167a66486641c48ad422d0a93a6b85 [term 2 FOLLOWER]: Refusing update from remote peer ac783f2a8647405bb049b722de64ccc4: Log matching property violated. Preceding OpId in replica: term: 1 index: 1. Preceding OpId from leader: term: 2 index: 2. (index mismatch)
I20260601 13:37:42.872758  3540 consensus_queue.cc:1048] T b2790a2516e6484b97b1b2653916f08d P ac783f2a8647405bb049b722de64ccc4 [LEADER]: Connected to new peer: Peer: permanent_uuid: "f1167a66486641c48ad422d0a93a6b85" member_type: VOTER last_known_addr { host: "127.2.119.1" port: 44633 }, Status: LMP_MISMATCH, Last received: 0.0, Next index: 2, Last known committed idx: 1, Time since last communication: 0.000s
I20260601 13:37:44.137568  3145 auto_leader_rebalancer.cc:140] leader rebalance for table test-workload
I20260601 13:37:44.138463  3145 auto_leader_rebalancer.cc:388] table: test-workload, leader rebalance finish, leader transfer count: 0
I20260601 13:37:44.138547  3145 auto_leader_rebalancer.cc:451] All tables' leader rebalancing finished this round
I20260601 13:37:46.138957  3145 auto_leader_rebalancer.cc:140] leader rebalance for table test-workload
I20260601 13:37:46.140045  3145 auto_leader_rebalancer.cc:388] table: test-workload, leader rebalance finish, leader transfer count: 0
I20260601 13:37:46.140151  3145 auto_leader_rebalancer.cc:451] All tables' leader rebalancing finished this round
I20260601 13:37:47.136123  3269 consensus_queue.cc:237] T b2790a2516e6484b97b1b2653916f08d P ac783f2a8647405bb049b722de64ccc4 [LEADER]: Queue going to LEADER mode. State: All replicated index: 0, Majority replicated index: 2, Committed index: 2, Last appended: 2.2, Last appended by leader: 1, Current term: 2, Majority size: 2, State: 0, Mode: LEADER, active raft config: opid_index: 3 OBSOLETE_local: false peers { permanent_uuid: "f1167a66486641c48ad422d0a93a6b85" member_type: VOTER last_known_addr { host: "127.2.119.1" port: 44633 } } peers { permanent_uuid: "ac783f2a8647405bb049b722de64ccc4" member_type: VOTER last_known_addr { host: "127.2.119.2" port: 40003 } } peers { permanent_uuid: "d4a8c2d107cf44e1822812102a1441e3" member_type: VOTER last_known_addr { host: "127.2.119.3" port: 33567 } attrs { replace: true } } peers { permanent_uuid: "631c4628f38a468d9890da546a619bf1" member_type: NON_VOTER last_known_addr { host: "127.2.119.4" port: 42159 } attrs { promote: true } }
I20260601 13:37:47.137952  3194 raft_consensus.cc:1275] T b2790a2516e6484b97b1b2653916f08d P f1167a66486641c48ad422d0a93a6b85 [term 2 FOLLOWER]: Refusing update from remote peer ac783f2a8647405bb049b722de64ccc4: Log matching property violated. Preceding OpId in replica: term: 2 index: 2. Preceding OpId from leader: term: 2 index: 3. (index mismatch)
I20260601 13:37:47.138190  3345 raft_consensus.cc:1275] T b2790a2516e6484b97b1b2653916f08d P d4a8c2d107cf44e1822812102a1441e3 [term 2 FOLLOWER]: Refusing update from remote peer ac783f2a8647405bb049b722de64ccc4: Log matching property violated. Preceding OpId in replica: term: 2 index: 2. Preceding OpId from leader: term: 2 index: 3. (index mismatch)
I20260601 13:37:47.138468  3549 consensus_queue.cc:1048] T b2790a2516e6484b97b1b2653916f08d P ac783f2a8647405bb049b722de64ccc4 [LEADER]: Connected to new peer: Peer: permanent_uuid: "f1167a66486641c48ad422d0a93a6b85" member_type: VOTER last_known_addr { host: "127.2.119.1" port: 44633 }, Status: LMP_MISMATCH, Last received: 0.0, Next index: 3, Last known committed idx: 2, Time since last communication: 0.000s
I20260601 13:37:47.138696  3550 consensus_queue.cc:1048] T b2790a2516e6484b97b1b2653916f08d P ac783f2a8647405bb049b722de64ccc4 [LEADER]: Connected to new peer: Peer: permanent_uuid: "d4a8c2d107cf44e1822812102a1441e3" member_type: VOTER last_known_addr { host: "127.2.119.3" port: 33567 } attrs { replace: true }, Status: LMP_MISMATCH, Last received: 0.0, Next index: 3, Last known committed idx: 2, Time since last communication: 0.000s
I20260601 13:37:47.140671  3549 raft_consensus.cc:2955] T b2790a2516e6484b97b1b2653916f08d P ac783f2a8647405bb049b722de64ccc4 [term 2 LEADER]: Committing config change with OpId 2.3: config changed from index -1 to 3, NON_VOTER 631c4628f38a468d9890da546a619bf1 (127.2.119.4) added. New config: { opid_index: 3 OBSOLETE_local: false peers { permanent_uuid: "f1167a66486641c48ad422d0a93a6b85" member_type: VOTER last_known_addr { host: "127.2.119.1" port: 44633 } } peers { permanent_uuid: "ac783f2a8647405bb049b722de64ccc4" member_type: VOTER last_known_addr { host: "127.2.119.2" port: 40003 } } peers { permanent_uuid: "d4a8c2d107cf44e1822812102a1441e3" member_type: VOTER last_known_addr { host: "127.2.119.3" port: 33567 } attrs { replace: true } } peers { permanent_uuid: "631c4628f38a468d9890da546a619bf1" member_type: NON_VOTER last_known_addr { host: "127.2.119.4" port: 42159 } attrs { promote: true } } }
I20260601 13:37:47.141106  3194 raft_consensus.cc:2955] T b2790a2516e6484b97b1b2653916f08d P f1167a66486641c48ad422d0a93a6b85 [term 2 FOLLOWER]: Committing config change with OpId 2.3: config changed from index -1 to 3, NON_VOTER 631c4628f38a468d9890da546a619bf1 (127.2.119.4) added. New config: { opid_index: 3 OBSOLETE_local: false peers { permanent_uuid: "f1167a66486641c48ad422d0a93a6b85" member_type: VOTER last_known_addr { host: "127.2.119.1" port: 44633 } } peers { permanent_uuid: "ac783f2a8647405bb049b722de64ccc4" member_type: VOTER last_known_addr { host: "127.2.119.2" port: 40003 } } peers { permanent_uuid: "d4a8c2d107cf44e1822812102a1441e3" member_type: VOTER last_known_addr { host: "127.2.119.3" port: 33567 } attrs { replace: true } } peers { permanent_uuid: "631c4628f38a468d9890da546a619bf1" member_type: NON_VOTER last_known_addr { host: "127.2.119.4" port: 42159 } attrs { promote: true } } }
I20260601 13:37:47.141265  3345 raft_consensus.cc:2955] T b2790a2516e6484b97b1b2653916f08d P d4a8c2d107cf44e1822812102a1441e3 [term 2 FOLLOWER]: Committing config change with OpId 2.3: config changed from index -1 to 3, NON_VOTER 631c4628f38a468d9890da546a619bf1 (127.2.119.4) added. New config: { opid_index: 3 OBSOLETE_local: false peers { permanent_uuid: "f1167a66486641c48ad422d0a93a6b85" member_type: VOTER last_known_addr { host: "127.2.119.1" port: 44633 } } peers { permanent_uuid: "ac783f2a8647405bb049b722de64ccc4" member_type: VOTER last_known_addr { host: "127.2.119.2" port: 40003 } } peers { permanent_uuid: "d4a8c2d107cf44e1822812102a1441e3" member_type: VOTER last_known_addr { host: "127.2.119.3" port: 33567 } attrs { replace: true } } peers { permanent_uuid: "631c4628f38a468d9890da546a619bf1" member_type: NON_VOTER last_known_addr { host: "127.2.119.4" port: 42159 } attrs { promote: true } } }
I20260601 13:37:47.143806  3091 catalog_manager.cc:5696] T b2790a2516e6484b97b1b2653916f08d P ac783f2a8647405bb049b722de64ccc4 reported cstate change: config changed from index -1 to 3, NON_VOTER 631c4628f38a468d9890da546a619bf1 (127.2.119.4) added. New cstate: current_term: 2 leader_uuid: "ac783f2a8647405bb049b722de64ccc4" committed_config { opid_index: 3 OBSOLETE_local: false peers { permanent_uuid: "f1167a66486641c48ad422d0a93a6b85" member_type: VOTER last_known_addr { host: "127.2.119.1" port: 44633 } health_report { overall_health: HEALTHY } } peers { permanent_uuid: "ac783f2a8647405bb049b722de64ccc4" member_type: VOTER last_known_addr { host: "127.2.119.2" port: 40003 } health_report { overall_health: HEALTHY } } peers { permanent_uuid: "d4a8c2d107cf44e1822812102a1441e3" member_type: VOTER last_known_addr { host: "127.2.119.3" port: 33567 } attrs { replace: true } health_report { overall_health: HEALTHY } } peers { permanent_uuid: "631c4628f38a468d9890da546a619bf1" member_type: NON_VOTER last_known_addr { host: "127.2.119.4" port: 42159 } attrs { promote: true } health_report { overall_health: UNKNOWN } } }
W20260601 13:37:47.145180  3234 consensus_peers.cc:597] T b2790a2516e6484b97b1b2653916f08d P ac783f2a8647405bb049b722de64ccc4 -> Peer 631c4628f38a468d9890da546a619bf1 (127.2.119.4:42159): Couldn't send request to peer 631c4628f38a468d9890da546a619bf1. Error code: TABLET_NOT_FOUND (6). Status: Not found: Tablet not found: b2790a2516e6484b97b1b2653916f08d. This is attempt 1: this message will repeat every 5th retry.
