I20260601 13:37:41.735059 26960 catalog_manager.cc:5696] T 7b110ec25c894bbdab3fdd5aa44edac1 P 6595e96a58d04c9b806792779a194fd4 reported cstate change: term changed from 1 to 2, leader changed from 3c73f59c703644bc9232a01578d69947 (127.25.198.194) to 6595e96a58d04c9b806792779a194fd4 (127.25.198.195). New cstate: current_term: 2 leader_uuid: "6595e96a58d04c9b806792779a194fd4" committed_config { opid_index: -1 OBSOLETE_local: false peers { permanent_uuid: "a22f283d77094aca87ca31b5329e85da" member_type: VOTER last_known_addr { host: "127.25.198.193" port: 44565 } health_report { overall_health: UNKNOWN } } peers { permanent_uuid: "3c73f59c703644bc9232a01578d69947" member_type: VOTER last_known_addr { host: "127.25.198.194" port: 42937 } health_report { overall_health: UNKNOWN } } peers { permanent_uuid: "6595e96a58d04c9b806792779a194fd4" member_type: VOTER last_known_addr { host: "127.25.198.195" port: 43713 } health_report { overall_health: HEALTHY } } }
I20260601 13:37:41.894485 27380 heartbeater.cc:499] Master 127.25.198.254:36531 was elected leader, sending a full tablet report...
I20260601 13:37:42.038669 27140 raft_consensus.cc:1275] T a1bb860ba9df4e33b35228025ae838cf P 3c73f59c703644bc9232a01578d69947 [term 2 FOLLOWER]: Refusing update from remote peer a22f283d77094aca87ca31b5329e85da: Log matching property violated. Preceding OpId in replica: term: 1 index: 1. Preceding OpId from leader: term: 2 index: 2. (index mismatch)
I20260601 13:37:42.039161 27404 consensus_queue.cc:1048] T a1bb860ba9df4e33b35228025ae838cf P a22f283d77094aca87ca31b5329e85da [LEADER]: Connected to new peer: Peer: permanent_uuid: "3c73f59c703644bc9232a01578d69947" member_type: VOTER last_known_addr { host: "127.25.198.194" port: 42937 }, Status: LMP_MISMATCH, Last received: 0.0, Next index: 2, Last known committed idx: 1, Time since last communication: 0.000s
I20260601 13:37:42.041525 27214 raft_consensus.cc:1275] T a1bb860ba9df4e33b35228025ae838cf P 6595e96a58d04c9b806792779a194fd4 [term 2 FOLLOWER]: Refusing update from remote peer a22f283d77094aca87ca31b5329e85da: Log matching property violated. Preceding OpId in replica: term: 1 index: 1. Preceding OpId from leader: term: 2 index: 2. (index mismatch)
I20260601 13:37:42.041997 27270 consensus_queue.cc:1048] T a1bb860ba9df4e33b35228025ae838cf P a22f283d77094aca87ca31b5329e85da [LEADER]: Connected to new peer: Peer: permanent_uuid: "6595e96a58d04c9b806792779a194fd4" member_type: VOTER last_known_addr { host: "127.25.198.195" port: 43713 }, Status: LMP_MISMATCH, Last received: 0.0, Next index: 2, Last known committed idx: 1, Time since last communication: 0.000s
I20260601 13:37:42.170629 27064 raft_consensus.cc:1275] T 7b110ec25c894bbdab3fdd5aa44edac1 P a22f283d77094aca87ca31b5329e85da [term 2 FOLLOWER]: Refusing update from remote peer 6595e96a58d04c9b806792779a194fd4: Log matching property violated. Preceding OpId in replica: term: 1 index: 1. Preceding OpId from leader: term: 2 index: 2. (index mismatch)
I20260601 13:37:42.171042 27394 consensus_queue.cc:1048] T 7b110ec25c894bbdab3fdd5aa44edac1 P 6595e96a58d04c9b806792779a194fd4 [LEADER]: Connected to new peer: Peer: permanent_uuid: "a22f283d77094aca87ca31b5329e85da" member_type: VOTER last_known_addr { host: "127.25.198.193" port: 44565 }, Status: LMP_MISMATCH, Last received: 0.0, Next index: 2, Last known committed idx: 1, Time since last communication: 0.000s
I20260601 13:37:42.173993 27140 raft_consensus.cc:1275] T 7b110ec25c894bbdab3fdd5aa44edac1 P 3c73f59c703644bc9232a01578d69947 [term 2 FOLLOWER]: Refusing update from remote peer 6595e96a58d04c9b806792779a194fd4: Log matching property violated. Preceding OpId in replica: term: 1 index: 1. Preceding OpId from leader: term: 2 index: 2. (index mismatch)
I20260601 13:37:42.174301 27304 consensus_queue.cc:1048] T 7b110ec25c894bbdab3fdd5aa44edac1 P 6595e96a58d04c9b806792779a194fd4 [LEADER]: Connected to new peer: Peer: permanent_uuid: "3c73f59c703644bc9232a01578d69947" member_type: VOTER last_known_addr { host: "127.25.198.194" port: 42937 }, Status: LMP_MISMATCH, Last received: 0.0, Next index: 2, Last known committed idx: 1, Time since last communication: 0.000s
I20260601 13:37:43.446770 27015 auto_leader_rebalancer.cc:140] leader rebalance for table test-workload
I20260601 13:37:43.447606 27015 auto_leader_rebalancer.cc:388] table: test-workload, leader rebalance finish, leader transfer count: 0
I20260601 13:37:43.447749 27015 auto_leader_rebalancer.cc:451] All tables' leader rebalancing finished this round
I20260601 13:37:45.448118 27015 auto_leader_rebalancer.cc:140] leader rebalance for table test-workload
I20260601 13:37:45.449004 27015 auto_leader_rebalancer.cc:388] table: test-workload, leader rebalance finish, leader transfer count: 0
I20260601 13:37:45.449128 27015 auto_leader_rebalancer.cc:451] All tables' leader rebalancing finished this round
I20260601 13:37:46.447000 27140 consensus_queue.cc:237] T aa56d9a01a8d454ab48d8a6535552b12 P 3c73f59c703644bc9232a01578d69947 [LEADER]: Queue going to LEADER mode. State: All replicated index: 0, Majority replicated index: 1, Committed index: 1, Last appended: 1.1, Last appended by leader: 0, Current term: 1, Majority size: 2, State: 0, Mode: LEADER, active raft config: opid_index: 2 OBSOLETE_local: false peers { permanent_uuid: "a22f283d77094aca87ca31b5329e85da" member_type: VOTER last_known_addr { host: "127.25.198.193" port: 44565 } attrs { replace: true } } peers { permanent_uuid: "6595e96a58d04c9b806792779a194fd4" member_type: VOTER last_known_addr { host: "127.25.198.195" port: 43713 } } peers { permanent_uuid: "3c73f59c703644bc9232a01578d69947" member_type: VOTER last_known_addr { host: "127.25.198.194" port: 42937 } } peers { permanent_uuid: "7b91f7284c9149e08c0dcfec334766dc" member_type: NON_VOTER last_known_addr { host: "127.25.198.196" port: 36693 } attrs { promote: true } }
I20260601 13:37:46.449048 27214 raft_consensus.cc:1275] T aa56d9a01a8d454ab48d8a6535552b12 P 6595e96a58d04c9b806792779a194fd4 [term 1 FOLLOWER]: Refusing update from remote peer 3c73f59c703644bc9232a01578d69947: Log matching property violated. Preceding OpId in replica: term: 1 index: 1. Preceding OpId from leader: term: 1 index: 2. (index mismatch)
I20260601 13:37:46.449107 27064 raft_consensus.cc:1275] T aa56d9a01a8d454ab48d8a6535552b12 P a22f283d77094aca87ca31b5329e85da [term 1 FOLLOWER]: Refusing update from remote peer 3c73f59c703644bc9232a01578d69947: Log matching property violated. Preceding OpId in replica: term: 1 index: 1. Preceding OpId from leader: term: 1 index: 2. (index mismatch)
I20260601 13:37:46.449528 27399 consensus_queue.cc:1048] T aa56d9a01a8d454ab48d8a6535552b12 P 3c73f59c703644bc9232a01578d69947 [LEADER]: Connected to new peer: Peer: permanent_uuid: "6595e96a58d04c9b806792779a194fd4" member_type: VOTER last_known_addr { host: "127.25.198.195" port: 43713 }, Status: LMP_MISMATCH, Last received: 0.0, Next index: 2, Last known committed idx: 1, Time since last communication: 0.000s
I20260601 13:37:46.449726 27420 consensus_queue.cc:1048] T aa56d9a01a8d454ab48d8a6535552b12 P 3c73f59c703644bc9232a01578d69947 [LEADER]: Connected to new peer: Peer: permanent_uuid: "a22f283d77094aca87ca31b5329e85da" member_type: VOTER last_known_addr { host: "127.25.198.193" port: 44565 } attrs { replace: true }, Status: LMP_MISMATCH, Last received: 0.0, Next index: 2, Last known committed idx: 1, Time since last communication: 0.000s
I20260601 13:37:46.451524 27420 raft_consensus.cc:2955] T aa56d9a01a8d454ab48d8a6535552b12 P 3c73f59c703644bc9232a01578d69947 [term 1 LEADER]: Committing config change with OpId 1.2: config changed from index -1 to 2, NON_VOTER 7b91f7284c9149e08c0dcfec334766dc (127.25.198.196) added. New config: { opid_index: 2 OBSOLETE_local: false peers { permanent_uuid: "a22f283d77094aca87ca31b5329e85da" member_type: VOTER last_known_addr { host: "127.25.198.193" port: 44565 } attrs { replace: true } } peers { permanent_uuid: "6595e96a58d04c9b806792779a194fd4" member_type: VOTER last_known_addr { host: "127.25.198.195" port: 43713 } } peers { permanent_uuid: "3c73f59c703644bc9232a01578d69947" member_type: VOTER last_known_addr { host: "127.25.198.194" port: 42937 } } peers { permanent_uuid: "7b91f7284c9149e08c0dcfec334766dc" member_type: NON_VOTER last_known_addr { host: "127.25.198.196" port: 36693 } attrs { promote: true } } }
I20260601 13:37:46.451821 27064 raft_consensus.cc:2955] T aa56d9a01a8d454ab48d8a6535552b12 P a22f283d77094aca87ca31b5329e85da [term 1 FOLLOWER]: Committing config change with OpId 1.2: config changed from index -1 to 2, NON_VOTER 7b91f7284c9149e08c0dcfec334766dc (127.25.198.196) added. New config: { opid_index: 2 OBSOLETE_local: false peers { permanent_uuid: "a22f283d77094aca87ca31b5329e85da" member_type: VOTER last_known_addr { host: "127.25.198.193" port: 44565 } attrs { replace: true } } peers { permanent_uuid: "6595e96a58d04c9b806792779a194fd4" member_type: VOTER last_known_addr { host: "127.25.198.195" port: 43713 } } peers { permanent_uuid: "3c73f59c703644bc9232a01578d69947" member_type: VOTER last_known_addr { host: "127.25.198.194" port: 42937 } } peers { permanent_uuid: "7b91f7284c9149e08c0dcfec334766dc" member_type: NON_VOTER last_known_addr { host: "127.25.198.196" port: 36693 } attrs { promote: true } } }
I20260601 13:37:46.453398 27214 raft_consensus.cc:2955] T aa56d9a01a8d454ab48d8a6535552b12 P 6595e96a58d04c9b806792779a194fd4 [term 1 FOLLOWER]: Committing config change with OpId 1.2: config changed from index -1 to 2, NON_VOTER 7b91f7284c9149e08c0dcfec334766dc (127.25.198.196) added. New config: { opid_index: 2 OBSOLETE_local: false peers { permanent_uuid: "a22f283d77094aca87ca31b5329e85da" member_type: VOTER last_known_addr { host: "127.25.198.193" port: 44565 } attrs { replace: true } } peers { permanent_uuid: "6595e96a58d04c9b806792779a194fd4" member_type: VOTER last_known_addr { host: "127.25.198.195" port: 43713 } } peers { permanent_uuid: "3c73f59c703644bc9232a01578d69947" member_type: VOTER last_known_addr { host: "127.25.198.194" port: 42937 } } peers { permanent_uuid: "7b91f7284c9149e08c0dcfec334766dc" member_type: NON_VOTER last_known_addr { host: "127.25.198.196" port: 36693 } attrs { promote: true } } }
I20260601 13:37:46.454077 26960 catalog_manager.cc:5696] T aa56d9a01a8d454ab48d8a6535552b12 P 3c73f59c703644bc9232a01578d69947 reported cstate change: config changed from index -1 to 2, NON_VOTER 7b91f7284c9149e08c0dcfec334766dc (127.25.198.196) added. New cstate: current_term: 1 leader_uuid: "3c73f59c703644bc9232a01578d69947" committed_config { opid_index: 2 OBSOLETE_local: false peers { permanent_uuid: "a22f283d77094aca87ca31b5329e85da" member_type: VOTER last_known_addr { host: "127.25.198.193" port: 44565 } attrs { replace: true } health_report { overall_health: HEALTHY } } peers { permanent_uuid: "6595e96a58d04c9b806792779a194fd4" member_type: VOTER last_known_addr { host: "127.25.198.195" port: 43713 } health_report { overall_health: HEALTHY } } peers { permanent_uuid: "3c73f59c703644bc9232a01578d69947" member_type: VOTER last_known_addr { host: "127.25.198.194" port: 42937 } health_report { overall_health: HEALTHY } } peers { permanent_uuid: "7b91f7284c9149e08c0dcfec334766dc" member_type: NON_VOTER last_known_addr { host: "127.25.198.196" port: 36693 } attrs { promote: true } health_report { overall_health: UNKNOWN } } }
I20260601 13:37:46.454645 27140 consensus_queue.cc:237] T 7a5828d88b984b7f89327241245c705d P 3c73f59c703644bc9232a01578d69947 [LEADER]: Queue going to LEADER mode. State: All replicated index: 0, Majority replicated index: 1, Committed index: 1, Last appended: 1.1, Last appended by leader: 0, Current term: 1, Majority size: 2, State: 0, Mode: LEADER, active raft config: opid_index: 2 OBSOLETE_local: false peers { permanent_uuid: "a22f283d77094aca87ca31b5329e85da" member_type: VOTER last_known_addr { host: "127.25.198.193" port: 44565 } } peers { permanent_uuid: "3c73f59c703644bc9232a01578d69947" member_type: VOTER last_known_addr { host: "127.25.198.194" port: 42937 } } peers { permanent_uuid: "6595e96a58d04c9b806792779a194fd4" member_type: VOTER last_known_addr { host: "127.25.198.195" port: 43713 } attrs { replace: true } } peers { permanent_uuid: "7b91f7284c9149e08c0dcfec334766dc" member_type: NON_VOTER last_known_addr { host: "127.25.198.196" port: 36693 } attrs { promote: true } }
W20260601 13:37:46.455788 27106 consensus_peers.cc:597] T aa56d9a01a8d454ab48d8a6535552b12 P 3c73f59c703644bc9232a01578d69947 -> Peer 7b91f7284c9149e08c0dcfec334766dc (127.25.198.196:36693): Couldn't send request to peer 7b91f7284c9149e08c0dcfec334766dc. Error code: TABLET_NOT_FOUND (6). Status: Not found: Tablet not found: aa56d9a01a8d454ab48d8a6535552b12. This is attempt 1: this message will repeat every 5th retry.
I20260601 13:37:46.456040 27064 raft_consensus.cc:1275] T 7a5828d88b984b7f89327241245c705d P a22f283d77094aca87ca31b5329e85da [term 1 FOLLOWER]: Refusing update from remote peer 3c73f59c703644bc9232a01578d69947: Log matching property violated. Preceding OpId in replica: term: 1 index: 1. Preceding OpId from leader: term: 1 index: 2. (index mismatch)
I20260601 13:37:46.456178 27214 raft_consensus.cc:1275] T 7a5828d88b984b7f89327241245c705d P 6595e96a58d04c9b806792779a194fd4 [term 1 FOLLOWER]: Refusing update from remote peer 3c73f59c703644bc9232a01578d69947: Log matching property violated. Preceding OpId in replica: term: 1 index: 1. Preceding OpId from leader: term: 1 index: 2. (index mismatch)
W20260601 13:37:46.456411 27106 consensus_peers.cc:597] T 7a5828d88b984b7f89327241245c705d P 3c73f59c703644bc9232a01578d69947 -> Peer 7b91f7284c9149e08c0dcfec334766dc (127.25.198.196:36693): Couldn't send request to peer 7b91f7284c9149e08c0dcfec334766dc. Error code: TABLET_NOT_FOUND (6). Status: Not found: Tablet not found: 7a5828d88b984b7f89327241245c705d. This is attempt 1: this message will repeat every 5th retry.
I20260601 13:37:46.456465 27421 consensus_queue.cc:1048] T 7a5828d88b984b7f89327241245c705d P 3c73f59c703644bc9232a01578d69947 [LEADER]: Connected to new peer: Peer: permanent_uuid: "a22f283d77094aca87ca31b5329e85da" member_type: VOTER last_known_addr { host: "127.25.198.193" port: 44565 }, Status: LMP_MISMATCH, Last received: 0.0, Next index: 2, Last known committed idx: 1, Time since last communication: 0.000s
I20260601 13:37:46.456642 27399 consensus_queue.cc:1048] T 7a5828d88b984b7f89327241245c705d P 3c73f59c703644bc9232a01578d69947 [LEADER]: Connected to new peer: Peer: permanent_uuid: "6595e96a58d04c9b806792779a194fd4" member_type: VOTER last_known_addr { host: "127.25.198.195" port: 43713 } attrs { replace: true }, Status: LMP_MISMATCH, Last received: 0.0, Next index: 2, Last known committed idx: 1, Time since last communication: 0.000s
I20260601 13:37:46.458972 27399 raft_consensus.cc:2955] T 7a5828d88b984b7f89327241245c705d P 3c73f59c703644bc9232a01578d69947 [term 1 LEADER]: Committing config change with OpId 1.2: config changed from index -1 to 2, NON_VOTER 7b91f7284c9149e08c0dcfec334766dc (127.25.198.196) added. New config: { opid_index: 2 OBSOLETE_local: false peers { permanent_uuid: "a22f283d77094aca87ca31b5329e85da" member_type: VOTER last_known_addr { host: "127.25.198.193" port: 44565 } } peers { permanent_uuid: "3c73f59c703644bc9232a01578d69947" member_type: VOTER last_known_addr { host: "127.25.198.194" port: 42937 } } peers { permanent_uuid: "6595e96a58d04c9b806792779a194fd4" member_type: VOTER last_known_addr { host: "127.25.198.195" port: 43713 } attrs { replace: true } } peers { permanent_uuid: "7b91f7284c9149e08c0dcfec334766dc" member_type: NON_VOTER last_known_addr { host: "127.25.198.196" port: 36693 } attrs { promote: true } } }
I20260601 13:37:46.459347 27214 raft_consensus.cc:2955] T 7a5828d88b984b7f89327241245c705d P 6595e96a58d04c9b806792779a194fd4 [term 1 FOLLOWER]: Committing config change with OpId 1.2: config changed from index -1 to 2, NON_VOTER 7b91f7284c9149e08c0dcfec334766dc (127.25.198.196) added. New config: { opid_index: 2 OBSOLETE_local: false peers { permanent_uuid: "a22f283d77094aca87ca31b5329e85da" member_type: VOTER last_known_addr { host: "127.25.198.193" port: 44565 } } peers { permanent_uuid: "3c73f59c703644bc9232a01578d69947" member_type: VOTER last_known_addr { host: "127.25.198.194" port: 42937 } } peers { permanent_uuid: "6595e96a58d04c9b806792779a194fd4" member_type: VOTER last_known_addr { host: "127.25.198.195" port: 43713 } attrs { replace: true } } peers { permanent_uuid: "7b91f7284c9149e08c0dcfec334766dc" member_type: NON_VOTER last_known_addr { host: "127.25.198.196" port: 36693 } attrs { promote: true } } }
I20260601 13:37:46.459627 27064 raft_consensus.cc:2955] T 7a5828d88b984b7f89327241245c705d P a22f283d77094aca87ca31b5329e85da [term 1 FOLLOWER]: Committing config change with OpId 1.2: config changed from index -1 to 2, NON_VOTER 7b91f7284c9149e08c0dcfec334766dc (127.25.198.196) added. New config: { opid_index: 2 OBSOLETE_local: false peers { permanent_uuid: "a22f283d77094aca87ca31b5329e85da" member_type: VOTER last_known_addr { host: "127.25.198.193" port: 44565 } } peers { permanent_uuid: "3c73f59c703644bc9232a01578d69947" member_type: VOTER last_known_addr { host: "127.25.198.194" port: 42937 } } peers { permanent_uuid: "6595e96a58d04c9b806792779a194fd4" member_type: VOTER last_known_addr { host: "127.25.198.195" port: 43713 } attrs { replace: true } } peers { permanent_uuid: "7b91f7284c9149e08c0dcfec334766dc" member_type: NON_VOTER last_known_addr { host: "127.25.198.196" port: 36693 } attrs { promote: true } } }
I20260601 13:37:46.461663 26961 catalog_manager.cc:5696] T 7a5828d88b984b7f89327241245c705d P a22f283d77094aca87ca31b5329e85da reported cstate change: config changed from index -1 to 2, NON_VOTER 7b91f7284c9149e08c0dcfec334766dc (127.25.198.196) added. New cstate: current_term: 1 leader_uuid: "3c73f59c703644bc9232a01578d69947" committed_config { opid_index: 2 OBSOLETE_local: false peers { permanent_uuid: "a22f283d77094aca87ca31b5329e85da" member_type: VOTER last_known_addr { host: "127.25.198.193" port: 44565 } } peers { permanent_uuid: "3c73f59c703644bc9232a01578d69947" member_type: VOTER last_known_addr { host: "127.25.198.194" port: 42937 } } peers { permanent_uuid: "6595e96a58d04c9b806792779a194fd4" member_type: VOTER last_known_addr { host: "127.25.198.195" port: 43713 } attrs { replace: true } } peers { permanent_uuid: "7b91f7284c9149e08c0dcfec334766dc" member_type: NON_VOTER last_known_addr { host: "127.25.198.196" port: 36693 } attrs { promote: true } } }
I20260601 13:37:46.465073 27214 consensus_queue.cc:237] T 7b110ec25c894bbdab3fdd5aa44edac1 P 6595e96a58d04c9b806792779a194fd4 [LEADER]: Queue going to LEADER mode. State: All replicated index: 0, Majority replicated index: 2, Committed index: 2, Last appended: 2.2, Last appended by leader: 1, Current term: 2, Majority size: 2, State: 0, Mode: LEADER, active raft config: opid_index: 3 OBSOLETE_local: false peers { permanent_uuid: "a22f283d77094aca87ca31b5329e85da" member_type: VOTER last_known_addr { host: "127.25.198.193" port: 44565 } } peers { permanent_uuid: "3c73f59c703644bc9232a01578d69947" member_type: VOTER last_known_addr { host: "127.25.198.194" port: 42937 } attrs { replace: true } } peers { permanent_uuid: "6595e96a58d04c9b806792779a194fd4" member_type: VOTER last_known_addr { host: "127.25.198.195" port: 43713 } } peers { permanent_uuid: "7b91f7284c9149e08c0dcfec334766dc" member_type: NON_VOTER last_known_addr { host: "127.25.198.196" port: 36693 } attrs { promote: true } }
I20260601 13:37:46.466619 27064 raft_consensus.cc:1275] T 7b110ec25c894bbdab3fdd5aa44edac1 P a22f283d77094aca87ca31b5329e85da [term 2 FOLLOWER]: Refusing update from remote peer 6595e96a58d04c9b806792779a194fd4: Log matching property violated. Preceding OpId in replica: term: 2 index: 2. Preceding OpId from leader: term: 2 index: 3. (index mismatch)
I20260601 13:37:46.466629 27140 raft_consensus.cc:1275] T 7b110ec25c894bbdab3fdd5aa44edac1 P 3c73f59c703644bc9232a01578d69947 [term 2 FOLLOWER]: Refusing update from remote peer 6595e96a58d04c9b806792779a194fd4: Log matching property violated. Preceding OpId in replica: term: 2 index: 2. Preceding OpId from leader: term: 2 index: 3. (index mismatch)
I20260601 13:37:46.466956 27436 consensus_queue.cc:1048] T 7b110ec25c894bbdab3fdd5aa44edac1 P 6595e96a58d04c9b806792779a194fd4 [LEADER]: Connected to new peer: Peer: permanent_uuid: "a22f283d77094aca87ca31b5329e85da" member_type: VOTER last_known_addr { host: "127.25.198.193" port: 44565 }, Status: LMP_MISMATCH, Last received: 0.0, Next index: 3, Last known committed idx: 2, Time since last communication: 0.000s
I20260601 13:37:46.467139 27435 consensus_queue.cc:1048] T 7b110ec25c894bbdab3fdd5aa44edac1 P 6595e96a58d04c9b806792779a194fd4 [LEADER]: Connected to new peer: Peer: permanent_uuid: "3c73f59c703644bc9232a01578d69947" member_type: VOTER last_known_addr { host: "127.25.198.194" port: 42937 } attrs { replace: true }, Status: LMP_MISMATCH, Last received: 0.0, Next index: 3, Last known committed idx: 2, Time since last communication: 0.000s
I20260601 13:37:46.468827 27435 raft_consensus.cc:2955] T 7b110ec25c894bbdab3fdd5aa44edac1 P 6595e96a58d04c9b806792779a194fd4 [term 2 LEADER]: Committing config change with OpId 2.3: config changed from index -1 to 3, NON_VOTER 7b91f7284c9149e08c0dcfec334766dc (127.25.198.196) added. New config: { opid_index: 3 OBSOLETE_local: false peers { permanent_uuid: "a22f283d77094aca87ca31b5329e85da" member_type: VOTER last_known_addr { host: "127.25.198.193" port: 44565 } } peers { permanent_uuid: "3c73f59c703644bc9232a01578d69947" member_type: VOTER last_known_addr { host: "127.25.198.194" port: 42937 } attrs { replace: true } } peers { permanent_uuid: "6595e96a58d04c9b806792779a194fd4" member_type: VOTER last_known_addr { host: "127.25.198.195" port: 43713 } } peers { permanent_uuid: "7b91f7284c9149e08c0dcfec334766dc" member_type: NON_VOTER last_known_addr { host: "127.25.198.196" port: 36693 } attrs { promote: true } } }
W20260601 13:37:46.470163 27181 consensus_peers.cc:597] T 7b110ec25c894bbdab3fdd5aa44edac1 P 6595e96a58d04c9b806792779a194fd4 -> Peer 7b91f7284c9149e08c0dcfec334766dc (127.25.198.196:36693): Couldn't send request to peer 7b91f7284c9149e08c0dcfec334766dc. Error code: TABLET_NOT_FOUND (6). Status: Not found: Tablet not found: 7b110ec25c894bbdab3fdd5aa44edac1. This is attempt 1: this message will repeat every 5th retry.
I20260601 13:37:46.470988 27064 raft_consensus.cc:2955] T 7b110ec25c894bbdab3fdd5aa44edac1 P a22f283d77094aca87ca31b5329e85da [term 2 FOLLOWER]: Committing config change with OpId 2.3: config changed from index -1 to 3, NON_VOTER 7b91f7284c9149e08c0dcfec334766dc (127.25.198.196) added. New config: { opid_index: 3 OBSOLETE_local: false peers { permanent_uuid: "a22f283d77094aca87ca31b5329e85da" member_type: VOTER last_known_addr { host: "127.25.198.193" port: 44565 } } peers { permanent_uuid: "3c73f59c703644bc9232a01578d69947" member_type: VOTER last_known_addr { host: "127.25.198.194" port: 42937 } attrs { replace: true } } peers { permanent_uuid: "6595e96a58d04c9b806792779a194fd4" member_type: VOTER last_known_addr { host: "127.25.198.195" port: 43713 } } peers { permanent_uuid: "7b91f7284c9149e08c0dcfec334766dc" member_type: NON_VOTER last_known_addr { host: "127.25.198.196" port: 36693 } attrs { promote: true } } }
I20260601 13:37:46.471246 26959 catalog_manager.cc:5696] T 7b110ec25c894bbdab3fdd5aa44edac1 P 6595e96a58d04c9b806792779a194fd4 reported cstate change: config changed from index -1 to 3, NON_VOTER 7b91f7284c9149e08c0dcfec334766dc (127.25.198.196) added. New cstate: current_term: 2 leader_uuid: "6595e96a58d04c9b806792779a194fd4" committed_config { opid_index: 3 OBSOLETE_local: false peers { permanent_uuid: "a22f283d77094aca87ca31b5329e85da" member_type: VOTER last_known_addr { host: "127.25.198.193" port: 44565 } health_report { overall_health: HEALTHY } } peers { permanent_uuid: "3c73f59c703644bc9232a01578d69947" member_type: VOTER last_known_addr { host: "127.25.198.194" port: 42937 } attrs { replace: true } health_report { overall_health: UNKNOWN } } peers { permanent_uuid: "6595e96a58d04c9b806792779a194fd4" member_type: VOTER last_known_addr { host: "127.25.198.195" port: 43713 } health_report { overall_health: HEALTHY } } peers { permanent_uuid: "7b91f7284c9149e08c0dcfec334766dc" member_type: NON_VOTER last_known_addr { host: "127.25.198.196" port: 36693 } attrs { promote: true } health_report { overall_health: UNKNOWN } } }
I20260601 13:37:46.471366 27140 raft_consensus.cc:2955] T 7b110ec25c894bbdab3fdd5aa44edac1 P 3c73f59c703644bc9232a01578d69947 [term 2 FOLLOWER]: Committing config change with OpId 2.3: config changed from index -1 to 3, NON_VOTER 7b91f7284c9149e08c0dcfec334766dc (127.25.198.196) added. New config: { opid_index: 3 OBSOLETE_local: false peers { permanent_uuid: "a22f283d77094aca87ca31b5329e85da" member_type: VOTER last_known_addr { host: "127.25.198.193" port: 44565 } } peers { permanent_uuid: "3c73f59c703644bc9232a01578d69947" member_type: VOTER last_known_addr { host: "127.25.198.194" port: 42937 } attrs { replace: true } } peers { permanent_uuid: "6595e96a58d04c9b806792779a194fd4" member_type: VOTER last_known_addr { host: "127.25.198.195" port: 43713 } } peers { permanent_uuid: "7b91f7284c9149e08c0dcfec334766dc" member_type: NON_VOTER last_known_addr { host: "127.25.198.196" port: 36693 } attrs { promote: true } } }
I20260601 13:37:46.473657 27214 consensus_queue.cc:237] T 1354dfe074604501afc47e92f6024d0f P 6595e96a58d04c9b806792779a194fd4 [LEADER]: Queue going to LEADER mode. State: All replicated index: 0, Majority replicated index: 1, Committed index: 1, Last appended: 1.1, Last appended by leader: 0, Current term: 1, Majority size: 2, State: 0, Mode: LEADER, active raft config: opid_index: 2 OBSOLETE_local: false peers { permanent_uuid: "a22f283d77094aca87ca31b5329e85da" member_type: VOTER last_known_addr { host: "127.25.198.193" port: 44565 } attrs { replace: true } } peers { permanent_uuid: "3c73f59c703644bc9232a01578d69947" member_type: VOTER last_known_addr { host: "127.25.198.194" port: 42937 } } peers { permanent_uuid: "6595e96a58d04c9b806792779a194fd4" member_type: VOTER last_known_addr { host: "127.25.198.195" port: 43713 } } peers { permanent_uuid: "7b91f7284c9149e08c0dcfec334766dc" member_type: NON_VOTER last_known_addr { host: "127.25.198.196" port: 36693 } attrs { promote: true } }
I20260601 13:37:46.474918 27140 raft_consensus.cc:1275] T 1354dfe074604501afc47e92f6024d0f P 3c73f59c703644bc9232a01578d69947 [term 1 FOLLOWER]: Refusing update from remote peer 6595e96a58d04c9b806792779a194fd4: Log matching property violated. Preceding OpId in replica: term: 1 index: 1. Preceding OpId from leader: term: 1 index: 2. (index mismatch)
I20260601 13:37:46.474948 27064 raft_consensus.cc:1275] T 1354dfe074604501afc47e92f6024d0f P a22f283d77094aca87ca31b5329e85da [term 1 FOLLOWER]: Refusing update from remote peer 6595e96a58d04c9b806792779a194fd4: Log matching property violated. Preceding OpId in replica: term: 1 index: 1. Preceding OpId from leader: term: 1 index: 2. (index mismatch)
I20260601 13:37:46.475337 27416 consensus_queue.cc:1048] T 1354dfe074604501afc47e92f6024d0f P 6595e96a58d04c9b806792779a194fd4 [LEADER]: Connected to new peer: Peer: permanent_uuid: "3c73f59c703644bc9232a01578d69947" member_type: VOTER last_known_addr { host: "127.25.198.194" port: 42937 }, Status: LMP_MISMATCH, Last received: 0.0, Next index: 2, Last known committed idx: 1, Time since last communication: 0.000s
W20260601 13:37:46.475687 27181 consensus_peers.cc:597] T 1354dfe074604501afc47e92f6024d0f P 6595e96a58d04c9b806792779a194fd4 -> Peer 7b91f7284c9149e08c0dcfec334766dc (127.25.198.196:36693): Couldn't send request to peer 7b91f7284c9149e08c0dcfec334766dc. Error code: TABLET_NOT_FOUND (6). Status: Not found: Tablet not found: 1354dfe074604501afc47e92f6024d0f. This is attempt 1: this message will repeat every 5th retry.
I20260601 13:37:46.475718 27416 consensus_queue.cc:1048] T 1354dfe074604501afc47e92f6024d0f P 6595e96a58d04c9b806792779a194fd4 [LEADER]: Connected to new peer: Peer: permanent_uuid: "a22f283d77094aca87ca31b5329e85da" member_type: VOTER last_known_addr { host: "127.25.198.193" port: 44565 } attrs { replace: true }, Status: LMP_MISMATCH, Last received: 0.0, Next index: 2, Last known committed idx: 1, Time since last communication: 0.000s
I20260601 13:37:46.477540 27435 raft_consensus.cc:2955] T 1354dfe074604501afc47e92f6024d0f P 6595e96a58d04c9b806792779a194fd4 [term 1 LEADER]: Committing config change with OpId 1.2: config changed from index -1 to 2, NON_VOTER 7b91f7284c9149e08c0dcfec334766dc (127.25.198.196) added. New config: { opid_index: 2 OBSOLETE_local: false peers { permanent_uuid: "a22f283d77094aca87ca31b5329e85da" member_type: VOTER last_known_addr { host: "127.25.198.193" port: 44565 } attrs { replace: true } } peers { permanent_uuid: "3c73f59c703644bc9232a01578d69947" member_type: VOTER last_known_addr { host: "127.25.198.194" port: 42937 } } peers { permanent_uuid: "6595e96a58d04c9b806792779a194fd4" member_type: VOTER last_known_addr { host: "127.25.198.195" port: 43713 } } peers { permanent_uuid: "7b91f7284c9149e08c0dcfec334766dc" member_type: NON_VOTER last_known_addr { host: "127.25.198.196" port: 36693 } attrs { promote: true } } }
I20260601 13:37:46.477955 27064 raft_consensus.cc:2955] T 1354dfe074604501afc47e92f6024d0f P a22f283d77094aca87ca31b5329e85da [term 1 FOLLOWER]: Committing config change with OpId 1.2: config changed from index -1 to 2, NON_VOTER 7b91f7284c9149e08c0dcfec334766dc (127.25.198.196) added. New config: { opid_index: 2 OBSOLETE_local: false peers { permanent_uuid: "a22f283d77094aca87ca31b5329e85da" member_type: VOTER last_known_addr { host: "127.25.198.193" port: 44565 } attrs { replace: true } } peers { permanent_uuid: "3c73f59c703644bc9232a01578d69947" member_type: VOTER last_known_addr { host: "127.25.198.194" port: 42937 } } peers { permanent_uuid: "6595e96a58d04c9b806792779a194fd4" member_type: VOTER last_known_addr { host: "127.25.198.195" port: 43713 } } peers { permanent_uuid: "7b91f7284c9149e08c0dcfec334766dc" member_type: NON_VOTER last_known_addr { host: "127.25.198.196" port: 36693 } attrs { promote: true } } }
I20260601 13:37:46.478421 27140 raft_consensus.cc:2955] T 1354dfe074604501afc47e92f6024d0f P 3c73f59c703644bc9232a01578d69947 [term 1 FOLLOWER]: Committing config change with OpId 1.2: config changed from index -1 to 2, NON_VOTER 7b91f7284c9149e08c0dcfec334766dc (127.25.198.196) added. New config: { opid_index: 2 OBSOLETE_local: false peers { permanent_uuid: "a22f283d77094aca87ca31b5329e85da" member_type: VOTER last_known_addr { host: "127.25.198.193" port: 44565 } attrs { replace: true } } peers { permanent_uuid: "3c73f59c703644bc9232a01578d69947" member_type: VOTER last_known_addr { host: "127.25.198.194" port: 42937 } } peers { permanent_uuid: "6595e96a58d04c9b806792779a194fd4" member_type: VOTER last_known_addr { host: "127.25.198.195" port: 43713 } } peers { permanent_uuid: "7b91f7284c9149e08c0dcfec334766dc" member_type: NON_VOTER last_known_addr { host: "127.25.198.196" port: 36693 } attrs { promote: true } } }
I20260601 13:37:46.479992 26961 catalog_manager.cc:5696] T 1354dfe074604501afc47e92f6024d0f P 6595e96a58d04c9b806792779a194fd4 reported cstate change: config changed from index -1 to 2, NON_VOTER 7b91f7284c9149e08c0dcfec334766dc (127.25.198.196) added. New cstate: current_term: 1 leader_uuid: "6595e96a58d04c9b806792779a194fd4" committed_config { opid_index: 2 OBSOLETE_local: false peers { permanent_uuid: "a22f283d77094aca87ca31b5329e85da" member_type: VOTER last_known_addr { host: "127.25.198.193" port: 44565 } attrs { replace: true } health_report { overall_health: HEALTHY } } peers { permanent_uuid: "3c73f59c703644bc9232a01578d69947" member_type: VOTER last_known_addr { host: "127.25.198.194" port: 42937 } health_report { overall_health: HEALTHY } } peers { permanent_uuid: "6595e96a58d04c9b806792779a194fd4" member_type: VOTER last_known_addr { host: "127.25.198.195" port: 43713 } health_report { overall_health: HEALTHY } } peers { permanent_uuid: "7b91f7284c9149e08c0dcfec334766dc" member_type: NON_VOTER last_known_addr { host: "127.25.198.196" port: 36693 } attrs { promote: true } health_report { overall_health: UNKNOWN } } }
I20260601 13:37:46.884836 27444 ts_tablet_manager.cc:933] T aa56d9a01a8d454ab48d8a6535552b12 P 7b91f7284c9149e08c0dcfec334766dc: Initiating tablet copy from peer 3c73f59c703644bc9232a01578d69947 (127.25.198.194:42937)
I20260601 13:37:46.885522 27444 tablet_copy_client.cc:323] T aa56d9a01a8d454ab48d8a6535552b12 P 7b91f7284c9149e08c0dcfec334766dc: tablet copy: Beginning tablet copy session from remote peer at address 127.25.198.194:42937
I20260601 13:37:46.889716 27150 tablet_copy_service.cc:140] P 3c73f59c703644bc9232a01578d69947: Received BeginTabletCopySession request for tablet aa56d9a01a8d454ab48d8a6535552b12 from peer 7b91f7284c9149e08c0dcfec334766dc ({username='slave'} at 127.0.0.1:32884)
I20260601 13:37:46.889880 27150 tablet_copy_service.cc:161] P 3c73f59c703644bc9232a01578d69947: Beginning new tablet copy session on tablet aa56d9a01a8d454ab48d8a6535552b12 from peer 7b91f7284c9149e08c0dcfec334766dc at {username='slave'} at 127.0.0.1:32884: session id = 7b91f7284c9149e08c0dcfec334766dc-aa56d9a01a8d454ab48d8a6535552b12
I20260601 13:37:46.891237 27150 tablet_copy_source_session.cc:215] T aa56d9a01a8d454ab48d8a6535552b12 P 3c73f59c703644bc9232a01578d69947: Tablet Copy: opened 0 blocks and 1 log segments
I20260601 13:37:46.892756 27444 data_dirs.cc:400] Could only allocate 1 dirs of requested 3 for tablet aa56d9a01a8d454ab48d8a6535552b12. 1 dirs total, 0 dirs full, 0 dirs failed
I20260601 13:37:46.895212 27444 tablet_copy_client.cc:806] T aa56d9a01a8d454ab48d8a6535552b12 P 7b91f7284c9149e08c0dcfec334766dc: tablet copy: Starting download of 0 data blocks...
I20260601 13:37:46.895411 27444 tablet_copy_client.cc:670] T aa56d9a01a8d454ab48d8a6535552b12 P 7b91f7284c9149e08c0dcfec334766dc: tablet copy: Starting download of 1 WAL segments...
I20260601 13:37:46.897092 27444 tablet_copy_client.cc:538] T aa56d9a01a8d454ab48d8a6535552b12 P 7b91f7284c9149e08c0dcfec334766dc: tablet copy: Tablet Copy complete. Replacing tablet superblock.
I20260601 13:37:46.898905 27444 tablet_bootstrap.cc:492] T aa56d9a01a8d454ab48d8a6535552b12 P 7b91f7284c9149e08c0dcfec334766dc: Bootstrap starting.
I20260601 13:37:46.904081 27444 tablet_bootstrap.cc:492] T aa56d9a01a8d454ab48d8a6535552b12 P 7b91f7284c9149e08c0dcfec334766dc: Bootstrap replayed 1/1 log segments. Stats: ops{read=2 overwritten=0 applied=2 ignored=0} inserts{seen=0 ignored=0} mutations{seen=0 ignored=0} orphaned_commits=0. Pending: 0 replicates
I20260601 13:37:46.904400 27444 tablet_bootstrap.cc:492] T aa56d9a01a8d454ab48d8a6535552b12 P 7b91f7284c9149e08c0dcfec334766dc: Bootstrap complete.
I20260601 13:37:46.904565 27444 ts_tablet_manager.cc:1403] T aa56d9a01a8d454ab48d8a6535552b12 P 7b91f7284c9149e08c0dcfec334766dc: Time spent bootstrapping tablet: real 0.006s	user 0.006s	sys 0.000s
I20260601 13:37:46.905047 27444 raft_consensus.cc:359] T aa56d9a01a8d454ab48d8a6535552b12 P 7b91f7284c9149e08c0dcfec334766dc [term 1 LEARNER]: Replica starting. Triggering 0 pending ops. Active config: opid_index: 2 OBSOLETE_local: false peers { permanent_uuid: "a22f283d77094aca87ca31b5329e85da" member_type: VOTER last_known_addr { host: "127.25.198.193" port: 44565 } attrs { replace: true } } peers { permanent_uuid: "6595e96a58d04c9b806792779a194fd4" member_type: VOTER last_known_addr { host: "127.25.198.195" port: 43713 } } peers { permanent_uuid: "3c73f59c703644bc9232a01578d69947" member_type: VOTER last_known_addr { host: "127.25.198.194" port: 42937 } } peers { permanent_uuid: "7b91f7284c9149e08c0dcfec334766dc" member_type: NON_VOTER last_known_addr { host: "127.25.198.196" port: 36693 } attrs { promote: true } }
I20260601 13:37:46.905184 27444 raft_consensus.cc:740] T aa56d9a01a8d454ab48d8a6535552b12 P 7b91f7284c9149e08c0dcfec334766dc [term 1 LEARNER]: Becoming Follower/Learner. State: Replica: 7b91f7284c9149e08c0dcfec334766dc, State: Initialized, Role: LEARNER
I20260601 13:37:46.905287 27444 consensus_queue.cc:260] T aa56d9a01a8d454ab48d8a6535552b12 P 7b91f7284c9149e08c0dcfec334766dc [NON_LEADER]: Queue going to NON_LEADER mode. State: All replicated index: 0, Majority replicated index: 0, Committed index: 2, Last appended: 1.2, Last appended by leader: 2, Current term: 0, Majority size: -1, State: 0, Mode: NON_LEADER, active raft config: opid_index: 2 OBSOLETE_local: false peers { permanent_uuid: "a22f283d77094aca87ca31b5329e85da" member_type: VOTER last_known_addr { host: "127.25.198.193" port: 44565 } attrs { replace: true } } peers { permanent_uuid: "6595e96a58d04c9b806792779a194fd4" member_type: VOTER last_known_addr { host: "127.25.198.195" port: 43713 } } peers { permanent_uuid: "3c73f59c703644bc9232a01578d69947" member_type: VOTER last_known_addr { host: "127.25.198.194" port: 42937 } } peers { permanent_uuid: "7b91f7284c9149e08c0dcfec334766dc" member_type: NON_VOTER last_known_addr { host: "127.25.198.196" port: 36693 } attrs { promote: true } }
I20260601 13:37:46.905671 27444 ts_tablet_manager.cc:1434] T aa56d9a01a8d454ab48d8a6535552b12 P 7b91f7284c9149e08c0dcfec334766dc: Time spent starting tablet: real 0.001s	user 0.002s	sys 0.000s
I20260601 13:37:46.906251 27150 tablet_copy_service.cc:342] P 3c73f59c703644bc9232a01578d69947: Request end of tablet copy session 7b91f7284c9149e08c0dcfec334766dc-aa56d9a01a8d454ab48d8a6535552b12 received from {username='slave'} at 127.0.0.1:32884
I20260601 13:37:46.906368 27150 tablet_copy_service.cc:434] P 3c73f59c703644bc9232a01578d69947: ending tablet copy session 7b91f7284c9149e08c0dcfec334766dc-aa56d9a01a8d454ab48d8a6535552b12 on tablet aa56d9a01a8d454ab48d8a6535552b12 with peer 7b91f7284c9149e08c0dcfec334766dc
I20260601 13:37:46.913594 26395 tablet_server.cc:179] TabletServer@127.25.198.193:0 shutting down...
I20260601 13:37:46.918182 26395 ts_tablet_manager.cc:1507] Shutting down tablet manager...
I20260601 13:37:46.918409 26395 tablet_replica.cc:333] T da59f08947644af096bc0baf7198440a P a22f283d77094aca87ca31b5329e85da: stopping tablet replica
I20260601 13:37:46.918567 26395 raft_consensus.cc:2243] T da59f08947644af096bc0baf7198440a P a22f283d77094aca87ca31b5329e85da [term 1 LEADER]: Raft consensus shutting down.
I20260601 13:37:46.918809 26395 raft_consensus.cc:2272] T da59f08947644af096bc0baf7198440a P a22f283d77094aca87ca31b5329e85da [term 1 FOLLOWER]: Raft consensus is shut down!
I20260601 13:37:46.919373 26395 tablet_replica.cc:333] T 1354dfe074604501afc47e92f6024d0f P a22f283d77094aca87ca31b5329e85da: stopping tablet replica
I20260601 13:37:46.919492 26395 raft_consensus.cc:2243] T 1354dfe074604501afc47e92f6024d0f P a22f283d77094aca87ca31b5329e85da [term 1 FOLLOWER]: Raft consensus shutting down.
I20260601 13:37:46.919615 26395 raft_consensus.cc:2272] T 1354dfe074604501afc47e92f6024d0f P a22f283d77094aca87ca31b5329e85da [term 1 FOLLOWER]: Raft consensus is shut down!
I20260601 13:37:46.920136 26395 tablet_replica.cc:333] T 7b110ec25c894bbdab3fdd5aa44edac1 P a22f283d77094aca87ca31b5329e85da: stopping tablet replica
I20260601 13:37:46.920251 26395 raft_consensus.cc:2243] T 7b110ec25c894bbdab3fdd5aa44edac1 P a22f283d77094aca87ca31b5329e85da [term 2 FOLLOWER]: Raft consensus shutting down.
I20260601 13:37:46.920378 26395 raft_consensus.cc:2272] T 7b110ec25c894bbdab3fdd5aa44edac1 P a22f283d77094aca87ca31b5329e85da [term 2 FOLLOWER]: Raft consensus is shut down!
I20260601 13:37:46.920852 26395 tablet_replica.cc:333] T aa56d9a01a8d454ab48d8a6535552b12 P a22f283d77094aca87ca31b5329e85da: stopping tablet replica
I20260601 13:37:46.920964 26395 raft_consensus.cc:2243] T aa56d9a01a8d454ab48d8a6535552b12 P a22f283d77094aca87ca31b5329e85da [term 1 FOLLOWER]: Raft consensus shutting down.
I20260601 13:37:46.921079 26395 raft_consensus.cc:2272] T aa56d9a01a8d454ab48d8a6535552b12 P a22f283d77094aca87ca31b5329e85da [term 1 FOLLOWER]: Raft consensus is shut down!
I20260601 13:37:46.921543 26395 tablet_replica.cc:333] T ff7128741eba45188d38d9c63d90fe9b P a22f283d77094aca87ca31b5329e85da: stopping tablet replica
I20260601 13:37:46.921650 26395 raft_consensus.cc:2243] T ff7128741eba45188d38d9c63d90fe9b P a22f283d77094aca87ca31b5329e85da [term 1 FOLLOWER]: Raft consensus shutting down.
I20260601 13:37:46.921761 26395 raft_consensus.cc:2272] T ff7128741eba45188d38d9c63d90fe9b P a22f283d77094aca87ca31b5329e85da [term 1 FOLLOWER]: Raft consensus is shut down!
I20260601 13:37:46.922055 26395 tablet_replica.cc:333] T 7a5828d88b984b7f89327241245c705d P a22f283d77094aca87ca31b5329e85da: stopping tablet replica
I20260601 13:37:46.922156 26395 raft_consensus.cc:2243] T 7a5828d88b984b7f89327241245c705d P a22f283d77094aca87ca31b5329e85da [term 1 FOLLOWER]: Raft consensus shutting down.
I20260601 13:37:46.922264 26395 raft_consensus.cc:2272] T 7a5828d88b984b7f89327241245c705d P a22f283d77094aca87ca31b5329e85da [term 1 FOLLOWER]: Raft consensus is shut down!
I20260601 13:37:46.922734 26395 tablet_replica.cc:333] T a1bb860ba9df4e33b35228025ae838cf P a22f283d77094aca87ca31b5329e85da: stopping tablet replica
I20260601 13:37:46.922837 26395 raft_consensus.cc:2243] T a1bb860ba9df4e33b35228025ae838cf P a22f283d77094aca87ca31b5329e85da [term 2 LEADER]: Raft consensus shutting down.
I20260601 13:37:46.923010 26395 raft_consensus.cc:2272] T a1bb860ba9df4e33b35228025ae838cf P a22f283d77094aca87ca31b5329e85da [term 2 FOLLOWER]: Raft consensus is shut down!
I20260601 13:37:46.923321 26395 tablet_replica.cc:333] T 4f7932c7340d4434a78f1325af81d3b8 P a22f283d77094aca87ca31b5329e85da: stopping tablet replica
I20260601 13:37:46.923420 26395 raft_consensus.cc:2243] T 4f7932c7340d4434a78f1325af81d3b8 P a22f283d77094aca87ca31b5329e85da [term 1 LEADER]: Raft consensus shutting down.
I20260601 13:37:46.923573 26395 raft_consensus.cc:2272] T 4f7932c7340d4434a78f1325af81d3b8 P a22f283d77094aca87ca31b5329e85da [term 1 FOLLOWER]: Raft consensus is shut down!
I20260601 13:37:46.926932 26395 tablet_server.cc:196] TabletServer@127.25.198.193:0 shutdown complete.
I20260601 13:37:46.929390 26395 tablet_server.cc:179] TabletServer@127.25.198.194:0 shutting down...
I20260601 13:37:46.934800 26395 ts_tablet_manager.cc:1507] Shutting down tablet manager...
I20260601 13:37:46.934995 26395 tablet_replica.cc:333] T 7b110ec25c894bbdab3fdd5aa44edac1 P 3c73f59c703644bc9232a01578d69947: stopping tablet replica
I20260601 13:37:46.935115 26395 raft_consensus.cc:2243] T 7b110ec25c894bbdab3fdd5aa44edac1 P 3c73f59c703644bc9232a01578d69947 [term 2 FOLLOWER]: Raft consensus shutting down.
I20260601 13:37:46.935230 26395 raft_consensus.cc:2272] T 7b110ec25c894bbdab3fdd5aa44edac1 P 3c73f59c703644bc9232a01578d69947 [term 2 FOLLOWER]: Raft consensus is shut down!
I20260601 13:37:46.935825 26395 tablet_replica.cc:333] T da59f08947644af096bc0baf7198440a P 3c73f59c703644bc9232a01578d69947: stopping tablet replica
I20260601 13:37:46.935936 26395 raft_consensus.cc:2243] T da59f08947644af096bc0baf7198440a P 3c73f59c703644bc9232a01578d69947 [term 1 FOLLOWER]: Raft consensus shutting down.
I20260601 13:37:46.936030 26395 raft_consensus.cc:2272] T da59f08947644af096bc0baf7198440a P 3c73f59c703644bc9232a01578d69947 [term 1 FOLLOWER]: Raft consensus is shut down!
I20260601 13:37:46.936391 26395 tablet_replica.cc:333] T ff7128741eba45188d38d9c63d90fe9b P 3c73f59c703644bc9232a01578d69947: stopping tablet replica
I20260601 13:37:46.936484 26395 raft_consensus.cc:2243] T ff7128741eba45188d38d9c63d90fe9b P 3c73f59c703644bc9232a01578d69947 [term 1 LEADER]: Raft consensus shutting down.
I20260601 13:37:46.936659 26395 raft_consensus.cc:2272] T ff7128741eba45188d38d9c63d90fe9b P 3c73f59c703644bc9232a01578d69947 [term 1 FOLLOWER]: Raft consensus is shut down!
I20260601 13:37:46.937052 26395 tablet_replica.cc:333] T aa56d9a01a8d454ab48d8a6535552b12 P 3c73f59c703644bc9232a01578d69947: stopping tablet replica
I20260601 13:37:46.937155 26395 raft_consensus.cc:2243] T aa56d9a01a8d454ab48d8a6535552b12 P 3c73f59c703644bc9232a01578d69947 [term 1 LEADER]: Raft consensus shutting down.
I20260601 13:37:46.937378 26395 raft_consensus.cc:2272] T aa56d9a01a8d454ab48d8a6535552b12 P 3c73f59c703644bc9232a01578d69947 [term 1 FOLLOWER]: Raft consensus is shut down!
I20260601 13:37:46.937844 26395 tablet_replica.cc:333] T 7a5828d88b984b7f89327241245c705d P 3c73f59c703644bc9232a01578d69947: stopping tablet replica
I20260601 13:37:46.938001 26395 raft_consensus.cc:2243] T 7a5828d88b984b7f89327241245c705d P 3c73f59c703644bc9232a01578d69947 [term 1 LEADER]: Raft consensus shutting down.
I20260601 13:37:46.938179 26395 raft_consensus.cc:2272] T 7a5828d88b984b7f89327241245c705d P 3c73f59c703644bc9232a01578d69947 [term 1 FOLLOWER]: Raft consensus is shut down!
I20260601 13:37:46.938664 26395 tablet_replica.cc:333] T 1354dfe074604501afc47e92f6024d0f P 3c73f59c703644bc9232a01578d69947: stopping tablet replica
I20260601 13:37:46.938771 26395 raft_consensus.cc:2243] T 1354dfe074604501afc47e92f6024d0f P 3c73f59c703644bc9232a01578d69947 [term 1 FOLLOWER]: Raft consensus shutting down.
I20260601 13:37:46.938861 26395 raft_consensus.cc:2272] T 1354dfe074604501afc47e92f6024d0f P 3c73f59c703644bc9232a01578d69947 [term 1 FOLLOWER]: Raft consensus is shut down!
I20260601 13:37:46.939355 26395 tablet_replica.cc:333] T a1bb860ba9df4e33b35228025ae838cf P 3c73f59c703644bc9232a01578d69947: stopping tablet replica
W20260601 13:37:46.939381 27180 proxy.cc:239] Call had error, refreshing address and retrying: Remote error: Service unavailable: service kudu.consensus.ConsensusService not registered on TabletServer [suppressed 1 similar messages]
I20260601 13:37:46.939447 26395 raft_consensus.cc:2243] T a1bb860ba9df4e33b35228025ae838cf P 3c73f59c703644bc9232a01578d69947 [term 2 FOLLOWER]: Raft consensus shutting down.
I20260601 13:37:46.939530 26395 raft_consensus.cc:2272] T a1bb860ba9df4e33b35228025ae838cf P 3c73f59c703644bc9232a01578d69947 [term 2 FOLLOWER]: Raft consensus is shut down!
I20260601 13:37:46.939893 26395 tablet_replica.cc:333] T 4f7932c7340d4434a78f1325af81d3b8 P 3c73f59c703644bc9232a01578d69947: stopping tablet replica
I20260601 13:37:46.939980 26395 raft_consensus.cc:2243] T 4f7932c7340d4434a78f1325af81d3b8 P 3c73f59c703644bc9232a01578d69947 [term 1 FOLLOWER]: Raft consensus shutting down.
I20260601 13:37:46.940068 26395 raft_consensus.cc:2272] T 4f7932c7340d4434a78f1325af81d3b8 P 3c73f59c703644bc9232a01578d69947 [term 1 FOLLOWER]: Raft consensus is shut down!
W20260601 13:37:46.940140 27180 consensus_peers.cc:597] T 1354dfe074604501afc47e92f6024d0f P 6595e96a58d04c9b806792779a194fd4 -> Peer 3c73f59c703644bc9232a01578d69947 (127.25.198.194:42937): Couldn't send request to peer 3c73f59c703644bc9232a01578d69947. Status: Remote error: Service unavailable: service kudu.consensus.ConsensusService not registered on TabletServer. This is attempt 1: this message will repeat every 5th retry.
I20260601 13:37:46.954035 26395 tablet_server.cc:196] TabletServer@127.25.198.194:0 shutdown complete.
I20260601 13:37:46.956609 26395 tablet_server.cc:179] TabletServer@127.25.198.195:0 shutting down...
I20260601 13:37:46.961732 26395 ts_tablet_manager.cc:1507] Shutting down tablet manager...
I20260601 13:37:46.961930 26395 tablet_replica.cc:333] T 7b110ec25c894bbdab3fdd5aa44edac1 P 6595e96a58d04c9b806792779a194fd4: stopping tablet replica
I20260601 13:37:46.962059 26395 raft_consensus.cc:2243] T 7b110ec25c894bbdab3fdd5aa44edac1 P 6595e96a58d04c9b806792779a194fd4 [term 2 LEADER]: Raft consensus shutting down.
I20260601 13:37:46.962302 26395 raft_consensus.cc:2272] T 7b110ec25c894bbdab3fdd5aa44edac1 P 6595e96a58d04c9b806792779a194fd4 [term 2 FOLLOWER]: Raft consensus is shut down!
I20260601 13:37:46.962890 26395 tablet_replica.cc:333] T da59f08947644af096bc0baf7198440a P 6595e96a58d04c9b806792779a194fd4: stopping tablet replica
I20260601 13:37:46.962998 26395 raft_consensus.cc:2243] T da59f08947644af096bc0baf7198440a P 6595e96a58d04c9b806792779a194fd4 [term 1 FOLLOWER]: Raft consensus shutting down.
I20260601 13:37:46.963090 26395 raft_consensus.cc:2272] T da59f08947644af096bc0baf7198440a P 6595e96a58d04c9b806792779a194fd4 [term 1 FOLLOWER]: Raft consensus is shut down!
I20260601 13:37:46.963474 26395 tablet_replica.cc:333] T 1354dfe074604501afc47e92f6024d0f P 6595e96a58d04c9b806792779a194fd4: stopping tablet replica
I20260601 13:37:46.963570 26395 raft_consensus.cc:2243] T 1354dfe074604501afc47e92f6024d0f P 6595e96a58d04c9b806792779a194fd4 [term 1 LEADER]: Raft consensus shutting down.
I20260601 13:37:46.963797 26395 raft_consensus.cc:2272] T 1354dfe074604501afc47e92f6024d0f P 6595e96a58d04c9b806792779a194fd4 [term 1 FOLLOWER]: Raft consensus is shut down!
I20260601 13:37:46.964277 26395 tablet_replica.cc:333] T a1bb860ba9df4e33b35228025ae838cf P 6595e96a58d04c9b806792779a194fd4: stopping tablet replica
I20260601 13:37:46.964375 26395 raft_consensus.cc:2243] T a1bb860ba9df4e33b35228025ae838cf P 6595e96a58d04c9b806792779a194fd4 [term 2 FOLLOWER]: Raft consensus shutting down.
I20260601 13:37:46.964463 26395 raft_consensus.cc:2272] T a1bb860ba9df4e33b35228025ae838cf P 6595e96a58d04c9b806792779a194fd4 [term 2 FOLLOWER]: Raft consensus is shut down!
I20260601 13:37:46.964856 26395 tablet_replica.cc:333] T 4f7932c7340d4434a78f1325af81d3b8 P 6595e96a58d04c9b806792779a194fd4: stopping tablet replica
I20260601 13:37:46.964952 26395 raft_consensus.cc:2243] T 4f7932c7340d4434a78f1325af81d3b8 P 6595e96a58d04c9b806792779a194fd4 [term 1 FOLLOWER]: Raft consensus shutting down.
I20260601 13:37:46.965039 26395 raft_consensus.cc:2272] T 4f7932c7340d4434a78f1325af81d3b8 P 6595e96a58d04c9b806792779a194fd4 [term 1 FOLLOWER]: Raft consensus is shut down!
