I20260601 13:39:04.699617 19906 tablet_bootstrap.cc:492] T 00000000000000000000000000000000 P 7fcfb679d18948e9bd1873e7e0633ffd: Bootstrap starting.
I20260601 13:39:04.700567 19906 tablet_bootstrap.cc:654] T 00000000000000000000000000000000 P 7fcfb679d18948e9bd1873e7e0633ffd: Neither blocks nor log segments found. Creating new log.
I20260601 13:39:04.701668 19906 tablet_bootstrap.cc:492] T 00000000000000000000000000000000 P 7fcfb679d18948e9bd1873e7e0633ffd: No bootstrap required, opened a new log
I20260601 13:39:04.702143 19906 raft_consensus.cc:359] T 00000000000000000000000000000000 P 7fcfb679d18948e9bd1873e7e0633ffd [term 0 FOLLOWER]: Replica starting. Triggering 0 pending ops. Active config: opid_index: -1 OBSOLETE_local: true peers { permanent_uuid: "7fcfb679d18948e9bd1873e7e0633ffd" member_type: VOTER }
I20260601 13:39:04.702253 19906 raft_consensus.cc:385] T 00000000000000000000000000000000 P 7fcfb679d18948e9bd1873e7e0633ffd [term 0 FOLLOWER]: Consensus starting up: Expiring failure detector timer to make a prompt election more likely
I20260601 13:39:04.702277 19906 raft_consensus.cc:740] T 00000000000000000000000000000000 P 7fcfb679d18948e9bd1873e7e0633ffd [term 0 FOLLOWER]: Becoming Follower/Learner. State: Replica: 7fcfb679d18948e9bd1873e7e0633ffd, State: Initialized, Role: FOLLOWER
I20260601 13:39:04.702421 19906 consensus_queue.cc:260] T 00000000000000000000000000000000 P 7fcfb679d18948e9bd1873e7e0633ffd [NON_LEADER]: Queue going to NON_LEADER mode. State: All replicated index: 0, Majority replicated index: 0, Committed index: 0, Last appended: 0.0, Last appended by leader: 0, Current term: 0, Majority size: -1, State: 0, Mode: NON_LEADER, active raft config: opid_index: -1 OBSOLETE_local: true peers { permanent_uuid: "7fcfb679d18948e9bd1873e7e0633ffd" member_type: VOTER }
I20260601 13:39:04.702487 19906 raft_consensus.cc:399] T 00000000000000000000000000000000 P 7fcfb679d18948e9bd1873e7e0633ffd [term 0 FOLLOWER]: Only one voter in the Raft config. Triggering election immediately
I20260601 13:39:04.702512 19906 raft_consensus.cc:493] T 00000000000000000000000000000000 P 7fcfb679d18948e9bd1873e7e0633ffd [term 0 FOLLOWER]: Starting leader election (initial election of a single-replica configuration)
I20260601 13:39:04.702572 19906 raft_consensus.cc:3060] T 00000000000000000000000000000000 P 7fcfb679d18948e9bd1873e7e0633ffd [term 0 FOLLOWER]: Advancing to term 1
I20260601 13:39:04.703303 19906 raft_consensus.cc:515] T 00000000000000000000000000000000 P 7fcfb679d18948e9bd1873e7e0633ffd [term 1 FOLLOWER]: Starting leader election with config: opid_index: -1 OBSOLETE_local: true peers { permanent_uuid: "7fcfb679d18948e9bd1873e7e0633ffd" member_type: VOTER }
I20260601 13:39:04.703413 19906 leader_election.cc:304] T 00000000000000000000000000000000 P 7fcfb679d18948e9bd1873e7e0633ffd [CANDIDATE]: Term 1 election: Election decided. Result: candidate won. Election summary: received 1 responses out of 1 voters: 1 yes votes; 0 no votes. yes voters: 7fcfb679d18948e9bd1873e7e0633ffd; no voters: 
I20260601 13:39:04.703671 19906 leader_election.cc:290] T 00000000000000000000000000000000 P 7fcfb679d18948e9bd1873e7e0633ffd [CANDIDATE]: Term 1 election: Requested vote from peers 
I20260601 13:39:04.703933 19910 raft_consensus.cc:2804] T 00000000000000000000000000000000 P 7fcfb679d18948e9bd1873e7e0633ffd [term 1 FOLLOWER]: Leader election won for term 1
I20260601 13:39:04.704093 19910 raft_consensus.cc:697] T 00000000000000000000000000000000 P 7fcfb679d18948e9bd1873e7e0633ffd [term 1 LEADER]: Becoming Leader. State: Replica: 7fcfb679d18948e9bd1873e7e0633ffd, State: Running, Role: LEADER
I20260601 13:39:04.704278 19906 sys_catalog.cc:565] T 00000000000000000000000000000000 P 7fcfb679d18948e9bd1873e7e0633ffd [sys.catalog]: configured and running, proceeding with master startup.
I20260601 13:39:04.704334 19910 consensus_queue.cc:237] T 00000000000000000000000000000000 P 7fcfb679d18948e9bd1873e7e0633ffd [LEADER]: Queue going to LEADER mode. State: All replicated index: 0, Majority replicated index: 0, Committed index: 0, Last appended: 0.0, Last appended by leader: 0, Current term: 1, Majority size: 1, State: 0, Mode: LEADER, active raft config: opid_index: -1 OBSOLETE_local: true peers { permanent_uuid: "7fcfb679d18948e9bd1873e7e0633ffd" member_type: VOTER }
I20260601 13:39:04.704864 19909 sys_catalog.cc:455] T 00000000000000000000000000000000 P 7fcfb679d18948e9bd1873e7e0633ffd [sys.catalog]: SysCatalogTable state changed. Reason: RaftConsensus started. Latest consensus state: current_term: 1 leader_uuid: "7fcfb679d18948e9bd1873e7e0633ffd" committed_config { opid_index: -1 OBSOLETE_local: true peers { permanent_uuid: "7fcfb679d18948e9bd1873e7e0633ffd" member_type: VOTER } }
I20260601 13:39:04.704918 19911 sys_catalog.cc:455] T 00000000000000000000000000000000 P 7fcfb679d18948e9bd1873e7e0633ffd [sys.catalog]: SysCatalogTable state changed. Reason: New leader 7fcfb679d18948e9bd1873e7e0633ffd. Latest consensus state: current_term: 1 leader_uuid: "7fcfb679d18948e9bd1873e7e0633ffd" committed_config { opid_index: -1 OBSOLETE_local: true peers { permanent_uuid: "7fcfb679d18948e9bd1873e7e0633ffd" member_type: VOTER } }
I20260601 13:39:04.705044 19909 sys_catalog.cc:458] T 00000000000000000000000000000000 P 7fcfb679d18948e9bd1873e7e0633ffd [sys.catalog]: This master's current role is: LEADER
I20260601 13:39:04.705068 19911 sys_catalog.cc:458] T 00000000000000000000000000000000 P 7fcfb679d18948e9bd1873e7e0633ffd [sys.catalog]: This master's current role is: LEADER
I20260601 13:39:04.705564 19915 catalog_manager.cc:1510] Loading table and tablet metadata into memory...
I20260601 13:39:04.706427 19915 catalog_manager.cc:1519] Initializing Kudu cluster ID...
I20260601 13:39:04.706620 15874 internal_mini_cluster.cc:184] Waiting to initialize catalog manager on master 0
I20260601 13:39:04.708727 19915 catalog_manager.cc:1382] Generated new cluster ID: 95af9a0395504bab8c7c5d8de5076cff
I20260601 13:39:04.708796 19915 catalog_manager.cc:1530] Initializing Kudu internal certificate authority...
I20260601 13:39:04.727233 19915 catalog_manager.cc:1405] Generated new certificate authority record
I20260601 13:39:04.727962 19915 catalog_manager.cc:1539] Loading token signing keys...
I20260601 13:39:04.733942 19915 catalog_manager.cc:6069] T 00000000000000000000000000000000 P 7fcfb679d18948e9bd1873e7e0633ffd: Generated new TSK 0
I20260601 13:39:04.734254 19915 catalog_manager.cc:1549] Initializing in-progress tserver states...
I20260601 13:39:04.739184 15874 file_cache.cc:492] Constructed file cache file cache with capacity 419430
W20260601 13:39:04.741703 19928 instance_detector.cc:116] could not retrieve AWS instance metadata: Network error: curl error: HTTP response code said error: The requested URL returned error: 404
I20260601 13:39:04.741914 15874 server_base.cc:1061] running on GCE node
W20260601 13:39:04.741955 19931 instance_detector.cc:116] could not retrieve OpenStack instance metadata: Network error: curl error: HTTP response code said error: The requested URL returned error: 404
W20260601 13:39:04.742022 19929 instance_detector.cc:116] could not retrieve Azure instance metadata: Network error: curl error: HTTP response code said error: The requested URL returned error: 404
I20260601 13:39:04.742323 15874 hybrid_clock.cc:584] initializing the hybrid clock with 'system_unsync' time source
W20260601 13:39:04.742372 15874 system_unsync_time.cc:38] NTP support is disabled. Clock error bounds will not be accurate. This configuration is not suitable for distributed clusters.
I20260601 13:39:04.742389 15874 hybrid_clock.cc:648] HybridClock initialized: now 1780321144742389 us; error 0 us; skew 500 ppm
I20260601 13:39:04.743425 15874 webserver.cc:533] Webserver started at http://127.15.128.129:46567/ using document root <none> and password file <none>
I20260601 13:39:04.743630 15874 fs_manager.cc:362] Metadata directory not provided
I20260601 13:39:04.743681 15874 fs_manager.cc:368] Using write-ahead log directory (fs_wal_dir) as metadata directory
I20260601 13:39:04.743763 15874 server_base.cc:909] This appears to be a new deployment of Kudu; creating new FS layout
I20260601 13:39:04.744246 15874 fs_manager.cc:1068] Generated new instance metadata in path /tmp/dist-test-taskngGqRp/test-tmp/auto_rebalancer-test.0.AutoRebalancerTest.NoReplicaMovesIfCannotFixPlacementPolicy.1780321055018342-15874-0/minicluster-data/ts-0-root/instance:
uuid: "05cc5249a8bc4bf198d35d18fe2fd8fe"
format_stamp: "Formatted at 2026-06-01 13:39:04 on dist-test-slave-215b"
I20260601 13:39:04.745965 15874 fs_manager.cc:696] Time spent creating directory manager: real 0.001s	user 0.002s	sys 0.000s
I20260601 13:39:04.747112 19936 log_block_manager.cc:4031] Time spent loading block containers with low live blocks: real 0.000s	user 0.000s	sys 0.000s
I20260601 13:39:04.747434 15874 fs_manager.cc:730] Time spent opening block manager: real 0.001s	user 0.001s	sys 0.000s
I20260601 13:39:04.747529 15874 fs_manager.cc:647] Opened local filesystem: /tmp/dist-test-taskngGqRp/test-tmp/auto_rebalancer-test.0.AutoRebalancerTest.NoReplicaMovesIfCannotFixPlacementPolicy.1780321055018342-15874-0/minicluster-data/ts-0-root
uuid: "05cc5249a8bc4bf198d35d18fe2fd8fe"
format_stamp: "Formatted at 2026-06-01 13:39:04 on dist-test-slave-215b"
I20260601 13:39:04.747622 15874 fs_report.cc:389] FS layout report
--------------------
wal directory: /tmp/dist-test-taskngGqRp/test-tmp/auto_rebalancer-test.0.AutoRebalancerTest.NoReplicaMovesIfCannotFixPlacementPolicy.1780321055018342-15874-0/minicluster-data/ts-0-root
metadata directory: /tmp/dist-test-taskngGqRp/test-tmp/auto_rebalancer-test.0.AutoRebalancerTest.NoReplicaMovesIfCannotFixPlacementPolicy.1780321055018342-15874-0/minicluster-data/ts-0-root
1 data directories: /tmp/dist-test-taskngGqRp/test-tmp/auto_rebalancer-test.0.AutoRebalancerTest.NoReplicaMovesIfCannotFixPlacementPolicy.1780321055018342-15874-0/minicluster-data/ts-0-root/data
Total live blocks: 0
Total live bytes: 0
Total live bytes (after alignment): 0
Total number of LBM containers: 0 (0 full)
Did not check for missing blocks
Did not check for orphaned blocks
Total full LBM containers with extra space: 0 (0 repaired)
Total full LBM container extra space in bytes: 0 (0 repaired)
Total incomplete LBM containers: 0 (0 repaired)
Total LBM partial records: 0 (0 repaired)
Total corrupted LBM metadata records in RocksDB: 0 (0 repaired)
I20260601 13:39:04.753589 15874 rpc_server.cc:225] running with OpenSSL 1.1.1  11 Sep 2018
I20260601 13:39:04.754010 15874 kserver.cc:163] Server-wide thread pool size limit: 3276
I20260601 13:39:04.754359 15874 txn_system_client.cc:432] TxnSystemClient initialization is disabled...
I20260601 13:39:04.754807 15874 ts_tablet_manager.cc:585] Loaded tablet metadata (0 total tablets, 0 live tablets)
I20260601 13:39:04.754869 15874 ts_tablet_manager.cc:531] Time spent load tablet metadata: real 0.000s	user 0.000s	sys 0.000s
I20260601 13:39:04.754921 15874 ts_tablet_manager.cc:616] Registered 0 tablets
I20260601 13:39:04.754969 15874 ts_tablet_manager.cc:595] Time spent register tablets: real 0.000s	user 0.000s	sys 0.000s
I20260601 13:39:04.759411 15874 rpc_server.cc:307] RPC server started. Bound to: 127.15.128.129:34163
I20260601 13:39:04.759446 20000 acceptor_pool.cc:272] collecting diagnostics on the listening RPC socket 127.15.128.129:34163 every 8 connection(s)
I20260601 13:39:04.760306 15874 file_cache.cc:492] Constructed file cache file cache with capacity 419430
W20260601 13:39:04.762454 20006 instance_detector.cc:116] could not retrieve Azure instance metadata: Network error: curl error: HTTP response code said error: The requested URL returned error: 404
W20260601 13:39:04.762568 20008 instance_detector.cc:116] could not retrieve OpenStack instance metadata: Network error: curl error: HTTP response code said error: The requested URL returned error: 404
W20260601 13:39:04.762429 20005 instance_detector.cc:116] could not retrieve AWS instance metadata: Network error: curl error: HTTP response code said error: The requested URL returned error: 404
I20260601 13:39:04.762676 15874 server_base.cc:1061] running on GCE node
I20260601 13:39:04.762984 15874 hybrid_clock.cc:584] initializing the hybrid clock with 'system_unsync' time source
W20260601 13:39:04.763028 15874 system_unsync_time.cc:38] NTP support is disabled. Clock error bounds will not be accurate. This configuration is not suitable for distributed clusters.
I20260601 13:39:04.763046 15874 hybrid_clock.cc:648] HybridClock initialized: now 1780321144763046 us; error 0 us; skew 500 ppm
I20260601 13:39:04.764099 15874 webserver.cc:533] Webserver started at http://127.15.128.130:44059/ using document root <none> and password file <none>
I20260601 13:39:04.764292 15874 fs_manager.cc:362] Metadata directory not provided
I20260601 13:39:04.764374 15874 fs_manager.cc:368] Using write-ahead log directory (fs_wal_dir) as metadata directory
I20260601 13:39:04.764463 15874 server_base.cc:909] This appears to be a new deployment of Kudu; creating new FS layout
I20260601 13:39:04.765003 15874 fs_manager.cc:1068] Generated new instance metadata in path /tmp/dist-test-taskngGqRp/test-tmp/auto_rebalancer-test.0.AutoRebalancerTest.NoReplicaMovesIfCannotFixPlacementPolicy.1780321055018342-15874-0/minicluster-data/ts-1-root/instance:
uuid: "7bbd5b15e0c3483b95226ebba23dab0c"
format_stamp: "Formatted at 2026-06-01 13:39:04 on dist-test-slave-215b"
I20260601 13:39:04.765321 20001 heartbeater.cc:344] Connected to a master server at 127.15.128.190:36141
I20260601 13:39:04.765437 20001 heartbeater.cc:461] Registering TS with master...
I20260601 13:39:04.765654 20001 heartbeater.cc:507] Master 127.15.128.190:36141 requested a full tablet report, sending...
I20260601 13:39:04.766409 19870 ts_manager.cc:194] Registered new tserver with Master: 05cc5249a8bc4bf198d35d18fe2fd8fe (127.15.128.129:34163)
I20260601 13:39:04.767544 19870 master_service.cc:502] Signed X509 certificate for tserver {username='slave'} at 127.0.0.1:58242
I20260601 13:39:04.767608 15874 fs_manager.cc:696] Time spent creating directory manager: real 0.002s	user 0.000s	sys 0.003s
I20260601 13:39:04.769284 20013 log_block_manager.cc:4031] Time spent loading block containers with low live blocks: real 0.000s	user 0.000s	sys 0.000s
I20260601 13:39:04.769582 15874 fs_manager.cc:730] Time spent opening block manager: real 0.001s	user 0.000s	sys 0.001s
I20260601 13:39:04.769681 15874 fs_manager.cc:647] Opened local filesystem: /tmp/dist-test-taskngGqRp/test-tmp/auto_rebalancer-test.0.AutoRebalancerTest.NoReplicaMovesIfCannotFixPlacementPolicy.1780321055018342-15874-0/minicluster-data/ts-1-root
uuid: "7bbd5b15e0c3483b95226ebba23dab0c"
format_stamp: "Formatted at 2026-06-01 13:39:04 on dist-test-slave-215b"
I20260601 13:39:04.769781 15874 fs_report.cc:389] FS layout report
--------------------
wal directory: /tmp/dist-test-taskngGqRp/test-tmp/auto_rebalancer-test.0.AutoRebalancerTest.NoReplicaMovesIfCannotFixPlacementPolicy.1780321055018342-15874-0/minicluster-data/ts-1-root
metadata directory: /tmp/dist-test-taskngGqRp/test-tmp/auto_rebalancer-test.0.AutoRebalancerTest.NoReplicaMovesIfCannotFixPlacementPolicy.1780321055018342-15874-0/minicluster-data/ts-1-root
1 data directories: /tmp/dist-test-taskngGqRp/test-tmp/auto_rebalancer-test.0.AutoRebalancerTest.NoReplicaMovesIfCannotFixPlacementPolicy.1780321055018342-15874-0/minicluster-data/ts-1-root/data
Total live blocks: 0
Total live bytes: 0
Total live bytes (after alignment): 0
Total number of LBM containers: 0 (0 full)
Did not check for missing blocks
Did not check for orphaned blocks
Total full LBM containers with extra space: 0 (0 repaired)
Total full LBM container extra space in bytes: 0 (0 repaired)
Total incomplete LBM containers: 0 (0 repaired)
Total LBM partial records: 0 (0 repaired)
Total corrupted LBM metadata records in RocksDB: 0 (0 repaired)
I20260601 13:39:04.776662 15874 rpc_server.cc:225] running with OpenSSL 1.1.1  11 Sep 2018
I20260601 13:39:04.777138 15874 kserver.cc:163] Server-wide thread pool size limit: 3276
I20260601 13:39:04.777462 15874 txn_system_client.cc:432] TxnSystemClient initialization is disabled...
I20260601 13:39:04.777958 15874 ts_tablet_manager.cc:585] Loaded tablet metadata (0 total tablets, 0 live tablets)
I20260601 13:39:04.778025 15874 ts_tablet_manager.cc:531] Time spent load tablet metadata: real 0.000s	user 0.000s	sys 0.000s
I20260601 13:39:04.778132 15874 ts_tablet_manager.cc:616] Registered 0 tablets
I20260601 13:39:04.778191 15874 ts_tablet_manager.cc:595] Time spent register tablets: real 0.000s	user 0.000s	sys 0.000s
I20260601 13:39:04.783108 15874 rpc_server.cc:307] RPC server started. Bound to: 127.15.128.130:42271
I20260601 13:39:04.783166 20077 acceptor_pool.cc:272] collecting diagnostics on the listening RPC socket 127.15.128.130:42271 every 8 connection(s)
I20260601 13:39:04.784073 15874 file_cache.cc:492] Constructed file cache file cache with capacity 419430
W20260601 13:39:04.786026 20084 instance_detector.cc:116] could not retrieve OpenStack instance metadata: Network error: curl error: HTTP response code said error: The requested URL returned error: 404
W20260601 13:39:04.786021 20081 instance_detector.cc:116] could not retrieve AWS instance metadata: Network error: curl error: HTTP response code said error: The requested URL returned error: 404
I20260601 13:39:04.786391 15874 server_base.cc:1061] running on GCE node
W20260601 13:39:04.786401 20082 instance_detector.cc:116] could not retrieve Azure instance metadata: Network error: curl error: HTTP response code said error: The requested URL returned error: 404
I20260601 13:39:04.786767 15874 hybrid_clock.cc:584] initializing the hybrid clock with 'system_unsync' time source
W20260601 13:39:04.786834 15874 system_unsync_time.cc:38] NTP support is disabled. Clock error bounds will not be accurate. This configuration is not suitable for distributed clusters.
I20260601 13:39:04.786859 15874 hybrid_clock.cc:648] HybridClock initialized: now 1780321144786858 us; error 0 us; skew 500 ppm
I20260601 13:39:04.788023 15874 webserver.cc:533] Webserver started at http://127.15.128.131:42725/ using document root <none> and password file <none>
I20260601 13:39:04.788240 15874 fs_manager.cc:362] Metadata directory not provided
I20260601 13:39:04.788317 15874 fs_manager.cc:368] Using write-ahead log directory (fs_wal_dir) as metadata directory
I20260601 13:39:04.788391 15874 server_base.cc:909] This appears to be a new deployment of Kudu; creating new FS layout
I20260601 13:39:04.788715 20078 heartbeater.cc:344] Connected to a master server at 127.15.128.190:36141
I20260601 13:39:04.788806 20078 heartbeater.cc:461] Registering TS with master...
I20260601 13:39:04.788877 15874 fs_manager.cc:1068] Generated new instance metadata in path /tmp/dist-test-taskngGqRp/test-tmp/auto_rebalancer-test.0.AutoRebalancerTest.NoReplicaMovesIfCannotFixPlacementPolicy.1780321055018342-15874-0/minicluster-data/ts-2-root/instance:
uuid: "bab6b4783a934b4b8cf4411094430ace"
format_stamp: "Formatted at 2026-06-01 13:39:04 on dist-test-slave-215b"
I20260601 13:39:04.789052 20078 heartbeater.cc:507] Master 127.15.128.190:36141 requested a full tablet report, sending...
I20260601 13:39:04.789736 19870 ts_manager.cc:194] Registered new tserver with Master: 7bbd5b15e0c3483b95226ebba23dab0c (127.15.128.130:42271)
I20260601 13:39:04.790462 19870 master_service.cc:502] Signed X509 certificate for tserver {username='slave'} at 127.0.0.1:58250
I20260601 13:39:04.790871 15874 fs_manager.cc:696] Time spent creating directory manager: real 0.002s	user 0.002s	sys 0.000s
I20260601 13:39:04.791870 20089 log_block_manager.cc:4031] Time spent loading block containers with low live blocks: real 0.000s	user 0.000s	sys 0.000s
I20260601 13:39:04.792184 15874 fs_manager.cc:730] Time spent opening block manager: real 0.001s	user 0.001s	sys 0.000s
I20260601 13:39:04.792245 15874 fs_manager.cc:647] Opened local filesystem: /tmp/dist-test-taskngGqRp/test-tmp/auto_rebalancer-test.0.AutoRebalancerTest.NoReplicaMovesIfCannotFixPlacementPolicy.1780321055018342-15874-0/minicluster-data/ts-2-root
uuid: "bab6b4783a934b4b8cf4411094430ace"
format_stamp: "Formatted at 2026-06-01 13:39:04 on dist-test-slave-215b"
I20260601 13:39:04.792331 15874 fs_report.cc:389] FS layout report
--------------------
wal directory: /tmp/dist-test-taskngGqRp/test-tmp/auto_rebalancer-test.0.AutoRebalancerTest.NoReplicaMovesIfCannotFixPlacementPolicy.1780321055018342-15874-0/minicluster-data/ts-2-root
metadata directory: /tmp/dist-test-taskngGqRp/test-tmp/auto_rebalancer-test.0.AutoRebalancerTest.NoReplicaMovesIfCannotFixPlacementPolicy.1780321055018342-15874-0/minicluster-data/ts-2-root
1 data directories: /tmp/dist-test-taskngGqRp/test-tmp/auto_rebalancer-test.0.AutoRebalancerTest.NoReplicaMovesIfCannotFixPlacementPolicy.1780321055018342-15874-0/minicluster-data/ts-2-root/data
Total live blocks: 0
Total live bytes: 0
Total live bytes (after alignment): 0
Total number of LBM containers: 0 (0 full)
Did not check for missing blocks
Did not check for orphaned blocks
Total full LBM containers with extra space: 0 (0 repaired)
Total full LBM container extra space in bytes: 0 (0 repaired)
Total incomplete LBM containers: 0 (0 repaired)
Total LBM partial records: 0 (0 repaired)
Total corrupted LBM metadata records in RocksDB: 0 (0 repaired)
I20260601 13:39:04.805837 15874 rpc_server.cc:225] running with OpenSSL 1.1.1  11 Sep 2018
I20260601 13:39:04.806565 15874 kserver.cc:163] Server-wide thread pool size limit: 3276
I20260601 13:39:04.806933 15874 txn_system_client.cc:432] TxnSystemClient initialization is disabled...
I20260601 13:39:04.807417 15874 ts_tablet_manager.cc:585] Loaded tablet metadata (0 total tablets, 0 live tablets)
I20260601 13:39:04.807480 15874 ts_tablet_manager.cc:531] Time spent load tablet metadata: real 0.000s	user 0.000s	sys 0.000s
I20260601 13:39:04.807534 15874 ts_tablet_manager.cc:616] Registered 0 tablets
I20260601 13:39:04.807583 15874 ts_tablet_manager.cc:595] Time spent register tablets: real 0.000s	user 0.000s	sys 0.000s
I20260601 13:39:04.812247 15874 rpc_server.cc:307] RPC server started. Bound to: 127.15.128.131:43739
I20260601 13:39:04.812323 20153 acceptor_pool.cc:272] collecting diagnostics on the listening RPC socket 127.15.128.131:43739 every 8 connection(s)
I20260601 13:39:04.817359 20154 heartbeater.cc:344] Connected to a master server at 127.15.128.190:36141
I20260601 13:39:04.817466 20154 heartbeater.cc:461] Registering TS with master...
I20260601 13:39:04.817756 20154 heartbeater.cc:507] Master 127.15.128.190:36141 requested a full tablet report, sending...
I20260601 13:39:04.818445 19870 ts_manager.cc:194] Registered new tserver with Master: bab6b4783a934b4b8cf4411094430ace (127.15.128.131:43739)
I20260601 13:39:04.818972 19870 master_service.cc:502] Signed X509 certificate for tserver {username='slave'} at 127.0.0.1:58254
I20260601 13:39:04.819520 15874 internal_mini_cluster.cc:371] 3 TS(s) registered with all masters after 0.006812664s
I20260601 13:39:05.769176 20001 heartbeater.cc:499] Master 127.15.128.190:36141 was elected leader, sending a full tablet report...
I20260601 13:39:05.791513 20078 heartbeater.cc:499] Master 127.15.128.190:36141 was elected leader, sending a full tablet report...
I20260601 13:39:05.819919 20154 heartbeater.cc:499] Master 127.15.128.190:36141 was elected leader, sending a full tablet report...
I20260601 13:39:05.860107 19870 catalog_manager.cc:2282] Servicing CreateTable request from {username='slave'} at 127.0.0.1:58264:
name: "test-workload"
schema {
  columns {
    name: "key"
    type: INT32
    is_key: true
    is_nullable: false
    encoding: AUTO_ENCODING
    compression: DEFAULT_COMPRESSION
    cfile_block_size: 0
    immutable: false
  }
  columns {
    name: "int_val"
    type: INT32
    is_key: false
    is_nullable: false
    encoding: AUTO_ENCODING
    compression: DEFAULT_COMPRESSION
    cfile_block_size: 0
    immutable: false
  }
  columns {
    name: "string_val"
    type: STRING
    is_key: false
    is_nullable: true
    encoding: AUTO_ENCODING
    compression: DEFAULT_COMPRESSION
    cfile_block_size: 0
    immutable: false
  }
}
num_replicas: 3
split_rows_range_bounds {
}
partition_schema {
  range_schema {
    columns {
      name: "key"
    }
  }
}
W20260601 13:39:05.860730 19870 catalog_manager.cc:7076] The number of live tablet servers is not enough to re-replicate a tablet replica of the newly created table test-workload in case of a server failure: 4 tablet servers would be needed, 3 are available. Consider bringing up more tablet servers.
I20260601 13:39:05.871328 19965 tablet_service.cc:1511] Processing CreateTablet for tablet a97f7a0e666a49e6b8bc0c2eb54827cf (DEFAULT_TABLE table=test-workload [id=bae5ac698bf44067b2a3b82baf93a20e]), partition=RANGE (key) PARTITION UNBOUNDED
I20260601 13:39:05.871681 19965 data_dirs.cc:400] Could only allocate 1 dirs of requested 3 for tablet a97f7a0e666a49e6b8bc0c2eb54827cf. 1 dirs total, 0 dirs full, 0 dirs failed
I20260601 13:39:05.871927 20042 tablet_service.cc:1511] Processing CreateTablet for tablet a97f7a0e666a49e6b8bc0c2eb54827cf (DEFAULT_TABLE table=test-workload [id=bae5ac698bf44067b2a3b82baf93a20e]), partition=RANGE (key) PARTITION UNBOUNDED
I20260601 13:39:05.872184 20042 data_dirs.cc:400] Could only allocate 1 dirs of requested 3 for tablet a97f7a0e666a49e6b8bc0c2eb54827cf. 1 dirs total, 0 dirs full, 0 dirs failed
I20260601 13:39:05.874590 20175 tablet_bootstrap.cc:492] T a97f7a0e666a49e6b8bc0c2eb54827cf P 05cc5249a8bc4bf198d35d18fe2fd8fe: Bootstrap starting.
I20260601 13:39:05.875679 20175 tablet_bootstrap.cc:654] T a97f7a0e666a49e6b8bc0c2eb54827cf P 05cc5249a8bc4bf198d35d18fe2fd8fe: Neither blocks nor log segments found. Creating new log.
I20260601 13:39:05.876277 20118 tablet_service.cc:1511] Processing CreateTablet for tablet a97f7a0e666a49e6b8bc0c2eb54827cf (DEFAULT_TABLE table=test-workload [id=bae5ac698bf44067b2a3b82baf93a20e]), partition=RANGE (key) PARTITION UNBOUNDED
I20260601 13:39:05.876554 20176 tablet_bootstrap.cc:492] T a97f7a0e666a49e6b8bc0c2eb54827cf P 7bbd5b15e0c3483b95226ebba23dab0c: Bootstrap starting.
I20260601 13:39:05.876775 20118 data_dirs.cc:400] Could only allocate 1 dirs of requested 3 for tablet a97f7a0e666a49e6b8bc0c2eb54827cf. 1 dirs total, 0 dirs full, 0 dirs failed
I20260601 13:39:05.877091 20175 tablet_bootstrap.cc:492] T a97f7a0e666a49e6b8bc0c2eb54827cf P 05cc5249a8bc4bf198d35d18fe2fd8fe: No bootstrap required, opened a new log
I20260601 13:39:05.877185 20175 ts_tablet_manager.cc:1403] T a97f7a0e666a49e6b8bc0c2eb54827cf P 05cc5249a8bc4bf198d35d18fe2fd8fe: Time spent bootstrapping tablet: real 0.003s	user 0.002s	sys 0.000s
I20260601 13:39:05.877537 20176 tablet_bootstrap.cc:654] T a97f7a0e666a49e6b8bc0c2eb54827cf P 7bbd5b15e0c3483b95226ebba23dab0c: Neither blocks nor log segments found. Creating new log.
I20260601 13:39:05.877646 20175 raft_consensus.cc:359] T a97f7a0e666a49e6b8bc0c2eb54827cf P 05cc5249a8bc4bf198d35d18fe2fd8fe [term 0 FOLLOWER]: Replica starting. Triggering 0 pending ops. Active config: opid_index: -1 OBSOLETE_local: false peers { permanent_uuid: "05cc5249a8bc4bf198d35d18fe2fd8fe" member_type: VOTER last_known_addr { host: "127.15.128.129" port: 34163 } } peers { permanent_uuid: "7bbd5b15e0c3483b95226ebba23dab0c" member_type: VOTER last_known_addr { host: "127.15.128.130" port: 42271 } } peers { permanent_uuid: "bab6b4783a934b4b8cf4411094430ace" member_type: VOTER last_known_addr { host: "127.15.128.131" port: 43739 } }
I20260601 13:39:05.877765 20175 raft_consensus.cc:385] T a97f7a0e666a49e6b8bc0c2eb54827cf P 05cc5249a8bc4bf198d35d18fe2fd8fe [term 0 FOLLOWER]: Consensus starting up: Expiring failure detector timer to make a prompt election more likely
I20260601 13:39:05.877804 20175 raft_consensus.cc:740] T a97f7a0e666a49e6b8bc0c2eb54827cf P 05cc5249a8bc4bf198d35d18fe2fd8fe [term 0 FOLLOWER]: Becoming Follower/Learner. State: Replica: 05cc5249a8bc4bf198d35d18fe2fd8fe, State: Initialized, Role: FOLLOWER
I20260601 13:39:05.877925 20175 consensus_queue.cc:260] T a97f7a0e666a49e6b8bc0c2eb54827cf P 05cc5249a8bc4bf198d35d18fe2fd8fe [NON_LEADER]: Queue going to NON_LEADER mode. State: All replicated index: 0, Majority replicated index: 0, Committed index: 0, Last appended: 0.0, Last appended by leader: 0, Current term: 0, Majority size: -1, State: 0, Mode: NON_LEADER, active raft config: opid_index: -1 OBSOLETE_local: false peers { permanent_uuid: "05cc5249a8bc4bf198d35d18fe2fd8fe" member_type: VOTER last_known_addr { host: "127.15.128.129" port: 34163 } } peers { permanent_uuid: "7bbd5b15e0c3483b95226ebba23dab0c" member_type: VOTER last_known_addr { host: "127.15.128.130" port: 42271 } } peers { permanent_uuid: "bab6b4783a934b4b8cf4411094430ace" member_type: VOTER last_known_addr { host: "127.15.128.131" port: 43739 } }
I20260601 13:39:05.878340 20175 ts_tablet_manager.cc:1434] T a97f7a0e666a49e6b8bc0c2eb54827cf P 05cc5249a8bc4bf198d35d18fe2fd8fe: Time spent starting tablet: real 0.001s	user 0.002s	sys 0.000s
I20260601 13:39:05.878677 20176 tablet_bootstrap.cc:492] T a97f7a0e666a49e6b8bc0c2eb54827cf P 7bbd5b15e0c3483b95226ebba23dab0c: No bootstrap required, opened a new log
I20260601 13:39:05.878786 20176 ts_tablet_manager.cc:1403] T a97f7a0e666a49e6b8bc0c2eb54827cf P 7bbd5b15e0c3483b95226ebba23dab0c: Time spent bootstrapping tablet: real 0.002s	user 0.000s	sys 0.002s
I20260601 13:39:05.879199 20180 tablet_bootstrap.cc:492] T a97f7a0e666a49e6b8bc0c2eb54827cf P bab6b4783a934b4b8cf4411094430ace: Bootstrap starting.
I20260601 13:39:05.879252 20176 raft_consensus.cc:359] T a97f7a0e666a49e6b8bc0c2eb54827cf P 7bbd5b15e0c3483b95226ebba23dab0c [term 0 FOLLOWER]: Replica starting. Triggering 0 pending ops. Active config: opid_index: -1 OBSOLETE_local: false peers { permanent_uuid: "05cc5249a8bc4bf198d35d18fe2fd8fe" member_type: VOTER last_known_addr { host: "127.15.128.129" port: 34163 } } peers { permanent_uuid: "7bbd5b15e0c3483b95226ebba23dab0c" member_type: VOTER last_known_addr { host: "127.15.128.130" port: 42271 } } peers { permanent_uuid: "bab6b4783a934b4b8cf4411094430ace" member_type: VOTER last_known_addr { host: "127.15.128.131" port: 43739 } }
I20260601 13:39:05.879349 20176 raft_consensus.cc:385] T a97f7a0e666a49e6b8bc0c2eb54827cf P 7bbd5b15e0c3483b95226ebba23dab0c [term 0 FOLLOWER]: Consensus starting up: Expiring failure detector timer to make a prompt election more likely
I20260601 13:39:05.879380 20176 raft_consensus.cc:740] T a97f7a0e666a49e6b8bc0c2eb54827cf P 7bbd5b15e0c3483b95226ebba23dab0c [term 0 FOLLOWER]: Becoming Follower/Learner. State: Replica: 7bbd5b15e0c3483b95226ebba23dab0c, State: Initialized, Role: FOLLOWER
I20260601 13:39:05.879498 20176 consensus_queue.cc:260] T a97f7a0e666a49e6b8bc0c2eb54827cf P 7bbd5b15e0c3483b95226ebba23dab0c [NON_LEADER]: Queue going to NON_LEADER mode. State: All replicated index: 0, Majority replicated index: 0, Committed index: 0, Last appended: 0.0, Last appended by leader: 0, Current term: 0, Majority size: -1, State: 0, Mode: NON_LEADER, active raft config: opid_index: -1 OBSOLETE_local: false peers { permanent_uuid: "05cc5249a8bc4bf198d35d18fe2fd8fe" member_type: VOTER last_known_addr { host: "127.15.128.129" port: 34163 } } peers { permanent_uuid: "7bbd5b15e0c3483b95226ebba23dab0c" member_type: VOTER last_known_addr { host: "127.15.128.130" port: 42271 } } peers { permanent_uuid: "bab6b4783a934b4b8cf4411094430ace" member_type: VOTER last_known_addr { host: "127.15.128.131" port: 43739 } }
I20260601 13:39:05.879817 20176 ts_tablet_manager.cc:1434] T a97f7a0e666a49e6b8bc0c2eb54827cf P 7bbd5b15e0c3483b95226ebba23dab0c: Time spent starting tablet: real 0.001s	user 0.000s	sys 0.001s
I20260601 13:39:05.881078 20180 tablet_bootstrap.cc:654] T a97f7a0e666a49e6b8bc0c2eb54827cf P bab6b4783a934b4b8cf4411094430ace: Neither blocks nor log segments found. Creating new log.
I20260601 13:39:05.882560 20180 tablet_bootstrap.cc:492] T a97f7a0e666a49e6b8bc0c2eb54827cf P bab6b4783a934b4b8cf4411094430ace: No bootstrap required, opened a new log
I20260601 13:39:05.882671 20180 ts_tablet_manager.cc:1403] T a97f7a0e666a49e6b8bc0c2eb54827cf P bab6b4783a934b4b8cf4411094430ace: Time spent bootstrapping tablet: real 0.004s	user 0.002s	sys 0.000s
I20260601 13:39:05.883060 20180 raft_consensus.cc:359] T a97f7a0e666a49e6b8bc0c2eb54827cf P bab6b4783a934b4b8cf4411094430ace [term 0 FOLLOWER]: Replica starting. Triggering 0 pending ops. Active config: opid_index: -1 OBSOLETE_local: false peers { permanent_uuid: "05cc5249a8bc4bf198d35d18fe2fd8fe" member_type: VOTER last_known_addr { host: "127.15.128.129" port: 34163 } } peers { permanent_uuid: "7bbd5b15e0c3483b95226ebba23dab0c" member_type: VOTER last_known_addr { host: "127.15.128.130" port: 42271 } } peers { permanent_uuid: "bab6b4783a934b4b8cf4411094430ace" member_type: VOTER last_known_addr { host: "127.15.128.131" port: 43739 } }
I20260601 13:39:05.883168 20180 raft_consensus.cc:385] T a97f7a0e666a49e6b8bc0c2eb54827cf P bab6b4783a934b4b8cf4411094430ace [term 0 FOLLOWER]: Consensus starting up: Expiring failure detector timer to make a prompt election more likely
I20260601 13:39:05.883215 20180 raft_consensus.cc:740] T a97f7a0e666a49e6b8bc0c2eb54827cf P bab6b4783a934b4b8cf4411094430ace [term 0 FOLLOWER]: Becoming Follower/Learner. State: Replica: bab6b4783a934b4b8cf4411094430ace, State: Initialized, Role: FOLLOWER
I20260601 13:39:05.883345 20180 consensus_queue.cc:260] T a97f7a0e666a49e6b8bc0c2eb54827cf P bab6b4783a934b4b8cf4411094430ace [NON_LEADER]: Queue going to NON_LEADER mode. State: All replicated index: 0, Majority replicated index: 0, Committed index: 0, Last appended: 0.0, Last appended by leader: 0, Current term: 0, Majority size: -1, State: 0, Mode: NON_LEADER, active raft config: opid_index: -1 OBSOLETE_local: false peers { permanent_uuid: "05cc5249a8bc4bf198d35d18fe2fd8fe" member_type: VOTER last_known_addr { host: "127.15.128.129" port: 34163 } } peers { permanent_uuid: "7bbd5b15e0c3483b95226ebba23dab0c" member_type: VOTER last_known_addr { host: "127.15.128.130" port: 42271 } } peers { permanent_uuid: "bab6b4783a934b4b8cf4411094430ace" member_type: VOTER last_known_addr { host: "127.15.128.131" port: 43739 } }
I20260601 13:39:05.883695 20180 ts_tablet_manager.cc:1434] T a97f7a0e666a49e6b8bc0c2eb54827cf P bab6b4783a934b4b8cf4411094430ace: Time spent starting tablet: real 0.001s	user 0.001s	sys 0.000s
I20260601 13:39:05.955837 20183 raft_consensus.cc:493] T a97f7a0e666a49e6b8bc0c2eb54827cf P bab6b4783a934b4b8cf4411094430ace [term 0 FOLLOWER]: Starting pre-election (no leader contacted us within the election timeout)
I20260601 13:39:05.955988 20183 raft_consensus.cc:515] T a97f7a0e666a49e6b8bc0c2eb54827cf P bab6b4783a934b4b8cf4411094430ace [term 0 FOLLOWER]: Starting pre-election with config: opid_index: -1 OBSOLETE_local: false peers { permanent_uuid: "05cc5249a8bc4bf198d35d18fe2fd8fe" member_type: VOTER last_known_addr { host: "127.15.128.129" port: 34163 } } peers { permanent_uuid: "7bbd5b15e0c3483b95226ebba23dab0c" member_type: VOTER last_known_addr { host: "127.15.128.130" port: 42271 } } peers { permanent_uuid: "bab6b4783a934b4b8cf4411094430ace" member_type: VOTER last_known_addr { host: "127.15.128.131" port: 43739 } }
I20260601 13:39:05.956523 20183 leader_election.cc:290] T a97f7a0e666a49e6b8bc0c2eb54827cf P bab6b4783a934b4b8cf4411094430ace [CANDIDATE]: Term 1 pre-election: Requested pre-vote from peers 05cc5249a8bc4bf198d35d18fe2fd8fe (127.15.128.129:34163), 7bbd5b15e0c3483b95226ebba23dab0c (127.15.128.130:42271)
I20260601 13:39:05.961419 19975 tablet_service.cc:1917] Received RequestConsensusVote() RPC: tablet_id: "a97f7a0e666a49e6b8bc0c2eb54827cf" candidate_uuid: "bab6b4783a934b4b8cf4411094430ace" candidate_term: 1 candidate_status { last_received { term: 0 index: 0 } } ignore_live_leader: false dest_uuid: "05cc5249a8bc4bf198d35d18fe2fd8fe" is_pre_election: true
I20260601 13:39:05.961419 20051 tablet_service.cc:1917] Received RequestConsensusVote() RPC: tablet_id: "a97f7a0e666a49e6b8bc0c2eb54827cf" candidate_uuid: "bab6b4783a934b4b8cf4411094430ace" candidate_term: 1 candidate_status { last_received { term: 0 index: 0 } } ignore_live_leader: false dest_uuid: "7bbd5b15e0c3483b95226ebba23dab0c" is_pre_election: true
I20260601 13:39:05.961648 19975 raft_consensus.cc:2468] T a97f7a0e666a49e6b8bc0c2eb54827cf P 05cc5249a8bc4bf198d35d18fe2fd8fe [term 0 FOLLOWER]: Leader pre-election vote request: Granting yes vote for candidate bab6b4783a934b4b8cf4411094430ace in term 0.
I20260601 13:39:05.961745 20051 raft_consensus.cc:2468] T a97f7a0e666a49e6b8bc0c2eb54827cf P 7bbd5b15e0c3483b95226ebba23dab0c [term 0 FOLLOWER]: Leader pre-election vote request: Granting yes vote for candidate bab6b4783a934b4b8cf4411094430ace in term 0.
I20260601 13:39:05.962051 20092 leader_election.cc:304] T a97f7a0e666a49e6b8bc0c2eb54827cf P bab6b4783a934b4b8cf4411094430ace [CANDIDATE]: Term 1 pre-election: Election decided. Result: candidate won. Election summary: received 3 responses out of 3 voters: 3 yes votes; 0 no votes. yes voters: 05cc5249a8bc4bf198d35d18fe2fd8fe, 7bbd5b15e0c3483b95226ebba23dab0c, bab6b4783a934b4b8cf4411094430ace; no voters: 
I20260601 13:39:05.962316 20183 raft_consensus.cc:2804] T a97f7a0e666a49e6b8bc0c2eb54827cf P bab6b4783a934b4b8cf4411094430ace [term 0 FOLLOWER]: Leader pre-election won for term 1
I20260601 13:39:05.962399 20183 raft_consensus.cc:493] T a97f7a0e666a49e6b8bc0c2eb54827cf P bab6b4783a934b4b8cf4411094430ace [term 0 FOLLOWER]: Starting leader election (no leader contacted us within the election timeout)
I20260601 13:39:05.962458 20183 raft_consensus.cc:3060] T a97f7a0e666a49e6b8bc0c2eb54827cf P bab6b4783a934b4b8cf4411094430ace [term 0 FOLLOWER]: Advancing to term 1
I20260601 13:39:05.963366 20183 raft_consensus.cc:515] T a97f7a0e666a49e6b8bc0c2eb54827cf P bab6b4783a934b4b8cf4411094430ace [term 1 FOLLOWER]: Starting leader election with config: opid_index: -1 OBSOLETE_local: false peers { permanent_uuid: "05cc5249a8bc4bf198d35d18fe2fd8fe" member_type: VOTER last_known_addr { host: "127.15.128.129" port: 34163 } } peers { permanent_uuid: "7bbd5b15e0c3483b95226ebba23dab0c" member_type: VOTER last_known_addr { host: "127.15.128.130" port: 42271 } } peers { permanent_uuid: "bab6b4783a934b4b8cf4411094430ace" member_type: VOTER last_known_addr { host: "127.15.128.131" port: 43739 } }
I20260601 13:39:05.963728 20183 leader_election.cc:290] T a97f7a0e666a49e6b8bc0c2eb54827cf P bab6b4783a934b4b8cf4411094430ace [CANDIDATE]: Term 1 election: Requested vote from peers 05cc5249a8bc4bf198d35d18fe2fd8fe (127.15.128.129:34163), 7bbd5b15e0c3483b95226ebba23dab0c (127.15.128.130:42271)
I20260601 13:39:05.964121 20051 tablet_service.cc:1917] Received RequestConsensusVote() RPC: tablet_id: "a97f7a0e666a49e6b8bc0c2eb54827cf" candidate_uuid: "bab6b4783a934b4b8cf4411094430ace" candidate_term: 1 candidate_status { last_received { term: 0 index: 0 } } ignore_live_leader: false dest_uuid: "7bbd5b15e0c3483b95226ebba23dab0c"
I20260601 13:39:05.964138 19975 tablet_service.cc:1917] Received RequestConsensusVote() RPC: tablet_id: "a97f7a0e666a49e6b8bc0c2eb54827cf" candidate_uuid: "bab6b4783a934b4b8cf4411094430ace" candidate_term: 1 candidate_status { last_received { term: 0 index: 0 } } ignore_live_leader: false dest_uuid: "05cc5249a8bc4bf198d35d18fe2fd8fe"
I20260601 13:39:05.964257 19975 raft_consensus.cc:3060] T a97f7a0e666a49e6b8bc0c2eb54827cf P 05cc5249a8bc4bf198d35d18fe2fd8fe [term 0 FOLLOWER]: Advancing to term 1
I20260601 13:39:05.964244 20051 raft_consensus.cc:3060] T a97f7a0e666a49e6b8bc0c2eb54827cf P 7bbd5b15e0c3483b95226ebba23dab0c [term 0 FOLLOWER]: Advancing to term 1
I20260601 13:39:05.965272 19975 raft_consensus.cc:2468] T a97f7a0e666a49e6b8bc0c2eb54827cf P 05cc5249a8bc4bf198d35d18fe2fd8fe [term 1 FOLLOWER]: Leader election vote request: Granting yes vote for candidate bab6b4783a934b4b8cf4411094430ace in term 1.
I20260601 13:39:05.965272 20051 raft_consensus.cc:2468] T a97f7a0e666a49e6b8bc0c2eb54827cf P 7bbd5b15e0c3483b95226ebba23dab0c [term 1 FOLLOWER]: Leader election vote request: Granting yes vote for candidate bab6b4783a934b4b8cf4411094430ace in term 1.
I20260601 13:39:05.965606 20091 leader_election.cc:304] T a97f7a0e666a49e6b8bc0c2eb54827cf P bab6b4783a934b4b8cf4411094430ace [CANDIDATE]: Term 1 election: Election decided. Result: candidate won. Election summary: received 2 responses out of 3 voters: 2 yes votes; 0 no votes. yes voters: 05cc5249a8bc4bf198d35d18fe2fd8fe, bab6b4783a934b4b8cf4411094430ace; no voters: 
I20260601 13:39:05.966178 20183 raft_consensus.cc:2804] T a97f7a0e666a49e6b8bc0c2eb54827cf P bab6b4783a934b4b8cf4411094430ace [term 1 FOLLOWER]: Leader election won for term 1
I20260601 13:39:05.966387 20183 raft_consensus.cc:697] T a97f7a0e666a49e6b8bc0c2eb54827cf P bab6b4783a934b4b8cf4411094430ace [term 1 LEADER]: Becoming Leader. State: Replica: bab6b4783a934b4b8cf4411094430ace, State: Running, Role: LEADER
I20260601 13:39:05.966576 20183 consensus_queue.cc:237] T a97f7a0e666a49e6b8bc0c2eb54827cf P bab6b4783a934b4b8cf4411094430ace [LEADER]: Queue going to LEADER mode. State: All replicated index: 0, Majority replicated index: 0, Committed index: 0, Last appended: 0.0, Last appended by leader: 0, Current term: 1, Majority size: 2, State: 0, Mode: LEADER, active raft config: opid_index: -1 OBSOLETE_local: false peers { permanent_uuid: "05cc5249a8bc4bf198d35d18fe2fd8fe" member_type: VOTER last_known_addr { host: "127.15.128.129" port: 34163 } } peers { permanent_uuid: "7bbd5b15e0c3483b95226ebba23dab0c" member_type: VOTER last_known_addr { host: "127.15.128.130" port: 42271 } } peers { permanent_uuid: "bab6b4783a934b4b8cf4411094430ace" member_type: VOTER last_known_addr { host: "127.15.128.131" port: 43739 } }
I20260601 13:39:05.968219 19870 catalog_manager.cc:5696] T a97f7a0e666a49e6b8bc0c2eb54827cf P bab6b4783a934b4b8cf4411094430ace reported cstate change: term changed from 0 to 1, leader changed from <none> to bab6b4783a934b4b8cf4411094430ace (127.15.128.131). New cstate: current_term: 1 leader_uuid: "bab6b4783a934b4b8cf4411094430ace" committed_config { opid_index: -1 OBSOLETE_local: false peers { permanent_uuid: "05cc5249a8bc4bf198d35d18fe2fd8fe" member_type: VOTER last_known_addr { host: "127.15.128.129" port: 34163 } health_report { overall_health: UNKNOWN } } peers { permanent_uuid: "7bbd5b15e0c3483b95226ebba23dab0c" member_type: VOTER last_known_addr { host: "127.15.128.130" port: 42271 } health_report { overall_health: UNKNOWN } } peers { permanent_uuid: "bab6b4783a934b4b8cf4411094430ace" member_type: VOTER last_known_addr { host: "127.15.128.131" port: 43739 } health_report { overall_health: HEALTHY } } }
I20260601 13:39:06.392802 20183 consensus_queue.cc:1048] T a97f7a0e666a49e6b8bc0c2eb54827cf P bab6b4783a934b4b8cf4411094430ace [LEADER]: Connected to new peer: Peer: permanent_uuid: "7bbd5b15e0c3483b95226ebba23dab0c" member_type: VOTER last_known_addr { host: "127.15.128.130" port: 42271 }, Status: LMP_MISMATCH, Last received: 0.0, Next index: 1, Last known committed idx: 0, Time since last communication: 0.000s
I20260601 13:39:06.396345 20191 consensus_queue.cc:1048] T a97f7a0e666a49e6b8bc0c2eb54827cf P bab6b4783a934b4b8cf4411094430ace [LEADER]: Connected to new peer: Peer: permanent_uuid: "05cc5249a8bc4bf198d35d18fe2fd8fe" member_type: VOTER last_known_addr { host: "127.15.128.129" port: 34163 }, Status: LMP_MISMATCH, Last received: 0.0, Next index: 1, Last known committed idx: 0, Time since last communication: 0.000s
I20260601 13:39:06.706663 19925 auto_leader_rebalancer.cc:140] leader rebalance for table test-workload
I20260601 13:39:06.706988 19918 placement_policy_util.cc:407] tablet a97f7a0e666a49e6b8bc0c2eb54827cf: detected majority of replicas (2 of 3) at location L0
I20260601 13:39:06.707051 19925 auto_leader_rebalancer.cc:388] table: test-workload, leader rebalance finish, leader transfer count: 0
I20260601 13:39:06.707226 19925 auto_leader_rebalancer.cc:451] All tables' leader rebalancing finished this round
I20260601 13:39:07.708859 19918 placement_policy_util.cc:407] tablet a97f7a0e666a49e6b8bc0c2eb54827cf: detected majority of replicas (2 of 3) at location L0
I20260601 13:39:08.707648 19925 auto_leader_rebalancer.cc:140] leader rebalance for table test-workload
I20260601 13:39:08.708036 19925 auto_leader_rebalancer.cc:388] table: test-workload, leader rebalance finish, leader transfer count: 0
I20260601 13:39:08.708118 19925 auto_leader_rebalancer.cc:451] All tables' leader rebalancing finished this round
I20260601 13:39:08.710412 19918 placement_policy_util.cc:407] tablet a97f7a0e666a49e6b8bc0c2eb54827cf: detected majority of replicas (2 of 3) at location L0
I20260601 13:39:09.712531 19918 placement_policy_util.cc:407] tablet a97f7a0e666a49e6b8bc0c2eb54827cf: detected majority of replicas (2 of 3) at location L0
I20260601 13:39:10.708459 19925 auto_leader_rebalancer.cc:140] leader rebalance for table test-workload
I20260601 13:39:10.708806 19925 auto_leader_rebalancer.cc:388] table: test-workload, leader rebalance finish, leader transfer count: 0
I20260601 13:39:10.708870 19925 auto_leader_rebalancer.cc:451] All tables' leader rebalancing finished this round
I20260601 13:39:10.714362 19918 placement_policy_util.cc:407] tablet a97f7a0e666a49e6b8bc0c2eb54827cf: detected majority of replicas (2 of 3) at location L0
I20260601 13:39:11.716400 19918 placement_policy_util.cc:407] tablet a97f7a0e666a49e6b8bc0c2eb54827cf: detected majority of replicas (2 of 3) at location L0
I20260601 13:39:12.709196 19925 auto_leader_rebalancer.cc:140] leader rebalance for table test-workload
I20260601 13:39:12.709556 19925 auto_leader_rebalancer.cc:388] table: test-workload, leader rebalance finish, leader transfer count: 0
I20260601 13:39:12.709614 19925 auto_leader_rebalancer.cc:451] All tables' leader rebalancing finished this round
I20260601 13:39:12.718104 19918 placement_policy_util.cc:407] tablet a97f7a0e666a49e6b8bc0c2eb54827cf: detected majority of replicas (2 of 3) at location L0
I20260601 13:39:13.719779 19918 placement_policy_util.cc:407] tablet a97f7a0e666a49e6b8bc0c2eb54827cf: detected majority of replicas (2 of 3) at location L0
I20260601 13:39:14.710109 19925 auto_leader_rebalancer.cc:140] leader rebalance for table test-workload
I20260601 13:39:14.710757 19925 auto_leader_rebalancer.cc:388] table: test-workload, leader rebalance finish, leader transfer count: 0
I20260601 13:39:14.710887 19925 auto_leader_rebalancer.cc:451] All tables' leader rebalancing finished this round
I20260601 13:39:14.721894 19918 placement_policy_util.cc:407] tablet a97f7a0e666a49e6b8bc0c2eb54827cf: detected majority of replicas (2 of 3) at location L0
I20260601 13:39:15.724006 19918 placement_policy_util.cc:407] tablet a97f7a0e666a49e6b8bc0c2eb54827cf: detected majority of replicas (2 of 3) at location L0
I20260601 13:39:16.711453 19925 auto_leader_rebalancer.cc:140] leader rebalance for table test-workload
I20260601 13:39:16.712260 19925 auto_leader_rebalancer.cc:388] table: test-workload, leader rebalance finish, leader transfer count: 0
I20260601 13:39:16.712455 19925 auto_leader_rebalancer.cc:451] All tables' leader rebalancing finished this round
I20260601 13:39:16.726590 19918 placement_policy_util.cc:407] tablet a97f7a0e666a49e6b8bc0c2eb54827cf: detected majority of replicas (2 of 3) at location L0
I20260601 13:39:17.048466 15874 tablet_server.cc:179] TabletServer@127.15.128.129:0 shutting down...
I20260601 13:39:17.053730 15874 ts_tablet_manager.cc:1507] Shutting down tablet manager...
I20260601 13:39:17.054157 15874 tablet_replica.cc:333] T a97f7a0e666a49e6b8bc0c2eb54827cf P 05cc5249a8bc4bf198d35d18fe2fd8fe: stopping tablet replica
I20260601 13:39:17.054316 15874 raft_consensus.cc:2243] T a97f7a0e666a49e6b8bc0c2eb54827cf P 05cc5249a8bc4bf198d35d18fe2fd8fe [term 1 FOLLOWER]: Raft consensus shutting down.
I20260601 13:39:17.054484 15874 raft_consensus.cc:2272] T a97f7a0e666a49e6b8bc0c2eb54827cf P 05cc5249a8bc4bf198d35d18fe2fd8fe [term 1 FOLLOWER]: Raft consensus is shut down!
W20260601 13:39:17.058890 20091 proxy.cc:239] Call had error, refreshing address and retrying: Network error: Client connection negotiation failed: client connection to 127.15.128.129:34163: connect: Connection refused (error 111)
W20260601 13:39:17.060262 20091 consensus_peers.cc:597] T a97f7a0e666a49e6b8bc0c2eb54827cf P bab6b4783a934b4b8cf4411094430ace -> Peer 05cc5249a8bc4bf198d35d18fe2fd8fe (127.15.128.129:34163): Couldn't send request to peer 05cc5249a8bc4bf198d35d18fe2fd8fe. Status: Network error: Client connection negotiation failed: client connection to 127.15.128.129:34163: connect: Connection refused (error 111). This is attempt 1: this message will repeat every 5th retry.
I20260601 13:39:17.068186 15874 tablet_server.cc:196] TabletServer@127.15.128.129:0 shutdown complete.
I20260601 13:39:17.071527 15874 tablet_server.cc:179] TabletServer@127.15.128.130:0 shutting down...
I20260601 13:39:17.076841 15874 ts_tablet_manager.cc:1507] Shutting down tablet manager...
I20260601 13:39:17.077149 15874 tablet_replica.cc:333] T a97f7a0e666a49e6b8bc0c2eb54827cf P 7bbd5b15e0c3483b95226ebba23dab0c: stopping tablet replica
I20260601 13:39:17.077298 15874 raft_consensus.cc:2243] T a97f7a0e666a49e6b8bc0c2eb54827cf P 7bbd5b15e0c3483b95226ebba23dab0c [term 1 FOLLOWER]: Raft consensus shutting down.
I20260601 13:39:17.077441 15874 raft_consensus.cc:2272] T a97f7a0e666a49e6b8bc0c2eb54827cf P 7bbd5b15e0c3483b95226ebba23dab0c [term 1 FOLLOWER]: Raft consensus is shut down!
I20260601 13:39:17.091377 15874 tablet_server.cc:196] TabletServer@127.15.128.130:0 shutdown complete.
I20260601 13:39:17.094398 15874 tablet_server.cc:179] TabletServer@127.15.128.131:0 shutting down...
I20260601 13:39:17.100725 15874 ts_tablet_manager.cc:1507] Shutting down tablet manager...
