I20260601 13:38:47.648526 27652 consensus_queue.cc:237] T c05e3304a7414196b90821f47ebb8ce5 P cc8f4400697a456ba1ea22e521deda65 [LEADER]: Queue going to LEADER mode. State: All replicated index: 0, Majority replicated index: 1, Committed index: 1, Last appended: 1.1, Last appended by leader: 0, Current term: 1, Majority size: 2, State: 0, Mode: LEADER, active raft config: opid_index: 2 OBSOLETE_local: false peers { permanent_uuid: "cc8f4400697a456ba1ea22e521deda65" member_type: VOTER last_known_addr { host: "127.24.29.129" port: 40289 } } peers { permanent_uuid: "44740b0f075a496dbd9c4a0af7aca2df" member_type: VOTER last_known_addr { host: "127.24.29.132" port: 43295 } attrs { replace: true } } peers { permanent_uuid: "f4233f1425584506bdb208fdf03fbd9b" member_type: VOTER last_known_addr { host: "127.24.29.130" port: 36359 } } peers { permanent_uuid: "d4e29e7af750401596be8af5d288ba92" member_type: NON_VOTER last_known_addr { host: "127.24.29.131" port: 44161 } attrs { promote: true } }
I20260601 13:38:47.650084 27944 raft_consensus.cc:1275] T c05e3304a7414196b90821f47ebb8ce5 P 44740b0f075a496dbd9c4a0af7aca2df [term 1 FOLLOWER]: Refusing update from remote peer cc8f4400697a456ba1ea22e521deda65: Log matching property violated. Preceding OpId in replica: term: 1 index: 1. Preceding OpId from leader: term: 1 index: 2. (index mismatch)
I20260601 13:38:47.650189 27728 raft_consensus.cc:1275] T c05e3304a7414196b90821f47ebb8ce5 P f4233f1425584506bdb208fdf03fbd9b [term 1 FOLLOWER]: Refusing update from remote peer cc8f4400697a456ba1ea22e521deda65: Log matching property violated. Preceding OpId in replica: term: 1 index: 1. Preceding OpId from leader: term: 1 index: 2. (index mismatch)
W20260601 13:38:47.650310 27617 consensus_peers.cc:597] T c05e3304a7414196b90821f47ebb8ce5 P cc8f4400697a456ba1ea22e521deda65 -> Peer d4e29e7af750401596be8af5d288ba92 (127.24.29.131:44161): Couldn't send request to peer d4e29e7af750401596be8af5d288ba92. Error code: TABLET_NOT_FOUND (6). Status: Not found: Tablet not found: c05e3304a7414196b90821f47ebb8ce5. This is attempt 1: this message will repeat every 5th retry.
I20260601 13:38:47.650424 28146 consensus_queue.cc:1048] T c05e3304a7414196b90821f47ebb8ce5 P cc8f4400697a456ba1ea22e521deda65 [LEADER]: Connected to new peer: Peer: permanent_uuid: "44740b0f075a496dbd9c4a0af7aca2df" member_type: VOTER last_known_addr { host: "127.24.29.132" port: 43295 } attrs { replace: true }, Status: LMP_MISMATCH, Last received: 0.0, Next index: 2, Last known committed idx: 1, Time since last communication: 0.000s
I20260601 13:38:47.650592 28155 consensus_queue.cc:1048] T c05e3304a7414196b90821f47ebb8ce5 P cc8f4400697a456ba1ea22e521deda65 [LEADER]: Connected to new peer: Peer: permanent_uuid: "f4233f1425584506bdb208fdf03fbd9b" member_type: VOTER last_known_addr { host: "127.24.29.130" port: 36359 }, Status: LMP_MISMATCH, Last received: 0.0, Next index: 2, Last known committed idx: 1, Time since last communication: 0.000s
I20260601 13:38:47.652195 28146 raft_consensus.cc:2955] T c05e3304a7414196b90821f47ebb8ce5 P cc8f4400697a456ba1ea22e521deda65 [term 1 LEADER]: Committing config change with OpId 1.2: config changed from index -1 to 2, NON_VOTER d4e29e7af750401596be8af5d288ba92 (127.24.29.131) added. New config: { opid_index: 2 OBSOLETE_local: false peers { permanent_uuid: "cc8f4400697a456ba1ea22e521deda65" member_type: VOTER last_known_addr { host: "127.24.29.129" port: 40289 } } peers { permanent_uuid: "44740b0f075a496dbd9c4a0af7aca2df" member_type: VOTER last_known_addr { host: "127.24.29.132" port: 43295 } attrs { replace: true } } peers { permanent_uuid: "f4233f1425584506bdb208fdf03fbd9b" member_type: VOTER last_known_addr { host: "127.24.29.130" port: 36359 } } peers { permanent_uuid: "d4e29e7af750401596be8af5d288ba92" member_type: NON_VOTER last_known_addr { host: "127.24.29.131" port: 44161 } attrs { promote: true } } }
I20260601 13:38:47.652803 27944 raft_consensus.cc:2955] T c05e3304a7414196b90821f47ebb8ce5 P 44740b0f075a496dbd9c4a0af7aca2df [term 1 FOLLOWER]: Committing config change with OpId 1.2: config changed from index -1 to 2, NON_VOTER d4e29e7af750401596be8af5d288ba92 (127.24.29.131) added. New config: { opid_index: 2 OBSOLETE_local: false peers { permanent_uuid: "cc8f4400697a456ba1ea22e521deda65" member_type: VOTER last_known_addr { host: "127.24.29.129" port: 40289 } } peers { permanent_uuid: "44740b0f075a496dbd9c4a0af7aca2df" member_type: VOTER last_known_addr { host: "127.24.29.132" port: 43295 } attrs { replace: true } } peers { permanent_uuid: "f4233f1425584506bdb208fdf03fbd9b" member_type: VOTER last_known_addr { host: "127.24.29.130" port: 36359 } } peers { permanent_uuid: "d4e29e7af750401596be8af5d288ba92" member_type: NON_VOTER last_known_addr { host: "127.24.29.131" port: 44161 } attrs { promote: true } } }
I20260601 13:38:47.653812 27728 raft_consensus.cc:2955] T c05e3304a7414196b90821f47ebb8ce5 P f4233f1425584506bdb208fdf03fbd9b [term 1 FOLLOWER]: Committing config change with OpId 1.2: config changed from index -1 to 2, NON_VOTER d4e29e7af750401596be8af5d288ba92 (127.24.29.131) added. New config: { opid_index: 2 OBSOLETE_local: false peers { permanent_uuid: "cc8f4400697a456ba1ea22e521deda65" member_type: VOTER last_known_addr { host: "127.24.29.129" port: 40289 } } peers { permanent_uuid: "44740b0f075a496dbd9c4a0af7aca2df" member_type: VOTER last_known_addr { host: "127.24.29.132" port: 43295 } attrs { replace: true } } peers { permanent_uuid: "f4233f1425584506bdb208fdf03fbd9b" member_type: VOTER last_known_addr { host: "127.24.29.130" port: 36359 } } peers { permanent_uuid: "d4e29e7af750401596be8af5d288ba92" member_type: NON_VOTER last_known_addr { host: "127.24.29.131" port: 44161 } attrs { promote: true } } }
I20260601 13:38:47.655032 27550 catalog_manager.cc:5696] T c05e3304a7414196b90821f47ebb8ce5 P 44740b0f075a496dbd9c4a0af7aca2df reported cstate change: config changed from index -1 to 2, NON_VOTER d4e29e7af750401596be8af5d288ba92 (127.24.29.131) added. New cstate: current_term: 1 leader_uuid: "cc8f4400697a456ba1ea22e521deda65" committed_config { opid_index: 2 OBSOLETE_local: false peers { permanent_uuid: "cc8f4400697a456ba1ea22e521deda65" member_type: VOTER last_known_addr { host: "127.24.29.129" port: 40289 } } peers { permanent_uuid: "44740b0f075a496dbd9c4a0af7aca2df" member_type: VOTER last_known_addr { host: "127.24.29.132" port: 43295 } attrs { replace: true } } peers { permanent_uuid: "f4233f1425584506bdb208fdf03fbd9b" member_type: VOTER last_known_addr { host: "127.24.29.130" port: 36359 } } peers { permanent_uuid: "d4e29e7af750401596be8af5d288ba92" member_type: NON_VOTER last_known_addr { host: "127.24.29.131" port: 44161 } attrs { promote: true } } }
I20260601 13:38:47.656564 27652 consensus_queue.cc:237] T f158cdee602f4ddaaaea13d54c8a89c8 P cc8f4400697a456ba1ea22e521deda65 [LEADER]: Queue going to LEADER mode. State: All replicated index: 0, Majority replicated index: 1, Committed index: 1, Last appended: 1.1, Last appended by leader: 0, Current term: 1, Majority size: 2, State: 0, Mode: LEADER, active raft config: opid_index: 2 OBSOLETE_local: false peers { permanent_uuid: "cc8f4400697a456ba1ea22e521deda65" member_type: VOTER last_known_addr { host: "127.24.29.129" port: 40289 } } peers { permanent_uuid: "f4233f1425584506bdb208fdf03fbd9b" member_type: VOTER last_known_addr { host: "127.24.29.130" port: 36359 } } peers { permanent_uuid: "d4e29e7af750401596be8af5d288ba92" member_type: VOTER last_known_addr { host: "127.24.29.131" port: 44161 } attrs { replace: true } } peers { permanent_uuid: "44740b0f075a496dbd9c4a0af7aca2df" member_type: NON_VOTER last_known_addr { host: "127.24.29.132" port: 43295 } attrs { promote: true } }
I20260601 13:38:47.658124 27803 raft_consensus.cc:1275] T f158cdee602f4ddaaaea13d54c8a89c8 P d4e29e7af750401596be8af5d288ba92 [term 1 FOLLOWER]: Refusing update from remote peer cc8f4400697a456ba1ea22e521deda65: Log matching property violated. Preceding OpId in replica: term: 1 index: 1. Preceding OpId from leader: term: 1 index: 2. (index mismatch)
I20260601 13:38:47.658751 28166 consensus_queue.cc:1048] T f158cdee602f4ddaaaea13d54c8a89c8 P cc8f4400697a456ba1ea22e521deda65 [LEADER]: Connected to new peer: Peer: permanent_uuid: "d4e29e7af750401596be8af5d288ba92" member_type: VOTER last_known_addr { host: "127.24.29.131" port: 44161 } attrs { replace: true }, Status: LMP_MISMATCH, Last received: 0.0, Next index: 2, Last known committed idx: 1, Time since last communication: 0.000s
I20260601 13:38:47.658777 27728 raft_consensus.cc:1275] T f158cdee602f4ddaaaea13d54c8a89c8 P f4233f1425584506bdb208fdf03fbd9b [term 1 FOLLOWER]: Refusing update from remote peer cc8f4400697a456ba1ea22e521deda65: Log matching property violated. Preceding OpId in replica: term: 1 index: 1. Preceding OpId from leader: term: 1 index: 2. (index mismatch)
I20260601 13:38:47.659246 28146 consensus_queue.cc:1048] T f158cdee602f4ddaaaea13d54c8a89c8 P cc8f4400697a456ba1ea22e521deda65 [LEADER]: Connected to new peer: Peer: permanent_uuid: "f4233f1425584506bdb208fdf03fbd9b" member_type: VOTER last_known_addr { host: "127.24.29.130" port: 36359 }, Status: LMP_MISMATCH, Last received: 0.0, Next index: 2, Last known committed idx: 1, Time since last communication: 0.000s
W20260601 13:38:47.660784 27616 consensus_peers.cc:597] T f158cdee602f4ddaaaea13d54c8a89c8 P cc8f4400697a456ba1ea22e521deda65 -> Peer 44740b0f075a496dbd9c4a0af7aca2df (127.24.29.132:43295): Couldn't send request to peer 44740b0f075a496dbd9c4a0af7aca2df. Error code: TABLET_NOT_FOUND (6). Status: Not found: Tablet not found: f158cdee602f4ddaaaea13d54c8a89c8. This is attempt 1: this message will repeat every 5th retry.
I20260601 13:38:47.661208 28155 raft_consensus.cc:2955] T f158cdee602f4ddaaaea13d54c8a89c8 P cc8f4400697a456ba1ea22e521deda65 [term 1 LEADER]: Committing config change with OpId 1.2: config changed from index -1 to 2, NON_VOTER 44740b0f075a496dbd9c4a0af7aca2df (127.24.29.132) added. New config: { opid_index: 2 OBSOLETE_local: false peers { permanent_uuid: "cc8f4400697a456ba1ea22e521deda65" member_type: VOTER last_known_addr { host: "127.24.29.129" port: 40289 } } peers { permanent_uuid: "f4233f1425584506bdb208fdf03fbd9b" member_type: VOTER last_known_addr { host: "127.24.29.130" port: 36359 } } peers { permanent_uuid: "d4e29e7af750401596be8af5d288ba92" member_type: VOTER last_known_addr { host: "127.24.29.131" port: 44161 } attrs { replace: true } } peers { permanent_uuid: "44740b0f075a496dbd9c4a0af7aca2df" member_type: NON_VOTER last_known_addr { host: "127.24.29.132" port: 43295 } attrs { promote: true } } }
I20260601 13:38:47.661578 27803 raft_consensus.cc:2955] T f158cdee602f4ddaaaea13d54c8a89c8 P d4e29e7af750401596be8af5d288ba92 [term 1 FOLLOWER]: Committing config change with OpId 1.2: config changed from index -1 to 2, NON_VOTER 44740b0f075a496dbd9c4a0af7aca2df (127.24.29.132) added. New config: { opid_index: 2 OBSOLETE_local: false peers { permanent_uuid: "cc8f4400697a456ba1ea22e521deda65" member_type: VOTER last_known_addr { host: "127.24.29.129" port: 40289 } } peers { permanent_uuid: "f4233f1425584506bdb208fdf03fbd9b" member_type: VOTER last_known_addr { host: "127.24.29.130" port: 36359 } } peers { permanent_uuid: "d4e29e7af750401596be8af5d288ba92" member_type: VOTER last_known_addr { host: "127.24.29.131" port: 44161 } attrs { replace: true } } peers { permanent_uuid: "44740b0f075a496dbd9c4a0af7aca2df" member_type: NON_VOTER last_known_addr { host: "127.24.29.132" port: 43295 } attrs { promote: true } } }
I20260601 13:38:47.662906 27728 raft_consensus.cc:2955] T f158cdee602f4ddaaaea13d54c8a89c8 P f4233f1425584506bdb208fdf03fbd9b [term 1 FOLLOWER]: Committing config change with OpId 1.2: config changed from index -1 to 2, NON_VOTER 44740b0f075a496dbd9c4a0af7aca2df (127.24.29.132) added. New config: { opid_index: 2 OBSOLETE_local: false peers { permanent_uuid: "cc8f4400697a456ba1ea22e521deda65" member_type: VOTER last_known_addr { host: "127.24.29.129" port: 40289 } } peers { permanent_uuid: "f4233f1425584506bdb208fdf03fbd9b" member_type: VOTER last_known_addr { host: "127.24.29.130" port: 36359 } } peers { permanent_uuid: "d4e29e7af750401596be8af5d288ba92" member_type: VOTER last_known_addr { host: "127.24.29.131" port: 44161 } attrs { replace: true } } peers { permanent_uuid: "44740b0f075a496dbd9c4a0af7aca2df" member_type: NON_VOTER last_known_addr { host: "127.24.29.132" port: 43295 } attrs { promote: true } } }
I20260601 13:38:47.663600 27550 catalog_manager.cc:5696] T f158cdee602f4ddaaaea13d54c8a89c8 P cc8f4400697a456ba1ea22e521deda65 reported cstate change: config changed from index -1 to 2, NON_VOTER 44740b0f075a496dbd9c4a0af7aca2df (127.24.29.132) added. New cstate: current_term: 1 leader_uuid: "cc8f4400697a456ba1ea22e521deda65" committed_config { opid_index: 2 OBSOLETE_local: false peers { permanent_uuid: "cc8f4400697a456ba1ea22e521deda65" member_type: VOTER last_known_addr { host: "127.24.29.129" port: 40289 } health_report { overall_health: HEALTHY } } peers { permanent_uuid: "f4233f1425584506bdb208fdf03fbd9b" member_type: VOTER last_known_addr { host: "127.24.29.130" port: 36359 } health_report { overall_health: HEALTHY } } peers { permanent_uuid: "d4e29e7af750401596be8af5d288ba92" member_type: VOTER last_known_addr { host: "127.24.29.131" port: 44161 } attrs { replace: true } health_report { overall_health: HEALTHY } } peers { permanent_uuid: "44740b0f075a496dbd9c4a0af7aca2df" member_type: NON_VOTER last_known_addr { host: "127.24.29.132" port: 43295 } attrs { promote: true } health_report { overall_health: UNKNOWN } } }
I20260601 13:38:47.729727 27604 auto_leader_rebalancer.cc:140] leader rebalance for table range_aware_rebalance_new_range
I20260601 13:38:47.732062 27652 tablet_service.cc:2072] Received LeaderStepDown RPC: tablet_id: "7bd60e2bd50743edbc52c69c0f6023f8"
dest_uuid: "cc8f4400697a456ba1ea22e521deda65"
mode: GRACEFUL
new_leader_uuid: "44740b0f075a496dbd9c4a0af7aca2df"
 from {username='slave'} at 127.0.0.1:34032
I20260601 13:38:47.732236 27652 raft_consensus.cc:606] T 7bd60e2bd50743edbc52c69c0f6023f8 P cc8f4400697a456ba1ea22e521deda65 [term 1 LEADER]: Received request to transfer leadership to TS 44740b0f075a496dbd9c4a0af7aca2df
I20260601 13:38:47.732723 27604 auto_leader_rebalancer.cc:388] table: range_aware_rebalance_new_range, leader rebalance finish, leader transfer count: 1
I20260601 13:38:47.732988 27604 auto_leader_rebalancer.cc:451] All tables' leader rebalancing finished this round
I20260601 13:38:48.016180 28166 raft_consensus.cc:993] T 7bd60e2bd50743edbc52c69c0f6023f8 P cc8f4400697a456ba1ea22e521deda65: : Instructing follower 44740b0f075a496dbd9c4a0af7aca2df to start an election
I20260601 13:38:48.016350 28166 raft_consensus.cc:1081] T 7bd60e2bd50743edbc52c69c0f6023f8 P cc8f4400697a456ba1ea22e521deda65 [term 1 LEADER]: Signalling peer 44740b0f075a496dbd9c4a0af7aca2df to start an election
I20260601 13:38:48.016803 27944 tablet_service.cc:2044] Received Run Leader Election RPC: tablet_id: "7bd60e2bd50743edbc52c69c0f6023f8"
dest_uuid: "44740b0f075a496dbd9c4a0af7aca2df"
 from {username='slave'} at 127.0.0.1:36112
I20260601 13:38:48.016918 27944 raft_consensus.cc:493] T 7bd60e2bd50743edbc52c69c0f6023f8 P 44740b0f075a496dbd9c4a0af7aca2df [term 1 FOLLOWER]: Starting forced leader election (received explicit request)
I20260601 13:38:48.017007 27944 raft_consensus.cc:3060] T 7bd60e2bd50743edbc52c69c0f6023f8 P 44740b0f075a496dbd9c4a0af7aca2df [term 1 FOLLOWER]: Advancing to term 2
I20260601 13:38:48.017845 27944 raft_consensus.cc:515] T 7bd60e2bd50743edbc52c69c0f6023f8 P 44740b0f075a496dbd9c4a0af7aca2df [term 2 FOLLOWER]: Starting forced leader election with config: opid_index: 2 OBSOLETE_local: false peers { permanent_uuid: "d4e29e7af750401596be8af5d288ba92" member_type: VOTER last_known_addr { host: "127.24.29.131" port: 44161 } } peers { permanent_uuid: "44740b0f075a496dbd9c4a0af7aca2df" member_type: VOTER last_known_addr { host: "127.24.29.132" port: 43295 } attrs { replace: true } } peers { permanent_uuid: "cc8f4400697a456ba1ea22e521deda65" member_type: VOTER last_known_addr { host: "127.24.29.129" port: 40289 } } peers { permanent_uuid: "f4233f1425584506bdb208fdf03fbd9b" member_type: NON_VOTER last_known_addr { host: "127.24.29.130" port: 36359 } attrs { promote: true } }
I20260601 13:38:48.018231 27944 leader_election.cc:290] T 7bd60e2bd50743edbc52c69c0f6023f8 P 44740b0f075a496dbd9c4a0af7aca2df [CANDIDATE]: Term 2 election: Requested vote from peers d4e29e7af750401596be8af5d288ba92 (127.24.29.131:44161), cc8f4400697a456ba1ea22e521deda65 (127.24.29.129:40289)
I20260601 13:38:48.018491 27803 tablet_service.cc:1917] Received RequestConsensusVote() RPC: tablet_id: "7bd60e2bd50743edbc52c69c0f6023f8" candidate_uuid: "44740b0f075a496dbd9c4a0af7aca2df" candidate_term: 2 candidate_status { last_received { term: 1 index: 2 } } ignore_live_leader: true dest_uuid: "d4e29e7af750401596be8af5d288ba92"
I20260601 13:38:48.018591 27803 raft_consensus.cc:3060] T 7bd60e2bd50743edbc52c69c0f6023f8 P d4e29e7af750401596be8af5d288ba92 [term 1 FOLLOWER]: Advancing to term 2
I20260601 13:38:48.018539 27652 tablet_service.cc:1917] Received RequestConsensusVote() RPC: tablet_id: "7bd60e2bd50743edbc52c69c0f6023f8" candidate_uuid: "44740b0f075a496dbd9c4a0af7aca2df" candidate_term: 2 candidate_status { last_received { term: 1 index: 2 } } ignore_live_leader: true dest_uuid: "cc8f4400697a456ba1ea22e521deda65"
I20260601 13:38:48.018674 27652 raft_consensus.cc:3055] T 7bd60e2bd50743edbc52c69c0f6023f8 P cc8f4400697a456ba1ea22e521deda65 [term 1 LEADER]: Stepping down as leader of term 1
I20260601 13:38:48.018718 27652 raft_consensus.cc:740] T 7bd60e2bd50743edbc52c69c0f6023f8 P cc8f4400697a456ba1ea22e521deda65 [term 1 LEADER]: Becoming Follower/Learner. State: Replica: cc8f4400697a456ba1ea22e521deda65, State: Running, Role: LEADER
I20260601 13:38:48.018852 27652 consensus_queue.cc:260] T 7bd60e2bd50743edbc52c69c0f6023f8 P cc8f4400697a456ba1ea22e521deda65 [NON_LEADER]: Queue going to NON_LEADER mode. State: All replicated index: 0, Majority replicated index: 2, Committed index: 2, Last appended: 1.2, Last appended by leader: 2, Current term: 1, Majority size: -1, State: 0, Mode: NON_LEADER, active raft config: opid_index: 2 OBSOLETE_local: false peers { permanent_uuid: "d4e29e7af750401596be8af5d288ba92" member_type: VOTER last_known_addr { host: "127.24.29.131" port: 44161 } } peers { permanent_uuid: "44740b0f075a496dbd9c4a0af7aca2df" member_type: VOTER last_known_addr { host: "127.24.29.132" port: 43295 } attrs { replace: true } } peers { permanent_uuid: "cc8f4400697a456ba1ea22e521deda65" member_type: VOTER last_known_addr { host: "127.24.29.129" port: 40289 } } peers { permanent_uuid: "f4233f1425584506bdb208fdf03fbd9b" member_type: NON_VOTER last_known_addr { host: "127.24.29.130" port: 36359 } attrs { promote: true } }
I20260601 13:38:48.019039 27652 raft_consensus.cc:3060] T 7bd60e2bd50743edbc52c69c0f6023f8 P cc8f4400697a456ba1ea22e521deda65 [term 1 FOLLOWER]: Advancing to term 2
I20260601 13:38:48.019343 27803 raft_consensus.cc:2468] T 7bd60e2bd50743edbc52c69c0f6023f8 P d4e29e7af750401596be8af5d288ba92 [term 2 FOLLOWER]: Leader election vote request: Granting yes vote for candidate 44740b0f075a496dbd9c4a0af7aca2df in term 2.
I20260601 13:38:48.019811 27908 leader_election.cc:304] T 7bd60e2bd50743edbc52c69c0f6023f8 P 44740b0f075a496dbd9c4a0af7aca2df [CANDIDATE]: Term 2 election: Election decided. Result: candidate won. Election summary: received 2 responses out of 3 voters: 2 yes votes; 0 no votes. yes voters: 44740b0f075a496dbd9c4a0af7aca2df, d4e29e7af750401596be8af5d288ba92; no voters: 
I20260601 13:38:48.019986 27652 raft_consensus.cc:2468] T 7bd60e2bd50743edbc52c69c0f6023f8 P cc8f4400697a456ba1ea22e521deda65 [term 2 FOLLOWER]: Leader election vote request: Granting yes vote for candidate 44740b0f075a496dbd9c4a0af7aca2df in term 2.
I20260601 13:38:48.019999 28150 raft_consensus.cc:2804] T 7bd60e2bd50743edbc52c69c0f6023f8 P 44740b0f075a496dbd9c4a0af7aca2df [term 2 FOLLOWER]: Leader election won for term 2
I20260601 13:38:48.020318 28150 raft_consensus.cc:697] T 7bd60e2bd50743edbc52c69c0f6023f8 P 44740b0f075a496dbd9c4a0af7aca2df [term 2 LEADER]: Becoming Leader. State: Replica: 44740b0f075a496dbd9c4a0af7aca2df, State: Running, Role: LEADER
I20260601 13:38:48.020457 28150 consensus_queue.cc:237] T 7bd60e2bd50743edbc52c69c0f6023f8 P 44740b0f075a496dbd9c4a0af7aca2df [LEADER]: Queue going to LEADER mode. State: All replicated index: 0, Majority replicated index: 2, Committed index: 2, Last appended: 1.2, Last appended by leader: 2, Current term: 2, Majority size: 2, State: 0, Mode: LEADER, active raft config: opid_index: 2 OBSOLETE_local: false peers { permanent_uuid: "d4e29e7af750401596be8af5d288ba92" member_type: VOTER last_known_addr { host: "127.24.29.131" port: 44161 } } peers { permanent_uuid: "44740b0f075a496dbd9c4a0af7aca2df" member_type: VOTER last_known_addr { host: "127.24.29.132" port: 43295 } attrs { replace: true } } peers { permanent_uuid: "cc8f4400697a456ba1ea22e521deda65" member_type: VOTER last_known_addr { host: "127.24.29.129" port: 40289 } } peers { permanent_uuid: "f4233f1425584506bdb208fdf03fbd9b" member_type: NON_VOTER last_known_addr { host: "127.24.29.130" port: 36359 } attrs { promote: true } }
I20260601 13:38:48.021871 27549 catalog_manager.cc:5696] T 7bd60e2bd50743edbc52c69c0f6023f8 P 44740b0f075a496dbd9c4a0af7aca2df reported cstate change: term changed from 1 to 2, leader changed from cc8f4400697a456ba1ea22e521deda65 (127.24.29.129) to 44740b0f075a496dbd9c4a0af7aca2df (127.24.29.132). New cstate: current_term: 2 leader_uuid: "44740b0f075a496dbd9c4a0af7aca2df" committed_config { opid_index: 2 OBSOLETE_local: false peers { permanent_uuid: "d4e29e7af750401596be8af5d288ba92" member_type: VOTER last_known_addr { host: "127.24.29.131" port: 44161 } health_report { overall_health: UNKNOWN } } peers { permanent_uuid: "44740b0f075a496dbd9c4a0af7aca2df" member_type: VOTER last_known_addr { host: "127.24.29.132" port: 43295 } attrs { replace: true } health_report { overall_health: HEALTHY } } peers { permanent_uuid: "cc8f4400697a456ba1ea22e521deda65" member_type: VOTER last_known_addr { host: "127.24.29.129" port: 40289 } health_report { overall_health: UNKNOWN } } peers { permanent_uuid: "f4233f1425584506bdb208fdf03fbd9b" member_type: NON_VOTER last_known_addr { host: "127.24.29.130" port: 36359 } attrs { promote: true } health_report { overall_health: UNKNOWN } } }
I20260601 13:38:48.024562 27944 tablet_service.cc:2072] Received LeaderStepDown RPC: tablet_id: "7bd60e2bd50743edbc52c69c0f6023f8"
dest_uuid: "44740b0f075a496dbd9c4a0af7aca2df"
mode: GRACEFUL
 from {username='slave'} at 127.0.0.1:36110
I20260601 13:38:48.024685 27944 raft_consensus.cc:606] T 7bd60e2bd50743edbc52c69c0f6023f8 P 44740b0f075a496dbd9c4a0af7aca2df [term 2 LEADER]: Received request to transfer leadership
I20260601 13:38:48.026007 27944 tablet_service.cc:2072] Received LeaderStepDown RPC: tablet_id: "7bd60e2bd50743edbc52c69c0f6023f8"
dest_uuid: "44740b0f075a496dbd9c4a0af7aca2df"
mode: GRACEFUL
 from {username='slave'} at 127.0.0.1:36110
I20260601 13:38:48.026106 27944 raft_consensus.cc:606] T 7bd60e2bd50743edbc52c69c0f6023f8 P 44740b0f075a496dbd9c4a0af7aca2df [term 2 LEADER]: Received request to transfer leadership
W20260601 13:38:48.026469 27534 proxy.cc:239] Call had error, refreshing address and retrying: Remote error: Service unavailable: leadership transfer for 7bd60e2bd50743edbc52c69c0f6023f8 already in progress [suppressed 2 similar messages]
I20260601 13:38:48.027098 27944 tablet_service.cc:2072] Received LeaderStepDown RPC: tablet_id: "7bd60e2bd50743edbc52c69c0f6023f8"
dest_uuid: "44740b0f075a496dbd9c4a0af7aca2df"
mode: GRACEFUL
 from {username='slave'} at 127.0.0.1:36110
I20260601 13:38:48.027186 27944 raft_consensus.cc:606] T 7bd60e2bd50743edbc52c69c0f6023f8 P 44740b0f075a496dbd9c4a0af7aca2df [term 2 LEADER]: Received request to transfer leadership
W20260601 13:38:48.031775 27599 auto_rebalancer.cc:855] Removing replace marker failed: Service unavailable: leader transfer in progress
W20260601 13:38:48.031885 27599 auto_rebalancer.cc:863] Could not move replica: Remote error: Service unavailable: leadership transfer for 7bd60e2bd50743edbc52c69c0f6023f8 already in progress
W20260601 13:38:48.031913 27599 auto_rebalancer.cc:300] scheduled replica move failed to complete: Remote error: Service unavailable: leadership transfer for 7bd60e2bd50743edbc52c69c0f6023f8 already in progress
I20260601 13:38:48.076313 28176 ts_tablet_manager.cc:933] T 9c50ee1fd60343b9808797c1541190b0 P 44740b0f075a496dbd9c4a0af7aca2df: Initiating tablet copy from peer cc8f4400697a456ba1ea22e521deda65 (127.24.29.129:40289)
I20260601 13:38:48.076797 28176 tablet_copy_client.cc:323] T 9c50ee1fd60343b9808797c1541190b0 P 44740b0f075a496dbd9c4a0af7aca2df: tablet copy: Beginning tablet copy session from remote peer at address 127.24.29.129:40289
I20260601 13:38:48.077369 27663 tablet_copy_service.cc:140] P cc8f4400697a456ba1ea22e521deda65: Received BeginTabletCopySession request for tablet 9c50ee1fd60343b9808797c1541190b0 from peer 44740b0f075a496dbd9c4a0af7aca2df ({username='slave'} at 127.0.0.1:34026)
I20260601 13:38:48.077462 27663 tablet_copy_service.cc:161] P cc8f4400697a456ba1ea22e521deda65: Beginning new tablet copy session on tablet 9c50ee1fd60343b9808797c1541190b0 from peer 44740b0f075a496dbd9c4a0af7aca2df at {username='slave'} at 127.0.0.1:34026: session id = 44740b0f075a496dbd9c4a0af7aca2df-9c50ee1fd60343b9808797c1541190b0
I20260601 13:38:48.078336 27663 tablet_copy_source_session.cc:215] T 9c50ee1fd60343b9808797c1541190b0 P cc8f4400697a456ba1ea22e521deda65: Tablet Copy: opened 0 blocks and 1 log segments
I20260601 13:38:48.079331 28176 data_dirs.cc:400] Could only allocate 1 dirs of requested 3 for tablet 9c50ee1fd60343b9808797c1541190b0. 1 dirs total, 0 dirs full, 0 dirs failed
I20260601 13:38:48.081343 28176 tablet_copy_client.cc:806] T 9c50ee1fd60343b9808797c1541190b0 P 44740b0f075a496dbd9c4a0af7aca2df: tablet copy: Starting download of 0 data blocks...
I20260601 13:38:48.081538 28176 tablet_copy_client.cc:670] T 9c50ee1fd60343b9808797c1541190b0 P 44740b0f075a496dbd9c4a0af7aca2df: tablet copy: Starting download of 1 WAL segments...
I20260601 13:38:48.082705 28176 tablet_copy_client.cc:538] T 9c50ee1fd60343b9808797c1541190b0 P 44740b0f075a496dbd9c4a0af7aca2df: tablet copy: Tablet Copy complete. Replacing tablet superblock.
I20260601 13:38:48.083859 28176 tablet_bootstrap.cc:492] T 9c50ee1fd60343b9808797c1541190b0 P 44740b0f075a496dbd9c4a0af7aca2df: Bootstrap starting.
I20260601 13:38:48.087076 28176 tablet_bootstrap.cc:492] T 9c50ee1fd60343b9808797c1541190b0 P 44740b0f075a496dbd9c4a0af7aca2df: Bootstrap replayed 1/1 log segments. Stats: ops{read=3 overwritten=0 applied=3 ignored=0} inserts{seen=0 ignored=0} mutations{seen=0 ignored=0} orphaned_commits=0. Pending: 0 replicates
I20260601 13:38:48.087312 28176 tablet_bootstrap.cc:492] T 9c50ee1fd60343b9808797c1541190b0 P 44740b0f075a496dbd9c4a0af7aca2df: Bootstrap complete.
I20260601 13:38:48.087514 28176 ts_tablet_manager.cc:1403] T 9c50ee1fd60343b9808797c1541190b0 P 44740b0f075a496dbd9c4a0af7aca2df: Time spent bootstrapping tablet: real 0.004s	user 0.001s	sys 0.003s
I20260601 13:38:48.088002 28176 raft_consensus.cc:359] T 9c50ee1fd60343b9808797c1541190b0 P 44740b0f075a496dbd9c4a0af7aca2df [term 2 LEARNER]: Replica starting. Triggering 0 pending ops. Active config: opid_index: 3 OBSOLETE_local: false peers { permanent_uuid: "f4233f1425584506bdb208fdf03fbd9b" member_type: VOTER last_known_addr { host: "127.24.29.130" port: 36359 } attrs { replace: true } } peers { permanent_uuid: "d4e29e7af750401596be8af5d288ba92" member_type: VOTER last_known_addr { host: "127.24.29.131" port: 44161 } } peers { permanent_uuid: "cc8f4400697a456ba1ea22e521deda65" member_type: VOTER last_known_addr { host: "127.24.29.129" port: 40289 } } peers { permanent_uuid: "44740b0f075a496dbd9c4a0af7aca2df" member_type: NON_VOTER last_known_addr { host: "127.24.29.132" port: 43295 } attrs { promote: true } }
I20260601 13:38:48.088150 28176 raft_consensus.cc:740] T 9c50ee1fd60343b9808797c1541190b0 P 44740b0f075a496dbd9c4a0af7aca2df [term 2 LEARNER]: Becoming Follower/Learner. State: Replica: 44740b0f075a496dbd9c4a0af7aca2df, State: Initialized, Role: LEARNER
I20260601 13:38:48.088160 28179 ts_tablet_manager.cc:933] T c05e3304a7414196b90821f47ebb8ce5 P d4e29e7af750401596be8af5d288ba92: Initiating tablet copy from peer cc8f4400697a456ba1ea22e521deda65 (127.24.29.129:40289)
I20260601 13:38:48.088279 28176 consensus_queue.cc:260] T 9c50ee1fd60343b9808797c1541190b0 P 44740b0f075a496dbd9c4a0af7aca2df [NON_LEADER]: Queue going to NON_LEADER mode. State: All replicated index: 0, Majority replicated index: 0, Committed index: 3, Last appended: 2.3, Last appended by leader: 3, Current term: 0, Majority size: -1, State: 0, Mode: NON_LEADER, active raft config: opid_index: 3 OBSOLETE_local: false peers { permanent_uuid: "f4233f1425584506bdb208fdf03fbd9b" member_type: VOTER last_known_addr { host: "127.24.29.130" port: 36359 } attrs { replace: true } } peers { permanent_uuid: "d4e29e7af750401596be8af5d288ba92" member_type: VOTER last_known_addr { host: "127.24.29.131" port: 44161 } } peers { permanent_uuid: "cc8f4400697a456ba1ea22e521deda65" member_type: VOTER last_known_addr { host: "127.24.29.129" port: 40289 } } peers { permanent_uuid: "44740b0f075a496dbd9c4a0af7aca2df" member_type: NON_VOTER last_known_addr { host: "127.24.29.132" port: 43295 } attrs { promote: true } }
I20260601 13:38:48.088515 28179 tablet_copy_client.cc:323] T c05e3304a7414196b90821f47ebb8ce5 P d4e29e7af750401596be8af5d288ba92: tablet copy: Beginning tablet copy session from remote peer at address 127.24.29.129:40289
I20260601 13:38:48.088899 27663 tablet_copy_service.cc:140] P cc8f4400697a456ba1ea22e521deda65: Received BeginTabletCopySession request for tablet c05e3304a7414196b90821f47ebb8ce5 from peer d4e29e7af750401596be8af5d288ba92 ({username='slave'} at 127.0.0.1:34024)
I20260601 13:38:48.088982 27663 tablet_copy_service.cc:161] P cc8f4400697a456ba1ea22e521deda65: Beginning new tablet copy session on tablet c05e3304a7414196b90821f47ebb8ce5 from peer d4e29e7af750401596be8af5d288ba92 at {username='slave'} at 127.0.0.1:34024: session id = d4e29e7af750401596be8af5d288ba92-c05e3304a7414196b90821f47ebb8ce5
I20260601 13:38:48.089946 27663 tablet_copy_source_session.cc:215] T c05e3304a7414196b90821f47ebb8ce5 P cc8f4400697a456ba1ea22e521deda65: Tablet Copy: opened 0 blocks and 1 log segments
I20260601 13:38:48.088992 28176 ts_tablet_manager.cc:1434] T 9c50ee1fd60343b9808797c1541190b0 P 44740b0f075a496dbd9c4a0af7aca2df: Time spent starting tablet: real 0.001s	user 0.001s	sys 0.000s
I20260601 13:38:48.090565 27663 tablet_copy_service.cc:342] P cc8f4400697a456ba1ea22e521deda65: Request end of tablet copy session 44740b0f075a496dbd9c4a0af7aca2df-9c50ee1fd60343b9808797c1541190b0 received from {username='slave'} at 127.0.0.1:34026
I20260601 13:38:48.090659 27663 tablet_copy_service.cc:434] P cc8f4400697a456ba1ea22e521deda65: ending tablet copy session 44740b0f075a496dbd9c4a0af7aca2df-9c50ee1fd60343b9808797c1541190b0 on tablet 9c50ee1fd60343b9808797c1541190b0 with peer 44740b0f075a496dbd9c4a0af7aca2df
I20260601 13:38:48.090724 28179 data_dirs.cc:400] Could only allocate 1 dirs of requested 3 for tablet c05e3304a7414196b90821f47ebb8ce5. 1 dirs total, 0 dirs full, 0 dirs failed
I20260601 13:38:48.092715 28179 tablet_copy_client.cc:806] T c05e3304a7414196b90821f47ebb8ce5 P d4e29e7af750401596be8af5d288ba92: tablet copy: Starting download of 0 data blocks...
I20260601 13:38:48.092860 28179 tablet_copy_client.cc:670] T c05e3304a7414196b90821f47ebb8ce5 P d4e29e7af750401596be8af5d288ba92: tablet copy: Starting download of 1 WAL segments...
I20260601 13:38:48.093777 28179 tablet_copy_client.cc:538] T c05e3304a7414196b90821f47ebb8ce5 P d4e29e7af750401596be8af5d288ba92: tablet copy: Tablet Copy complete. Replacing tablet superblock.
I20260601 13:38:48.094894 28179 tablet_bootstrap.cc:492] T c05e3304a7414196b90821f47ebb8ce5 P d4e29e7af750401596be8af5d288ba92: Bootstrap starting.
I20260601 13:38:48.098716 28179 tablet_bootstrap.cc:492] T c05e3304a7414196b90821f47ebb8ce5 P d4e29e7af750401596be8af5d288ba92: Bootstrap replayed 1/1 log segments. Stats: ops{read=2 overwritten=0 applied=2 ignored=0} inserts{seen=0 ignored=0} mutations{seen=0 ignored=0} orphaned_commits=0. Pending: 0 replicates
I20260601 13:38:48.099009 28179 tablet_bootstrap.cc:492] T c05e3304a7414196b90821f47ebb8ce5 P d4e29e7af750401596be8af5d288ba92: Bootstrap complete.
I20260601 13:38:48.099167 28179 ts_tablet_manager.cc:1403] T c05e3304a7414196b90821f47ebb8ce5 P d4e29e7af750401596be8af5d288ba92: Time spent bootstrapping tablet: real 0.004s	user 0.000s	sys 0.003s
I20260601 13:38:48.099658 28179 raft_consensus.cc:359] T c05e3304a7414196b90821f47ebb8ce5 P d4e29e7af750401596be8af5d288ba92 [term 1 LEARNER]: Replica starting. Triggering 0 pending ops. Active config: opid_index: 2 OBSOLETE_local: false peers { permanent_uuid: "cc8f4400697a456ba1ea22e521deda65" member_type: VOTER last_known_addr { host: "127.24.29.129" port: 40289 } } peers { permanent_uuid: "44740b0f075a496dbd9c4a0af7aca2df" member_type: VOTER last_known_addr { host: "127.24.29.132" port: 43295 } attrs { replace: true } } peers { permanent_uuid: "f4233f1425584506bdb208fdf03fbd9b" member_type: VOTER last_known_addr { host: "127.24.29.130" port: 36359 } } peers { permanent_uuid: "d4e29e7af750401596be8af5d288ba92" member_type: NON_VOTER last_known_addr { host: "127.24.29.131" port: 44161 } attrs { promote: true } }
I20260601 13:38:48.099798 28179 raft_consensus.cc:740] T c05e3304a7414196b90821f47ebb8ce5 P d4e29e7af750401596be8af5d288ba92 [term 1 LEARNER]: Becoming Follower/Learner. State: Replica: d4e29e7af750401596be8af5d288ba92, State: Initialized, Role: LEARNER
I20260601 13:38:48.099890 28179 consensus_queue.cc:260] T c05e3304a7414196b90821f47ebb8ce5 P d4e29e7af750401596be8af5d288ba92 [NON_LEADER]: Queue going to NON_LEADER mode. State: All replicated index: 0, Majority replicated index: 0, Committed index: 2, Last appended: 1.2, Last appended by leader: 2, Current term: 0, Majority size: -1, State: 0, Mode: NON_LEADER, active raft config: opid_index: 2 OBSOLETE_local: false peers { permanent_uuid: "cc8f4400697a456ba1ea22e521deda65" member_type: VOTER last_known_addr { host: "127.24.29.129" port: 40289 } } peers { permanent_uuid: "44740b0f075a496dbd9c4a0af7aca2df" member_type: VOTER last_known_addr { host: "127.24.29.132" port: 43295 } attrs { replace: true } } peers { permanent_uuid: "f4233f1425584506bdb208fdf03fbd9b" member_type: VOTER last_known_addr { host: "127.24.29.130" port: 36359 } } peers { permanent_uuid: "d4e29e7af750401596be8af5d288ba92" member_type: NON_VOTER last_known_addr { host: "127.24.29.131" port: 44161 } attrs { promote: true } }
I20260601 13:38:48.100260 28179 ts_tablet_manager.cc:1434] T c05e3304a7414196b90821f47ebb8ce5 P d4e29e7af750401596be8af5d288ba92: Time spent starting tablet: real 0.001s	user 0.002s	sys 0.000s
I20260601 13:38:48.100670 27663 tablet_copy_service.cc:342] P cc8f4400697a456ba1ea22e521deda65: Request end of tablet copy session d4e29e7af750401596be8af5d288ba92-c05e3304a7414196b90821f47ebb8ce5 received from {username='slave'} at 127.0.0.1:34024
I20260601 13:38:48.100744 27663 tablet_copy_service.cc:434] P cc8f4400697a456ba1ea22e521deda65: ending tablet copy session d4e29e7af750401596be8af5d288ba92-c05e3304a7414196b90821f47ebb8ce5 on tablet c05e3304a7414196b90821f47ebb8ce5 with peer d4e29e7af750401596be8af5d288ba92
I20260601 13:38:48.278671 28176 ts_tablet_manager.cc:933] T f158cdee602f4ddaaaea13d54c8a89c8 P 44740b0f075a496dbd9c4a0af7aca2df: Initiating tablet copy from peer cc8f4400697a456ba1ea22e521deda65 (127.24.29.129:40289)
I20260601 13:38:48.279062 28176 tablet_copy_client.cc:323] T f158cdee602f4ddaaaea13d54c8a89c8 P 44740b0f075a496dbd9c4a0af7aca2df: tablet copy: Beginning tablet copy session from remote peer at address 127.24.29.129:40289
I20260601 13:38:48.279583 27663 tablet_copy_service.cc:140] P cc8f4400697a456ba1ea22e521deda65: Received BeginTabletCopySession request for tablet f158cdee602f4ddaaaea13d54c8a89c8 from peer 44740b0f075a496dbd9c4a0af7aca2df ({username='slave'} at 127.0.0.1:34026)
I20260601 13:38:48.279701 27663 tablet_copy_service.cc:161] P cc8f4400697a456ba1ea22e521deda65: Beginning new tablet copy session on tablet f158cdee602f4ddaaaea13d54c8a89c8 from peer 44740b0f075a496dbd9c4a0af7aca2df at {username='slave'} at 127.0.0.1:34026: session id = 44740b0f075a496dbd9c4a0af7aca2df-f158cdee602f4ddaaaea13d54c8a89c8
I20260601 13:38:48.280797 27663 tablet_copy_source_session.cc:215] T f158cdee602f4ddaaaea13d54c8a89c8 P cc8f4400697a456ba1ea22e521deda65: Tablet Copy: opened 0 blocks and 1 log segments
I20260601 13:38:48.281647 28176 data_dirs.cc:400] Could only allocate 1 dirs of requested 3 for tablet f158cdee602f4ddaaaea13d54c8a89c8. 1 dirs total, 0 dirs full, 0 dirs failed
I20260601 13:38:48.283397 28176 tablet_copy_client.cc:806] T f158cdee602f4ddaaaea13d54c8a89c8 P 44740b0f075a496dbd9c4a0af7aca2df: tablet copy: Starting download of 0 data blocks...
I20260601 13:38:48.283569 28176 tablet_copy_client.cc:670] T f158cdee602f4ddaaaea13d54c8a89c8 P 44740b0f075a496dbd9c4a0af7aca2df: tablet copy: Starting download of 1 WAL segments...
I20260601 13:38:48.284668 28176 tablet_copy_client.cc:538] T f158cdee602f4ddaaaea13d54c8a89c8 P 44740b0f075a496dbd9c4a0af7aca2df: tablet copy: Tablet Copy complete. Replacing tablet superblock.
I20260601 13:38:48.285601 28176 tablet_bootstrap.cc:492] T f158cdee602f4ddaaaea13d54c8a89c8 P 44740b0f075a496dbd9c4a0af7aca2df: Bootstrap starting.
I20260601 13:38:48.288543 28176 tablet_bootstrap.cc:492] T f158cdee602f4ddaaaea13d54c8a89c8 P 44740b0f075a496dbd9c4a0af7aca2df: Bootstrap replayed 1/1 log segments. Stats: ops{read=2 overwritten=0 applied=2 ignored=0} inserts{seen=0 ignored=0} mutations{seen=0 ignored=0} orphaned_commits=0. Pending: 0 replicates
I20260601 13:38:48.288776 28176 tablet_bootstrap.cc:492] T f158cdee602f4ddaaaea13d54c8a89c8 P 44740b0f075a496dbd9c4a0af7aca2df: Bootstrap complete.
I20260601 13:38:48.288935 28176 ts_tablet_manager.cc:1403] T f158cdee602f4ddaaaea13d54c8a89c8 P 44740b0f075a496dbd9c4a0af7aca2df: Time spent bootstrapping tablet: real 0.003s	user 0.000s	sys 0.002s
I20260601 13:38:48.289327 28176 raft_consensus.cc:359] T f158cdee602f4ddaaaea13d54c8a89c8 P 44740b0f075a496dbd9c4a0af7aca2df [term 1 LEARNER]: Replica starting. Triggering 0 pending ops. Active config: opid_index: 2 OBSOLETE_local: false peers { permanent_uuid: "cc8f4400697a456ba1ea22e521deda65" member_type: VOTER last_known_addr { host: "127.24.29.129" port: 40289 } } peers { permanent_uuid: "f4233f1425584506bdb208fdf03fbd9b" member_type: VOTER last_known_addr { host: "127.24.29.130" port: 36359 } } peers { permanent_uuid: "d4e29e7af750401596be8af5d288ba92" member_type: VOTER last_known_addr { host: "127.24.29.131" port: 44161 } attrs { replace: true } } peers { permanent_uuid: "44740b0f075a496dbd9c4a0af7aca2df" member_type: NON_VOTER last_known_addr { host: "127.24.29.132" port: 43295 } attrs { promote: true } }
I20260601 13:38:48.289455 28176 raft_consensus.cc:740] T f158cdee602f4ddaaaea13d54c8a89c8 P 44740b0f075a496dbd9c4a0af7aca2df [term 1 LEARNER]: Becoming Follower/Learner. State: Replica: 44740b0f075a496dbd9c4a0af7aca2df, State: Initialized, Role: LEARNER
I20260601 13:38:48.289585 28176 consensus_queue.cc:260] T f158cdee602f4ddaaaea13d54c8a89c8 P 44740b0f075a496dbd9c4a0af7aca2df [NON_LEADER]: Queue going to NON_LEADER mode. State: All replicated index: 0, Majority replicated index: 0, Committed index: 2, Last appended: 1.2, Last appended by leader: 2, Current term: 0, Majority size: -1, State: 0, Mode: NON_LEADER, active raft config: opid_index: 2 OBSOLETE_local: false peers { permanent_uuid: "cc8f4400697a456ba1ea22e521deda65" member_type: VOTER last_known_addr { host: "127.24.29.129" port: 40289 } } peers { permanent_uuid: "f4233f1425584506bdb208fdf03fbd9b" member_type: VOTER last_known_addr { host: "127.24.29.130" port: 36359 } } peers { permanent_uuid: "d4e29e7af750401596be8af5d288ba92" member_type: VOTER last_known_addr { host: "127.24.29.131" port: 44161 } attrs { replace: true } } peers { permanent_uuid: "44740b0f075a496dbd9c4a0af7aca2df" member_type: NON_VOTER last_known_addr { host: "127.24.29.132" port: 43295 } attrs { promote: true } }
I20260601 13:38:48.289938 28176 ts_tablet_manager.cc:1434] T f158cdee602f4ddaaaea13d54c8a89c8 P 44740b0f075a496dbd9c4a0af7aca2df: Time spent starting tablet: real 0.001s	user 0.001s	sys 0.001s
I20260601 13:38:48.291002 27663 tablet_copy_service.cc:342] P cc8f4400697a456ba1ea22e521deda65: Request end of tablet copy session 44740b0f075a496dbd9c4a0af7aca2df-f158cdee602f4ddaaaea13d54c8a89c8 received from {username='slave'} at 127.0.0.1:34026
I20260601 13:38:48.291075 27663 tablet_copy_service.cc:434] P cc8f4400697a456ba1ea22e521deda65: ending tablet copy session 44740b0f075a496dbd9c4a0af7aca2df-f158cdee602f4ddaaaea13d54c8a89c8 on tablet f158cdee602f4ddaaaea13d54c8a89c8 with peer 44740b0f075a496dbd9c4a0af7aca2df
I20260601 13:38:48.477885 27803 raft_consensus.cc:1275] T 7bd60e2bd50743edbc52c69c0f6023f8 P d4e29e7af750401596be8af5d288ba92 [term 2 FOLLOWER]: Refusing update from remote peer 44740b0f075a496dbd9c4a0af7aca2df: Log matching property violated. Preceding OpId in replica: term: 1 index: 2. Preceding OpId from leader: term: 2 index: 3. (index mismatch)
I20260601 13:38:48.478426 28150 consensus_queue.cc:1048] T 7bd60e2bd50743edbc52c69c0f6023f8 P 44740b0f075a496dbd9c4a0af7aca2df [LEADER]: Connected to new peer: Peer: permanent_uuid: "d4e29e7af750401596be8af5d288ba92" member_type: VOTER last_known_addr { host: "127.24.29.131" port: 44161 }, Status: LMP_MISMATCH, Last received: 0.0, Next index: 3, Last known committed idx: 2, Time since last communication: 0.000s
I20260601 13:38:48.480093 28173 raft_consensus.cc:993] T 7bd60e2bd50743edbc52c69c0f6023f8 P 44740b0f075a496dbd9c4a0af7aca2df: : Instructing follower d4e29e7af750401596be8af5d288ba92 to start an election
I20260601 13:38:48.480293 28150 raft_consensus.cc:1081] T 7bd60e2bd50743edbc52c69c0f6023f8 P 44740b0f075a496dbd9c4a0af7aca2df [term 2 LEADER]: Signalling peer d4e29e7af750401596be8af5d288ba92 to start an election
W20260601 13:38:48.481530 27907 consensus_peers.cc:597] T 7bd60e2bd50743edbc52c69c0f6023f8 P 44740b0f075a496dbd9c4a0af7aca2df -> Peer f4233f1425584506bdb208fdf03fbd9b (127.24.29.130:36359): Couldn't send request to peer f4233f1425584506bdb208fdf03fbd9b. Error code: TABLET_NOT_FOUND (6). Status: Not found: Tablet not found: 7bd60e2bd50743edbc52c69c0f6023f8. This is attempt 1: this message will repeat every 5th retry.
I20260601 13:38:48.482020 27652 raft_consensus.cc:1275] T 7bd60e2bd50743edbc52c69c0f6023f8 P cc8f4400697a456ba1ea22e521deda65 [term 2 FOLLOWER]: Refusing update from remote peer 44740b0f075a496dbd9c4a0af7aca2df: Log matching property violated. Preceding OpId in replica: term: 1 index: 2. Preceding OpId from leader: term: 2 index: 3. (index mismatch)
I20260601 13:38:48.482506 28173 consensus_queue.cc:1048] T 7bd60e2bd50743edbc52c69c0f6023f8 P 44740b0f075a496dbd9c4a0af7aca2df [LEADER]: Connected to new peer: Peer: permanent_uuid: "cc8f4400697a456ba1ea22e521deda65" member_type: VOTER last_known_addr { host: "127.24.29.129" port: 40289 }, Status: LMP_MISMATCH, Last received: 0.0, Next index: 3, Last known committed idx: 2, Time since last communication: 0.000s
I20260601 13:38:48.483292 27803 tablet_service.cc:2044] Received Run Leader Election RPC: tablet_id: "7bd60e2bd50743edbc52c69c0f6023f8"
dest_uuid: "d4e29e7af750401596be8af5d288ba92"
 from {username='slave'} at 127.0.0.1:45424
I20260601 13:38:48.483719 27803 raft_consensus.cc:493] T 7bd60e2bd50743edbc52c69c0f6023f8 P d4e29e7af750401596be8af5d288ba92 [term 2 FOLLOWER]: Starting forced leader election (received explicit request)
I20260601 13:38:48.483788 27803 raft_consensus.cc:3060] T 7bd60e2bd50743edbc52c69c0f6023f8 P d4e29e7af750401596be8af5d288ba92 [term 2 FOLLOWER]: Advancing to term 3
I20260601 13:38:48.484747 27803 raft_consensus.cc:515] T 7bd60e2bd50743edbc52c69c0f6023f8 P d4e29e7af750401596be8af5d288ba92 [term 3 FOLLOWER]: Starting forced leader election with config: opid_index: 2 OBSOLETE_local: false peers { permanent_uuid: "d4e29e7af750401596be8af5d288ba92" member_type: VOTER last_known_addr { host: "127.24.29.131" port: 44161 } } peers { permanent_uuid: "44740b0f075a496dbd9c4a0af7aca2df" member_type: VOTER last_known_addr { host: "127.24.29.132" port: 43295 } attrs { replace: true } } peers { permanent_uuid: "cc8f4400697a456ba1ea22e521deda65" member_type: VOTER last_known_addr { host: "127.24.29.129" port: 40289 } } peers { permanent_uuid: "f4233f1425584506bdb208fdf03fbd9b" member_type: NON_VOTER last_known_addr { host: "127.24.29.130" port: 36359 } attrs { promote: true } }
I20260601 13:38:48.485136 27803 leader_election.cc:290] T 7bd60e2bd50743edbc52c69c0f6023f8 P d4e29e7af750401596be8af5d288ba92 [CANDIDATE]: Term 3 election: Requested vote from peers 44740b0f075a496dbd9c4a0af7aca2df (127.24.29.132:43295), cc8f4400697a456ba1ea22e521deda65 (127.24.29.129:40289)
I20260601 13:38:48.485730 27944 tablet_service.cc:1917] Received RequestConsensusVote() RPC: tablet_id: "7bd60e2bd50743edbc52c69c0f6023f8" candidate_uuid: "d4e29e7af750401596be8af5d288ba92" candidate_term: 3 candidate_status { last_received { term: 2 index: 3 } } ignore_live_leader: true dest_uuid: "44740b0f075a496dbd9c4a0af7aca2df"
I20260601 13:38:48.485862 27944 raft_consensus.cc:3055] T 7bd60e2bd50743edbc52c69c0f6023f8 P 44740b0f075a496dbd9c4a0af7aca2df [term 2 LEADER]: Stepping down as leader of term 2
I20260601 13:38:48.485918 27944 raft_consensus.cc:740] T 7bd60e2bd50743edbc52c69c0f6023f8 P 44740b0f075a496dbd9c4a0af7aca2df [term 2 LEADER]: Becoming Follower/Learner. State: Replica: 44740b0f075a496dbd9c4a0af7aca2df, State: Running, Role: LEADER
I20260601 13:38:48.486084 27944 consensus_queue.cc:260] T 7bd60e2bd50743edbc52c69c0f6023f8 P 44740b0f075a496dbd9c4a0af7aca2df [NON_LEADER]: Queue going to NON_LEADER mode. State: All replicated index: 0, Majority replicated index: 3, Committed index: 3, Last appended: 2.3, Last appended by leader: 3, Current term: 2, Majority size: -1, State: 0, Mode: NON_LEADER, active raft config: opid_index: 2 OBSOLETE_local: false peers { permanent_uuid: "d4e29e7af750401596be8af5d288ba92" member_type: VOTER last_known_addr { host: "127.24.29.131" port: 44161 } } peers { permanent_uuid: "44740b0f075a496dbd9c4a0af7aca2df" member_type: VOTER last_known_addr { host: "127.24.29.132" port: 43295 } attrs { replace: true } } peers { permanent_uuid: "cc8f4400697a456ba1ea22e521deda65" member_type: VOTER last_known_addr { host: "127.24.29.129" port: 40289 } } peers { permanent_uuid: "f4233f1425584506bdb208fdf03fbd9b" member_type: NON_VOTER last_known_addr { host: "127.24.29.130" port: 36359 } attrs { promote: true } }
I20260601 13:38:48.486294 27944 raft_consensus.cc:3060] T 7bd60e2bd50743edbc52c69c0f6023f8 P 44740b0f075a496dbd9c4a0af7aca2df [term 2 FOLLOWER]: Advancing to term 3
I20260601 13:38:48.487354 27944 raft_consensus.cc:2468] T 7bd60e2bd50743edbc52c69c0f6023f8 P 44740b0f075a496dbd9c4a0af7aca2df [term 3 FOLLOWER]: Leader election vote request: Granting yes vote for candidate d4e29e7af750401596be8af5d288ba92 in term 3.
I20260601 13:38:48.487720 27767 leader_election.cc:304] T 7bd60e2bd50743edbc52c69c0f6023f8 P d4e29e7af750401596be8af5d288ba92 [CANDIDATE]: Term 3 election: Election decided. Result: candidate won. Election summary: received 2 responses out of 3 voters: 2 yes votes; 0 no votes. yes voters: 44740b0f075a496dbd9c4a0af7aca2df, d4e29e7af750401596be8af5d288ba92; no voters: 
I20260601 13:38:48.487982 28097 raft_consensus.cc:2804] T 7bd60e2bd50743edbc52c69c0f6023f8 P d4e29e7af750401596be8af5d288ba92 [term 3 FOLLOWER]: Leader election won for term 3
I20260601 13:38:48.488174 28097 raft_consensus.cc:697] T 7bd60e2bd50743edbc52c69c0f6023f8 P d4e29e7af750401596be8af5d288ba92 [term 3 LEADER]: Becoming Leader. State: Replica: d4e29e7af750401596be8af5d288ba92, State: Running, Role: LEADER
I20260601 13:38:48.488226 27652 tablet_service.cc:1917] Received RequestConsensusVote() RPC: tablet_id: "7bd60e2bd50743edbc52c69c0f6023f8" candidate_uuid: "d4e29e7af750401596be8af5d288ba92" candidate_term: 3 candidate_status { last_received { term: 2 index: 3 } } ignore_live_leader: true dest_uuid: "cc8f4400697a456ba1ea22e521deda65"
I20260601 13:38:48.488332 27652 raft_consensus.cc:3060] T 7bd60e2bd50743edbc52c69c0f6023f8 P cc8f4400697a456ba1ea22e521deda65 [term 2 FOLLOWER]: Advancing to term 3
I20260601 13:38:48.488301 28097 consensus_queue.cc:237] T 7bd60e2bd50743edbc52c69c0f6023f8 P d4e29e7af750401596be8af5d288ba92 [LEADER]: Queue going to LEADER mode. State: All replicated index: 0, Majority replicated index: 3, Committed index: 3, Last appended: 2.3, Last appended by leader: 3, Current term: 3, Majority size: 2, State: 0, Mode: LEADER, active raft config: opid_index: 2 OBSOLETE_local: false peers { permanent_uuid: "d4e29e7af750401596be8af5d288ba92" member_type: VOTER last_known_addr { host: "127.24.29.131" port: 44161 } } peers { permanent_uuid: "44740b0f075a496dbd9c4a0af7aca2df" member_type: VOTER last_known_addr { host: "127.24.29.132" port: 43295 } attrs { replace: true } } peers { permanent_uuid: "cc8f4400697a456ba1ea22e521deda65" member_type: VOTER last_known_addr { host: "127.24.29.129" port: 40289 } } peers { permanent_uuid: "f4233f1425584506bdb208fdf03fbd9b" member_type: NON_VOTER last_known_addr { host: "127.24.29.130" port: 36359 } attrs { promote: true } }
