I20260601 13:39:19.958312 30653 raft_consensus.cc:3060] T fcc83361376a432982c8e8f51dc0df13 P eae0d6574ad64e169083c005d6921024 [term 0 FOLLOWER]: Advancing to term 1
I20260601 13:39:19.958546 30654 raft_consensus.cc:2468] T 7b0ffdcadd2d49749933647e84b9bf7b P eae0d6574ad64e169083c005d6921024 [term 1 FOLLOWER]: Leader election vote request: Granting yes vote for candidate 65f989be8dd948a1aaf5dca2875ca96c in term 1.
I20260601 13:39:19.959203 30653 raft_consensus.cc:2468] T fcc83361376a432982c8e8f51dc0df13 P eae0d6574ad64e169083c005d6921024 [term 1 FOLLOWER]: Leader election vote request: Granting yes vote for candidate b5a669c6a5244c1188e4abf71217e8b0 in term 1.
I20260601 13:39:19.959491 30770 leader_election.cc:304] T fcc83361376a432982c8e8f51dc0df13 P b5a669c6a5244c1188e4abf71217e8b0 [CANDIDATE]: Term 1 election: Election decided. Result: candidate won. Election summary: received 2 responses out of 3 voters: 2 yes votes; 0 no votes. yes voters: b5a669c6a5244c1188e4abf71217e8b0, eae0d6574ad64e169083c005d6921024; no voters: 
I20260601 13:39:19.959597 30695 leader_election.cc:304] T 7b0ffdcadd2d49749933647e84b9bf7b P 65f989be8dd948a1aaf5dca2875ca96c [CANDIDATE]: Term 1 election: Election decided. Result: candidate won. Election summary: received 2 responses out of 3 voters: 2 yes votes; 0 no votes. yes voters: 65f989be8dd948a1aaf5dca2875ca96c, eae0d6574ad64e169083c005d6921024; no voters: 
I20260601 13:39:19.959872 30860 raft_consensus.cc:2804] T 7b0ffdcadd2d49749933647e84b9bf7b P 65f989be8dd948a1aaf5dca2875ca96c [term 1 FOLLOWER]: Leader election won for term 1
I20260601 13:39:19.959934 30860 raft_consensus.cc:697] T 7b0ffdcadd2d49749933647e84b9bf7b P 65f989be8dd948a1aaf5dca2875ca96c [term 1 LEADER]: Becoming Leader. State: Replica: 65f989be8dd948a1aaf5dca2875ca96c, State: Running, Role: LEADER
I20260601 13:39:19.960058 30860 consensus_queue.cc:237] T 7b0ffdcadd2d49749933647e84b9bf7b P 65f989be8dd948a1aaf5dca2875ca96c [LEADER]: Queue going to LEADER mode. State: All replicated index: 0, Majority replicated index: 0, Committed index: 0, Last appended: 0.0, Last appended by leader: 0, Current term: 1, Majority size: 2, State: 0, Mode: LEADER, active raft config: opid_index: -1 OBSOLETE_local: false peers { permanent_uuid: "eae0d6574ad64e169083c005d6921024" member_type: VOTER last_known_addr { host: "127.25.125.193" port: 37137 } } peers { permanent_uuid: "65f989be8dd948a1aaf5dca2875ca96c" member_type: VOTER last_known_addr { host: "127.25.125.194" port: 43065 } } peers { permanent_uuid: "b5a669c6a5244c1188e4abf71217e8b0" member_type: VOTER last_known_addr { host: "127.25.125.195" port: 46721 } }
I20260601 13:39:19.960728 30806 tablet_service.cc:1917] Received RequestConsensusVote() RPC: tablet_id: "7b0ffdcadd2d49749933647e84b9bf7b" candidate_uuid: "65f989be8dd948a1aaf5dca2875ca96c" candidate_term: 1 candidate_status { last_received { term: 0 index: 0 } } ignore_live_leader: false dest_uuid: "b5a669c6a5244c1188e4abf71217e8b0" is_pre_election: true
I20260601 13:39:19.960765 30805 tablet_service.cc:1917] Received RequestConsensusVote() RPC: tablet_id: "7b0ffdcadd2d49749933647e84b9bf7b" candidate_uuid: "65f989be8dd948a1aaf5dca2875ca96c" candidate_term: 1 candidate_status { last_received { term: 0 index: 0 } } ignore_live_leader: false dest_uuid: "b5a669c6a5244c1188e4abf71217e8b0"
I20260601 13:39:19.960896 30806 raft_consensus.cc:2468] T 7b0ffdcadd2d49749933647e84b9bf7b P b5a669c6a5244c1188e4abf71217e8b0 [term 0 FOLLOWER]: Leader pre-election vote request: Granting yes vote for candidate 65f989be8dd948a1aaf5dca2875ca96c in term 0.
I20260601 13:39:19.961319 30870 raft_consensus.cc:2804] T fcc83361376a432982c8e8f51dc0df13 P b5a669c6a5244c1188e4abf71217e8b0 [term 1 FOLLOWER]: Leader election won for term 1
I20260601 13:39:19.961459 30870 raft_consensus.cc:697] T fcc83361376a432982c8e8f51dc0df13 P b5a669c6a5244c1188e4abf71217e8b0 [term 1 LEADER]: Becoming Leader. State: Replica: b5a669c6a5244c1188e4abf71217e8b0, State: Running, Role: LEADER
I20260601 13:39:19.961597 30870 consensus_queue.cc:237] T fcc83361376a432982c8e8f51dc0df13 P b5a669c6a5244c1188e4abf71217e8b0 [LEADER]: Queue going to LEADER mode. State: All replicated index: 0, Majority replicated index: 0, Committed index: 0, Last appended: 0.0, Last appended by leader: 0, Current term: 1, Majority size: 2, State: 0, Mode: LEADER, active raft config: opid_index: -1 OBSOLETE_local: false peers { permanent_uuid: "eae0d6574ad64e169083c005d6921024" member_type: VOTER last_known_addr { host: "127.25.125.193" port: 37137 } } peers { permanent_uuid: "65f989be8dd948a1aaf5dca2875ca96c" member_type: VOTER last_known_addr { host: "127.25.125.194" port: 43065 } } peers { permanent_uuid: "b5a669c6a5244c1188e4abf71217e8b0" member_type: VOTER last_known_addr { host: "127.25.125.195" port: 46721 } }
I20260601 13:39:19.961865 30549 catalog_manager.cc:5696] T 7b0ffdcadd2d49749933647e84b9bf7b P 65f989be8dd948a1aaf5dca2875ca96c reported cstate change: term changed from 0 to 1, leader changed from <none> to 65f989be8dd948a1aaf5dca2875ca96c (127.25.125.194). New cstate: current_term: 1 leader_uuid: "65f989be8dd948a1aaf5dca2875ca96c" committed_config { opid_index: -1 OBSOLETE_local: false peers { permanent_uuid: "eae0d6574ad64e169083c005d6921024" member_type: VOTER last_known_addr { host: "127.25.125.193" port: 37137 } health_report { overall_health: UNKNOWN } } peers { permanent_uuid: "65f989be8dd948a1aaf5dca2875ca96c" member_type: VOTER last_known_addr { host: "127.25.125.194" port: 43065 } health_report { overall_health: HEALTHY } } peers { permanent_uuid: "b5a669c6a5244c1188e4abf71217e8b0" member_type: VOTER last_known_addr { host: "127.25.125.195" port: 46721 } health_report { overall_health: UNKNOWN } } }
I20260601 13:39:19.963380 30550 catalog_manager.cc:5696] T fcc83361376a432982c8e8f51dc0df13 P b5a669c6a5244c1188e4abf71217e8b0 reported cstate change: term changed from 0 to 1, leader changed from <none> to b5a669c6a5244c1188e4abf71217e8b0 (127.25.125.195). New cstate: current_term: 1 leader_uuid: "b5a669c6a5244c1188e4abf71217e8b0" committed_config { opid_index: -1 OBSOLETE_local: false peers { permanent_uuid: "eae0d6574ad64e169083c005d6921024" member_type: VOTER last_known_addr { host: "127.25.125.193" port: 37137 } health_report { overall_health: UNKNOWN } } peers { permanent_uuid: "65f989be8dd948a1aaf5dca2875ca96c" member_type: VOTER last_known_addr { host: "127.25.125.194" port: 43065 } health_report { overall_health: UNKNOWN } } peers { permanent_uuid: "b5a669c6a5244c1188e4abf71217e8b0" member_type: VOTER last_known_addr { host: "127.25.125.195" port: 46721 } health_report { overall_health: HEALTHY } } }
I20260601 13:39:19.964010 30870 raft_consensus.cc:493] T 4d4a3f61a1234d75a26a5b1e6c7b0c5b P b5a669c6a5244c1188e4abf71217e8b0 [term 0 FOLLOWER]: Starting pre-election (no leader contacted us within the election timeout)
I20260601 13:39:19.964102 30870 raft_consensus.cc:515] T 4d4a3f61a1234d75a26a5b1e6c7b0c5b P b5a669c6a5244c1188e4abf71217e8b0 [term 0 FOLLOWER]: Starting pre-election with config: opid_index: -1 OBSOLETE_local: false peers { permanent_uuid: "eae0d6574ad64e169083c005d6921024" member_type: VOTER last_known_addr { host: "127.25.125.193" port: 37137 } } peers { permanent_uuid: "65f989be8dd948a1aaf5dca2875ca96c" member_type: VOTER last_known_addr { host: "127.25.125.194" port: 43065 } } peers { permanent_uuid: "b5a669c6a5244c1188e4abf71217e8b0" member_type: VOTER last_known_addr { host: "127.25.125.195" port: 46721 } }
I20260601 13:39:19.964624 30870 leader_election.cc:290] T 4d4a3f61a1234d75a26a5b1e6c7b0c5b P b5a669c6a5244c1188e4abf71217e8b0 [CANDIDATE]: Term 1 pre-election: Requested pre-vote from peers eae0d6574ad64e169083c005d6921024 (127.25.125.193:37137), 65f989be8dd948a1aaf5dca2875ca96c (127.25.125.194:43065)
I20260601 13:39:19.964797 30653 tablet_service.cc:1917] Received RequestConsensusVote() RPC: tablet_id: "4d4a3f61a1234d75a26a5b1e6c7b0c5b" candidate_uuid: "b5a669c6a5244c1188e4abf71217e8b0" candidate_term: 1 candidate_status { last_received { term: 0 index: 0 } } ignore_live_leader: false dest_uuid: "eae0d6574ad64e169083c005d6921024" is_pre_election: true
I20260601 13:39:19.964922 30653 raft_consensus.cc:2468] T 4d4a3f61a1234d75a26a5b1e6c7b0c5b P eae0d6574ad64e169083c005d6921024 [term 0 FOLLOWER]: Leader pre-election vote request: Granting yes vote for candidate b5a669c6a5244c1188e4abf71217e8b0 in term 0.
I20260601 13:39:19.965123 30731 tablet_service.cc:1917] Received RequestConsensusVote() RPC: tablet_id: "4d4a3f61a1234d75a26a5b1e6c7b0c5b" candidate_uuid: "b5a669c6a5244c1188e4abf71217e8b0" candidate_term: 1 candidate_status { last_received { term: 0 index: 0 } } ignore_live_leader: false dest_uuid: "65f989be8dd948a1aaf5dca2875ca96c" is_pre_election: true
I20260601 13:39:19.965234 30770 leader_election.cc:304] T 4d4a3f61a1234d75a26a5b1e6c7b0c5b P b5a669c6a5244c1188e4abf71217e8b0 [CANDIDATE]: Term 1 pre-election: Election decided. Result: candidate won. Election summary: received 2 responses out of 3 voters: 2 yes votes; 0 no votes. yes voters: b5a669c6a5244c1188e4abf71217e8b0, eae0d6574ad64e169083c005d6921024; no voters: 
I20260601 13:39:19.965250 30731 raft_consensus.cc:2468] T 4d4a3f61a1234d75a26a5b1e6c7b0c5b P 65f989be8dd948a1aaf5dca2875ca96c [term 0 FOLLOWER]: Leader pre-election vote request: Granting yes vote for candidate b5a669c6a5244c1188e4abf71217e8b0 in term 0.
I20260601 13:39:19.965479 30870 raft_consensus.cc:2804] T 4d4a3f61a1234d75a26a5b1e6c7b0c5b P b5a669c6a5244c1188e4abf71217e8b0 [term 0 FOLLOWER]: Leader pre-election won for term 1
I20260601 13:39:19.965541 30870 raft_consensus.cc:493] T 4d4a3f61a1234d75a26a5b1e6c7b0c5b P b5a669c6a5244c1188e4abf71217e8b0 [term 0 FOLLOWER]: Starting leader election (no leader contacted us within the election timeout)
I20260601 13:39:19.965593 30870 raft_consensus.cc:3060] T 4d4a3f61a1234d75a26a5b1e6c7b0c5b P b5a669c6a5244c1188e4abf71217e8b0 [term 0 FOLLOWER]: Advancing to term 1
I20260601 13:39:19.966529 30870 raft_consensus.cc:515] T 4d4a3f61a1234d75a26a5b1e6c7b0c5b P b5a669c6a5244c1188e4abf71217e8b0 [term 1 FOLLOWER]: Starting leader election with config: opid_index: -1 OBSOLETE_local: false peers { permanent_uuid: "eae0d6574ad64e169083c005d6921024" member_type: VOTER last_known_addr { host: "127.25.125.193" port: 37137 } } peers { permanent_uuid: "65f989be8dd948a1aaf5dca2875ca96c" member_type: VOTER last_known_addr { host: "127.25.125.194" port: 43065 } } peers { permanent_uuid: "b5a669c6a5244c1188e4abf71217e8b0" member_type: VOTER last_known_addr { host: "127.25.125.195" port: 46721 } }
I20260601 13:39:19.966872 30870 leader_election.cc:290] T 4d4a3f61a1234d75a26a5b1e6c7b0c5b P b5a669c6a5244c1188e4abf71217e8b0 [CANDIDATE]: Term 1 election: Requested vote from peers eae0d6574ad64e169083c005d6921024 (127.25.125.193:37137), 65f989be8dd948a1aaf5dca2875ca96c (127.25.125.194:43065)
I20260601 13:39:19.967183 30731 tablet_service.cc:1917] Received RequestConsensusVote() RPC: tablet_id: "4d4a3f61a1234d75a26a5b1e6c7b0c5b" candidate_uuid: "b5a669c6a5244c1188e4abf71217e8b0" candidate_term: 1 candidate_status { last_received { term: 0 index: 0 } } ignore_live_leader: false dest_uuid: "65f989be8dd948a1aaf5dca2875ca96c"
I20260601 13:39:19.967221 30653 tablet_service.cc:1917] Received RequestConsensusVote() RPC: tablet_id: "4d4a3f61a1234d75a26a5b1e6c7b0c5b" candidate_uuid: "b5a669c6a5244c1188e4abf71217e8b0" candidate_term: 1 candidate_status { last_received { term: 0 index: 0 } } ignore_live_leader: false dest_uuid: "eae0d6574ad64e169083c005d6921024"
I20260601 13:39:19.967319 30731 raft_consensus.cc:3060] T 4d4a3f61a1234d75a26a5b1e6c7b0c5b P 65f989be8dd948a1aaf5dca2875ca96c [term 0 FOLLOWER]: Advancing to term 1
I20260601 13:39:19.967355 30653 raft_consensus.cc:3060] T 4d4a3f61a1234d75a26a5b1e6c7b0c5b P eae0d6574ad64e169083c005d6921024 [term 0 FOLLOWER]: Advancing to term 1
I20260601 13:39:19.968060 30731 raft_consensus.cc:2468] T 4d4a3f61a1234d75a26a5b1e6c7b0c5b P 65f989be8dd948a1aaf5dca2875ca96c [term 1 FOLLOWER]: Leader election vote request: Granting yes vote for candidate b5a669c6a5244c1188e4abf71217e8b0 in term 1.
I20260601 13:39:19.968125 30653 raft_consensus.cc:2468] T 4d4a3f61a1234d75a26a5b1e6c7b0c5b P eae0d6574ad64e169083c005d6921024 [term 1 FOLLOWER]: Leader election vote request: Granting yes vote for candidate b5a669c6a5244c1188e4abf71217e8b0 in term 1.
I20260601 13:39:19.968444 30772 leader_election.cc:304] T 4d4a3f61a1234d75a26a5b1e6c7b0c5b P b5a669c6a5244c1188e4abf71217e8b0 [CANDIDATE]: Term 1 election: Election decided. Result: candidate won. Election summary: received 2 responses out of 3 voters: 2 yes votes; 0 no votes. yes voters: 65f989be8dd948a1aaf5dca2875ca96c, b5a669c6a5244c1188e4abf71217e8b0; no voters: 
I20260601 13:39:19.968632 30870 raft_consensus.cc:2804] T 4d4a3f61a1234d75a26a5b1e6c7b0c5b P b5a669c6a5244c1188e4abf71217e8b0 [term 1 FOLLOWER]: Leader election won for term 1
I20260601 13:39:19.968758 30870 raft_consensus.cc:697] T 4d4a3f61a1234d75a26a5b1e6c7b0c5b P b5a669c6a5244c1188e4abf71217e8b0 [term 1 LEADER]: Becoming Leader. State: Replica: b5a669c6a5244c1188e4abf71217e8b0, State: Running, Role: LEADER
I20260601 13:39:19.968901 30870 consensus_queue.cc:237] T 4d4a3f61a1234d75a26a5b1e6c7b0c5b P b5a669c6a5244c1188e4abf71217e8b0 [LEADER]: Queue going to LEADER mode. State: All replicated index: 0, Majority replicated index: 0, Committed index: 0, Last appended: 0.0, Last appended by leader: 0, Current term: 1, Majority size: 2, State: 0, Mode: LEADER, active raft config: opid_index: -1 OBSOLETE_local: false peers { permanent_uuid: "eae0d6574ad64e169083c005d6921024" member_type: VOTER last_known_addr { host: "127.25.125.193" port: 37137 } } peers { permanent_uuid: "65f989be8dd948a1aaf5dca2875ca96c" member_type: VOTER last_known_addr { host: "127.25.125.194" port: 43065 } } peers { permanent_uuid: "b5a669c6a5244c1188e4abf71217e8b0" member_type: VOTER last_known_addr { host: "127.25.125.195" port: 46721 } }
I20260601 13:39:19.970688 30550 catalog_manager.cc:5696] T 4d4a3f61a1234d75a26a5b1e6c7b0c5b P b5a669c6a5244c1188e4abf71217e8b0 reported cstate change: term changed from 0 to 1, leader changed from <none> to b5a669c6a5244c1188e4abf71217e8b0 (127.25.125.195). New cstate: current_term: 1 leader_uuid: "b5a669c6a5244c1188e4abf71217e8b0" committed_config { opid_index: -1 OBSOLETE_local: false peers { permanent_uuid: "eae0d6574ad64e169083c005d6921024" member_type: VOTER last_known_addr { host: "127.25.125.193" port: 37137 } health_report { overall_health: UNKNOWN } } peers { permanent_uuid: "65f989be8dd948a1aaf5dca2875ca96c" member_type: VOTER last_known_addr { host: "127.25.125.194" port: 43065 } health_report { overall_health: UNKNOWN } } peers { permanent_uuid: "b5a669c6a5244c1188e4abf71217e8b0" member_type: VOTER last_known_addr { host: "127.25.125.195" port: 46721 } health_report { overall_health: HEALTHY } } }
I20260601 13:39:19.977785 30870 raft_consensus.cc:493] T 60b7f6cca5bc4bb8b5a302cbc93ba779 P b5a669c6a5244c1188e4abf71217e8b0 [term 0 FOLLOWER]: Starting pre-election (no leader contacted us within the election timeout)
I20260601 13:39:19.977913 30870 raft_consensus.cc:515] T 60b7f6cca5bc4bb8b5a302cbc93ba779 P b5a669c6a5244c1188e4abf71217e8b0 [term 0 FOLLOWER]: Starting pre-election with config: opid_index: -1 OBSOLETE_local: false peers { permanent_uuid: "eae0d6574ad64e169083c005d6921024" member_type: VOTER last_known_addr { host: "127.25.125.193" port: 37137 } } peers { permanent_uuid: "65f989be8dd948a1aaf5dca2875ca96c" member_type: VOTER last_known_addr { host: "127.25.125.194" port: 43065 } } peers { permanent_uuid: "b5a669c6a5244c1188e4abf71217e8b0" member_type: VOTER last_known_addr { host: "127.25.125.195" port: 46721 } }
I20260601 13:39:19.978358 30870 leader_election.cc:290] T 60b7f6cca5bc4bb8b5a302cbc93ba779 P b5a669c6a5244c1188e4abf71217e8b0 [CANDIDATE]: Term 1 pre-election: Requested pre-vote from peers eae0d6574ad64e169083c005d6921024 (127.25.125.193:37137), 65f989be8dd948a1aaf5dca2875ca96c (127.25.125.194:43065)
I20260601 13:39:19.978822 30653 tablet_service.cc:1917] Received RequestConsensusVote() RPC: tablet_id: "60b7f6cca5bc4bb8b5a302cbc93ba779" candidate_uuid: "b5a669c6a5244c1188e4abf71217e8b0" candidate_term: 1 candidate_status { last_received { term: 0 index: 0 } } ignore_live_leader: false dest_uuid: "eae0d6574ad64e169083c005d6921024" is_pre_election: true
I20260601 13:39:19.978884 30731 tablet_service.cc:1917] Received RequestConsensusVote() RPC: tablet_id: "60b7f6cca5bc4bb8b5a302cbc93ba779" candidate_uuid: "b5a669c6a5244c1188e4abf71217e8b0" candidate_term: 1 candidate_status { last_received { term: 0 index: 0 } } ignore_live_leader: false dest_uuid: "65f989be8dd948a1aaf5dca2875ca96c" is_pre_election: true
I20260601 13:39:19.978972 30653 raft_consensus.cc:2468] T 60b7f6cca5bc4bb8b5a302cbc93ba779 P eae0d6574ad64e169083c005d6921024 [term 0 FOLLOWER]: Leader pre-election vote request: Granting yes vote for candidate b5a669c6a5244c1188e4abf71217e8b0 in term 0.
I20260601 13:39:19.979024 30731 raft_consensus.cc:2468] T 60b7f6cca5bc4bb8b5a302cbc93ba779 P 65f989be8dd948a1aaf5dca2875ca96c [term 0 FOLLOWER]: Leader pre-election vote request: Granting yes vote for candidate b5a669c6a5244c1188e4abf71217e8b0 in term 0.
I20260601 13:39:19.979305 30772 leader_election.cc:304] T 60b7f6cca5bc4bb8b5a302cbc93ba779 P b5a669c6a5244c1188e4abf71217e8b0 [CANDIDATE]: Term 1 pre-election: Election decided. Result: candidate won. Election summary: received 2 responses out of 3 voters: 2 yes votes; 0 no votes. yes voters: 65f989be8dd948a1aaf5dca2875ca96c, b5a669c6a5244c1188e4abf71217e8b0; no voters: 
I20260601 13:39:19.979502 30870 raft_consensus.cc:2804] T 60b7f6cca5bc4bb8b5a302cbc93ba779 P b5a669c6a5244c1188e4abf71217e8b0 [term 0 FOLLOWER]: Leader pre-election won for term 1
I20260601 13:39:19.979568 30870 raft_consensus.cc:493] T 60b7f6cca5bc4bb8b5a302cbc93ba779 P b5a669c6a5244c1188e4abf71217e8b0 [term 0 FOLLOWER]: Starting leader election (no leader contacted us within the election timeout)
I20260601 13:39:19.979610 30870 raft_consensus.cc:3060] T 60b7f6cca5bc4bb8b5a302cbc93ba779 P b5a669c6a5244c1188e4abf71217e8b0 [term 0 FOLLOWER]: Advancing to term 1
I20260601 13:39:19.980531 30870 raft_consensus.cc:515] T 60b7f6cca5bc4bb8b5a302cbc93ba779 P b5a669c6a5244c1188e4abf71217e8b0 [term 1 FOLLOWER]: Starting leader election with config: opid_index: -1 OBSOLETE_local: false peers { permanent_uuid: "eae0d6574ad64e169083c005d6921024" member_type: VOTER last_known_addr { host: "127.25.125.193" port: 37137 } } peers { permanent_uuid: "65f989be8dd948a1aaf5dca2875ca96c" member_type: VOTER last_known_addr { host: "127.25.125.194" port: 43065 } } peers { permanent_uuid: "b5a669c6a5244c1188e4abf71217e8b0" member_type: VOTER last_known_addr { host: "127.25.125.195" port: 46721 } }
I20260601 13:39:19.980913 30870 leader_election.cc:290] T 60b7f6cca5bc4bb8b5a302cbc93ba779 P b5a669c6a5244c1188e4abf71217e8b0 [CANDIDATE]: Term 1 election: Requested vote from peers eae0d6574ad64e169083c005d6921024 (127.25.125.193:37137), 65f989be8dd948a1aaf5dca2875ca96c (127.25.125.194:43065)
I20260601 13:39:19.981189 30653 tablet_service.cc:1917] Received RequestConsensusVote() RPC: tablet_id: "60b7f6cca5bc4bb8b5a302cbc93ba779" candidate_uuid: "b5a669c6a5244c1188e4abf71217e8b0" candidate_term: 1 candidate_status { last_received { term: 0 index: 0 } } ignore_live_leader: false dest_uuid: "eae0d6574ad64e169083c005d6921024"
I20260601 13:39:19.981205 30731 tablet_service.cc:1917] Received RequestConsensusVote() RPC: tablet_id: "60b7f6cca5bc4bb8b5a302cbc93ba779" candidate_uuid: "b5a669c6a5244c1188e4abf71217e8b0" candidate_term: 1 candidate_status { last_received { term: 0 index: 0 } } ignore_live_leader: false dest_uuid: "65f989be8dd948a1aaf5dca2875ca96c"
I20260601 13:39:19.981333 30731 raft_consensus.cc:3060] T 60b7f6cca5bc4bb8b5a302cbc93ba779 P 65f989be8dd948a1aaf5dca2875ca96c [term 0 FOLLOWER]: Advancing to term 1
I20260601 13:39:19.981333 30653 raft_consensus.cc:3060] T 60b7f6cca5bc4bb8b5a302cbc93ba779 P eae0d6574ad64e169083c005d6921024 [term 0 FOLLOWER]: Advancing to term 1
I20260601 13:39:19.982368 30653 raft_consensus.cc:2468] T 60b7f6cca5bc4bb8b5a302cbc93ba779 P eae0d6574ad64e169083c005d6921024 [term 1 FOLLOWER]: Leader election vote request: Granting yes vote for candidate b5a669c6a5244c1188e4abf71217e8b0 in term 1.
I20260601 13:39:19.982390 30731 raft_consensus.cc:2468] T 60b7f6cca5bc4bb8b5a302cbc93ba779 P 65f989be8dd948a1aaf5dca2875ca96c [term 1 FOLLOWER]: Leader election vote request: Granting yes vote for candidate b5a669c6a5244c1188e4abf71217e8b0 in term 1.
I20260601 13:39:19.982519 30860 raft_consensus.cc:493] T 8541e3aae9b24b0d9897562314c05d52 P 65f989be8dd948a1aaf5dca2875ca96c [term 0 FOLLOWER]: Starting pre-election (no leader contacted us within the election timeout)
I20260601 13:39:19.982635 30860 raft_consensus.cc:515] T 8541e3aae9b24b0d9897562314c05d52 P 65f989be8dd948a1aaf5dca2875ca96c [term 0 FOLLOWER]: Starting pre-election with config: opid_index: -1 OBSOLETE_local: false peers { permanent_uuid: "eae0d6574ad64e169083c005d6921024" member_type: VOTER last_known_addr { host: "127.25.125.193" port: 37137 } } peers { permanent_uuid: "65f989be8dd948a1aaf5dca2875ca96c" member_type: VOTER last_known_addr { host: "127.25.125.194" port: 43065 } } peers { permanent_uuid: "b5a669c6a5244c1188e4abf71217e8b0" member_type: VOTER last_known_addr { host: "127.25.125.195" port: 46721 } }
I20260601 13:39:19.982686 30770 leader_election.cc:304] T 60b7f6cca5bc4bb8b5a302cbc93ba779 P b5a669c6a5244c1188e4abf71217e8b0 [CANDIDATE]: Term 1 election: Election decided. Result: candidate won. Election summary: received 2 responses out of 3 voters: 2 yes votes; 0 no votes. yes voters: b5a669c6a5244c1188e4abf71217e8b0, eae0d6574ad64e169083c005d6921024; no voters: 
I20260601 13:39:19.982827 30870 raft_consensus.cc:2804] T 60b7f6cca5bc4bb8b5a302cbc93ba779 P b5a669c6a5244c1188e4abf71217e8b0 [term 1 FOLLOWER]: Leader election won for term 1
I20260601 13:39:19.982906 30870 raft_consensus.cc:697] T 60b7f6cca5bc4bb8b5a302cbc93ba779 P b5a669c6a5244c1188e4abf71217e8b0 [term 1 LEADER]: Becoming Leader. State: Replica: b5a669c6a5244c1188e4abf71217e8b0, State: Running, Role: LEADER
I20260601 13:39:19.982981 30860 leader_election.cc:290] T 8541e3aae9b24b0d9897562314c05d52 P 65f989be8dd948a1aaf5dca2875ca96c [CANDIDATE]: Term 1 pre-election: Requested pre-vote from peers eae0d6574ad64e169083c005d6921024 (127.25.125.193:37137), b5a669c6a5244c1188e4abf71217e8b0 (127.25.125.195:46721)
I20260601 13:39:19.983039 30870 consensus_queue.cc:237] T 60b7f6cca5bc4bb8b5a302cbc93ba779 P b5a669c6a5244c1188e4abf71217e8b0 [LEADER]: Queue going to LEADER mode. State: All replicated index: 0, Majority replicated index: 0, Committed index: 0, Last appended: 0.0, Last appended by leader: 0, Current term: 1, Majority size: 2, State: 0, Mode: LEADER, active raft config: opid_index: -1 OBSOLETE_local: false peers { permanent_uuid: "eae0d6574ad64e169083c005d6921024" member_type: VOTER last_known_addr { host: "127.25.125.193" port: 37137 } } peers { permanent_uuid: "65f989be8dd948a1aaf5dca2875ca96c" member_type: VOTER last_known_addr { host: "127.25.125.194" port: 43065 } } peers { permanent_uuid: "b5a669c6a5244c1188e4abf71217e8b0" member_type: VOTER last_known_addr { host: "127.25.125.195" port: 46721 } }
I20260601 13:39:19.983633 30805 tablet_service.cc:1917] Received RequestConsensusVote() RPC: tablet_id: "8541e3aae9b24b0d9897562314c05d52" candidate_uuid: "65f989be8dd948a1aaf5dca2875ca96c" candidate_term: 1 candidate_status { last_received { term: 0 index: 0 } } ignore_live_leader: false dest_uuid: "b5a669c6a5244c1188e4abf71217e8b0" is_pre_election: true
I20260601 13:39:19.983753 30805 raft_consensus.cc:2468] T 8541e3aae9b24b0d9897562314c05d52 P b5a669c6a5244c1188e4abf71217e8b0 [term 0 FOLLOWER]: Leader pre-election vote request: Granting yes vote for candidate 65f989be8dd948a1aaf5dca2875ca96c in term 0.
I20260601 13:39:19.984004 30653 tablet_service.cc:1917] Received RequestConsensusVote() RPC: tablet_id: "8541e3aae9b24b0d9897562314c05d52" candidate_uuid: "65f989be8dd948a1aaf5dca2875ca96c" candidate_term: 1 candidate_status { last_received { term: 0 index: 0 } } ignore_live_leader: false dest_uuid: "eae0d6574ad64e169083c005d6921024" is_pre_election: true
I20260601 13:39:19.984083 30695 leader_election.cc:304] T 8541e3aae9b24b0d9897562314c05d52 P 65f989be8dd948a1aaf5dca2875ca96c [CANDIDATE]: Term 1 pre-election: Election decided. Result: candidate won. Election summary: received 2 responses out of 3 voters: 2 yes votes; 0 no votes. yes voters: 65f989be8dd948a1aaf5dca2875ca96c, b5a669c6a5244c1188e4abf71217e8b0; no voters: 
I20260601 13:39:19.984113 30653 raft_consensus.cc:2468] T 8541e3aae9b24b0d9897562314c05d52 P eae0d6574ad64e169083c005d6921024 [term 0 FOLLOWER]: Leader pre-election vote request: Granting yes vote for candidate 65f989be8dd948a1aaf5dca2875ca96c in term 0.
I20260601 13:39:19.984231 30860 raft_consensus.cc:2804] T 8541e3aae9b24b0d9897562314c05d52 P 65f989be8dd948a1aaf5dca2875ca96c [term 0 FOLLOWER]: Leader pre-election won for term 1
I20260601 13:39:19.984301 30860 raft_consensus.cc:493] T 8541e3aae9b24b0d9897562314c05d52 P 65f989be8dd948a1aaf5dca2875ca96c [term 0 FOLLOWER]: Starting leader election (no leader contacted us within the election timeout)
I20260601 13:39:19.984349 30860 raft_consensus.cc:3060] T 8541e3aae9b24b0d9897562314c05d52 P 65f989be8dd948a1aaf5dca2875ca96c [term 0 FOLLOWER]: Advancing to term 1
I20260601 13:39:19.984897 30550 catalog_manager.cc:5696] T 60b7f6cca5bc4bb8b5a302cbc93ba779 P b5a669c6a5244c1188e4abf71217e8b0 reported cstate change: term changed from 0 to 1, leader changed from <none> to b5a669c6a5244c1188e4abf71217e8b0 (127.25.125.195). New cstate: current_term: 1 leader_uuid: "b5a669c6a5244c1188e4abf71217e8b0" committed_config { opid_index: -1 OBSOLETE_local: false peers { permanent_uuid: "eae0d6574ad64e169083c005d6921024" member_type: VOTER last_known_addr { host: "127.25.125.193" port: 37137 } health_report { overall_health: UNKNOWN } } peers { permanent_uuid: "65f989be8dd948a1aaf5dca2875ca96c" member_type: VOTER last_known_addr { host: "127.25.125.194" port: 43065 } health_report { overall_health: UNKNOWN } } peers { permanent_uuid: "b5a669c6a5244c1188e4abf71217e8b0" member_type: VOTER last_known_addr { host: "127.25.125.195" port: 46721 } health_report { overall_health: HEALTHY } } }
I20260601 13:39:19.985134 30860 raft_consensus.cc:515] T 8541e3aae9b24b0d9897562314c05d52 P 65f989be8dd948a1aaf5dca2875ca96c [term 1 FOLLOWER]: Starting leader election with config: opid_index: -1 OBSOLETE_local: false peers { permanent_uuid: "eae0d6574ad64e169083c005d6921024" member_type: VOTER last_known_addr { host: "127.25.125.193" port: 37137 } } peers { permanent_uuid: "65f989be8dd948a1aaf5dca2875ca96c" member_type: VOTER last_known_addr { host: "127.25.125.194" port: 43065 } } peers { permanent_uuid: "b5a669c6a5244c1188e4abf71217e8b0" member_type: VOTER last_known_addr { host: "127.25.125.195" port: 46721 } }
I20260601 13:39:19.985466 30860 leader_election.cc:290] T 8541e3aae9b24b0d9897562314c05d52 P 65f989be8dd948a1aaf5dca2875ca96c [CANDIDATE]: Term 1 election: Requested vote from peers eae0d6574ad64e169083c005d6921024 (127.25.125.193:37137), b5a669c6a5244c1188e4abf71217e8b0 (127.25.125.195:46721)
I20260601 13:39:19.985834 30805 tablet_service.cc:1917] Received RequestConsensusVote() RPC: tablet_id: "8541e3aae9b24b0d9897562314c05d52" candidate_uuid: "65f989be8dd948a1aaf5dca2875ca96c" candidate_term: 1 candidate_status { last_received { term: 0 index: 0 } } ignore_live_leader: false dest_uuid: "b5a669c6a5244c1188e4abf71217e8b0"
I20260601 13:39:19.985831 30653 tablet_service.cc:1917] Received RequestConsensusVote() RPC: tablet_id: "8541e3aae9b24b0d9897562314c05d52" candidate_uuid: "65f989be8dd948a1aaf5dca2875ca96c" candidate_term: 1 candidate_status { last_received { term: 0 index: 0 } } ignore_live_leader: false dest_uuid: "eae0d6574ad64e169083c005d6921024"
I20260601 13:39:19.986070 30805 raft_consensus.cc:3060] T 8541e3aae9b24b0d9897562314c05d52 P b5a669c6a5244c1188e4abf71217e8b0 [term 0 FOLLOWER]: Advancing to term 1
I20260601 13:39:19.986090 30653 raft_consensus.cc:3060] T 8541e3aae9b24b0d9897562314c05d52 P eae0d6574ad64e169083c005d6921024 [term 0 FOLLOWER]: Advancing to term 1
I20260601 13:39:19.986860 30653 raft_consensus.cc:2468] T 8541e3aae9b24b0d9897562314c05d52 P eae0d6574ad64e169083c005d6921024 [term 1 FOLLOWER]: Leader election vote request: Granting yes vote for candidate 65f989be8dd948a1aaf5dca2875ca96c in term 1.
I20260601 13:39:19.987062 30805 raft_consensus.cc:2468] T 8541e3aae9b24b0d9897562314c05d52 P b5a669c6a5244c1188e4abf71217e8b0 [term 1 FOLLOWER]: Leader election vote request: Granting yes vote for candidate 65f989be8dd948a1aaf5dca2875ca96c in term 1.
I20260601 13:39:19.987161 30695 leader_election.cc:304] T 8541e3aae9b24b0d9897562314c05d52 P 65f989be8dd948a1aaf5dca2875ca96c [CANDIDATE]: Term 1 election: Election decided. Result: candidate won. Election summary: received 2 responses out of 3 voters: 2 yes votes; 0 no votes. yes voters: 65f989be8dd948a1aaf5dca2875ca96c, eae0d6574ad64e169083c005d6921024; no voters: 
I20260601 13:39:19.987335 30860 raft_consensus.cc:2804] T 8541e3aae9b24b0d9897562314c05d52 P 65f989be8dd948a1aaf5dca2875ca96c [term 1 FOLLOWER]: Leader election won for term 1
I20260601 13:39:19.987453 30860 raft_consensus.cc:697] T 8541e3aae9b24b0d9897562314c05d52 P 65f989be8dd948a1aaf5dca2875ca96c [term 1 LEADER]: Becoming Leader. State: Replica: 65f989be8dd948a1aaf5dca2875ca96c, State: Running, Role: LEADER
I20260601 13:39:19.987582 30860 consensus_queue.cc:237] T 8541e3aae9b24b0d9897562314c05d52 P 65f989be8dd948a1aaf5dca2875ca96c [LEADER]: Queue going to LEADER mode. State: All replicated index: 0, Majority replicated index: 0, Committed index: 0, Last appended: 0.0, Last appended by leader: 0, Current term: 1, Majority size: 2, State: 0, Mode: LEADER, active raft config: opid_index: -1 OBSOLETE_local: false peers { permanent_uuid: "eae0d6574ad64e169083c005d6921024" member_type: VOTER last_known_addr { host: "127.25.125.193" port: 37137 } } peers { permanent_uuid: "65f989be8dd948a1aaf5dca2875ca96c" member_type: VOTER last_known_addr { host: "127.25.125.194" port: 43065 } } peers { permanent_uuid: "b5a669c6a5244c1188e4abf71217e8b0" member_type: VOTER last_known_addr { host: "127.25.125.195" port: 46721 } }
I20260601 13:39:19.989142 30550 catalog_manager.cc:5696] T 8541e3aae9b24b0d9897562314c05d52 P 65f989be8dd948a1aaf5dca2875ca96c reported cstate change: term changed from 0 to 1, leader changed from <none> to 65f989be8dd948a1aaf5dca2875ca96c (127.25.125.194). New cstate: current_term: 1 leader_uuid: "65f989be8dd948a1aaf5dca2875ca96c" committed_config { opid_index: -1 OBSOLETE_local: false peers { permanent_uuid: "eae0d6574ad64e169083c005d6921024" member_type: VOTER last_known_addr { host: "127.25.125.193" port: 37137 } health_report { overall_health: UNKNOWN } } peers { permanent_uuid: "65f989be8dd948a1aaf5dca2875ca96c" member_type: VOTER last_known_addr { host: "127.25.125.194" port: 43065 } health_report { overall_health: HEALTHY } } peers { permanent_uuid: "b5a669c6a5244c1188e4abf71217e8b0" member_type: VOTER last_known_addr { host: "127.25.125.195" port: 46721 } health_report { overall_health: UNKNOWN } } }
I20260601 13:39:20.023587 30859 raft_consensus.cc:493] T bb7dab49411943aea15e10fe8d91deb1 P eae0d6574ad64e169083c005d6921024 [term 0 FOLLOWER]: Starting pre-election (no leader contacted us within the election timeout)
I20260601 13:39:20.023761 30859 raft_consensus.cc:515] T bb7dab49411943aea15e10fe8d91deb1 P eae0d6574ad64e169083c005d6921024 [term 0 FOLLOWER]: Starting pre-election with config: opid_index: -1 OBSOLETE_local: false peers { permanent_uuid: "eae0d6574ad64e169083c005d6921024" member_type: VOTER last_known_addr { host: "127.25.125.193" port: 37137 } } peers { permanent_uuid: "65f989be8dd948a1aaf5dca2875ca96c" member_type: VOTER last_known_addr { host: "127.25.125.194" port: 43065 } } peers { permanent_uuid: "b5a669c6a5244c1188e4abf71217e8b0" member_type: VOTER last_known_addr { host: "127.25.125.195" port: 46721 } }
I20260601 13:39:20.024441 30859 leader_election.cc:290] T bb7dab49411943aea15e10fe8d91deb1 P eae0d6574ad64e169083c005d6921024 [CANDIDATE]: Term 1 pre-election: Requested pre-vote from peers 65f989be8dd948a1aaf5dca2875ca96c (127.25.125.194:43065), b5a669c6a5244c1188e4abf71217e8b0 (127.25.125.195:46721)
I20260601 13:39:20.029415 30805 tablet_service.cc:1917] Received RequestConsensusVote() RPC: tablet_id: "bb7dab49411943aea15e10fe8d91deb1" candidate_uuid: "eae0d6574ad64e169083c005d6921024" candidate_term: 1 candidate_status { last_received { term: 0 index: 0 } } ignore_live_leader: false dest_uuid: "b5a669c6a5244c1188e4abf71217e8b0" is_pre_election: true
I20260601 13:39:20.029429 30731 tablet_service.cc:1917] Received RequestConsensusVote() RPC: tablet_id: "bb7dab49411943aea15e10fe8d91deb1" candidate_uuid: "eae0d6574ad64e169083c005d6921024" candidate_term: 1 candidate_status { last_received { term: 0 index: 0 } } ignore_live_leader: false dest_uuid: "65f989be8dd948a1aaf5dca2875ca96c" is_pre_election: true
I20260601 13:39:20.029647 30805 raft_consensus.cc:2468] T bb7dab49411943aea15e10fe8d91deb1 P b5a669c6a5244c1188e4abf71217e8b0 [term 0 FOLLOWER]: Leader pre-election vote request: Granting yes vote for candidate eae0d6574ad64e169083c005d6921024 in term 0.
I20260601 13:39:20.029693 30731 raft_consensus.cc:2468] T bb7dab49411943aea15e10fe8d91deb1 P 65f989be8dd948a1aaf5dca2875ca96c [term 0 FOLLOWER]: Leader pre-election vote request: Granting yes vote for candidate eae0d6574ad64e169083c005d6921024 in term 0.
I20260601 13:39:20.030023 30618 leader_election.cc:304] T bb7dab49411943aea15e10fe8d91deb1 P eae0d6574ad64e169083c005d6921024 [CANDIDATE]: Term 1 pre-election: Election decided. Result: candidate won. Election summary: received 2 responses out of 3 voters: 2 yes votes; 0 no votes. yes voters: b5a669c6a5244c1188e4abf71217e8b0, eae0d6574ad64e169083c005d6921024; no voters: 
I20260601 13:39:20.030236 30859 raft_consensus.cc:2804] T bb7dab49411943aea15e10fe8d91deb1 P eae0d6574ad64e169083c005d6921024 [term 0 FOLLOWER]: Leader pre-election won for term 1
I20260601 13:39:20.030297 30859 raft_consensus.cc:493] T bb7dab49411943aea15e10fe8d91deb1 P eae0d6574ad64e169083c005d6921024 [term 0 FOLLOWER]: Starting leader election (no leader contacted us within the election timeout)
I20260601 13:39:20.030347 30859 raft_consensus.cc:3060] T bb7dab49411943aea15e10fe8d91deb1 P eae0d6574ad64e169083c005d6921024 [term 0 FOLLOWER]: Advancing to term 1
I20260601 13:39:20.031221 30859 raft_consensus.cc:515] T bb7dab49411943aea15e10fe8d91deb1 P eae0d6574ad64e169083c005d6921024 [term 1 FOLLOWER]: Starting leader election with config: opid_index: -1 OBSOLETE_local: false peers { permanent_uuid: "eae0d6574ad64e169083c005d6921024" member_type: VOTER last_known_addr { host: "127.25.125.193" port: 37137 } } peers { permanent_uuid: "65f989be8dd948a1aaf5dca2875ca96c" member_type: VOTER last_known_addr { host: "127.25.125.194" port: 43065 } } peers { permanent_uuid: "b5a669c6a5244c1188e4abf71217e8b0" member_type: VOTER last_known_addr { host: "127.25.125.195" port: 46721 } }
I20260601 13:39:20.031632 30859 leader_election.cc:290] T bb7dab49411943aea15e10fe8d91deb1 P eae0d6574ad64e169083c005d6921024 [CANDIDATE]: Term 1 election: Requested vote from peers 65f989be8dd948a1aaf5dca2875ca96c (127.25.125.194:43065), b5a669c6a5244c1188e4abf71217e8b0 (127.25.125.195:46721)
I20260601 13:39:20.032050 30805 tablet_service.cc:1917] Received RequestConsensusVote() RPC: tablet_id: "bb7dab49411943aea15e10fe8d91deb1" candidate_uuid: "eae0d6574ad64e169083c005d6921024" candidate_term: 1 candidate_status { last_received { term: 0 index: 0 } } ignore_live_leader: false dest_uuid: "b5a669c6a5244c1188e4abf71217e8b0"
I20260601 13:39:20.032050 30731 tablet_service.cc:1917] Received RequestConsensusVote() RPC: tablet_id: "bb7dab49411943aea15e10fe8d91deb1" candidate_uuid: "eae0d6574ad64e169083c005d6921024" candidate_term: 1 candidate_status { last_received { term: 0 index: 0 } } ignore_live_leader: false dest_uuid: "65f989be8dd948a1aaf5dca2875ca96c"
I20260601 13:39:20.032263 30805 raft_consensus.cc:3060] T bb7dab49411943aea15e10fe8d91deb1 P b5a669c6a5244c1188e4abf71217e8b0 [term 0 FOLLOWER]: Advancing to term 1
I20260601 13:39:20.032308 30731 raft_consensus.cc:3060] T bb7dab49411943aea15e10fe8d91deb1 P 65f989be8dd948a1aaf5dca2875ca96c [term 0 FOLLOWER]: Advancing to term 1
I20260601 13:39:20.033054 30731 raft_consensus.cc:2468] T bb7dab49411943aea15e10fe8d91deb1 P 65f989be8dd948a1aaf5dca2875ca96c [term 1 FOLLOWER]: Leader election vote request: Granting yes vote for candidate eae0d6574ad64e169083c005d6921024 in term 1.
I20260601 13:39:20.033092 30805 raft_consensus.cc:2468] T bb7dab49411943aea15e10fe8d91deb1 P b5a669c6a5244c1188e4abf71217e8b0 [term 1 FOLLOWER]: Leader election vote request: Granting yes vote for candidate eae0d6574ad64e169083c005d6921024 in term 1.
I20260601 13:39:20.033375 30620 leader_election.cc:304] T bb7dab49411943aea15e10fe8d91deb1 P eae0d6574ad64e169083c005d6921024 [CANDIDATE]: Term 1 election: Election decided. Result: candidate won. Election summary: received 2 responses out of 3 voters: 2 yes votes; 0 no votes. yes voters: 65f989be8dd948a1aaf5dca2875ca96c, eae0d6574ad64e169083c005d6921024; no voters: 
I20260601 13:39:20.033633 30859 raft_consensus.cc:2804] T bb7dab49411943aea15e10fe8d91deb1 P eae0d6574ad64e169083c005d6921024 [term 1 FOLLOWER]: Leader election won for term 1
I20260601 13:39:20.033946 30859 raft_consensus.cc:697] T bb7dab49411943aea15e10fe8d91deb1 P eae0d6574ad64e169083c005d6921024 [term 1 LEADER]: Becoming Leader. State: Replica: eae0d6574ad64e169083c005d6921024, State: Running, Role: LEADER
I20260601 13:39:20.034132 30859 consensus_queue.cc:237] T bb7dab49411943aea15e10fe8d91deb1 P eae0d6574ad64e169083c005d6921024 [LEADER]: Queue going to LEADER mode. State: All replicated index: 0, Majority replicated index: 0, Committed index: 0, Last appended: 0.0, Last appended by leader: 0, Current term: 1, Majority size: 2, State: 0, Mode: LEADER, active raft config: opid_index: -1 OBSOLETE_local: false peers { permanent_uuid: "eae0d6574ad64e169083c005d6921024" member_type: VOTER last_known_addr { host: "127.25.125.193" port: 37137 } } peers { permanent_uuid: "65f989be8dd948a1aaf5dca2875ca96c" member_type: VOTER last_known_addr { host: "127.25.125.194" port: 43065 } } peers { permanent_uuid: "b5a669c6a5244c1188e4abf71217e8b0" member_type: VOTER last_known_addr { host: "127.25.125.195" port: 46721 } }
I20260601 13:39:20.035919 30550 catalog_manager.cc:5696] T bb7dab49411943aea15e10fe8d91deb1 P eae0d6574ad64e169083c005d6921024 reported cstate change: term changed from 0 to 1, leader changed from <none> to eae0d6574ad64e169083c005d6921024 (127.25.125.193). New cstate: current_term: 1 leader_uuid: "eae0d6574ad64e169083c005d6921024" committed_config { opid_index: -1 OBSOLETE_local: false peers { permanent_uuid: "eae0d6574ad64e169083c005d6921024" member_type: VOTER last_known_addr { host: "127.25.125.193" port: 37137 } health_report { overall_health: HEALTHY } } peers { permanent_uuid: "65f989be8dd948a1aaf5dca2875ca96c" member_type: VOTER last_known_addr { host: "127.25.125.194" port: 43065 } health_report { overall_health: UNKNOWN } } peers { permanent_uuid: "b5a669c6a5244c1188e4abf71217e8b0" member_type: VOTER last_known_addr { host: "127.25.125.195" port: 46721 } health_report { overall_health: UNKNOWN } } }
I20260601 13:39:20.138918 30859 raft_consensus.cc:493] T 122474c2b09b49deaa9fcb5144a5fd92 P eae0d6574ad64e169083c005d6921024 [term 0 FOLLOWER]: Starting pre-election (no leader contacted us within the election timeout)
I20260601 13:39:20.139089 30859 raft_consensus.cc:515] T 122474c2b09b49deaa9fcb5144a5fd92 P eae0d6574ad64e169083c005d6921024 [term 0 FOLLOWER]: Starting pre-election with config: opid_index: -1 OBSOLETE_local: false peers { permanent_uuid: "b5a669c6a5244c1188e4abf71217e8b0" member_type: VOTER last_known_addr { host: "127.25.125.195" port: 46721 } } peers { permanent_uuid: "65f989be8dd948a1aaf5dca2875ca96c" member_type: VOTER last_known_addr { host: "127.25.125.194" port: 43065 } } peers { permanent_uuid: "eae0d6574ad64e169083c005d6921024" member_type: VOTER last_known_addr { host: "127.25.125.193" port: 37137 } }
I20260601 13:39:20.139554 30859 leader_election.cc:290] T 122474c2b09b49deaa9fcb5144a5fd92 P eae0d6574ad64e169083c005d6921024 [CANDIDATE]: Term 1 pre-election: Requested pre-vote from peers b5a669c6a5244c1188e4abf71217e8b0 (127.25.125.195:46721), 65f989be8dd948a1aaf5dca2875ca96c (127.25.125.194:43065)
I20260601 13:39:20.139951 30805 tablet_service.cc:1917] Received RequestConsensusVote() RPC: tablet_id: "122474c2b09b49deaa9fcb5144a5fd92" candidate_uuid: "eae0d6574ad64e169083c005d6921024" candidate_term: 1 candidate_status { last_received { term: 0 index: 0 } } ignore_live_leader: false dest_uuid: "b5a669c6a5244c1188e4abf71217e8b0" is_pre_election: true
I20260601 13:39:20.140105 30731 tablet_service.cc:1917] Received RequestConsensusVote() RPC: tablet_id: "122474c2b09b49deaa9fcb5144a5fd92" candidate_uuid: "eae0d6574ad64e169083c005d6921024" candidate_term: 1 candidate_status { last_received { term: 0 index: 0 } } ignore_live_leader: false dest_uuid: "65f989be8dd948a1aaf5dca2875ca96c" is_pre_election: true
I20260601 13:39:20.140102 30805 raft_consensus.cc:2468] T 122474c2b09b49deaa9fcb5144a5fd92 P b5a669c6a5244c1188e4abf71217e8b0 [term 0 FOLLOWER]: Leader pre-election vote request: Granting yes vote for candidate eae0d6574ad64e169083c005d6921024 in term 0.
I20260601 13:39:20.140235 30731 raft_consensus.cc:2468] T 122474c2b09b49deaa9fcb5144a5fd92 P 65f989be8dd948a1aaf5dca2875ca96c [term 0 FOLLOWER]: Leader pre-election vote request: Granting yes vote for candidate eae0d6574ad64e169083c005d6921024 in term 0.
I20260601 13:39:20.140488 30618 leader_election.cc:304] T 122474c2b09b49deaa9fcb5144a5fd92 P eae0d6574ad64e169083c005d6921024 [CANDIDATE]: Term 1 pre-election: Election decided. Result: candidate won. Election summary: received 2 responses out of 3 voters: 2 yes votes; 0 no votes. yes voters: b5a669c6a5244c1188e4abf71217e8b0, eae0d6574ad64e169083c005d6921024; no voters: 
I20260601 13:39:20.140671 30859 raft_consensus.cc:2804] T 122474c2b09b49deaa9fcb5144a5fd92 P eae0d6574ad64e169083c005d6921024 [term 0 FOLLOWER]: Leader pre-election won for term 1
I20260601 13:39:20.140739 30859 raft_consensus.cc:493] T 122474c2b09b49deaa9fcb5144a5fd92 P eae0d6574ad64e169083c005d6921024 [term 0 FOLLOWER]: Starting leader election (no leader contacted us within the election timeout)
I20260601 13:39:20.140772 30859 raft_consensus.cc:3060] T 122474c2b09b49deaa9fcb5144a5fd92 P eae0d6574ad64e169083c005d6921024 [term 0 FOLLOWER]: Advancing to term 1
I20260601 13:39:20.142007 30859 raft_consensus.cc:515] T 122474c2b09b49deaa9fcb5144a5fd92 P eae0d6574ad64e169083c005d6921024 [term 1 FOLLOWER]: Starting leader election with config: opid_index: -1 OBSOLETE_local: false peers { permanent_uuid: "b5a669c6a5244c1188e4abf71217e8b0" member_type: VOTER last_known_addr { host: "127.25.125.195" port: 46721 } } peers { permanent_uuid: "65f989be8dd948a1aaf5dca2875ca96c" member_type: VOTER last_known_addr { host: "127.25.125.194" port: 43065 } } peers { permanent_uuid: "eae0d6574ad64e169083c005d6921024" member_type: VOTER last_known_addr { host: "127.25.125.193" port: 37137 } }
I20260601 13:39:20.142479 30859 leader_election.cc:290] T 122474c2b09b49deaa9fcb5144a5fd92 P eae0d6574ad64e169083c005d6921024 [CANDIDATE]: Term 1 election: Requested vote from peers b5a669c6a5244c1188e4abf71217e8b0 (127.25.125.195:46721), 65f989be8dd948a1aaf5dca2875ca96c (127.25.125.194:43065)
I20260601 13:39:20.142786 30805 tablet_service.cc:1917] Received RequestConsensusVote() RPC: tablet_id: "122474c2b09b49deaa9fcb5144a5fd92" candidate_uuid: "eae0d6574ad64e169083c005d6921024" candidate_term: 1 candidate_status { last_received { term: 0 index: 0 } } ignore_live_leader: false dest_uuid: "b5a669c6a5244c1188e4abf71217e8b0"
I20260601 13:39:20.142904 30805 raft_consensus.cc:3060] T 122474c2b09b49deaa9fcb5144a5fd92 P b5a669c6a5244c1188e4abf71217e8b0 [term 0 FOLLOWER]: Advancing to term 1
I20260601 13:39:20.142985 30731 tablet_service.cc:1917] Received RequestConsensusVote() RPC: tablet_id: "122474c2b09b49deaa9fcb5144a5fd92" candidate_uuid: "eae0d6574ad64e169083c005d6921024" candidate_term: 1 candidate_status { last_received { term: 0 index: 0 } } ignore_live_leader: false dest_uuid: "65f989be8dd948a1aaf5dca2875ca96c"
I20260601 13:39:20.143201 30731 raft_consensus.cc:3060] T 122474c2b09b49deaa9fcb5144a5fd92 P 65f989be8dd948a1aaf5dca2875ca96c [term 0 FOLLOWER]: Advancing to term 1
I20260601 13:39:20.143731 30805 raft_consensus.cc:2468] T 122474c2b09b49deaa9fcb5144a5fd92 P b5a669c6a5244c1188e4abf71217e8b0 [term 1 FOLLOWER]: Leader election vote request: Granting yes vote for candidate eae0d6574ad64e169083c005d6921024 in term 1.
I20260601 13:39:20.143998 30618 leader_election.cc:304] T 122474c2b09b49deaa9fcb5144a5fd92 P eae0d6574ad64e169083c005d6921024 [CANDIDATE]: Term 1 election: Election decided. Result: candidate won. Election summary: received 2 responses out of 3 voters: 2 yes votes; 0 no votes. yes voters: b5a669c6a5244c1188e4abf71217e8b0, eae0d6574ad64e169083c005d6921024; no voters: 
I20260601 13:39:20.144018 30731 raft_consensus.cc:2468] T 122474c2b09b49deaa9fcb5144a5fd92 P 65f989be8dd948a1aaf5dca2875ca96c [term 1 FOLLOWER]: Leader election vote request: Granting yes vote for candidate eae0d6574ad64e169083c005d6921024 in term 1.
I20260601 13:39:20.144182 30859 raft_consensus.cc:2804] T 122474c2b09b49deaa9fcb5144a5fd92 P eae0d6574ad64e169083c005d6921024 [term 1 FOLLOWER]: Leader election won for term 1
I20260601 13:39:20.144280 30859 raft_consensus.cc:697] T 122474c2b09b49deaa9fcb5144a5fd92 P eae0d6574ad64e169083c005d6921024 [term 1 LEADER]: Becoming Leader. State: Replica: eae0d6574ad64e169083c005d6921024, State: Running, Role: LEADER
I20260601 13:39:20.144624 30859 consensus_queue.cc:237] T 122474c2b09b49deaa9fcb5144a5fd92 P eae0d6574ad64e169083c005d6921024 [LEADER]: Queue going to LEADER mode. State: All replicated index: 0, Majority replicated index: 0, Committed index: 0, Last appended: 0.0, Last appended by leader: 0, Current term: 1, Majority size: 2, State: 0, Mode: LEADER, active raft config: opid_index: -1 OBSOLETE_local: false peers { permanent_uuid: "b5a669c6a5244c1188e4abf71217e8b0" member_type: VOTER last_known_addr { host: "127.25.125.195" port: 46721 } } peers { permanent_uuid: "65f989be8dd948a1aaf5dca2875ca96c" member_type: VOTER last_known_addr { host: "127.25.125.194" port: 43065 } } peers { permanent_uuid: "eae0d6574ad64e169083c005d6921024" member_type: VOTER last_known_addr { host: "127.25.125.193" port: 37137 } }
I20260601 13:39:20.146337 30550 catalog_manager.cc:5696] T 122474c2b09b49deaa9fcb5144a5fd92 P eae0d6574ad64e169083c005d6921024 reported cstate change: term changed from 0 to 1, leader changed from <none> to eae0d6574ad64e169083c005d6921024 (127.25.125.193). New cstate: current_term: 1 leader_uuid: "eae0d6574ad64e169083c005d6921024" committed_config { opid_index: -1 OBSOLETE_local: false peers { permanent_uuid: "b5a669c6a5244c1188e4abf71217e8b0" member_type: VOTER last_known_addr { host: "127.25.125.195" port: 46721 } health_report { overall_health: UNKNOWN } } peers { permanent_uuid: "65f989be8dd948a1aaf5dca2875ca96c" member_type: VOTER last_known_addr { host: "127.25.125.194" port: 43065 } health_report { overall_health: UNKNOWN } } peers { permanent_uuid: "eae0d6574ad64e169083c005d6921024" member_type: VOTER last_known_addr { host: "127.25.125.193" port: 37137 } health_report { overall_health: HEALTHY } } }
I20260601 13:39:20.157120 30859 raft_consensus.cc:493] T dff3f361536547eba588b3195a08547a P eae0d6574ad64e169083c005d6921024 [term 0 FOLLOWER]: Starting pre-election (no leader contacted us within the election timeout)
I20260601 13:39:20.157266 30859 raft_consensus.cc:515] T dff3f361536547eba588b3195a08547a P eae0d6574ad64e169083c005d6921024 [term 0 FOLLOWER]: Starting pre-election with config: opid_index: -1 OBSOLETE_local: false peers { permanent_uuid: "eae0d6574ad64e169083c005d6921024" member_type: VOTER last_known_addr { host: "127.25.125.193" port: 37137 } } peers { permanent_uuid: "65f989be8dd948a1aaf5dca2875ca96c" member_type: VOTER last_known_addr { host: "127.25.125.194" port: 43065 } } peers { permanent_uuid: "b5a669c6a5244c1188e4abf71217e8b0" member_type: VOTER last_known_addr { host: "127.25.125.195" port: 46721 } }
I20260601 13:39:20.157749 30859 leader_election.cc:290] T dff3f361536547eba588b3195a08547a P eae0d6574ad64e169083c005d6921024 [CANDIDATE]: Term 1 pre-election: Requested pre-vote from peers 65f989be8dd948a1aaf5dca2875ca96c (127.25.125.194:43065), b5a669c6a5244c1188e4abf71217e8b0 (127.25.125.195:46721)
I20260601 13:39:20.158209 30805 tablet_service.cc:1917] Received RequestConsensusVote() RPC: tablet_id: "dff3f361536547eba588b3195a08547a" candidate_uuid: "eae0d6574ad64e169083c005d6921024" candidate_term: 1 candidate_status { last_received { term: 0 index: 0 } } ignore_live_leader: false dest_uuid: "b5a669c6a5244c1188e4abf71217e8b0" is_pre_election: true
I20260601 13:39:20.158239 30731 tablet_service.cc:1917] Received RequestConsensusVote() RPC: tablet_id: "dff3f361536547eba588b3195a08547a" candidate_uuid: "eae0d6574ad64e169083c005d6921024" candidate_term: 1 candidate_status { last_received { term: 0 index: 0 } } ignore_live_leader: false dest_uuid: "65f989be8dd948a1aaf5dca2875ca96c" is_pre_election: true
