I20260601 13:38:43.408223 26468 raft_consensus.cc:2955] T e618bd7897394148a02a2f0c00df0af3 P 61e03910046d4573b1cd0cadf619c2dd [term 1 LEADER]: Committing config change with OpId 1.4: config changed from index 3 to 4, VOTER 10ccb278df22410281a4c337c271bbb1 (127.22.128.129) evicted. New config: { opid_index: 4 OBSOLETE_local: false peers { permanent_uuid: "61e03910046d4573b1cd0cadf619c2dd" member_type: VOTER last_known_addr { host: "127.22.128.130" port: 35713 } } peers { permanent_uuid: "735d2579e9044c1498d2620449764560" member_type: VOTER last_known_addr { host: "127.22.128.131" port: 35871 } } peers { permanent_uuid: "e5632161407b43f380027c0e023b3199" member_type: VOTER last_known_addr { host: "127.22.128.132" port: 42449 } attrs { promote: false } } }
I20260601 13:38:43.409750 25919 catalog_manager.cc:5209] ChangeConfig:REMOVE_PEER RPC for tablet e618bd7897394148a02a2f0c00df0af3 with cas_config_opid_index 3: ChangeConfig:REMOVE_PEER succeeded (attempt 1)
I20260601 13:38:43.409974 26338 raft_consensus.cc:2955] T e618bd7897394148a02a2f0c00df0af3 P e5632161407b43f380027c0e023b3199 [term 1 FOLLOWER]: Committing config change with OpId 1.4: config changed from index 3 to 4, VOTER 10ccb278df22410281a4c337c271bbb1 (127.22.128.129) evicted. New config: { opid_index: 4 OBSOLETE_local: false peers { permanent_uuid: "61e03910046d4573b1cd0cadf619c2dd" member_type: VOTER last_known_addr { host: "127.22.128.130" port: 35713 } } peers { permanent_uuid: "735d2579e9044c1498d2620449764560" member_type: VOTER last_known_addr { host: "127.22.128.131" port: 35871 } } peers { permanent_uuid: "e5632161407b43f380027c0e023b3199" member_type: VOTER last_known_addr { host: "127.22.128.132" port: 42449 } attrs { promote: false } } }
I20260601 13:38:43.411846 25931 catalog_manager.cc:5696] T e618bd7897394148a02a2f0c00df0af3 P 61e03910046d4573b1cd0cadf619c2dd reported cstate change: config changed from index 3 to 4, VOTER 10ccb278df22410281a4c337c271bbb1 (127.22.128.129) evicted. New cstate: current_term: 1 leader_uuid: "61e03910046d4573b1cd0cadf619c2dd" committed_config { opid_index: 4 OBSOLETE_local: false peers { permanent_uuid: "61e03910046d4573b1cd0cadf619c2dd" member_type: VOTER last_known_addr { host: "127.22.128.130" port: 35713 } health_report { overall_health: HEALTHY } } peers { permanent_uuid: "735d2579e9044c1498d2620449764560" member_type: VOTER last_known_addr { host: "127.22.128.131" port: 35871 } health_report { overall_health: HEALTHY } } peers { permanent_uuid: "e5632161407b43f380027c0e023b3199" member_type: VOTER last_known_addr { host: "127.22.128.132" port: 42449 } attrs { promote: false } health_report { overall_health: HEALTHY } } }
I20260601 13:38:43.412568 26187 raft_consensus.cc:2955] T e618bd7897394148a02a2f0c00df0af3 P 735d2579e9044c1498d2620449764560 [term 1 FOLLOWER]: Committing config change with OpId 1.4: config changed from index 3 to 4, VOTER 10ccb278df22410281a4c337c271bbb1 (127.22.128.129) evicted. New config: { opid_index: 4 OBSOLETE_local: false peers { permanent_uuid: "61e03910046d4573b1cd0cadf619c2dd" member_type: VOTER last_known_addr { host: "127.22.128.130" port: 35713 } } peers { permanent_uuid: "735d2579e9044c1498d2620449764560" member_type: VOTER last_known_addr { host: "127.22.128.131" port: 35871 } } peers { permanent_uuid: "e5632161407b43f380027c0e023b3199" member_type: VOTER last_known_addr { host: "127.22.128.132" port: 42449 } attrs { promote: false } } }
I20260601 13:38:43.414261 26024 tablet_service.cc:1558] Processing DeleteTablet for tablet e618bd7897394148a02a2f0c00df0af3 with delete_type TABLET_DATA_TOMBSTONED (TS 10ccb278df22410281a4c337c271bbb1 not found in new config with opid_index 4) from {username='slave'} at 127.0.0.1:46538
I20260601 13:38:43.414789 26491 tablet_replica.cc:333] T e618bd7897394148a02a2f0c00df0af3 P 10ccb278df22410281a4c337c271bbb1: stopping tablet replica
I20260601 13:38:43.414968 26491 raft_consensus.cc:2243] T e618bd7897394148a02a2f0c00df0af3 P 10ccb278df22410281a4c337c271bbb1 [term 1 FOLLOWER]: Raft consensus shutting down.
I20260601 13:38:43.415145 26491 raft_consensus.cc:2272] T e618bd7897394148a02a2f0c00df0af3 P 10ccb278df22410281a4c337c271bbb1 [term 1 FOLLOWER]: Raft consensus is shut down!
I20260601 13:38:43.415756 26491 ts_tablet_manager.cc:1916] T e618bd7897394148a02a2f0c00df0af3 P 10ccb278df22410281a4c337c271bbb1: Deleting tablet data with delete state TABLET_DATA_TOMBSTONED
I20260601 13:38:43.417626 26491 ts_tablet_manager.cc:1929] T e618bd7897394148a02a2f0c00df0af3 P 10ccb278df22410281a4c337c271bbb1: tablet deleted with delete type TABLET_DATA_TOMBSTONED: last-logged OpId 1.3
I20260601 13:38:43.417716 26491 log.cc:1199] T e618bd7897394148a02a2f0c00df0af3 P 10ccb278df22410281a4c337c271bbb1: Deleting WAL directory at /tmp/dist-test-taskJVcIgc/test-tmp/auto_rebalancer-test.0.AutoRebalancerTest.RangeAwareRebalancesNewRangeReplicas.1780321049814521-23042-0/minicluster-data/ts-0-root/wals/e618bd7897394148a02a2f0c00df0af3
I20260601 13:38:43.418244 25918 catalog_manager.cc:5027] TS 10ccb278df22410281a4c337c271bbb1 (127.22.128.129:39269): tablet e618bd7897394148a02a2f0c00df0af3 (table range_aware_rebalance_new_range [id=aff488f6564e4abfb54794cb2d95fee2]) successfully deleted
I20260601 13:38:43.570024 26338 raft_consensus.cc:1275] T 1546fedf0e3242529068e29c43c42a70 P e5632161407b43f380027c0e023b3199 [term 2 FOLLOWER]: Refusing update from remote peer 61e03910046d4573b1cd0cadf619c2dd: Log matching property violated. Preceding OpId in replica: term: 1 index: 1. Preceding OpId from leader: term: 2 index: 2. (index mismatch)
I20260601 13:38:43.570628 26239 consensus_queue.cc:1048] T 1546fedf0e3242529068e29c43c42a70 P 61e03910046d4573b1cd0cadf619c2dd [LEADER]: Connected to new peer: Peer: permanent_uuid: "e5632161407b43f380027c0e023b3199" member_type: VOTER last_known_addr { host: "127.22.128.132" port: 42449 }, Status: LMP_MISMATCH, Last received: 0.0, Next index: 2, Last known committed idx: 1, Time since last communication: 0.000s
I20260601 13:38:43.573823 26187 raft_consensus.cc:1275] T 1546fedf0e3242529068e29c43c42a70 P 735d2579e9044c1498d2620449764560 [term 2 FOLLOWER]: Refusing update from remote peer 61e03910046d4573b1cd0cadf619c2dd: Log matching property violated. Preceding OpId in replica: term: 1 index: 1. Preceding OpId from leader: term: 2 index: 2. (index mismatch)
I20260601 13:38:43.575331 26239 consensus_queue.cc:1048] T 1546fedf0e3242529068e29c43c42a70 P 61e03910046d4573b1cd0cadf619c2dd [LEADER]: Connected to new peer: Peer: permanent_uuid: "735d2579e9044c1498d2620449764560" member_type: VOTER last_known_addr { host: "127.22.128.131" port: 35871 }, Status: LMP_MISMATCH, Last received: 0.0, Next index: 2, Last known committed idx: 1, Time since last communication: 0.000s
I20260601 13:38:43.600131 26446 raft_consensus.cc:993] T 27ef1edf9dbc448fab7411b197d58e9d P 735d2579e9044c1498d2620449764560: : Instructing follower 10ccb278df22410281a4c337c271bbb1 to start an election
I20260601 13:38:43.600299 26446 raft_consensus.cc:1081] T 27ef1edf9dbc448fab7411b197d58e9d P 735d2579e9044c1498d2620449764560 [term 1 LEADER]: Signalling peer 10ccb278df22410281a4c337c271bbb1 to start an election
I20260601 13:38:43.600811 26035 tablet_service.cc:2044] Received Run Leader Election RPC: tablet_id: "27ef1edf9dbc448fab7411b197d58e9d"
dest_uuid: "10ccb278df22410281a4c337c271bbb1"
 from {username='slave'} at 127.0.0.1:46556
I20260601 13:38:43.600942 26035 raft_consensus.cc:493] T 27ef1edf9dbc448fab7411b197d58e9d P 10ccb278df22410281a4c337c271bbb1 [term 1 FOLLOWER]: Starting forced leader election (received explicit request)
I20260601 13:38:43.601032 26035 raft_consensus.cc:3060] T 27ef1edf9dbc448fab7411b197d58e9d P 10ccb278df22410281a4c337c271bbb1 [term 1 FOLLOWER]: Advancing to term 2
I20260601 13:38:43.601912 26035 raft_consensus.cc:515] T 27ef1edf9dbc448fab7411b197d58e9d P 10ccb278df22410281a4c337c271bbb1 [term 2 FOLLOWER]: Starting forced leader election with config: opid_index: 2 OBSOLETE_local: false peers { permanent_uuid: "61e03910046d4573b1cd0cadf619c2dd" member_type: VOTER last_known_addr { host: "127.22.128.130" port: 35713 } } peers { permanent_uuid: "10ccb278df22410281a4c337c271bbb1" member_type: VOTER last_known_addr { host: "127.22.128.129" port: 39269 } attrs { replace: true } } peers { permanent_uuid: "735d2579e9044c1498d2620449764560" member_type: VOTER last_known_addr { host: "127.22.128.131" port: 35871 } } peers { permanent_uuid: "e5632161407b43f380027c0e023b3199" member_type: NON_VOTER last_known_addr { host: "127.22.128.132" port: 42449 } attrs { promote: true } }
I20260601 13:38:43.602326 26035 leader_election.cc:290] T 27ef1edf9dbc448fab7411b197d58e9d P 10ccb278df22410281a4c337c271bbb1 [CANDIDATE]: Term 2 election: Requested vote from peers 61e03910046d4573b1cd0cadf619c2dd (127.22.128.130:35713), 735d2579e9044c1498d2620449764560 (127.22.128.131:35871)
I20260601 13:38:43.602603 26112 tablet_service.cc:1917] Received RequestConsensusVote() RPC: tablet_id: "27ef1edf9dbc448fab7411b197d58e9d" candidate_uuid: "10ccb278df22410281a4c337c271bbb1" candidate_term: 2 candidate_status { last_received { term: 1 index: 2 } } ignore_live_leader: true dest_uuid: "61e03910046d4573b1cd0cadf619c2dd"
I20260601 13:38:43.602697 26187 tablet_service.cc:1917] Received RequestConsensusVote() RPC: tablet_id: "27ef1edf9dbc448fab7411b197d58e9d" candidate_uuid: "10ccb278df22410281a4c337c271bbb1" candidate_term: 2 candidate_status { last_received { term: 1 index: 2 } } ignore_live_leader: true dest_uuid: "735d2579e9044c1498d2620449764560"
I20260601 13:38:43.602746 26112 raft_consensus.cc:3060] T 27ef1edf9dbc448fab7411b197d58e9d P 61e03910046d4573b1cd0cadf619c2dd [term 1 FOLLOWER]: Advancing to term 2
I20260601 13:38:43.602839 26187 raft_consensus.cc:3055] T 27ef1edf9dbc448fab7411b197d58e9d P 735d2579e9044c1498d2620449764560 [term 1 LEADER]: Stepping down as leader of term 1
I20260601 13:38:43.602885 26187 raft_consensus.cc:740] T 27ef1edf9dbc448fab7411b197d58e9d P 735d2579e9044c1498d2620449764560 [term 1 LEADER]: Becoming Follower/Learner. State: Replica: 735d2579e9044c1498d2620449764560, State: Running, Role: LEADER
I20260601 13:38:43.603045 26187 consensus_queue.cc:260] T 27ef1edf9dbc448fab7411b197d58e9d P 735d2579e9044c1498d2620449764560 [NON_LEADER]: Queue going to NON_LEADER mode. State: All replicated index: 0, Majority replicated index: 2, Committed index: 2, Last appended: 1.2, Last appended by leader: 2, Current term: 1, Majority size: -1, State: 0, Mode: NON_LEADER, active raft config: opid_index: 2 OBSOLETE_local: false peers { permanent_uuid: "61e03910046d4573b1cd0cadf619c2dd" member_type: VOTER last_known_addr { host: "127.22.128.130" port: 35713 } } peers { permanent_uuid: "10ccb278df22410281a4c337c271bbb1" member_type: VOTER last_known_addr { host: "127.22.128.129" port: 39269 } attrs { replace: true } } peers { permanent_uuid: "735d2579e9044c1498d2620449764560" member_type: VOTER last_known_addr { host: "127.22.128.131" port: 35871 } } peers { permanent_uuid: "e5632161407b43f380027c0e023b3199" member_type: NON_VOTER last_known_addr { host: "127.22.128.132" port: 42449 } attrs { promote: true } }
I20260601 13:38:43.603246 26187 raft_consensus.cc:3060] T 27ef1edf9dbc448fab7411b197d58e9d P 735d2579e9044c1498d2620449764560 [term 1 FOLLOWER]: Advancing to term 2
I20260601 13:38:43.603804 26112 raft_consensus.cc:2468] T 27ef1edf9dbc448fab7411b197d58e9d P 61e03910046d4573b1cd0cadf619c2dd [term 2 FOLLOWER]: Leader election vote request: Granting yes vote for candidate 10ccb278df22410281a4c337c271bbb1 in term 2.
I20260601 13:38:43.604130 26002 leader_election.cc:304] T 27ef1edf9dbc448fab7411b197d58e9d P 10ccb278df22410281a4c337c271bbb1 [CANDIDATE]: Term 2 election: Election decided. Result: candidate won. Election summary: received 2 responses out of 3 voters: 2 yes votes; 0 no votes. yes voters: 10ccb278df22410281a4c337c271bbb1, 61e03910046d4573b1cd0cadf619c2dd; no voters: 
I20260601 13:38:43.604246 26187 raft_consensus.cc:2468] T 27ef1edf9dbc448fab7411b197d58e9d P 735d2579e9044c1498d2620449764560 [term 2 FOLLOWER]: Leader election vote request: Granting yes vote for candidate 10ccb278df22410281a4c337c271bbb1 in term 2.
I20260601 13:38:43.604310 26479 raft_consensus.cc:2804] T 27ef1edf9dbc448fab7411b197d58e9d P 10ccb278df22410281a4c337c271bbb1 [term 2 FOLLOWER]: Leader election won for term 2
I20260601 13:38:43.604389 26479 raft_consensus.cc:697] T 27ef1edf9dbc448fab7411b197d58e9d P 10ccb278df22410281a4c337c271bbb1 [term 2 LEADER]: Becoming Leader. State: Replica: 10ccb278df22410281a4c337c271bbb1, State: Running, Role: LEADER
I20260601 13:38:43.604524 26479 consensus_queue.cc:237] T 27ef1edf9dbc448fab7411b197d58e9d P 10ccb278df22410281a4c337c271bbb1 [LEADER]: Queue going to LEADER mode. State: All replicated index: 0, Majority replicated index: 2, Committed index: 2, Last appended: 1.2, Last appended by leader: 2, Current term: 2, Majority size: 2, State: 0, Mode: LEADER, active raft config: opid_index: 2 OBSOLETE_local: false peers { permanent_uuid: "61e03910046d4573b1cd0cadf619c2dd" member_type: VOTER last_known_addr { host: "127.22.128.130" port: 35713 } } peers { permanent_uuid: "10ccb278df22410281a4c337c271bbb1" member_type: VOTER last_known_addr { host: "127.22.128.129" port: 39269 } attrs { replace: true } } peers { permanent_uuid: "735d2579e9044c1498d2620449764560" member_type: VOTER last_known_addr { host: "127.22.128.131" port: 35871 } } peers { permanent_uuid: "e5632161407b43f380027c0e023b3199" member_type: NON_VOTER last_known_addr { host: "127.22.128.132" port: 42449 } attrs { promote: true } }
I20260601 13:38:43.606398 25931 catalog_manager.cc:5696] T 27ef1edf9dbc448fab7411b197d58e9d P 10ccb278df22410281a4c337c271bbb1 reported cstate change: term changed from 1 to 2, leader changed from 735d2579e9044c1498d2620449764560 (127.22.128.131) to 10ccb278df22410281a4c337c271bbb1 (127.22.128.129). New cstate: current_term: 2 leader_uuid: "10ccb278df22410281a4c337c271bbb1" committed_config { opid_index: 2 OBSOLETE_local: false peers { permanent_uuid: "61e03910046d4573b1cd0cadf619c2dd" member_type: VOTER last_known_addr { host: "127.22.128.130" port: 35713 } health_report { overall_health: UNKNOWN } } peers { permanent_uuid: "10ccb278df22410281a4c337c271bbb1" member_type: VOTER last_known_addr { host: "127.22.128.129" port: 39269 } attrs { replace: true } health_report { overall_health: HEALTHY } } peers { permanent_uuid: "735d2579e9044c1498d2620449764560" member_type: VOTER last_known_addr { host: "127.22.128.131" port: 35871 } health_report { overall_health: UNKNOWN } } peers { permanent_uuid: "e5632161407b43f380027c0e023b3199" member_type: NON_VOTER last_known_addr { host: "127.22.128.132" port: 42449 } attrs { promote: true } health_report { overall_health: UNKNOWN } } }
I20260601 13:38:43.608963 26035 tablet_service.cc:2072] Received LeaderStepDown RPC: tablet_id: "27ef1edf9dbc448fab7411b197d58e9d"
dest_uuid: "10ccb278df22410281a4c337c271bbb1"
mode: GRACEFUL
 from {username='slave'} at 127.0.0.1:46538
I20260601 13:38:43.609159 26035 raft_consensus.cc:606] T 27ef1edf9dbc448fab7411b197d58e9d P 10ccb278df22410281a4c337c271bbb1 [term 2 LEADER]: Received request to transfer leadership
I20260601 13:38:43.610069 26035 tablet_service.cc:2072] Received LeaderStepDown RPC: tablet_id: "27ef1edf9dbc448fab7411b197d58e9d"
dest_uuid: "10ccb278df22410281a4c337c271bbb1"
mode: GRACEFUL
 from {username='slave'} at 127.0.0.1:46538
I20260601 13:38:43.610216 26035 raft_consensus.cc:606] T 27ef1edf9dbc448fab7411b197d58e9d P 10ccb278df22410281a4c337c271bbb1 [term 2 LEADER]: Received request to transfer leadership
W20260601 13:38:43.610608 25918 proxy.cc:239] Call had error, refreshing address and retrying: Remote error: Service unavailable: leadership transfer for 27ef1edf9dbc448fab7411b197d58e9d already in progress
I20260601 13:38:43.611299 26035 tablet_service.cc:2072] Received LeaderStepDown RPC: tablet_id: "27ef1edf9dbc448fab7411b197d58e9d"
dest_uuid: "10ccb278df22410281a4c337c271bbb1"
mode: GRACEFUL
 from {username='slave'} at 127.0.0.1:46538
I20260601 13:38:43.611433 26035 raft_consensus.cc:606] T 27ef1edf9dbc448fab7411b197d58e9d P 10ccb278df22410281a4c337c271bbb1 [term 2 LEADER]: Received request to transfer leadership
W20260601 13:38:43.612615 25980 auto_rebalancer.cc:855] Removing replace marker failed: Service unavailable: leader transfer in progress
W20260601 13:38:43.612715 25980 auto_rebalancer.cc:863] Could not move replica: Remote error: Service unavailable: leadership transfer for 27ef1edf9dbc448fab7411b197d58e9d already in progress
W20260601 13:38:43.612740 25980 auto_rebalancer.cc:300] scheduled replica move failed to complete: Remote error: Service unavailable: leadership transfer for 27ef1edf9dbc448fab7411b197d58e9d already in progress
I20260601 13:38:43.657018 26414 raft_consensus.cc:1064] T dabba44bcf694e3483863a55d49905a9 P 10ccb278df22410281a4c337c271bbb1: attempting to promote NON_VOTER e5632161407b43f380027c0e023b3199 to VOTER
I20260601 13:38:43.657480 26414 consensus_queue.cc:237] T dabba44bcf694e3483863a55d49905a9 P 10ccb278df22410281a4c337c271bbb1 [LEADER]: Queue going to LEADER mode. State: All replicated index: 0, Majority replicated index: 2, Committed index: 2, Last appended: 1.2, Last appended by leader: 0, Current term: 1, Majority size: 3, State: 0, Mode: LEADER, active raft config: opid_index: 3 OBSOLETE_local: false peers { permanent_uuid: "10ccb278df22410281a4c337c271bbb1" member_type: VOTER last_known_addr { host: "127.22.128.129" port: 39269 } } peers { permanent_uuid: "61e03910046d4573b1cd0cadf619c2dd" member_type: VOTER last_known_addr { host: "127.22.128.130" port: 35713 } attrs { replace: true } } peers { permanent_uuid: "735d2579e9044c1498d2620449764560" member_type: VOTER last_known_addr { host: "127.22.128.131" port: 35871 } } peers { permanent_uuid: "e5632161407b43f380027c0e023b3199" member_type: VOTER last_known_addr { host: "127.22.128.132" port: 42449 } attrs { promote: false } }
I20260601 13:38:43.659308 26338 raft_consensus.cc:1275] T dabba44bcf694e3483863a55d49905a9 P e5632161407b43f380027c0e023b3199 [term 1 LEARNER]: Refusing update from remote peer 10ccb278df22410281a4c337c271bbb1: Log matching property violated. Preceding OpId in replica: term: 1 index: 2. Preceding OpId from leader: term: 1 index: 3. (index mismatch)
I20260601 13:38:43.659376 26187 raft_consensus.cc:1275] T dabba44bcf694e3483863a55d49905a9 P 735d2579e9044c1498d2620449764560 [term 1 FOLLOWER]: Refusing update from remote peer 10ccb278df22410281a4c337c271bbb1: Log matching property violated. Preceding OpId in replica: term: 1 index: 2. Preceding OpId from leader: term: 1 index: 3. (index mismatch)
I20260601 13:38:43.659308 26112 raft_consensus.cc:1275] T dabba44bcf694e3483863a55d49905a9 P 61e03910046d4573b1cd0cadf619c2dd [term 1 FOLLOWER]: Refusing update from remote peer 10ccb278df22410281a4c337c271bbb1: Log matching property violated. Preceding OpId in replica: term: 1 index: 2. Preceding OpId from leader: term: 1 index: 3. (index mismatch)
I20260601 13:38:43.659811 26501 consensus_queue.cc:1048] T dabba44bcf694e3483863a55d49905a9 P 10ccb278df22410281a4c337c271bbb1 [LEADER]: Connected to new peer: Peer: permanent_uuid: "e5632161407b43f380027c0e023b3199" member_type: VOTER last_known_addr { host: "127.22.128.132" port: 42449 } attrs { promote: false }, Status: LMP_MISMATCH, Last received: 0.0, Next index: 3, Last known committed idx: 2, Time since last communication: 0.000s
I20260601 13:38:43.660089 26502 consensus_queue.cc:1048] T dabba44bcf694e3483863a55d49905a9 P 10ccb278df22410281a4c337c271bbb1 [LEADER]: Connected to new peer: Peer: permanent_uuid: "61e03910046d4573b1cd0cadf619c2dd" member_type: VOTER last_known_addr { host: "127.22.128.130" port: 35713 } attrs { replace: true }, Status: LMP_MISMATCH, Last received: 0.0, Next index: 3, Last known committed idx: 2, Time since last communication: 0.000s
I20260601 13:38:43.660283 26414 consensus_queue.cc:1048] T dabba44bcf694e3483863a55d49905a9 P 10ccb278df22410281a4c337c271bbb1 [LEADER]: Connected to new peer: Peer: permanent_uuid: "735d2579e9044c1498d2620449764560" member_type: VOTER last_known_addr { host: "127.22.128.131" port: 35871 }, Status: LMP_MISMATCH, Last received: 0.0, Next index: 3, Last known committed idx: 2, Time since last communication: 0.000s
I20260601 13:38:43.662178 26501 raft_consensus.cc:2955] T dabba44bcf694e3483863a55d49905a9 P 10ccb278df22410281a4c337c271bbb1 [term 1 LEADER]: Committing config change with OpId 1.3: config changed from index 2 to 3, e5632161407b43f380027c0e023b3199 (127.22.128.132) changed from NON_VOTER to VOTER. New config: { opid_index: 3 OBSOLETE_local: false peers { permanent_uuid: "10ccb278df22410281a4c337c271bbb1" member_type: VOTER last_known_addr { host: "127.22.128.129" port: 39269 } } peers { permanent_uuid: "61e03910046d4573b1cd0cadf619c2dd" member_type: VOTER last_known_addr { host: "127.22.128.130" port: 35713 } attrs { replace: true } } peers { permanent_uuid: "735d2579e9044c1498d2620449764560" member_type: VOTER last_known_addr { host: "127.22.128.131" port: 35871 } } peers { permanent_uuid: "e5632161407b43f380027c0e023b3199" member_type: VOTER last_known_addr { host: "127.22.128.132" port: 42449 } attrs { promote: false } } }
I20260601 13:38:43.662654 26338 raft_consensus.cc:2955] T dabba44bcf694e3483863a55d49905a9 P e5632161407b43f380027c0e023b3199 [term 1 FOLLOWER]: Committing config change with OpId 1.3: config changed from index 2 to 3, e5632161407b43f380027c0e023b3199 (127.22.128.132) changed from NON_VOTER to VOTER. New config: { opid_index: 3 OBSOLETE_local: false peers { permanent_uuid: "10ccb278df22410281a4c337c271bbb1" member_type: VOTER last_known_addr { host: "127.22.128.129" port: 39269 } } peers { permanent_uuid: "61e03910046d4573b1cd0cadf619c2dd" member_type: VOTER last_known_addr { host: "127.22.128.130" port: 35713 } attrs { replace: true } } peers { permanent_uuid: "735d2579e9044c1498d2620449764560" member_type: VOTER last_known_addr { host: "127.22.128.131" port: 35871 } } peers { permanent_uuid: "e5632161407b43f380027c0e023b3199" member_type: VOTER last_known_addr { host: "127.22.128.132" port: 42449 } attrs { promote: false } } }
I20260601 13:38:43.662688 26112 raft_consensus.cc:2955] T dabba44bcf694e3483863a55d49905a9 P 61e03910046d4573b1cd0cadf619c2dd [term 1 FOLLOWER]: Committing config change with OpId 1.3: config changed from index 2 to 3, e5632161407b43f380027c0e023b3199 (127.22.128.132) changed from NON_VOTER to VOTER. New config: { opid_index: 3 OBSOLETE_local: false peers { permanent_uuid: "10ccb278df22410281a4c337c271bbb1" member_type: VOTER last_known_addr { host: "127.22.128.129" port: 39269 } } peers { permanent_uuid: "61e03910046d4573b1cd0cadf619c2dd" member_type: VOTER last_known_addr { host: "127.22.128.130" port: 35713 } attrs { replace: true } } peers { permanent_uuid: "735d2579e9044c1498d2620449764560" member_type: VOTER last_known_addr { host: "127.22.128.131" port: 35871 } } peers { permanent_uuid: "e5632161407b43f380027c0e023b3199" member_type: VOTER last_known_addr { host: "127.22.128.132" port: 42449 } attrs { promote: false } } }
I20260601 13:38:43.664856 25931 catalog_manager.cc:5696] T dabba44bcf694e3483863a55d49905a9 P 10ccb278df22410281a4c337c271bbb1 reported cstate change: config changed from index 2 to 3, e5632161407b43f380027c0e023b3199 (127.22.128.132) changed from NON_VOTER to VOTER. New cstate: current_term: 1 leader_uuid: "10ccb278df22410281a4c337c271bbb1" committed_config { opid_index: 3 OBSOLETE_local: false peers { permanent_uuid: "10ccb278df22410281a4c337c271bbb1" member_type: VOTER last_known_addr { host: "127.22.128.129" port: 39269 } health_report { overall_health: HEALTHY } } peers { permanent_uuid: "61e03910046d4573b1cd0cadf619c2dd" member_type: VOTER last_known_addr { host: "127.22.128.130" port: 35713 } attrs { replace: true } health_report { overall_health: HEALTHY } } peers { permanent_uuid: "735d2579e9044c1498d2620449764560" member_type: VOTER last_known_addr { host: "127.22.128.131" port: 35871 } health_report { overall_health: UNKNOWN } } peers { permanent_uuid: "e5632161407b43f380027c0e023b3199" member_type: VOTER last_known_addr { host: "127.22.128.132" port: 42449 } attrs { promote: false } health_report { overall_health: HEALTHY } } }
I20260601 13:38:43.665861 26187 raft_consensus.cc:2955] T dabba44bcf694e3483863a55d49905a9 P 735d2579e9044c1498d2620449764560 [term 1 FOLLOWER]: Committing config change with OpId 1.3: config changed from index 2 to 3, e5632161407b43f380027c0e023b3199 (127.22.128.132) changed from NON_VOTER to VOTER. New config: { opid_index: 3 OBSOLETE_local: false peers { permanent_uuid: "10ccb278df22410281a4c337c271bbb1" member_type: VOTER last_known_addr { host: "127.22.128.129" port: 39269 } } peers { permanent_uuid: "61e03910046d4573b1cd0cadf619c2dd" member_type: VOTER last_known_addr { host: "127.22.128.130" port: 35713 } attrs { replace: true } } peers { permanent_uuid: "735d2579e9044c1498d2620449764560" member_type: VOTER last_known_addr { host: "127.22.128.131" port: 35871 } } peers { permanent_uuid: "e5632161407b43f380027c0e023b3199" member_type: VOTER last_known_addr { host: "127.22.128.132" port: 42449 } attrs { promote: false } } }
I20260601 13:38:43.669587 26035 consensus_queue.cc:237] T dabba44bcf694e3483863a55d49905a9 P 10ccb278df22410281a4c337c271bbb1 [LEADER]: Queue going to LEADER mode. State: All replicated index: 0, Majority replicated index: 3, Committed index: 3, Last appended: 1.3, Last appended by leader: 0, Current term: 1, Majority size: 2, State: 0, Mode: LEADER, active raft config: opid_index: 4 OBSOLETE_local: false peers { permanent_uuid: "10ccb278df22410281a4c337c271bbb1" member_type: VOTER last_known_addr { host: "127.22.128.129" port: 39269 } } peers { permanent_uuid: "735d2579e9044c1498d2620449764560" member_type: VOTER last_known_addr { host: "127.22.128.131" port: 35871 } } peers { permanent_uuid: "e5632161407b43f380027c0e023b3199" member_type: VOTER last_known_addr { host: "127.22.128.132" port: 42449 } attrs { promote: false } }
I20260601 13:38:43.670629 26338 raft_consensus.cc:1275] T dabba44bcf694e3483863a55d49905a9 P e5632161407b43f380027c0e023b3199 [term 1 FOLLOWER]: Refusing update from remote peer 10ccb278df22410281a4c337c271bbb1: Log matching property violated. Preceding OpId in replica: term: 1 index: 3. Preceding OpId from leader: term: 1 index: 4. (index mismatch)
I20260601 13:38:43.670663 26187 raft_consensus.cc:1275] T dabba44bcf694e3483863a55d49905a9 P 735d2579e9044c1498d2620449764560 [term 1 FOLLOWER]: Refusing update from remote peer 10ccb278df22410281a4c337c271bbb1: Log matching property violated. Preceding OpId in replica: term: 1 index: 3. Preceding OpId from leader: term: 1 index: 4. (index mismatch)
I20260601 13:38:43.670970 26501 consensus_queue.cc:1048] T dabba44bcf694e3483863a55d49905a9 P 10ccb278df22410281a4c337c271bbb1 [LEADER]: Connected to new peer: Peer: permanent_uuid: "e5632161407b43f380027c0e023b3199" member_type: VOTER last_known_addr { host: "127.22.128.132" port: 42449 } attrs { promote: false }, Status: LMP_MISMATCH, Last received: 0.0, Next index: 4, Last known committed idx: 3, Time since last communication: 0.000s
I20260601 13:38:43.671125 26414 consensus_queue.cc:1048] T dabba44bcf694e3483863a55d49905a9 P 10ccb278df22410281a4c337c271bbb1 [LEADER]: Connected to new peer: Peer: permanent_uuid: "735d2579e9044c1498d2620449764560" member_type: VOTER last_known_addr { host: "127.22.128.131" port: 35871 }, Status: LMP_MISMATCH, Last received: 0.0, Next index: 4, Last known committed idx: 3, Time since last communication: 0.000s
I20260601 13:38:43.672652 26502 raft_consensus.cc:2955] T dabba44bcf694e3483863a55d49905a9 P 10ccb278df22410281a4c337c271bbb1 [term 1 LEADER]: Committing config change with OpId 1.4: config changed from index 3 to 4, VOTER 61e03910046d4573b1cd0cadf619c2dd (127.22.128.130) evicted. New config: { opid_index: 4 OBSOLETE_local: false peers { permanent_uuid: "10ccb278df22410281a4c337c271bbb1" member_type: VOTER last_known_addr { host: "127.22.128.129" port: 39269 } } peers { permanent_uuid: "735d2579e9044c1498d2620449764560" member_type: VOTER last_known_addr { host: "127.22.128.131" port: 35871 } } peers { permanent_uuid: "e5632161407b43f380027c0e023b3199" member_type: VOTER last_known_addr { host: "127.22.128.132" port: 42449 } attrs { promote: false } } }
I20260601 13:38:43.673087 26187 raft_consensus.cc:2955] T dabba44bcf694e3483863a55d49905a9 P 735d2579e9044c1498d2620449764560 [term 1 FOLLOWER]: Committing config change with OpId 1.4: config changed from index 3 to 4, VOTER 61e03910046d4573b1cd0cadf619c2dd (127.22.128.130) evicted. New config: { opid_index: 4 OBSOLETE_local: false peers { permanent_uuid: "10ccb278df22410281a4c337c271bbb1" member_type: VOTER last_known_addr { host: "127.22.128.129" port: 39269 } } peers { permanent_uuid: "735d2579e9044c1498d2620449764560" member_type: VOTER last_known_addr { host: "127.22.128.131" port: 35871 } } peers { permanent_uuid: "e5632161407b43f380027c0e023b3199" member_type: VOTER last_known_addr { host: "127.22.128.132" port: 42449 } attrs { promote: false } } }
I20260601 13:38:43.674420 25918 catalog_manager.cc:5209] ChangeConfig:REMOVE_PEER RPC for tablet dabba44bcf694e3483863a55d49905a9 with cas_config_opid_index 3: ChangeConfig:REMOVE_PEER succeeded (attempt 1)
I20260601 13:38:43.675618 26338 raft_consensus.cc:2955] T dabba44bcf694e3483863a55d49905a9 P e5632161407b43f380027c0e023b3199 [term 1 FOLLOWER]: Committing config change with OpId 1.4: config changed from index 3 to 4, VOTER 61e03910046d4573b1cd0cadf619c2dd (127.22.128.130) evicted. New config: { opid_index: 4 OBSOLETE_local: false peers { permanent_uuid: "10ccb278df22410281a4c337c271bbb1" member_type: VOTER last_known_addr { host: "127.22.128.129" port: 39269 } } peers { permanent_uuid: "735d2579e9044c1498d2620449764560" member_type: VOTER last_known_addr { host: "127.22.128.131" port: 35871 } } peers { permanent_uuid: "e5632161407b43f380027c0e023b3199" member_type: VOTER last_known_addr { host: "127.22.128.132" port: 42449 } attrs { promote: false } } }
I20260601 13:38:43.675678 25932 catalog_manager.cc:5696] T dabba44bcf694e3483863a55d49905a9 P 735d2579e9044c1498d2620449764560 reported cstate change: config changed from index 3 to 4, VOTER 61e03910046d4573b1cd0cadf619c2dd (127.22.128.130) evicted. New cstate: current_term: 1 leader_uuid: "10ccb278df22410281a4c337c271bbb1" committed_config { opid_index: 4 OBSOLETE_local: false peers { permanent_uuid: "10ccb278df22410281a4c337c271bbb1" member_type: VOTER last_known_addr { host: "127.22.128.129" port: 39269 } } peers { permanent_uuid: "735d2579e9044c1498d2620449764560" member_type: VOTER last_known_addr { host: "127.22.128.131" port: 35871 } } peers { permanent_uuid: "e5632161407b43f380027c0e023b3199" member_type: VOTER last_known_addr { host: "127.22.128.132" port: 42449 } attrs { promote: false } } }
I20260601 13:38:43.678418 26097 tablet_service.cc:1558] Processing DeleteTablet for tablet dabba44bcf694e3483863a55d49905a9 with delete_type TABLET_DATA_TOMBSTONED (TS 61e03910046d4573b1cd0cadf619c2dd not found in new config with opid_index 4) from {username='slave'} at 127.0.0.1:55748
I20260601 13:38:43.678866 26506 tablet_replica.cc:333] T dabba44bcf694e3483863a55d49905a9 P 61e03910046d4573b1cd0cadf619c2dd: stopping tablet replica
I20260601 13:38:43.679119 26506 raft_consensus.cc:2243] T dabba44bcf694e3483863a55d49905a9 P 61e03910046d4573b1cd0cadf619c2dd [term 1 FOLLOWER]: Raft consensus shutting down.
I20260601 13:38:43.679299 26506 raft_consensus.cc:2272] T dabba44bcf694e3483863a55d49905a9 P 61e03910046d4573b1cd0cadf619c2dd [term 1 FOLLOWER]: Raft consensus is shut down!
I20260601 13:38:43.679920 26506 ts_tablet_manager.cc:1916] T dabba44bcf694e3483863a55d49905a9 P 61e03910046d4573b1cd0cadf619c2dd: Deleting tablet data with delete state TABLET_DATA_TOMBSTONED
I20260601 13:38:43.681546 26506 ts_tablet_manager.cc:1929] T dabba44bcf694e3483863a55d49905a9 P 61e03910046d4573b1cd0cadf619c2dd: tablet deleted with delete type TABLET_DATA_TOMBSTONED: last-logged OpId 1.3
I20260601 13:38:43.681609 26506 log.cc:1199] T dabba44bcf694e3483863a55d49905a9 P 61e03910046d4573b1cd0cadf619c2dd: Deleting WAL directory at /tmp/dist-test-taskJVcIgc/test-tmp/auto_rebalancer-test.0.AutoRebalancerTest.RangeAwareRebalancesNewRangeReplicas.1780321049814521-23042-0/minicluster-data/ts-1-root/wals/dabba44bcf694e3483863a55d49905a9
I20260601 13:38:43.682111 25919 catalog_manager.cc:5027] TS 61e03910046d4573b1cd0cadf619c2dd (127.22.128.130:35713): tablet dabba44bcf694e3483863a55d49905a9 (table range_aware_rebalance_new_range [id=aff488f6564e4abfb54794cb2d95fee2]) successfully deleted
I20260601 13:38:43.760102 26187 raft_consensus.cc:1275] T 1c53ae50f7a44090a4c60e956fa1c69b P 735d2579e9044c1498d2620449764560 [term 2 FOLLOWER]: Refusing update from remote peer 10ccb278df22410281a4c337c271bbb1: Log matching property violated. Preceding OpId in replica: term: 1 index: 1. Preceding OpId from leader: term: 2 index: 2. (index mismatch)
I20260601 13:38:43.760505 26479 consensus_queue.cc:1048] T 1c53ae50f7a44090a4c60e956fa1c69b P 10ccb278df22410281a4c337c271bbb1 [LEADER]: Connected to new peer: Peer: permanent_uuid: "735d2579e9044c1498d2620449764560" member_type: VOTER last_known_addr { host: "127.22.128.131" port: 35871 }, Status: LMP_MISMATCH, Last received: 0.0, Next index: 2, Last known committed idx: 1, Time since last communication: 0.000s
I20260601 13:38:43.763152 26112 raft_consensus.cc:1275] T 1c53ae50f7a44090a4c60e956fa1c69b P 61e03910046d4573b1cd0cadf619c2dd [term 2 FOLLOWER]: Refusing update from remote peer 10ccb278df22410281a4c337c271bbb1: Log matching property violated. Preceding OpId in replica: term: 1 index: 1. Preceding OpId from leader: term: 2 index: 2. (index mismatch)
I20260601 13:38:43.763597 26501 consensus_queue.cc:1048] T 1c53ae50f7a44090a4c60e956fa1c69b P 10ccb278df22410281a4c337c271bbb1 [LEADER]: Connected to new peer: Peer: permanent_uuid: "61e03910046d4573b1cd0cadf619c2dd" member_type: VOTER last_known_addr { host: "127.22.128.130" port: 35713 }, Status: LMP_MISMATCH, Last received: 0.0, Next index: 2, Last known committed idx: 1, Time since last communication: 0.000s
I20260601 13:38:44.009635 26338 raft_consensus.cc:3060] T 27ef1edf9dbc448fab7411b197d58e9d P e5632161407b43f380027c0e023b3199 [term 1 LEARNER]: Advancing to term 2
I20260601 13:38:44.010670 26338 raft_consensus.cc:1275] T 27ef1edf9dbc448fab7411b197d58e9d P e5632161407b43f380027c0e023b3199 [term 2 LEARNER]: Refusing update from remote peer 10ccb278df22410281a4c337c271bbb1: Log matching property violated. Preceding OpId in replica: term: 1 index: 2. Preceding OpId from leader: term: 2 index: 3. (index mismatch)
I20260601 13:38:44.011154 26501 consensus_queue.cc:1048] T 27ef1edf9dbc448fab7411b197d58e9d P 10ccb278df22410281a4c337c271bbb1 [LEADER]: Connected to new peer: Peer: permanent_uuid: "e5632161407b43f380027c0e023b3199" member_type: NON_VOTER last_known_addr { host: "127.22.128.132" port: 42449 } attrs { promote: true }, Status: LMP_MISMATCH, Last received: 0.0, Next index: 3, Last known committed idx: 2, Time since last communication: 0.000s
I20260601 13:38:44.013209 26479 raft_consensus.cc:1064] T 27ef1edf9dbc448fab7411b197d58e9d P 10ccb278df22410281a4c337c271bbb1: attempting to promote NON_VOTER e5632161407b43f380027c0e023b3199 to VOTER
W20260601 13:38:44.013301 26479 raft_consensus.cc:1067] T 27ef1edf9dbc448fab7411b197d58e9d P 10ccb278df22410281a4c337c271bbb1: Unable to promote non-voter e5632161407b43f380027c0e023b3199: Service unavailable: leader transfer in progress
I20260601 13:38:44.148488 26112 raft_consensus.cc:1275] T 27ef1edf9dbc448fab7411b197d58e9d P 61e03910046d4573b1cd0cadf619c2dd [term 2 FOLLOWER]: Refusing update from remote peer 10ccb278df22410281a4c337c271bbb1: Log matching property violated. Preceding OpId in replica: term: 1 index: 2. Preceding OpId from leader: term: 2 index: 3. (index mismatch)
I20260601 13:38:44.149143 26479 consensus_queue.cc:1048] T 27ef1edf9dbc448fab7411b197d58e9d P 10ccb278df22410281a4c337c271bbb1 [LEADER]: Connected to new peer: Peer: permanent_uuid: "61e03910046d4573b1cd0cadf619c2dd" member_type: VOTER last_known_addr { host: "127.22.128.130" port: 35713 }, Status: LMP_MISMATCH, Last received: 0.0, Next index: 3, Last known committed idx: 2, Time since last communication: 0.000s
I20260601 13:38:44.151156 26414 raft_consensus.cc:993] T 27ef1edf9dbc448fab7411b197d58e9d P 10ccb278df22410281a4c337c271bbb1: : Instructing follower 61e03910046d4573b1cd0cadf619c2dd to start an election
I20260601 13:38:44.151437 26414 raft_consensus.cc:1081] T 27ef1edf9dbc448fab7411b197d58e9d P 10ccb278df22410281a4c337c271bbb1 [term 2 LEADER]: Signalling peer 61e03910046d4573b1cd0cadf619c2dd to start an election
I20260601 13:38:44.151867 26111 tablet_service.cc:2044] Received Run Leader Election RPC: tablet_id: "27ef1edf9dbc448fab7411b197d58e9d"
dest_uuid: "61e03910046d4573b1cd0cadf619c2dd"
 from {username='slave'} at 127.0.0.1:55754
I20260601 13:38:44.152359 26111 raft_consensus.cc:493] T 27ef1edf9dbc448fab7411b197d58e9d P 61e03910046d4573b1cd0cadf619c2dd [term 2 FOLLOWER]: Starting forced leader election (received explicit request)
I20260601 13:38:44.152442 26111 raft_consensus.cc:3060] T 27ef1edf9dbc448fab7411b197d58e9d P 61e03910046d4573b1cd0cadf619c2dd [term 2 FOLLOWER]: Advancing to term 3
I20260601 13:38:44.153337 26479 raft_consensus.cc:1064] T 27ef1edf9dbc448fab7411b197d58e9d P 10ccb278df22410281a4c337c271bbb1: attempting to promote NON_VOTER e5632161407b43f380027c0e023b3199 to VOTER
W20260601 13:38:44.153400 26479 raft_consensus.cc:1067] T 27ef1edf9dbc448fab7411b197d58e9d P 10ccb278df22410281a4c337c271bbb1: Unable to promote non-voter e5632161407b43f380027c0e023b3199: Service unavailable: leader transfer in progress
I20260601 13:38:44.153630 26111 raft_consensus.cc:515] T 27ef1edf9dbc448fab7411b197d58e9d P 61e03910046d4573b1cd0cadf619c2dd [term 3 FOLLOWER]: Starting forced leader election with config: opid_index: 2 OBSOLETE_local: false peers { permanent_uuid: "61e03910046d4573b1cd0cadf619c2dd" member_type: VOTER last_known_addr { host: "127.22.128.130" port: 35713 } } peers { permanent_uuid: "10ccb278df22410281a4c337c271bbb1" member_type: VOTER last_known_addr { host: "127.22.128.129" port: 39269 } attrs { replace: true } } peers { permanent_uuid: "735d2579e9044c1498d2620449764560" member_type: VOTER last_known_addr { host: "127.22.128.131" port: 35871 } } peers { permanent_uuid: "e5632161407b43f380027c0e023b3199" member_type: NON_VOTER last_known_addr { host: "127.22.128.132" port: 42449 } attrs { promote: true } }
I20260601 13:38:44.154040 26111 leader_election.cc:290] T 27ef1edf9dbc448fab7411b197d58e9d P 61e03910046d4573b1cd0cadf619c2dd [CANDIDATE]: Term 3 election: Requested vote from peers 10ccb278df22410281a4c337c271bbb1 (127.22.128.129:39269), 735d2579e9044c1498d2620449764560 (127.22.128.131:35871)
I20260601 13:38:44.154331 26186 tablet_service.cc:1917] Received RequestConsensusVote() RPC: tablet_id: "27ef1edf9dbc448fab7411b197d58e9d" candidate_uuid: "61e03910046d4573b1cd0cadf619c2dd" candidate_term: 3 candidate_status { last_received { term: 2 index: 3 } } ignore_live_leader: true dest_uuid: "735d2579e9044c1498d2620449764560"
I20260601 13:38:44.154861 26035 tablet_service.cc:1917] Received RequestConsensusVote() RPC: tablet_id: "27ef1edf9dbc448fab7411b197d58e9d" candidate_uuid: "61e03910046d4573b1cd0cadf619c2dd" candidate_term: 3 candidate_status { last_received { term: 2 index: 3 } } ignore_live_leader: true dest_uuid: "10ccb278df22410281a4c337c271bbb1"
I20260601 13:38:44.154987 26035 raft_consensus.cc:3055] T 27ef1edf9dbc448fab7411b197d58e9d P 10ccb278df22410281a4c337c271bbb1 [term 2 LEADER]: Stepping down as leader of term 2
I20260601 13:38:44.155040 26035 raft_consensus.cc:740] T 27ef1edf9dbc448fab7411b197d58e9d P 10ccb278df22410281a4c337c271bbb1 [term 2 LEADER]: Becoming Follower/Learner. State: Replica: 10ccb278df22410281a4c337c271bbb1, State: Running, Role: LEADER
I20260601 13:38:44.155186 26035 consensus_queue.cc:260] T 27ef1edf9dbc448fab7411b197d58e9d P 10ccb278df22410281a4c337c271bbb1 [NON_LEADER]: Queue going to NON_LEADER mode. State: All replicated index: 0, Majority replicated index: 3, Committed index: 3, Last appended: 2.3, Last appended by leader: 3, Current term: 2, Majority size: -1, State: 0, Mode: NON_LEADER, active raft config: opid_index: 2 OBSOLETE_local: false peers { permanent_uuid: "61e03910046d4573b1cd0cadf619c2dd" member_type: VOTER last_known_addr { host: "127.22.128.130" port: 35713 } } peers { permanent_uuid: "10ccb278df22410281a4c337c271bbb1" member_type: VOTER last_known_addr { host: "127.22.128.129" port: 39269 } attrs { replace: true } } peers { permanent_uuid: "735d2579e9044c1498d2620449764560" member_type: VOTER last_known_addr { host: "127.22.128.131" port: 35871 } } peers { permanent_uuid: "e5632161407b43f380027c0e023b3199" member_type: NON_VOTER last_known_addr { host: "127.22.128.132" port: 42449 } attrs { promote: true } }
I20260601 13:38:44.155445 26035 raft_consensus.cc:3060] T 27ef1edf9dbc448fab7411b197d58e9d P 10ccb278df22410281a4c337c271bbb1 [term 2 FOLLOWER]: Advancing to term 3
I20260601 13:38:44.155555 26187 raft_consensus.cc:1275] T 27ef1edf9dbc448fab7411b197d58e9d P 735d2579e9044c1498d2620449764560 [term 2 FOLLOWER]: Refusing update from remote peer 10ccb278df22410281a4c337c271bbb1: Log matching property violated. Preceding OpId in replica: term: 1 index: 2. Preceding OpId from leader: term: 2 index: 3. (index mismatch)
I20260601 13:38:44.156287 26035 raft_consensus.cc:2468] T 27ef1edf9dbc448fab7411b197d58e9d P 10ccb278df22410281a4c337c271bbb1 [term 3 FOLLOWER]: Leader election vote request: Granting yes vote for candidate 61e03910046d4573b1cd0cadf619c2dd in term 3.
I20260601 13:38:44.156616 26077 leader_election.cc:304] T 27ef1edf9dbc448fab7411b197d58e9d P 61e03910046d4573b1cd0cadf619c2dd [CANDIDATE]: Term 3 election: Election decided. Result: candidate won. Election summary: received 3 responses out of 3 voters: 2 yes votes; 1 no votes. yes voters: 10ccb278df22410281a4c337c271bbb1, 61e03910046d4573b1cd0cadf619c2dd; no voters: 735d2579e9044c1498d2620449764560
I20260601 13:38:44.156877 26468 raft_consensus.cc:2804] T 27ef1edf9dbc448fab7411b197d58e9d P 61e03910046d4573b1cd0cadf619c2dd [term 3 FOLLOWER]: Leader election won for term 3
I20260601 13:38:44.156978 26468 raft_consensus.cc:697] T 27ef1edf9dbc448fab7411b197d58e9d P 61e03910046d4573b1cd0cadf619c2dd [term 3 LEADER]: Becoming Leader. State: Replica: 61e03910046d4573b1cd0cadf619c2dd, State: Running, Role: LEADER
I20260601 13:38:44.157109 26468 consensus_queue.cc:237] T 27ef1edf9dbc448fab7411b197d58e9d P 61e03910046d4573b1cd0cadf619c2dd [LEADER]: Queue going to LEADER mode. State: All replicated index: 0, Majority replicated index: 3, Committed index: 3, Last appended: 2.3, Last appended by leader: 3, Current term: 3, Majority size: 2, State: 0, Mode: LEADER, active raft config: opid_index: 2 OBSOLETE_local: false peers { permanent_uuid: "61e03910046d4573b1cd0cadf619c2dd" member_type: VOTER last_known_addr { host: "127.22.128.130" port: 35713 } } peers { permanent_uuid: "10ccb278df22410281a4c337c271bbb1" member_type: VOTER last_known_addr { host: "127.22.128.129" port: 39269 } attrs { replace: true } } peers { permanent_uuid: "735d2579e9044c1498d2620449764560" member_type: VOTER last_known_addr { host: "127.22.128.131" port: 35871 } } peers { permanent_uuid: "e5632161407b43f380027c0e023b3199" member_type: NON_VOTER last_known_addr { host: "127.22.128.132" port: 42449 } attrs { promote: true } }
I20260601 13:38:44.158530 25930 catalog_manager.cc:5696] T 27ef1edf9dbc448fab7411b197d58e9d P 61e03910046d4573b1cd0cadf619c2dd reported cstate change: term changed from 2 to 3, leader changed from 10ccb278df22410281a4c337c271bbb1 (127.22.128.129) to 61e03910046d4573b1cd0cadf619c2dd (127.22.128.130). New cstate: current_term: 3 leader_uuid: "61e03910046d4573b1cd0cadf619c2dd" committed_config { opid_index: 2 OBSOLETE_local: false peers { permanent_uuid: "61e03910046d4573b1cd0cadf619c2dd" member_type: VOTER last_known_addr { host: "127.22.128.130" port: 35713 } health_report { overall_health: HEALTHY } } peers { permanent_uuid: "10ccb278df22410281a4c337c271bbb1" member_type: VOTER last_known_addr { host: "127.22.128.129" port: 39269 } attrs { replace: true } health_report { overall_health: UNKNOWN } } peers { permanent_uuid: "735d2579e9044c1498d2620449764560" member_type: VOTER last_known_addr { host: "127.22.128.131" port: 35871 } health_report { overall_health: UNKNOWN } } peers { permanent_uuid: "e5632161407b43f380027c0e023b3199" member_type: NON_VOTER last_known_addr { host: "127.22.128.132" port: 42449 } attrs { promote: true } health_report { overall_health: UNKNOWN } } }
I20260601 13:38:44.656212 26187 raft_consensus.cc:3060] T 27ef1edf9dbc448fab7411b197d58e9d P 735d2579e9044c1498d2620449764560 [term 2 FOLLOWER]: Advancing to term 3
I20260601 13:38:44.657290 26187 raft_consensus.cc:1275] T 27ef1edf9dbc448fab7411b197d58e9d P 735d2579e9044c1498d2620449764560 [term 3 FOLLOWER]: Refusing update from remote peer 61e03910046d4573b1cd0cadf619c2dd: Log matching property violated. Preceding OpId in replica: term: 1 index: 2. Preceding OpId from leader: term: 3 index: 4. (index mismatch)
I20260601 13:38:44.657871 26481 consensus_queue.cc:1048] T 27ef1edf9dbc448fab7411b197d58e9d P 61e03910046d4573b1cd0cadf619c2dd [LEADER]: Connected to new peer: Peer: permanent_uuid: "735d2579e9044c1498d2620449764560" member_type: VOTER last_known_addr { host: "127.22.128.131" port: 35871 }, Status: LMP_MISMATCH, Last received: 0.0, Next index: 4, Last known committed idx: 2, Time since last communication: 0.000s
I20260601 13:38:44.660801 26338 raft_consensus.cc:3060] T 27ef1edf9dbc448fab7411b197d58e9d P e5632161407b43f380027c0e023b3199 [term 2 LEARNER]: Advancing to term 3
I20260601 13:38:44.660851 26035 raft_consensus.cc:1275] T 27ef1edf9dbc448fab7411b197d58e9d P 10ccb278df22410281a4c337c271bbb1 [term 3 FOLLOWER]: Refusing update from remote peer 61e03910046d4573b1cd0cadf619c2dd: Log matching property violated. Preceding OpId in replica: term: 2 index: 3. Preceding OpId from leader: term: 3 index: 4. (index mismatch)
I20260601 13:38:44.661326 26516 consensus_queue.cc:1048] T 27ef1edf9dbc448fab7411b197d58e9d P 61e03910046d4573b1cd0cadf619c2dd [LEADER]: Connected to new peer: Peer: permanent_uuid: "10ccb278df22410281a4c337c271bbb1" member_type: VOTER last_known_addr { host: "127.22.128.129" port: 39269 } attrs { replace: true }, Status: LMP_MISMATCH, Last received: 0.0, Next index: 4, Last known committed idx: 3, Time since last communication: 0.000s
I20260601 13:38:44.662108 26338 raft_consensus.cc:1275] T 27ef1edf9dbc448fab7411b197d58e9d P e5632161407b43f380027c0e023b3199 [term 3 LEARNER]: Refusing update from remote peer 61e03910046d4573b1cd0cadf619c2dd: Log matching property violated. Preceding OpId in replica: term: 2 index: 3. Preceding OpId from leader: term: 3 index: 4. (index mismatch)
I20260601 13:38:44.662592 26516 consensus_queue.cc:1048] T 27ef1edf9dbc448fab7411b197d58e9d P 61e03910046d4573b1cd0cadf619c2dd [LEADER]: Connected to new peer: Peer: permanent_uuid: "e5632161407b43f380027c0e023b3199" member_type: NON_VOTER last_known_addr { host: "127.22.128.132" port: 42449 } attrs { promote: true }, Status: LMP_MISMATCH, Last received: 0.0, Next index: 4, Last known committed idx: 3, Time since last communication: 0.000s
I20260601 13:38:44.666343 26516 raft_consensus.cc:1064] T 27ef1edf9dbc448fab7411b197d58e9d P 61e03910046d4573b1cd0cadf619c2dd: attempting to promote NON_VOTER e5632161407b43f380027c0e023b3199 to VOTER
I20260601 13:38:44.666671 26516 consensus_queue.cc:237] T 27ef1edf9dbc448fab7411b197d58e9d P 61e03910046d4573b1cd0cadf619c2dd [LEADER]: Queue going to LEADER mode. State: All replicated index: 0, Majority replicated index: 4, Committed index: 4, Last appended: 3.4, Last appended by leader: 3, Current term: 3, Majority size: 3, State: 0, Mode: LEADER, active raft config: opid_index: 5 OBSOLETE_local: false peers { permanent_uuid: "61e03910046d4573b1cd0cadf619c2dd" member_type: VOTER last_known_addr { host: "127.22.128.130" port: 35713 } } peers { permanent_uuid: "10ccb278df22410281a4c337c271bbb1" member_type: VOTER last_known_addr { host: "127.22.128.129" port: 39269 } attrs { replace: true } } peers { permanent_uuid: "735d2579e9044c1498d2620449764560" member_type: VOTER last_known_addr { host: "127.22.128.131" port: 35871 } } peers { permanent_uuid: "e5632161407b43f380027c0e023b3199" member_type: VOTER last_known_addr { host: "127.22.128.132" port: 42449 } attrs { promote: false } }
I20260601 13:38:44.667939 26187 raft_consensus.cc:1275] T 27ef1edf9dbc448fab7411b197d58e9d P 735d2579e9044c1498d2620449764560 [term 3 FOLLOWER]: Refusing update from remote peer 61e03910046d4573b1cd0cadf619c2dd: Log matching property violated. Preceding OpId in replica: term: 3 index: 4. Preceding OpId from leader: term: 3 index: 5. (index mismatch)
I20260601 13:38:44.667980 26035 raft_consensus.cc:1275] T 27ef1edf9dbc448fab7411b197d58e9d P 10ccb278df22410281a4c337c271bbb1 [term 3 FOLLOWER]: Refusing update from remote peer 61e03910046d4573b1cd0cadf619c2dd: Log matching property violated. Preceding OpId in replica: term: 3 index: 4. Preceding OpId from leader: term: 3 index: 5. (index mismatch)
I20260601 13:38:44.668294 26516 consensus_queue.cc:1048] T 27ef1edf9dbc448fab7411b197d58e9d P 61e03910046d4573b1cd0cadf619c2dd [LEADER]: Connected to new peer: Peer: permanent_uuid: "735d2579e9044c1498d2620449764560" member_type: VOTER last_known_addr { host: "127.22.128.131" port: 35871 }, Status: LMP_MISMATCH, Last received: 0.0, Next index: 5, Last known committed idx: 4, Time since last communication: 0.000s
