I20260601 13:38:37.659636 17350 raft_consensus.cc:515] T 2584a77a101347f391efdff36295b247 P 7215b19b077c405c8ce168c889130677 [term 0 FOLLOWER]: Starting pre-election with config: opid_index: -1 OBSOLETE_local: false peers { permanent_uuid: "7215b19b077c405c8ce168c889130677" member_type: VOTER last_known_addr { host: "127.13.212.65" port: 42225 } } peers { permanent_uuid: "10d40a2bd50b4d759e8d98419251eb59" member_type: VOTER last_known_addr { host: "127.13.212.66" port: 36969 } } peers { permanent_uuid: "827f8f0a3639439e9c698b956c859a01" member_type: VOTER last_known_addr { host: "127.13.212.67" port: 38185 } }
I20260601 13:38:37.659907 17139 raft_consensus.cc:2468] T 8385dcafda2d4dbe829527707b224de6 P 7215b19b077c405c8ce168c889130677 [term 2 FOLLOWER]: Leader election vote request: Granting yes vote for candidate 827f8f0a3639439e9c698b956c859a01 in term 2.
I20260601 13:38:37.660151 17350 leader_election.cc:290] T 2584a77a101347f391efdff36295b247 P 7215b19b077c405c8ce168c889130677 [CANDIDATE]: Term 1 pre-election: Requested pre-vote from peers 10d40a2bd50b4d759e8d98419251eb59 (127.13.212.66:36969), 827f8f0a3639439e9c698b956c859a01 (127.13.212.67:38185)
I20260601 13:38:37.660197 17255 leader_election.cc:304] T 8385dcafda2d4dbe829527707b224de6 P 827f8f0a3639439e9c698b956c859a01 [CANDIDATE]: Term 2 election: Election decided. Result: candidate won. Election summary: received 2 responses out of 3 voters: 2 yes votes; 0 no votes. yes voters: 7215b19b077c405c8ce168c889130677, 827f8f0a3639439e9c698b956c859a01; no voters: 
I20260601 13:38:37.660585 17372 raft_consensus.cc:2804] T 8385dcafda2d4dbe829527707b224de6 P 827f8f0a3639439e9c698b956c859a01 [term 2 FOLLOWER]: Leader election won for term 2
I20260601 13:38:37.660684 17372 raft_consensus.cc:697] T 8385dcafda2d4dbe829527707b224de6 P 827f8f0a3639439e9c698b956c859a01 [term 2 LEADER]: Becoming Leader. State: Replica: 827f8f0a3639439e9c698b956c859a01, State: Running, Role: LEADER
I20260601 13:38:37.660809 17372 consensus_queue.cc:237] T 8385dcafda2d4dbe829527707b224de6 P 827f8f0a3639439e9c698b956c859a01 [LEADER]: Queue going to LEADER mode. State: All replicated index: 0, Majority replicated index: 0, Committed index: 0, Last appended: 0.0, Last appended by leader: 0, Current term: 2, Majority size: 2, State: 0, Mode: LEADER, active raft config: opid_index: -1 OBSOLETE_local: false peers { permanent_uuid: "7215b19b077c405c8ce168c889130677" member_type: VOTER last_known_addr { host: "127.13.212.65" port: 42225 } } peers { permanent_uuid: "10d40a2bd50b4d759e8d98419251eb59" member_type: VOTER last_known_addr { host: "127.13.212.66" port: 36969 } } peers { permanent_uuid: "827f8f0a3639439e9c698b956c859a01" member_type: VOTER last_known_addr { host: "127.13.212.67" port: 38185 } }
I20260601 13:38:37.661420 17348 tablet_bootstrap.cc:492] T 46ae061ae927493780adf44140e789d4 P 827f8f0a3639439e9c698b956c859a01: No bootstrap required, opened a new log
I20260601 13:38:37.661595 17348 ts_tablet_manager.cc:1403] T 46ae061ae927493780adf44140e789d4 P 827f8f0a3639439e9c698b956c859a01: Time spent bootstrapping tablet: real 0.004s	user 0.002s	sys 0.000s
I20260601 13:38:37.661995 17348 raft_consensus.cc:359] T 46ae061ae927493780adf44140e789d4 P 827f8f0a3639439e9c698b956c859a01 [term 0 FOLLOWER]: Replica starting. Triggering 0 pending ops. Active config: opid_index: -1 OBSOLETE_local: false peers { permanent_uuid: "7215b19b077c405c8ce168c889130677" member_type: VOTER last_known_addr { host: "127.13.212.65" port: 42225 } } peers { permanent_uuid: "10d40a2bd50b4d759e8d98419251eb59" member_type: VOTER last_known_addr { host: "127.13.212.66" port: 36969 } } peers { permanent_uuid: "827f8f0a3639439e9c698b956c859a01" member_type: VOTER last_known_addr { host: "127.13.212.67" port: 38185 } }
I20260601 13:38:37.662119 17348 raft_consensus.cc:385] T 46ae061ae927493780adf44140e789d4 P 827f8f0a3639439e9c698b956c859a01 [term 0 FOLLOWER]: Consensus starting up: Expiring failure detector timer to make a prompt election more likely
I20260601 13:38:37.662168 17348 raft_consensus.cc:740] T 46ae061ae927493780adf44140e789d4 P 827f8f0a3639439e9c698b956c859a01 [term 0 FOLLOWER]: Becoming Follower/Learner. State: Replica: 827f8f0a3639439e9c698b956c859a01, State: Initialized, Role: FOLLOWER
I20260601 13:38:37.662252 17341 raft_consensus.cc:493] T a14ecc9b6d3b44f5b3fd9e8e9ad28b7c P 10d40a2bd50b4d759e8d98419251eb59 [term 0 FOLLOWER]: Starting pre-election (no leader contacted us within the election timeout)
I20260601 13:38:37.662320 17341 raft_consensus.cc:515] T a14ecc9b6d3b44f5b3fd9e8e9ad28b7c P 10d40a2bd50b4d759e8d98419251eb59 [term 0 FOLLOWER]: Starting pre-election with config: opid_index: -1 OBSOLETE_local: false peers { permanent_uuid: "7215b19b077c405c8ce168c889130677" member_type: VOTER last_known_addr { host: "127.13.212.65" port: 42225 } } peers { permanent_uuid: "10d40a2bd50b4d759e8d98419251eb59" member_type: VOTER last_known_addr { host: "127.13.212.66" port: 36969 } } peers { permanent_uuid: "827f8f0a3639439e9c698b956c859a01" member_type: VOTER last_known_addr { host: "127.13.212.67" port: 38185 } }
I20260601 13:38:37.662302 17348 consensus_queue.cc:260] T 46ae061ae927493780adf44140e789d4 P 827f8f0a3639439e9c698b956c859a01 [NON_LEADER]: Queue going to NON_LEADER mode. State: All replicated index: 0, Majority replicated index: 0, Committed index: 0, Last appended: 0.0, Last appended by leader: 0, Current term: 0, Majority size: -1, State: 0, Mode: NON_LEADER, active raft config: opid_index: -1 OBSOLETE_local: false peers { permanent_uuid: "7215b19b077c405c8ce168c889130677" member_type: VOTER last_known_addr { host: "127.13.212.65" port: 42225 } } peers { permanent_uuid: "10d40a2bd50b4d759e8d98419251eb59" member_type: VOTER last_known_addr { host: "127.13.212.66" port: 36969 } } peers { permanent_uuid: "827f8f0a3639439e9c698b956c859a01" member_type: VOTER last_known_addr { host: "127.13.212.67" port: 38185 } }
I20260601 13:38:37.662643 17341 leader_election.cc:290] T a14ecc9b6d3b44f5b3fd9e8e9ad28b7c P 10d40a2bd50b4d759e8d98419251eb59 [CANDIDATE]: Term 1 pre-election: Requested pre-vote from peers 7215b19b077c405c8ce168c889130677 (127.13.212.65:42225), 827f8f0a3639439e9c698b956c859a01 (127.13.212.67:38185)
I20260601 13:38:37.662636 17348 ts_tablet_manager.cc:1434] T 46ae061ae927493780adf44140e789d4 P 827f8f0a3639439e9c698b956c859a01: Time spent starting tablet: real 0.001s	user 0.001s	sys 0.000s
I20260601 13:38:37.662874 17348 tablet_bootstrap.cc:492] T 123d4e8c4eb642e3981e80de8d04d8b2 P 827f8f0a3639439e9c698b956c859a01: Bootstrap starting.
I20260601 13:38:37.662971 17034 catalog_manager.cc:5696] T 8385dcafda2d4dbe829527707b224de6 P 827f8f0a3639439e9c698b956c859a01 reported cstate change: term changed from 1 to 2, leader changed from 10d40a2bd50b4d759e8d98419251eb59 (127.13.212.66) to 827f8f0a3639439e9c698b956c859a01 (127.13.212.67). New cstate: current_term: 2 leader_uuid: "827f8f0a3639439e9c698b956c859a01" committed_config { opid_index: -1 OBSOLETE_local: false peers { permanent_uuid: "7215b19b077c405c8ce168c889130677" member_type: VOTER last_known_addr { host: "127.13.212.65" port: 42225 } health_report { overall_health: UNKNOWN } } peers { permanent_uuid: "10d40a2bd50b4d759e8d98419251eb59" member_type: VOTER last_known_addr { host: "127.13.212.66" port: 36969 } health_report { overall_health: UNKNOWN } } peers { permanent_uuid: "827f8f0a3639439e9c698b956c859a01" member_type: VOTER last_known_addr { host: "127.13.212.67" port: 38185 } health_report { overall_health: HEALTHY } } }
I20260601 13:38:37.663843 17139 tablet_service.cc:1917] Received RequestConsensusVote() RPC: tablet_id: "a14ecc9b6d3b44f5b3fd9e8e9ad28b7c" candidate_uuid: "10d40a2bd50b4d759e8d98419251eb59" candidate_term: 1 candidate_status { last_received { term: 0 index: 0 } } ignore_live_leader: false dest_uuid: "7215b19b077c405c8ce168c889130677" is_pre_election: true
I20260601 13:38:37.663954 17139 raft_consensus.cc:2468] T a14ecc9b6d3b44f5b3fd9e8e9ad28b7c P 7215b19b077c405c8ce168c889130677 [term 0 FOLLOWER]: Leader pre-election vote request: Granting yes vote for candidate 10d40a2bd50b4d759e8d98419251eb59 in term 0.
I20260601 13:38:37.664222 17180 leader_election.cc:304] T a14ecc9b6d3b44f5b3fd9e8e9ad28b7c P 10d40a2bd50b4d759e8d98419251eb59 [CANDIDATE]: Term 1 pre-election: Election decided. Result: candidate won. Election summary: received 2 responses out of 3 voters: 2 yes votes; 0 no votes. yes voters: 10d40a2bd50b4d759e8d98419251eb59, 7215b19b077c405c8ce168c889130677; no voters: 
I20260601 13:38:37.664294 17290 tablet_service.cc:1917] Received RequestConsensusVote() RPC: tablet_id: "a14ecc9b6d3b44f5b3fd9e8e9ad28b7c" candidate_uuid: "10d40a2bd50b4d759e8d98419251eb59" candidate_term: 1 candidate_status { last_received { term: 0 index: 0 } } ignore_live_leader: false dest_uuid: "827f8f0a3639439e9c698b956c859a01" is_pre_election: true
I20260601 13:38:37.664391 17290 raft_consensus.cc:2468] T a14ecc9b6d3b44f5b3fd9e8e9ad28b7c P 827f8f0a3639439e9c698b956c859a01 [term 0 FOLLOWER]: Leader pre-election vote request: Granting yes vote for candidate 10d40a2bd50b4d759e8d98419251eb59 in term 0.
I20260601 13:38:37.664387 17341 raft_consensus.cc:2804] T a14ecc9b6d3b44f5b3fd9e8e9ad28b7c P 10d40a2bd50b4d759e8d98419251eb59 [term 0 FOLLOWER]: Leader pre-election won for term 1
I20260601 13:38:37.664387 17348 tablet_bootstrap.cc:654] T 123d4e8c4eb642e3981e80de8d04d8b2 P 827f8f0a3639439e9c698b956c859a01: Neither blocks nor log segments found. Creating new log.
I20260601 13:38:37.664608 17341 raft_consensus.cc:493] T a14ecc9b6d3b44f5b3fd9e8e9ad28b7c P 10d40a2bd50b4d759e8d98419251eb59 [term 0 FOLLOWER]: Starting leader election (no leader contacted us within the election timeout)
I20260601 13:38:37.664651 17341 raft_consensus.cc:3060] T a14ecc9b6d3b44f5b3fd9e8e9ad28b7c P 10d40a2bd50b4d759e8d98419251eb59 [term 0 FOLLOWER]: Advancing to term 1
I20260601 13:38:37.664673 17360 raft_consensus.cc:493] T 1496f811678f46288be583d33f25a9e0 P 827f8f0a3639439e9c698b956c859a01 [term 0 FOLLOWER]: Starting pre-election (no leader contacted us within the election timeout)
I20260601 13:38:37.664736 17360 raft_consensus.cc:515] T 1496f811678f46288be583d33f25a9e0 P 827f8f0a3639439e9c698b956c859a01 [term 0 FOLLOWER]: Starting pre-election with config: opid_index: -1 OBSOLETE_local: false peers { permanent_uuid: "7215b19b077c405c8ce168c889130677" member_type: VOTER last_known_addr { host: "127.13.212.65" port: 42225 } } peers { permanent_uuid: "10d40a2bd50b4d759e8d98419251eb59" member_type: VOTER last_known_addr { host: "127.13.212.66" port: 36969 } } peers { permanent_uuid: "827f8f0a3639439e9c698b956c859a01" member_type: VOTER last_known_addr { host: "127.13.212.67" port: 38185 } }
I20260601 13:38:37.665062 17360 leader_election.cc:290] T 1496f811678f46288be583d33f25a9e0 P 827f8f0a3639439e9c698b956c859a01 [CANDIDATE]: Term 1 pre-election: Requested pre-vote from peers 7215b19b077c405c8ce168c889130677 (127.13.212.65:42225), 10d40a2bd50b4d759e8d98419251eb59 (127.13.212.66:36969)
I20260601 13:38:37.665097 17290 tablet_service.cc:1917] Received RequestConsensusVote() RPC: tablet_id: "2584a77a101347f391efdff36295b247" candidate_uuid: "7215b19b077c405c8ce168c889130677" candidate_term: 1 candidate_status { last_received { term: 0 index: 0 } } ignore_live_leader: false dest_uuid: "827f8f0a3639439e9c698b956c859a01" is_pre_election: true
I20260601 13:38:37.665184 17290 raft_consensus.cc:2468] T 2584a77a101347f391efdff36295b247 P 827f8f0a3639439e9c698b956c859a01 [term 0 FOLLOWER]: Leader pre-election vote request: Granting yes vote for candidate 7215b19b077c405c8ce168c889130677 in term 0.
I20260601 13:38:37.665344 17139 tablet_service.cc:1917] Received RequestConsensusVote() RPC: tablet_id: "1496f811678f46288be583d33f25a9e0" candidate_uuid: "827f8f0a3639439e9c698b956c859a01" candidate_term: 1 candidate_status { last_received { term: 0 index: 0 } } ignore_live_leader: false dest_uuid: "7215b19b077c405c8ce168c889130677" is_pre_election: true
I20260601 13:38:37.665449 17139 raft_consensus.cc:2468] T 1496f811678f46288be583d33f25a9e0 P 7215b19b077c405c8ce168c889130677 [term 0 FOLLOWER]: Leader pre-election vote request: Granting yes vote for candidate 827f8f0a3639439e9c698b956c859a01 in term 0.
I20260601 13:38:37.665473 17215 tablet_service.cc:1917] Received RequestConsensusVote() RPC: tablet_id: "1496f811678f46288be583d33f25a9e0" candidate_uuid: "827f8f0a3639439e9c698b956c859a01" candidate_term: 1 candidate_status { last_received { term: 0 index: 0 } } ignore_live_leader: false dest_uuid: "10d40a2bd50b4d759e8d98419251eb59" is_pre_election: true
I20260601 13:38:37.665585 17215 raft_consensus.cc:2468] T 1496f811678f46288be583d33f25a9e0 P 10d40a2bd50b4d759e8d98419251eb59 [term 0 FOLLOWER]: Leader pre-election vote request: Granting yes vote for candidate 827f8f0a3639439e9c698b956c859a01 in term 0.
I20260601 13:38:37.665591 17341 raft_consensus.cc:515] T a14ecc9b6d3b44f5b3fd9e8e9ad28b7c P 10d40a2bd50b4d759e8d98419251eb59 [term 1 FOLLOWER]: Starting leader election with config: opid_index: -1 OBSOLETE_local: false peers { permanent_uuid: "7215b19b077c405c8ce168c889130677" member_type: VOTER last_known_addr { host: "127.13.212.65" port: 42225 } } peers { permanent_uuid: "10d40a2bd50b4d759e8d98419251eb59" member_type: VOTER last_known_addr { host: "127.13.212.66" port: 36969 } } peers { permanent_uuid: "827f8f0a3639439e9c698b956c859a01" member_type: VOTER last_known_addr { host: "127.13.212.67" port: 38185 } }
I20260601 13:38:37.665729 17255 leader_election.cc:304] T 1496f811678f46288be583d33f25a9e0 P 827f8f0a3639439e9c698b956c859a01 [CANDIDATE]: Term 1 pre-election: Election decided. Result: candidate won. Election summary: received 2 responses out of 3 voters: 2 yes votes; 0 no votes. yes voters: 7215b19b077c405c8ce168c889130677, 827f8f0a3639439e9c698b956c859a01; no voters: 
I20260601 13:38:37.665880 17360 raft_consensus.cc:2804] T 1496f811678f46288be583d33f25a9e0 P 827f8f0a3639439e9c698b956c859a01 [term 0 FOLLOWER]: Leader pre-election won for term 1
I20260601 13:38:37.665927 17341 leader_election.cc:290] T a14ecc9b6d3b44f5b3fd9e8e9ad28b7c P 10d40a2bd50b4d759e8d98419251eb59 [CANDIDATE]: Term 1 election: Requested vote from peers 7215b19b077c405c8ce168c889130677 (127.13.212.65:42225), 827f8f0a3639439e9c698b956c859a01 (127.13.212.67:38185)
I20260601 13:38:37.665927 17360 raft_consensus.cc:493] T 1496f811678f46288be583d33f25a9e0 P 827f8f0a3639439e9c698b956c859a01 [term 0 FOLLOWER]: Starting leader election (no leader contacted us within the election timeout)
I20260601 13:38:37.666110 17360 raft_consensus.cc:3060] T 1496f811678f46288be583d33f25a9e0 P 827f8f0a3639439e9c698b956c859a01 [term 0 FOLLOWER]: Advancing to term 1
I20260601 13:38:37.666013 17103 leader_election.cc:304] T 2584a77a101347f391efdff36295b247 P 7215b19b077c405c8ce168c889130677 [CANDIDATE]: Term 1 pre-election: Election decided. Result: candidate won. Election summary: received 2 responses out of 3 voters: 2 yes votes; 0 no votes. yes voters: 7215b19b077c405c8ce168c889130677, 827f8f0a3639439e9c698b956c859a01; no voters: 
I20260601 13:38:37.666324 17348 tablet_bootstrap.cc:492] T 123d4e8c4eb642e3981e80de8d04d8b2 P 827f8f0a3639439e9c698b956c859a01: No bootstrap required, opened a new log
I20260601 13:38:37.666399 17348 ts_tablet_manager.cc:1403] T 123d4e8c4eb642e3981e80de8d04d8b2 P 827f8f0a3639439e9c698b956c859a01: Time spent bootstrapping tablet: real 0.004s	user 0.002s	sys 0.000s
I20260601 13:38:37.666440 17350 raft_consensus.cc:2804] T 2584a77a101347f391efdff36295b247 P 7215b19b077c405c8ce168c889130677 [term 0 FOLLOWER]: Leader pre-election won for term 1
I20260601 13:38:37.666489 17350 raft_consensus.cc:493] T 2584a77a101347f391efdff36295b247 P 7215b19b077c405c8ce168c889130677 [term 0 FOLLOWER]: Starting leader election (no leader contacted us within the election timeout)
I20260601 13:38:37.666538 17350 raft_consensus.cc:3060] T 2584a77a101347f391efdff36295b247 P 7215b19b077c405c8ce168c889130677 [term 0 FOLLOWER]: Advancing to term 1
I20260601 13:38:37.666795 17348 raft_consensus.cc:359] T 123d4e8c4eb642e3981e80de8d04d8b2 P 827f8f0a3639439e9c698b956c859a01 [term 0 FOLLOWER]: Replica starting. Triggering 0 pending ops. Active config: opid_index: -1 OBSOLETE_local: false peers { permanent_uuid: "7215b19b077c405c8ce168c889130677" member_type: VOTER last_known_addr { host: "127.13.212.65" port: 42225 } } peers { permanent_uuid: "10d40a2bd50b4d759e8d98419251eb59" member_type: VOTER last_known_addr { host: "127.13.212.66" port: 36969 } } peers { permanent_uuid: "827f8f0a3639439e9c698b956c859a01" member_type: VOTER last_known_addr { host: "127.13.212.67" port: 38185 } }
I20260601 13:38:37.666885 17348 raft_consensus.cc:385] T 123d4e8c4eb642e3981e80de8d04d8b2 P 827f8f0a3639439e9c698b956c859a01 [term 0 FOLLOWER]: Consensus starting up: Expiring failure detector timer to make a prompt election more likely
I20260601 13:38:37.666926 17348 raft_consensus.cc:740] T 123d4e8c4eb642e3981e80de8d04d8b2 P 827f8f0a3639439e9c698b956c859a01 [term 0 FOLLOWER]: Becoming Follower/Learner. State: Replica: 827f8f0a3639439e9c698b956c859a01, State: Initialized, Role: FOLLOWER
I20260601 13:38:37.667021 17360 raft_consensus.cc:515] T 1496f811678f46288be583d33f25a9e0 P 827f8f0a3639439e9c698b956c859a01 [term 1 FOLLOWER]: Starting leader election with config: opid_index: -1 OBSOLETE_local: false peers { permanent_uuid: "7215b19b077c405c8ce168c889130677" member_type: VOTER last_known_addr { host: "127.13.212.65" port: 42225 } } peers { permanent_uuid: "10d40a2bd50b4d759e8d98419251eb59" member_type: VOTER last_known_addr { host: "127.13.212.66" port: 36969 } } peers { permanent_uuid: "827f8f0a3639439e9c698b956c859a01" member_type: VOTER last_known_addr { host: "127.13.212.67" port: 38185 } }
I20260601 13:38:37.667057 17348 consensus_queue.cc:260] T 123d4e8c4eb642e3981e80de8d04d8b2 P 827f8f0a3639439e9c698b956c859a01 [NON_LEADER]: Queue going to NON_LEADER mode. State: All replicated index: 0, Majority replicated index: 0, Committed index: 0, Last appended: 0.0, Last appended by leader: 0, Current term: 0, Majority size: -1, State: 0, Mode: NON_LEADER, active raft config: opid_index: -1 OBSOLETE_local: false peers { permanent_uuid: "7215b19b077c405c8ce168c889130677" member_type: VOTER last_known_addr { host: "127.13.212.65" port: 42225 } } peers { permanent_uuid: "10d40a2bd50b4d759e8d98419251eb59" member_type: VOTER last_known_addr { host: "127.13.212.66" port: 36969 } } peers { permanent_uuid: "827f8f0a3639439e9c698b956c859a01" member_type: VOTER last_known_addr { host: "127.13.212.67" port: 38185 } }
I20260601 13:38:37.667308 17348 ts_tablet_manager.cc:1434] T 123d4e8c4eb642e3981e80de8d04d8b2 P 827f8f0a3639439e9c698b956c859a01: Time spent starting tablet: real 0.001s	user 0.000s	sys 0.000s
I20260601 13:38:37.667328 17360 leader_election.cc:290] T 1496f811678f46288be583d33f25a9e0 P 827f8f0a3639439e9c698b956c859a01 [CANDIDATE]: Term 1 election: Requested vote from peers 7215b19b077c405c8ce168c889130677 (127.13.212.65:42225), 10d40a2bd50b4d759e8d98419251eb59 (127.13.212.66:36969)
I20260601 13:38:37.667274 17350 raft_consensus.cc:515] T 2584a77a101347f391efdff36295b247 P 7215b19b077c405c8ce168c889130677 [term 1 FOLLOWER]: Starting leader election with config: opid_index: -1 OBSOLETE_local: false peers { permanent_uuid: "7215b19b077c405c8ce168c889130677" member_type: VOTER last_known_addr { host: "127.13.212.65" port: 42225 } } peers { permanent_uuid: "10d40a2bd50b4d759e8d98419251eb59" member_type: VOTER last_known_addr { host: "127.13.212.66" port: 36969 } } peers { permanent_uuid: "827f8f0a3639439e9c698b956c859a01" member_type: VOTER last_known_addr { host: "127.13.212.67" port: 38185 } }
I20260601 13:38:37.667634 17350 leader_election.cc:290] T 2584a77a101347f391efdff36295b247 P 7215b19b077c405c8ce168c889130677 [CANDIDATE]: Term 1 election: Requested vote from peers 10d40a2bd50b4d759e8d98419251eb59 (127.13.212.66:36969), 827f8f0a3639439e9c698b956c859a01 (127.13.212.67:38185)
I20260601 13:38:37.667706 17139 tablet_service.cc:1917] Received RequestConsensusVote() RPC: tablet_id: "a14ecc9b6d3b44f5b3fd9e8e9ad28b7c" candidate_uuid: "10d40a2bd50b4d759e8d98419251eb59" candidate_term: 1 candidate_status { last_received { term: 0 index: 0 } } ignore_live_leader: false dest_uuid: "7215b19b077c405c8ce168c889130677"
I20260601 13:38:37.667714 17138 tablet_service.cc:1917] Received RequestConsensusVote() RPC: tablet_id: "1496f811678f46288be583d33f25a9e0" candidate_uuid: "827f8f0a3639439e9c698b956c859a01" candidate_term: 1 candidate_status { last_received { term: 0 index: 0 } } ignore_live_leader: false dest_uuid: "7215b19b077c405c8ce168c889130677"
I20260601 13:38:37.667824 17138 raft_consensus.cc:3060] T 1496f811678f46288be583d33f25a9e0 P 7215b19b077c405c8ce168c889130677 [term 0 FOLLOWER]: Advancing to term 1
I20260601 13:38:37.667917 17215 tablet_service.cc:1917] Received RequestConsensusVote() RPC: tablet_id: "1496f811678f46288be583d33f25a9e0" candidate_uuid: "827f8f0a3639439e9c698b956c859a01" candidate_term: 1 candidate_status { last_received { term: 0 index: 0 } } ignore_live_leader: false dest_uuid: "10d40a2bd50b4d759e8d98419251eb59"
I20260601 13:38:37.668017 17215 raft_consensus.cc:3060] T 1496f811678f46288be583d33f25a9e0 P 10d40a2bd50b4d759e8d98419251eb59 [term 0 FOLLOWER]: Advancing to term 1
I20260601 13:38:37.668751 17215 raft_consensus.cc:2468] T 1496f811678f46288be583d33f25a9e0 P 10d40a2bd50b4d759e8d98419251eb59 [term 1 FOLLOWER]: Leader election vote request: Granting yes vote for candidate 827f8f0a3639439e9c698b956c859a01 in term 1.
I20260601 13:38:37.668831 17138 raft_consensus.cc:2468] T 1496f811678f46288be583d33f25a9e0 P 7215b19b077c405c8ce168c889130677 [term 1 FOLLOWER]: Leader election vote request: Granting yes vote for candidate 827f8f0a3639439e9c698b956c859a01 in term 1.
I20260601 13:38:37.669044 17290 tablet_service.cc:1917] Received RequestConsensusVote() RPC: tablet_id: "a14ecc9b6d3b44f5b3fd9e8e9ad28b7c" candidate_uuid: "10d40a2bd50b4d759e8d98419251eb59" candidate_term: 1 candidate_status { last_received { term: 0 index: 0 } } ignore_live_leader: false dest_uuid: "827f8f0a3639439e9c698b956c859a01"
I20260601 13:38:37.669144 17290 raft_consensus.cc:3060] T a14ecc9b6d3b44f5b3fd9e8e9ad28b7c P 827f8f0a3639439e9c698b956c859a01 [term 0 FOLLOWER]: Advancing to term 1
I20260601 13:38:37.669127 17256 leader_election.cc:304] T 1496f811678f46288be583d33f25a9e0 P 827f8f0a3639439e9c698b956c859a01 [CANDIDATE]: Term 1 election: Election decided. Result: candidate won. Election summary: received 2 responses out of 3 voters: 2 yes votes; 0 no votes. yes voters: 10d40a2bd50b4d759e8d98419251eb59, 827f8f0a3639439e9c698b956c859a01; no voters: 
I20260601 13:38:37.667824 17139 raft_consensus.cc:3060] T a14ecc9b6d3b44f5b3fd9e8e9ad28b7c P 7215b19b077c405c8ce168c889130677 [term 0 FOLLOWER]: Advancing to term 1
I20260601 13:38:37.669400 17289 tablet_service.cc:1917] Received RequestConsensusVote() RPC: tablet_id: "2584a77a101347f391efdff36295b247" candidate_uuid: "7215b19b077c405c8ce168c889130677" candidate_term: 1 candidate_status { last_received { term: 0 index: 0 } } ignore_live_leader: false dest_uuid: "827f8f0a3639439e9c698b956c859a01"
I20260601 13:38:37.669500 17289 raft_consensus.cc:3060] T 2584a77a101347f391efdff36295b247 P 827f8f0a3639439e9c698b956c859a01 [term 0 FOLLOWER]: Advancing to term 1
I20260601 13:38:37.669561 17360 raft_consensus.cc:2804] T 1496f811678f46288be583d33f25a9e0 P 827f8f0a3639439e9c698b956c859a01 [term 1 FOLLOWER]: Leader election won for term 1
I20260601 13:38:37.669646 17360 raft_consensus.cc:697] T 1496f811678f46288be583d33f25a9e0 P 827f8f0a3639439e9c698b956c859a01 [term 1 LEADER]: Becoming Leader. State: Replica: 827f8f0a3639439e9c698b956c859a01, State: Running, Role: LEADER
I20260601 13:38:37.669745 17360 consensus_queue.cc:237] T 1496f811678f46288be583d33f25a9e0 P 827f8f0a3639439e9c698b956c859a01 [LEADER]: Queue going to LEADER mode. State: All replicated index: 0, Majority replicated index: 0, Committed index: 0, Last appended: 0.0, Last appended by leader: 0, Current term: 1, Majority size: 2, State: 0, Mode: LEADER, active raft config: opid_index: -1 OBSOLETE_local: false peers { permanent_uuid: "7215b19b077c405c8ce168c889130677" member_type: VOTER last_known_addr { host: "127.13.212.65" port: 42225 } } peers { permanent_uuid: "10d40a2bd50b4d759e8d98419251eb59" member_type: VOTER last_known_addr { host: "127.13.212.66" port: 36969 } } peers { permanent_uuid: "827f8f0a3639439e9c698b956c859a01" member_type: VOTER last_known_addr { host: "127.13.212.67" port: 38185 } }
I20260601 13:38:37.670020 17290 raft_consensus.cc:2468] T a14ecc9b6d3b44f5b3fd9e8e9ad28b7c P 827f8f0a3639439e9c698b956c859a01 [term 1 FOLLOWER]: Leader election vote request: Granting yes vote for candidate 10d40a2bd50b4d759e8d98419251eb59 in term 1.
I20260601 13:38:37.670185 17139 raft_consensus.cc:2468] T a14ecc9b6d3b44f5b3fd9e8e9ad28b7c P 7215b19b077c405c8ce168c889130677 [term 1 FOLLOWER]: Leader election vote request: Granting yes vote for candidate 10d40a2bd50b4d759e8d98419251eb59 in term 1.
I20260601 13:38:37.670308 17179 leader_election.cc:304] T a14ecc9b6d3b44f5b3fd9e8e9ad28b7c P 10d40a2bd50b4d759e8d98419251eb59 [CANDIDATE]: Term 1 election: Election decided. Result: candidate won. Election summary: received 2 responses out of 3 voters: 2 yes votes; 0 no votes. yes voters: 10d40a2bd50b4d759e8d98419251eb59, 827f8f0a3639439e9c698b956c859a01; no voters: 
I20260601 13:38:37.670430 17289 raft_consensus.cc:2468] T 2584a77a101347f391efdff36295b247 P 827f8f0a3639439e9c698b956c859a01 [term 1 FOLLOWER]: Leader election vote request: Granting yes vote for candidate 7215b19b077c405c8ce168c889130677 in term 1.
I20260601 13:38:37.670495 17341 raft_consensus.cc:2804] T a14ecc9b6d3b44f5b3fd9e8e9ad28b7c P 10d40a2bd50b4d759e8d98419251eb59 [term 1 FOLLOWER]: Leader election won for term 1
I20260601 13:38:37.670583 17341 raft_consensus.cc:697] T a14ecc9b6d3b44f5b3fd9e8e9ad28b7c P 10d40a2bd50b4d759e8d98419251eb59 [term 1 LEADER]: Becoming Leader. State: Replica: 10d40a2bd50b4d759e8d98419251eb59, State: Running, Role: LEADER
I20260601 13:38:37.670691 17341 consensus_queue.cc:237] T a14ecc9b6d3b44f5b3fd9e8e9ad28b7c P 10d40a2bd50b4d759e8d98419251eb59 [LEADER]: Queue going to LEADER mode. State: All replicated index: 0, Majority replicated index: 0, Committed index: 0, Last appended: 0.0, Last appended by leader: 0, Current term: 1, Majority size: 2, State: 0, Mode: LEADER, active raft config: opid_index: -1 OBSOLETE_local: false peers { permanent_uuid: "7215b19b077c405c8ce168c889130677" member_type: VOTER last_known_addr { host: "127.13.212.65" port: 42225 } } peers { permanent_uuid: "10d40a2bd50b4d759e8d98419251eb59" member_type: VOTER last_known_addr { host: "127.13.212.66" port: 36969 } } peers { permanent_uuid: "827f8f0a3639439e9c698b956c859a01" member_type: VOTER last_known_addr { host: "127.13.212.67" port: 38185 } }
I20260601 13:38:37.671029 17103 leader_election.cc:304] T 2584a77a101347f391efdff36295b247 P 7215b19b077c405c8ce168c889130677 [CANDIDATE]: Term 1 election: Election decided. Result: candidate won. Election summary: received 2 responses out of 3 voters: 2 yes votes; 0 no votes. yes voters: 7215b19b077c405c8ce168c889130677, 827f8f0a3639439e9c698b956c859a01; no voters: 
I20260601 13:38:37.671177 17350 raft_consensus.cc:2804] T 2584a77a101347f391efdff36295b247 P 7215b19b077c405c8ce168c889130677 [term 1 FOLLOWER]: Leader election won for term 1
I20260601 13:38:37.671253 17350 raft_consensus.cc:697] T 2584a77a101347f391efdff36295b247 P 7215b19b077c405c8ce168c889130677 [term 1 LEADER]: Becoming Leader. State: Replica: 7215b19b077c405c8ce168c889130677, State: Running, Role: LEADER
I20260601 13:38:37.671339 17033 catalog_manager.cc:5696] T 1496f811678f46288be583d33f25a9e0 P 827f8f0a3639439e9c698b956c859a01 reported cstate change: term changed from 0 to 1, leader changed from <none> to 827f8f0a3639439e9c698b956c859a01 (127.13.212.67). New cstate: current_term: 1 leader_uuid: "827f8f0a3639439e9c698b956c859a01" committed_config { opid_index: -1 OBSOLETE_local: false peers { permanent_uuid: "7215b19b077c405c8ce168c889130677" member_type: VOTER last_known_addr { host: "127.13.212.65" port: 42225 } health_report { overall_health: UNKNOWN } } peers { permanent_uuid: "10d40a2bd50b4d759e8d98419251eb59" member_type: VOTER last_known_addr { host: "127.13.212.66" port: 36969 } health_report { overall_health: UNKNOWN } } peers { permanent_uuid: "827f8f0a3639439e9c698b956c859a01" member_type: VOTER last_known_addr { host: "127.13.212.67" port: 38185 } health_report { overall_health: HEALTHY } } }
I20260601 13:38:37.672061 17034 catalog_manager.cc:5696] T a14ecc9b6d3b44f5b3fd9e8e9ad28b7c P 10d40a2bd50b4d759e8d98419251eb59 reported cstate change: term changed from 0 to 1, leader changed from <none> to 10d40a2bd50b4d759e8d98419251eb59 (127.13.212.66). New cstate: current_term: 1 leader_uuid: "10d40a2bd50b4d759e8d98419251eb59" committed_config { opid_index: -1 OBSOLETE_local: false peers { permanent_uuid: "7215b19b077c405c8ce168c889130677" member_type: VOTER last_known_addr { host: "127.13.212.65" port: 42225 } health_report { overall_health: UNKNOWN } } peers { permanent_uuid: "10d40a2bd50b4d759e8d98419251eb59" member_type: VOTER last_known_addr { host: "127.13.212.66" port: 36969 } health_report { overall_health: HEALTHY } } peers { permanent_uuid: "827f8f0a3639439e9c698b956c859a01" member_type: VOTER last_known_addr { host: "127.13.212.67" port: 38185 } health_report { overall_health: UNKNOWN } } }
I20260601 13:38:37.671356 17350 consensus_queue.cc:237] T 2584a77a101347f391efdff36295b247 P 7215b19b077c405c8ce168c889130677 [LEADER]: Queue going to LEADER mode. State: All replicated index: 0, Majority replicated index: 0, Committed index: 0, Last appended: 0.0, Last appended by leader: 0, Current term: 1, Majority size: 2, State: 0, Mode: LEADER, active raft config: opid_index: -1 OBSOLETE_local: false peers { permanent_uuid: "7215b19b077c405c8ce168c889130677" member_type: VOTER last_known_addr { host: "127.13.212.65" port: 42225 } } peers { permanent_uuid: "10d40a2bd50b4d759e8d98419251eb59" member_type: VOTER last_known_addr { host: "127.13.212.66" port: 36969 } } peers { permanent_uuid: "827f8f0a3639439e9c698b956c859a01" member_type: VOTER last_known_addr { host: "127.13.212.67" port: 38185 } }
I20260601 13:38:37.674013 17341 raft_consensus.cc:493] T 46ae061ae927493780adf44140e789d4 P 10d40a2bd50b4d759e8d98419251eb59 [term 0 FOLLOWER]: Starting pre-election (no leader contacted us within the election timeout)
I20260601 13:38:37.674134 17341 raft_consensus.cc:515] T 46ae061ae927493780adf44140e789d4 P 10d40a2bd50b4d759e8d98419251eb59 [term 0 FOLLOWER]: Starting pre-election with config: opid_index: -1 OBSOLETE_local: false peers { permanent_uuid: "7215b19b077c405c8ce168c889130677" member_type: VOTER last_known_addr { host: "127.13.212.65" port: 42225 } } peers { permanent_uuid: "10d40a2bd50b4d759e8d98419251eb59" member_type: VOTER last_known_addr { host: "127.13.212.66" port: 36969 } } peers { permanent_uuid: "827f8f0a3639439e9c698b956c859a01" member_type: VOTER last_known_addr { host: "127.13.212.67" port: 38185 } }
I20260601 13:38:37.674450 17341 leader_election.cc:290] T 46ae061ae927493780adf44140e789d4 P 10d40a2bd50b4d759e8d98419251eb59 [CANDIDATE]: Term 1 pre-election: Requested pre-vote from peers 7215b19b077c405c8ce168c889130677 (127.13.212.65:42225), 827f8f0a3639439e9c698b956c859a01 (127.13.212.67:38185)
I20260601 13:38:37.674875 17139 tablet_service.cc:1917] Received RequestConsensusVote() RPC: tablet_id: "46ae061ae927493780adf44140e789d4" candidate_uuid: "10d40a2bd50b4d759e8d98419251eb59" candidate_term: 1 candidate_status { last_received { term: 0 index: 0 } } ignore_live_leader: false dest_uuid: "7215b19b077c405c8ce168c889130677" is_pre_election: true
I20260601 13:38:37.674975 17139 raft_consensus.cc:2468] T 46ae061ae927493780adf44140e789d4 P 7215b19b077c405c8ce168c889130677 [term 0 FOLLOWER]: Leader pre-election vote request: Granting yes vote for candidate 10d40a2bd50b4d759e8d98419251eb59 in term 0.
I20260601 13:38:37.675022 17034 catalog_manager.cc:5696] T 2584a77a101347f391efdff36295b247 P 7215b19b077c405c8ce168c889130677 reported cstate change: term changed from 0 to 1, leader changed from <none> to 7215b19b077c405c8ce168c889130677 (127.13.212.65). New cstate: current_term: 1 leader_uuid: "7215b19b077c405c8ce168c889130677" committed_config { opid_index: -1 OBSOLETE_local: false peers { permanent_uuid: "7215b19b077c405c8ce168c889130677" member_type: VOTER last_known_addr { host: "127.13.212.65" port: 42225 } health_report { overall_health: HEALTHY } } peers { permanent_uuid: "10d40a2bd50b4d759e8d98419251eb59" member_type: VOTER last_known_addr { host: "127.13.212.66" port: 36969 } health_report { overall_health: UNKNOWN } } peers { permanent_uuid: "827f8f0a3639439e9c698b956c859a01" member_type: VOTER last_known_addr { host: "127.13.212.67" port: 38185 } health_report { overall_health: UNKNOWN } } }
I20260601 13:38:37.675472 17180 leader_election.cc:304] T 46ae061ae927493780adf44140e789d4 P 10d40a2bd50b4d759e8d98419251eb59 [CANDIDATE]: Term 1 pre-election: Election decided. Result: candidate won. Election summary: received 2 responses out of 3 voters: 2 yes votes; 0 no votes. yes voters: 10d40a2bd50b4d759e8d98419251eb59, 7215b19b077c405c8ce168c889130677; no voters: 
I20260601 13:38:37.675485 17289 tablet_service.cc:1917] Received RequestConsensusVote() RPC: tablet_id: "46ae061ae927493780adf44140e789d4" candidate_uuid: "10d40a2bd50b4d759e8d98419251eb59" candidate_term: 1 candidate_status { last_received { term: 0 index: 0 } } ignore_live_leader: false dest_uuid: "827f8f0a3639439e9c698b956c859a01" is_pre_election: true
I20260601 13:38:37.675625 17289 raft_consensus.cc:2468] T 46ae061ae927493780adf44140e789d4 P 827f8f0a3639439e9c698b956c859a01 [term 0 FOLLOWER]: Leader pre-election vote request: Granting yes vote for candidate 10d40a2bd50b4d759e8d98419251eb59 in term 0.
I20260601 13:38:37.675818 17341 raft_consensus.cc:2804] T 46ae061ae927493780adf44140e789d4 P 10d40a2bd50b4d759e8d98419251eb59 [term 0 FOLLOWER]: Leader pre-election won for term 1
I20260601 13:38:37.675879 17341 raft_consensus.cc:493] T 46ae061ae927493780adf44140e789d4 P 10d40a2bd50b4d759e8d98419251eb59 [term 0 FOLLOWER]: Starting leader election (no leader contacted us within the election timeout)
I20260601 13:38:37.675935 17341 raft_consensus.cc:3060] T 46ae061ae927493780adf44140e789d4 P 10d40a2bd50b4d759e8d98419251eb59 [term 0 FOLLOWER]: Advancing to term 1
I20260601 13:38:37.675881 17214 tablet_service.cc:1917] Received RequestConsensusVote() RPC: tablet_id: "2584a77a101347f391efdff36295b247" candidate_uuid: "7215b19b077c405c8ce168c889130677" candidate_term: 1 candidate_status { last_received { term: 0 index: 0 } } ignore_live_leader: false dest_uuid: "10d40a2bd50b4d759e8d98419251eb59"
I20260601 13:38:37.675998 17214 raft_consensus.cc:3060] T 2584a77a101347f391efdff36295b247 P 10d40a2bd50b4d759e8d98419251eb59 [term 0 FOLLOWER]: Advancing to term 1
I20260601 13:38:37.676229 17215 tablet_service.cc:1917] Received RequestConsensusVote() RPC: tablet_id: "2584a77a101347f391efdff36295b247" candidate_uuid: "7215b19b077c405c8ce168c889130677" candidate_term: 1 candidate_status { last_received { term: 0 index: 0 } } ignore_live_leader: false dest_uuid: "10d40a2bd50b4d759e8d98419251eb59" is_pre_election: true
I20260601 13:38:37.676784 17341 raft_consensus.cc:515] T 46ae061ae927493780adf44140e789d4 P 10d40a2bd50b4d759e8d98419251eb59 [term 1 FOLLOWER]: Starting leader election with config: opid_index: -1 OBSOLETE_local: false peers { permanent_uuid: "7215b19b077c405c8ce168c889130677" member_type: VOTER last_known_addr { host: "127.13.212.65" port: 42225 } } peers { permanent_uuid: "10d40a2bd50b4d759e8d98419251eb59" member_type: VOTER last_known_addr { host: "127.13.212.66" port: 36969 } } peers { permanent_uuid: "827f8f0a3639439e9c698b956c859a01" member_type: VOTER last_known_addr { host: "127.13.212.67" port: 38185 } }
I20260601 13:38:37.676841 17214 raft_consensus.cc:2468] T 2584a77a101347f391efdff36295b247 P 10d40a2bd50b4d759e8d98419251eb59 [term 1 FOLLOWER]: Leader election vote request: Granting yes vote for candidate 7215b19b077c405c8ce168c889130677 in term 1.
I20260601 13:38:37.677132 17341 leader_election.cc:290] T 46ae061ae927493780adf44140e789d4 P 10d40a2bd50b4d759e8d98419251eb59 [CANDIDATE]: Term 1 election: Requested vote from peers 7215b19b077c405c8ce168c889130677 (127.13.212.65:42225), 827f8f0a3639439e9c698b956c859a01 (127.13.212.67:38185)
I20260601 13:38:37.677206 17366 raft_consensus.cc:493] T 123d4e8c4eb642e3981e80de8d04d8b2 P 10d40a2bd50b4d759e8d98419251eb59 [term 0 FOLLOWER]: Starting pre-election (no leader contacted us within the election timeout)
I20260601 13:38:37.677311 17366 raft_consensus.cc:515] T 123d4e8c4eb642e3981e80de8d04d8b2 P 10d40a2bd50b4d759e8d98419251eb59 [term 0 FOLLOWER]: Starting pre-election with config: opid_index: -1 OBSOLETE_local: false peers { permanent_uuid: "7215b19b077c405c8ce168c889130677" member_type: VOTER last_known_addr { host: "127.13.212.65" port: 42225 } } peers { permanent_uuid: "10d40a2bd50b4d759e8d98419251eb59" member_type: VOTER last_known_addr { host: "127.13.212.66" port: 36969 } } peers { permanent_uuid: "827f8f0a3639439e9c698b956c859a01" member_type: VOTER last_known_addr { host: "127.13.212.67" port: 38185 } }
I20260601 13:38:37.677608 17366 leader_election.cc:290] T 123d4e8c4eb642e3981e80de8d04d8b2 P 10d40a2bd50b4d759e8d98419251eb59 [CANDIDATE]: Term 1 pre-election: Requested pre-vote from peers 7215b19b077c405c8ce168c889130677 (127.13.212.65:42225), 827f8f0a3639439e9c698b956c859a01 (127.13.212.67:38185)
I20260601 13:38:37.677765 17139 tablet_service.cc:1917] Received RequestConsensusVote() RPC: tablet_id: "46ae061ae927493780adf44140e789d4" candidate_uuid: "10d40a2bd50b4d759e8d98419251eb59" candidate_term: 1 candidate_status { last_received { term: 0 index: 0 } } ignore_live_leader: false dest_uuid: "7215b19b077c405c8ce168c889130677"
I20260601 13:38:37.677868 17138 tablet_service.cc:1917] Received RequestConsensusVote() RPC: tablet_id: "123d4e8c4eb642e3981e80de8d04d8b2" candidate_uuid: "10d40a2bd50b4d759e8d98419251eb59" candidate_term: 1 candidate_status { last_received { term: 0 index: 0 } } ignore_live_leader: false dest_uuid: "7215b19b077c405c8ce168c889130677" is_pre_election: true
I20260601 13:38:37.677881 17139 raft_consensus.cc:3060] T 46ae061ae927493780adf44140e789d4 P 7215b19b077c405c8ce168c889130677 [term 0 FOLLOWER]: Advancing to term 1
I20260601 13:38:37.677999 17138 raft_consensus.cc:2468] T 123d4e8c4eb642e3981e80de8d04d8b2 P 7215b19b077c405c8ce168c889130677 [term 0 FOLLOWER]: Leader pre-election vote request: Granting yes vote for candidate 10d40a2bd50b4d759e8d98419251eb59 in term 0.
I20260601 13:38:37.678247 17289 tablet_service.cc:1917] Received RequestConsensusVote() RPC: tablet_id: "46ae061ae927493780adf44140e789d4" candidate_uuid: "10d40a2bd50b4d759e8d98419251eb59" candidate_term: 1 candidate_status { last_received { term: 0 index: 0 } } ignore_live_leader: false dest_uuid: "827f8f0a3639439e9c698b956c859a01"
I20260601 13:38:37.678279 17180 leader_election.cc:304] T 123d4e8c4eb642e3981e80de8d04d8b2 P 10d40a2bd50b4d759e8d98419251eb59 [CANDIDATE]: Term 1 pre-election: Election decided. Result: candidate won. Election summary: received 2 responses out of 3 voters: 2 yes votes; 0 no votes. yes voters: 10d40a2bd50b4d759e8d98419251eb59, 7215b19b077c405c8ce168c889130677; no voters: 
I20260601 13:38:37.678339 17289 raft_consensus.cc:3060] T 46ae061ae927493780adf44140e789d4 P 827f8f0a3639439e9c698b956c859a01 [term 0 FOLLOWER]: Advancing to term 1
I20260601 13:38:37.678328 17290 tablet_service.cc:1917] Received RequestConsensusVote() RPC: tablet_id: "123d4e8c4eb642e3981e80de8d04d8b2" candidate_uuid: "10d40a2bd50b4d759e8d98419251eb59" candidate_term: 1 candidate_status { last_received { term: 0 index: 0 } } ignore_live_leader: false dest_uuid: "827f8f0a3639439e9c698b956c859a01" is_pre_election: true
I20260601 13:38:37.678468 17290 raft_consensus.cc:2468] T 123d4e8c4eb642e3981e80de8d04d8b2 P 827f8f0a3639439e9c698b956c859a01 [term 0 FOLLOWER]: Leader pre-election vote request: Granting yes vote for candidate 10d40a2bd50b4d759e8d98419251eb59 in term 0.
I20260601 13:38:37.678809 17139 raft_consensus.cc:2468] T 46ae061ae927493780adf44140e789d4 P 7215b19b077c405c8ce168c889130677 [term 1 FOLLOWER]: Leader election vote request: Granting yes vote for candidate 10d40a2bd50b4d759e8d98419251eb59 in term 1.
I20260601 13:38:37.678480 17366 raft_consensus.cc:2804] T 123d4e8c4eb642e3981e80de8d04d8b2 P 10d40a2bd50b4d759e8d98419251eb59 [term 0 FOLLOWER]: Leader pre-election won for term 1
I20260601 13:38:37.678918 17366 raft_consensus.cc:493] T 123d4e8c4eb642e3981e80de8d04d8b2 P 10d40a2bd50b4d759e8d98419251eb59 [term 0 FOLLOWER]: Starting leader election (no leader contacted us within the election timeout)
I20260601 13:38:37.678966 17366 raft_consensus.cc:3060] T 123d4e8c4eb642e3981e80de8d04d8b2 P 10d40a2bd50b4d759e8d98419251eb59 [term 0 FOLLOWER]: Advancing to term 1
I20260601 13:38:37.679122 17289 raft_consensus.cc:2468] T 46ae061ae927493780adf44140e789d4 P 827f8f0a3639439e9c698b956c859a01 [term 1 FOLLOWER]: Leader election vote request: Granting yes vote for candidate 10d40a2bd50b4d759e8d98419251eb59 in term 1.
I20260601 13:38:37.679131 17180 leader_election.cc:304] T 46ae061ae927493780adf44140e789d4 P 10d40a2bd50b4d759e8d98419251eb59 [CANDIDATE]: Term 1 election: Election decided. Result: candidate won. Election summary: received 2 responses out of 3 voters: 2 yes votes; 0 no votes. yes voters: 10d40a2bd50b4d759e8d98419251eb59, 7215b19b077c405c8ce168c889130677; no voters: 
I20260601 13:38:37.679301 17341 raft_consensus.cc:2804] T 46ae061ae927493780adf44140e789d4 P 10d40a2bd50b4d759e8d98419251eb59 [term 1 FOLLOWER]: Leader election won for term 1
I20260601 13:38:37.679499 17341 raft_consensus.cc:697] T 46ae061ae927493780adf44140e789d4 P 10d40a2bd50b4d759e8d98419251eb59 [term 1 LEADER]: Becoming Leader. State: Replica: 10d40a2bd50b4d759e8d98419251eb59, State: Running, Role: LEADER
I20260601 13:38:37.679641 17341 consensus_queue.cc:237] T 46ae061ae927493780adf44140e789d4 P 10d40a2bd50b4d759e8d98419251eb59 [LEADER]: Queue going to LEADER mode. State: All replicated index: 0, Majority replicated index: 0, Committed index: 0, Last appended: 0.0, Last appended by leader: 0, Current term: 1, Majority size: 2, State: 0, Mode: LEADER, active raft config: opid_index: -1 OBSOLETE_local: false peers { permanent_uuid: "7215b19b077c405c8ce168c889130677" member_type: VOTER last_known_addr { host: "127.13.212.65" port: 42225 } } peers { permanent_uuid: "10d40a2bd50b4d759e8d98419251eb59" member_type: VOTER last_known_addr { host: "127.13.212.66" port: 36969 } } peers { permanent_uuid: "827f8f0a3639439e9c698b956c859a01" member_type: VOTER last_known_addr { host: "127.13.212.67" port: 38185 } }
I20260601 13:38:37.679873 17366 raft_consensus.cc:515] T 123d4e8c4eb642e3981e80de8d04d8b2 P 10d40a2bd50b4d759e8d98419251eb59 [term 1 FOLLOWER]: Starting leader election with config: opid_index: -1 OBSOLETE_local: false peers { permanent_uuid: "7215b19b077c405c8ce168c889130677" member_type: VOTER last_known_addr { host: "127.13.212.65" port: 42225 } } peers { permanent_uuid: "10d40a2bd50b4d759e8d98419251eb59" member_type: VOTER last_known_addr { host: "127.13.212.66" port: 36969 } } peers { permanent_uuid: "827f8f0a3639439e9c698b956c859a01" member_type: VOTER last_known_addr { host: "127.13.212.67" port: 38185 } }
I20260601 13:38:37.680249 17366 leader_election.cc:290] T 123d4e8c4eb642e3981e80de8d04d8b2 P 10d40a2bd50b4d759e8d98419251eb59 [CANDIDATE]: Term 1 election: Requested vote from peers 7215b19b077c405c8ce168c889130677 (127.13.212.65:42225), 827f8f0a3639439e9c698b956c859a01 (127.13.212.67:38185)
I20260601 13:38:37.680430 17139 tablet_service.cc:1917] Received RequestConsensusVote() RPC: tablet_id: "123d4e8c4eb642e3981e80de8d04d8b2" candidate_uuid: "10d40a2bd50b4d759e8d98419251eb59" candidate_term: 1 candidate_status { last_received { term: 0 index: 0 } } ignore_live_leader: false dest_uuid: "7215b19b077c405c8ce168c889130677"
I20260601 13:38:37.680532 17139 raft_consensus.cc:3060] T 123d4e8c4eb642e3981e80de8d04d8b2 P 7215b19b077c405c8ce168c889130677 [term 0 FOLLOWER]: Advancing to term 1
I20260601 13:38:37.680761 17289 tablet_service.cc:1917] Received RequestConsensusVote() RPC: tablet_id: "123d4e8c4eb642e3981e80de8d04d8b2" candidate_uuid: "10d40a2bd50b4d759e8d98419251eb59" candidate_term: 1 candidate_status { last_received { term: 0 index: 0 } } ignore_live_leader: false dest_uuid: "827f8f0a3639439e9c698b956c859a01"
I20260601 13:38:37.680853 17289 raft_consensus.cc:3060] T 123d4e8c4eb642e3981e80de8d04d8b2 P 827f8f0a3639439e9c698b956c859a01 [term 0 FOLLOWER]: Advancing to term 1
I20260601 13:38:37.681022 17034 catalog_manager.cc:5696] T 46ae061ae927493780adf44140e789d4 P 10d40a2bd50b4d759e8d98419251eb59 reported cstate change: term changed from 0 to 1, leader changed from <none> to 10d40a2bd50b4d759e8d98419251eb59 (127.13.212.66). New cstate: current_term: 1 leader_uuid: "10d40a2bd50b4d759e8d98419251eb59" committed_config { opid_index: -1 OBSOLETE_local: false peers { permanent_uuid: "7215b19b077c405c8ce168c889130677" member_type: VOTER last_known_addr { host: "127.13.212.65" port: 42225 } health_report { overall_health: UNKNOWN } } peers { permanent_uuid: "10d40a2bd50b4d759e8d98419251eb59" member_type: VOTER last_known_addr { host: "127.13.212.66" port: 36969 } health_report { overall_health: HEALTHY } } peers { permanent_uuid: "827f8f0a3639439e9c698b956c859a01" member_type: VOTER last_known_addr { host: "127.13.212.67" port: 38185 } health_report { overall_health: UNKNOWN } } }
I20260601 13:38:37.681141 17139 raft_consensus.cc:2468] T 123d4e8c4eb642e3981e80de8d04d8b2 P 7215b19b077c405c8ce168c889130677 [term 1 FOLLOWER]: Leader election vote request: Granting yes vote for candidate 10d40a2bd50b4d759e8d98419251eb59 in term 1.
I20260601 13:38:37.681377 17180 leader_election.cc:304] T 123d4e8c4eb642e3981e80de8d04d8b2 P 10d40a2bd50b4d759e8d98419251eb59 [CANDIDATE]: Term 1 election: Election decided. Result: candidate won. Election summary: received 2 responses out of 3 voters: 2 yes votes; 0 no votes. yes voters: 10d40a2bd50b4d759e8d98419251eb59, 7215b19b077c405c8ce168c889130677; no voters: 
I20260601 13:38:37.681545 17341 raft_consensus.cc:2804] T 123d4e8c4eb642e3981e80de8d04d8b2 P 10d40a2bd50b4d759e8d98419251eb59 [term 1 FOLLOWER]: Leader election won for term 1
I20260601 13:38:37.681623 17289 raft_consensus.cc:2468] T 123d4e8c4eb642e3981e80de8d04d8b2 P 827f8f0a3639439e9c698b956c859a01 [term 1 FOLLOWER]: Leader election vote request: Granting yes vote for candidate 10d40a2bd50b4d759e8d98419251eb59 in term 1.
I20260601 13:38:37.681636 17341 raft_consensus.cc:697] T 123d4e8c4eb642e3981e80de8d04d8b2 P 10d40a2bd50b4d759e8d98419251eb59 [term 1 LEADER]: Becoming Leader. State: Replica: 10d40a2bd50b4d759e8d98419251eb59, State: Running, Role: LEADER
I20260601 13:38:37.681744 17341 consensus_queue.cc:237] T 123d4e8c4eb642e3981e80de8d04d8b2 P 10d40a2bd50b4d759e8d98419251eb59 [LEADER]: Queue going to LEADER mode. State: All replicated index: 0, Majority replicated index: 0, Committed index: 0, Last appended: 0.0, Last appended by leader: 0, Current term: 1, Majority size: 2, State: 0, Mode: LEADER, active raft config: opid_index: -1 OBSOLETE_local: false peers { permanent_uuid: "7215b19b077c405c8ce168c889130677" member_type: VOTER last_known_addr { host: "127.13.212.65" port: 42225 } } peers { permanent_uuid: "10d40a2bd50b4d759e8d98419251eb59" member_type: VOTER last_known_addr { host: "127.13.212.66" port: 36969 } } peers { permanent_uuid: "827f8f0a3639439e9c698b956c859a01" member_type: VOTER last_known_addr { host: "127.13.212.67" port: 38185 } }
I20260601 13:38:37.683736 17034 catalog_manager.cc:5696] T 123d4e8c4eb642e3981e80de8d04d8b2 P 10d40a2bd50b4d759e8d98419251eb59 reported cstate change: term changed from 0 to 1, leader changed from <none> to 10d40a2bd50b4d759e8d98419251eb59 (127.13.212.66). New cstate: current_term: 1 leader_uuid: "10d40a2bd50b4d759e8d98419251eb59" committed_config { opid_index: -1 OBSOLETE_local: false peers { permanent_uuid: "7215b19b077c405c8ce168c889130677" member_type: VOTER last_known_addr { host: "127.13.212.65" port: 42225 } health_report { overall_health: UNKNOWN } } peers { permanent_uuid: "10d40a2bd50b4d759e8d98419251eb59" member_type: VOTER last_known_addr { host: "127.13.212.66" port: 36969 } health_report { overall_health: HEALTHY } } peers { permanent_uuid: "827f8f0a3639439e9c698b956c859a01" member_type: VOTER last_known_addr { host: "127.13.212.67" port: 38185 } health_report { overall_health: UNKNOWN } } }
I20260601 13:38:37.722378 17350 raft_consensus.cc:493] T ca7328dfd64c43c093ecaf8e2b883fd1 P 7215b19b077c405c8ce168c889130677 [term 0 FOLLOWER]: Starting pre-election (no leader contacted us within the election timeout)
I20260601 13:38:37.722527 17350 raft_consensus.cc:515] T ca7328dfd64c43c093ecaf8e2b883fd1 P 7215b19b077c405c8ce168c889130677 [term 0 FOLLOWER]: Starting pre-election with config: opid_index: -1 OBSOLETE_local: false peers { permanent_uuid: "10d40a2bd50b4d759e8d98419251eb59" member_type: VOTER last_known_addr { host: "127.13.212.66" port: 36969 } } peers { permanent_uuid: "7215b19b077c405c8ce168c889130677" member_type: VOTER last_known_addr { host: "127.13.212.65" port: 42225 } } peers { permanent_uuid: "827f8f0a3639439e9c698b956c859a01" member_type: VOTER last_known_addr { host: "127.13.212.67" port: 38185 } }
