I20260601 13:21:55.327186  7652 catalog_manager.cc:5696] T 3925cf716c4940b2a791ee84584c7eb4 P 3230f75b17bc429f853f782b14b268c3 reported cstate change: config changed from index -1 to 2, NON_VOTER eab30ee48b9742019429a5d477867a15 (127.6.235.196) added. New cstate: current_term: 1 leader_uuid: "3230f75b17bc429f853f782b14b268c3" committed_config { opid_index: 2 OBSOLETE_local: false peers { permanent_uuid: "3d852d1ff9494d30a3c14e5990ce5d71" member_type: VOTER last_known_addr { host: "127.6.235.193" port: 46669 } attrs { replace: true } health_report { overall_health: HEALTHY } } peers { permanent_uuid: "3230f75b17bc429f853f782b14b268c3" member_type: VOTER last_known_addr { host: "127.6.235.194" port: 34161 } health_report { overall_health: HEALTHY } } peers { permanent_uuid: "937984abaf3d45739f0a547dd9094373" member_type: VOTER last_known_addr { host: "127.6.235.195" port: 44783 } health_report { overall_health: HEALTHY } } peers { permanent_uuid: "eab30ee48b9742019429a5d477867a15" member_type: NON_VOTER last_known_addr { host: "127.6.235.196" port: 34565 } attrs { promote: true } health_report { overall_health: UNKNOWN } } }
I20260601 13:21:55.327414  7831 consensus_queue.cc:237] T 28649d53d7c146c99acec51a378da8d4 P 3230f75b17bc429f853f782b14b268c3 [LEADER]: Queue going to LEADER mode. State: All replicated index: 0, Majority replicated index: 1, Committed index: 1, Last appended: 1.1, Last appended by leader: 0, Current term: 1, Majority size: 2, State: 0, Mode: LEADER, active raft config: opid_index: 2 OBSOLETE_local: false peers { permanent_uuid: "3d852d1ff9494d30a3c14e5990ce5d71" member_type: VOTER last_known_addr { host: "127.6.235.193" port: 46669 } } peers { permanent_uuid: "3230f75b17bc429f853f782b14b268c3" member_type: VOTER last_known_addr { host: "127.6.235.194" port: 34161 } } peers { permanent_uuid: "937984abaf3d45739f0a547dd9094373" member_type: VOTER last_known_addr { host: "127.6.235.195" port: 44783 } attrs { replace: true } } peers { permanent_uuid: "eab30ee48b9742019429a5d477867a15" member_type: NON_VOTER last_known_addr { host: "127.6.235.196" port: 34565 } attrs { promote: true } }
I20260601 13:21:55.328860  7755 raft_consensus.cc:1275] T 28649d53d7c146c99acec51a378da8d4 P 3d852d1ff9494d30a3c14e5990ce5d71 [term 1 FOLLOWER]: Refusing update from remote peer 3230f75b17bc429f853f782b14b268c3: Log matching property violated. Preceding OpId in replica: term: 1 index: 1. Preceding OpId from leader: term: 1 index: 2. (index mismatch)
I20260601 13:21:55.328909  7906 raft_consensus.cc:1275] T 28649d53d7c146c99acec51a378da8d4 P 937984abaf3d45739f0a547dd9094373 [term 1 FOLLOWER]: Refusing update from remote peer 3230f75b17bc429f853f782b14b268c3: Log matching property violated. Preceding OpId in replica: term: 1 index: 1. Preceding OpId from leader: term: 1 index: 2. (index mismatch)
W20260601 13:21:55.328987  7794 consensus_peers.cc:597] T 28649d53d7c146c99acec51a378da8d4 P 3230f75b17bc429f853f782b14b268c3 -> Peer eab30ee48b9742019429a5d477867a15 (127.6.235.196:34565): Couldn't send request to peer eab30ee48b9742019429a5d477867a15. Error code: TABLET_NOT_FOUND (6). Status: Not found: Tablet not found: 28649d53d7c146c99acec51a378da8d4. This is attempt 1: this message will repeat every 5th retry.
I20260601 13:21:55.329190  7965 consensus_queue.cc:1048] T 28649d53d7c146c99acec51a378da8d4 P 3230f75b17bc429f853f782b14b268c3 [LEADER]: Connected to new peer: Peer: permanent_uuid: "3d852d1ff9494d30a3c14e5990ce5d71" member_type: VOTER last_known_addr { host: "127.6.235.193" port: 46669 }, Status: LMP_MISMATCH, Last received: 0.0, Next index: 2, Last known committed idx: 1, Time since last communication: 0.000s
I20260601 13:21:55.329408  8111 consensus_queue.cc:1048] T 28649d53d7c146c99acec51a378da8d4 P 3230f75b17bc429f853f782b14b268c3 [LEADER]: Connected to new peer: Peer: permanent_uuid: "937984abaf3d45739f0a547dd9094373" member_type: VOTER last_known_addr { host: "127.6.235.195" port: 44783 } attrs { replace: true }, Status: LMP_MISMATCH, Last received: 0.0, Next index: 2, Last known committed idx: 1, Time since last communication: 0.000s
I20260601 13:21:55.331147  7965 raft_consensus.cc:2955] T 28649d53d7c146c99acec51a378da8d4 P 3230f75b17bc429f853f782b14b268c3 [term 1 LEADER]: Committing config change with OpId 1.2: config changed from index -1 to 2, NON_VOTER eab30ee48b9742019429a5d477867a15 (127.6.235.196) added. New config: { opid_index: 2 OBSOLETE_local: false peers { permanent_uuid: "3d852d1ff9494d30a3c14e5990ce5d71" member_type: VOTER last_known_addr { host: "127.6.235.193" port: 46669 } } peers { permanent_uuid: "3230f75b17bc429f853f782b14b268c3" member_type: VOTER last_known_addr { host: "127.6.235.194" port: 34161 } } peers { permanent_uuid: "937984abaf3d45739f0a547dd9094373" member_type: VOTER last_known_addr { host: "127.6.235.195" port: 44783 } attrs { replace: true } } peers { permanent_uuid: "eab30ee48b9742019429a5d477867a15" member_type: NON_VOTER last_known_addr { host: "127.6.235.196" port: 34565 } attrs { promote: true } } }
I20260601 13:21:55.332746  7906 raft_consensus.cc:2955] T 28649d53d7c146c99acec51a378da8d4 P 937984abaf3d45739f0a547dd9094373 [term 1 FOLLOWER]: Committing config change with OpId 1.2: config changed from index -1 to 2, NON_VOTER eab30ee48b9742019429a5d477867a15 (127.6.235.196) added. New config: { opid_index: 2 OBSOLETE_local: false peers { permanent_uuid: "3d852d1ff9494d30a3c14e5990ce5d71" member_type: VOTER last_known_addr { host: "127.6.235.193" port: 46669 } } peers { permanent_uuid: "3230f75b17bc429f853f782b14b268c3" member_type: VOTER last_known_addr { host: "127.6.235.194" port: 34161 } } peers { permanent_uuid: "937984abaf3d45739f0a547dd9094373" member_type: VOTER last_known_addr { host: "127.6.235.195" port: 44783 } attrs { replace: true } } peers { permanent_uuid: "eab30ee48b9742019429a5d477867a15" member_type: NON_VOTER last_known_addr { host: "127.6.235.196" port: 34565 } attrs { promote: true } } }
I20260601 13:21:55.333042  7755 raft_consensus.cc:2955] T 28649d53d7c146c99acec51a378da8d4 P 3d852d1ff9494d30a3c14e5990ce5d71 [term 1 FOLLOWER]: Committing config change with OpId 1.2: config changed from index -1 to 2, NON_VOTER eab30ee48b9742019429a5d477867a15 (127.6.235.196) added. New config: { opid_index: 2 OBSOLETE_local: false peers { permanent_uuid: "3d852d1ff9494d30a3c14e5990ce5d71" member_type: VOTER last_known_addr { host: "127.6.235.193" port: 46669 } } peers { permanent_uuid: "3230f75b17bc429f853f782b14b268c3" member_type: VOTER last_known_addr { host: "127.6.235.194" port: 34161 } } peers { permanent_uuid: "937984abaf3d45739f0a547dd9094373" member_type: VOTER last_known_addr { host: "127.6.235.195" port: 44783 } attrs { replace: true } } peers { permanent_uuid: "eab30ee48b9742019429a5d477867a15" member_type: NON_VOTER last_known_addr { host: "127.6.235.196" port: 34565 } attrs { promote: true } } }
I20260601 13:21:55.335433  7650 catalog_manager.cc:5696] T 28649d53d7c146c99acec51a378da8d4 P 3d852d1ff9494d30a3c14e5990ce5d71 reported cstate change: config changed from index -1 to 2, NON_VOTER eab30ee48b9742019429a5d477867a15 (127.6.235.196) added. New cstate: current_term: 1 leader_uuid: "3230f75b17bc429f853f782b14b268c3" committed_config { opid_index: 2 OBSOLETE_local: false peers { permanent_uuid: "3d852d1ff9494d30a3c14e5990ce5d71" member_type: VOTER last_known_addr { host: "127.6.235.193" port: 46669 } } peers { permanent_uuid: "3230f75b17bc429f853f782b14b268c3" member_type: VOTER last_known_addr { host: "127.6.235.194" port: 34161 } } peers { permanent_uuid: "937984abaf3d45739f0a547dd9094373" member_type: VOTER last_known_addr { host: "127.6.235.195" port: 44783 } attrs { replace: true } } peers { permanent_uuid: "eab30ee48b9742019429a5d477867a15" member_type: NON_VOTER last_known_addr { host: "127.6.235.196" port: 34565 } attrs { promote: true } } }
I20260601 13:21:55.338892  7906 consensus_queue.cc:237] T 7731e773a21b4fac9fa136f9231bada9 P 937984abaf3d45739f0a547dd9094373 [LEADER]: Queue going to LEADER mode. State: All replicated index: 0, Majority replicated index: 1, Committed index: 1, Last appended: 1.1, Last appended by leader: 0, Current term: 1, Majority size: 2, State: 0, Mode: LEADER, active raft config: opid_index: 2 OBSOLETE_local: false peers { permanent_uuid: "3d852d1ff9494d30a3c14e5990ce5d71" member_type: VOTER last_known_addr { host: "127.6.235.193" port: 46669 } } peers { permanent_uuid: "3230f75b17bc429f853f782b14b268c3" member_type: VOTER last_known_addr { host: "127.6.235.194" port: 34161 } attrs { replace: true } } peers { permanent_uuid: "937984abaf3d45739f0a547dd9094373" member_type: VOTER last_known_addr { host: "127.6.235.195" port: 44783 } } peers { permanent_uuid: "eab30ee48b9742019429a5d477867a15" member_type: NON_VOTER last_known_addr { host: "127.6.235.196" port: 34565 } attrs { promote: true } }
I20260601 13:21:55.340718  7755 raft_consensus.cc:1275] T 7731e773a21b4fac9fa136f9231bada9 P 3d852d1ff9494d30a3c14e5990ce5d71 [term 1 FOLLOWER]: Refusing update from remote peer 937984abaf3d45739f0a547dd9094373: Log matching property violated. Preceding OpId in replica: term: 1 index: 1. Preceding OpId from leader: term: 1 index: 2. (index mismatch)
I20260601 13:21:55.340713  7831 raft_consensus.cc:1275] T 7731e773a21b4fac9fa136f9231bada9 P 3230f75b17bc429f853f782b14b268c3 [term 1 FOLLOWER]: Refusing update from remote peer 937984abaf3d45739f0a547dd9094373: Log matching property violated. Preceding OpId in replica: term: 1 index: 1. Preceding OpId from leader: term: 1 index: 2. (index mismatch)
I20260601 13:21:55.341168  8128 consensus_queue.cc:1048] T 7731e773a21b4fac9fa136f9231bada9 P 937984abaf3d45739f0a547dd9094373 [LEADER]: Connected to new peer: Peer: permanent_uuid: "3230f75b17bc429f853f782b14b268c3" member_type: VOTER last_known_addr { host: "127.6.235.194" port: 34161 } attrs { replace: true }, Status: LMP_MISMATCH, Last received: 0.0, Next index: 2, Last known committed idx: 1, Time since last communication: 0.000s
I20260601 13:21:55.341617  8128 consensus_queue.cc:1048] T 7731e773a21b4fac9fa136f9231bada9 P 937984abaf3d45739f0a547dd9094373 [LEADER]: Connected to new peer: Peer: permanent_uuid: "3d852d1ff9494d30a3c14e5990ce5d71" member_type: VOTER last_known_addr { host: "127.6.235.193" port: 46669 }, Status: LMP_MISMATCH, Last received: 0.0, Next index: 2, Last known committed idx: 1, Time since last communication: 0.000s
I20260601 13:21:55.343065  8128 raft_consensus.cc:2955] T 7731e773a21b4fac9fa136f9231bada9 P 937984abaf3d45739f0a547dd9094373 [term 1 LEADER]: Committing config change with OpId 1.2: config changed from index -1 to 2, NON_VOTER eab30ee48b9742019429a5d477867a15 (127.6.235.196) added. New config: { opid_index: 2 OBSOLETE_local: false peers { permanent_uuid: "3d852d1ff9494d30a3c14e5990ce5d71" member_type: VOTER last_known_addr { host: "127.6.235.193" port: 46669 } } peers { permanent_uuid: "3230f75b17bc429f853f782b14b268c3" member_type: VOTER last_known_addr { host: "127.6.235.194" port: 34161 } attrs { replace: true } } peers { permanent_uuid: "937984abaf3d45739f0a547dd9094373" member_type: VOTER last_known_addr { host: "127.6.235.195" port: 44783 } } peers { permanent_uuid: "eab30ee48b9742019429a5d477867a15" member_type: NON_VOTER last_known_addr { host: "127.6.235.196" port: 34565 } attrs { promote: true } } }
I20260601 13:21:55.343520  7831 raft_consensus.cc:2955] T 7731e773a21b4fac9fa136f9231bada9 P 3230f75b17bc429f853f782b14b268c3 [term 1 FOLLOWER]: Committing config change with OpId 1.2: config changed from index -1 to 2, NON_VOTER eab30ee48b9742019429a5d477867a15 (127.6.235.196) added. New config: { opid_index: 2 OBSOLETE_local: false peers { permanent_uuid: "3d852d1ff9494d30a3c14e5990ce5d71" member_type: VOTER last_known_addr { host: "127.6.235.193" port: 46669 } } peers { permanent_uuid: "3230f75b17bc429f853f782b14b268c3" member_type: VOTER last_known_addr { host: "127.6.235.194" port: 34161 } attrs { replace: true } } peers { permanent_uuid: "937984abaf3d45739f0a547dd9094373" member_type: VOTER last_known_addr { host: "127.6.235.195" port: 44783 } } peers { permanent_uuid: "eab30ee48b9742019429a5d477867a15" member_type: NON_VOTER last_known_addr { host: "127.6.235.196" port: 34565 } attrs { promote: true } } }
I20260601 13:21:55.345824  7755 raft_consensus.cc:2955] T 7731e773a21b4fac9fa136f9231bada9 P 3d852d1ff9494d30a3c14e5990ce5d71 [term 1 FOLLOWER]: Committing config change with OpId 1.2: config changed from index -1 to 2, NON_VOTER eab30ee48b9742019429a5d477867a15 (127.6.235.196) added. New config: { opid_index: 2 OBSOLETE_local: false peers { permanent_uuid: "3d852d1ff9494d30a3c14e5990ce5d71" member_type: VOTER last_known_addr { host: "127.6.235.193" port: 46669 } } peers { permanent_uuid: "3230f75b17bc429f853f782b14b268c3" member_type: VOTER last_known_addr { host: "127.6.235.194" port: 34161 } attrs { replace: true } } peers { permanent_uuid: "937984abaf3d45739f0a547dd9094373" member_type: VOTER last_known_addr { host: "127.6.235.195" port: 44783 } } peers { permanent_uuid: "eab30ee48b9742019429a5d477867a15" member_type: NON_VOTER last_known_addr { host: "127.6.235.196" port: 34565 } attrs { promote: true } } }
I20260601 13:21:55.346274  7651 catalog_manager.cc:5696] T 7731e773a21b4fac9fa136f9231bada9 P 937984abaf3d45739f0a547dd9094373 reported cstate change: config changed from index -1 to 2, NON_VOTER eab30ee48b9742019429a5d477867a15 (127.6.235.196) added. New cstate: current_term: 1 leader_uuid: "937984abaf3d45739f0a547dd9094373" committed_config { opid_index: 2 OBSOLETE_local: false peers { permanent_uuid: "3d852d1ff9494d30a3c14e5990ce5d71" member_type: VOTER last_known_addr { host: "127.6.235.193" port: 46669 } health_report { overall_health: UNKNOWN } } peers { permanent_uuid: "3230f75b17bc429f853f782b14b268c3" member_type: VOTER last_known_addr { host: "127.6.235.194" port: 34161 } attrs { replace: true } health_report { overall_health: HEALTHY } } peers { permanent_uuid: "937984abaf3d45739f0a547dd9094373" member_type: VOTER last_known_addr { host: "127.6.235.195" port: 44783 } health_report { overall_health: HEALTHY } } peers { permanent_uuid: "eab30ee48b9742019429a5d477867a15" member_type: NON_VOTER last_known_addr { host: "127.6.235.196" port: 34565 } attrs { promote: true } health_report { overall_health: UNKNOWN } } }
W20260601 13:21:55.347075  7869 consensus_peers.cc:597] T 7731e773a21b4fac9fa136f9231bada9 P 937984abaf3d45739f0a547dd9094373 -> Peer eab30ee48b9742019429a5d477867a15 (127.6.235.196:34565): Couldn't send request to peer eab30ee48b9742019429a5d477867a15. Error code: TABLET_NOT_FOUND (6). Status: Not found: Tablet not found: 7731e773a21b4fac9fa136f9231bada9. This is attempt 1: this message will repeat every 5th retry.
I20260601 13:21:55.351580  7755 consensus_queue.cc:237] T ebfb51daf7c343d4aea10f7c01d53f1b P 3d852d1ff9494d30a3c14e5990ce5d71 [LEADER]: Queue going to LEADER mode. State: All replicated index: 0, Majority replicated index: 1, Committed index: 1, Last appended: 1.1, Last appended by leader: 0, Current term: 1, Majority size: 2, State: 0, Mode: LEADER, active raft config: opid_index: 2 OBSOLETE_local: false peers { permanent_uuid: "3d852d1ff9494d30a3c14e5990ce5d71" member_type: VOTER last_known_addr { host: "127.6.235.193" port: 46669 } } peers { permanent_uuid: "3230f75b17bc429f853f782b14b268c3" member_type: VOTER last_known_addr { host: "127.6.235.194" port: 34161 } } peers { permanent_uuid: "937984abaf3d45739f0a547dd9094373" member_type: VOTER last_known_addr { host: "127.6.235.195" port: 44783 } attrs { replace: true } } peers { permanent_uuid: "eab30ee48b9742019429a5d477867a15" member_type: NON_VOTER last_known_addr { host: "127.6.235.196" port: 34565 } attrs { promote: true } }
I20260601 13:21:55.353658  7831 raft_consensus.cc:1275] T ebfb51daf7c343d4aea10f7c01d53f1b P 3230f75b17bc429f853f782b14b268c3 [term 1 FOLLOWER]: Refusing update from remote peer 3d852d1ff9494d30a3c14e5990ce5d71: Log matching property violated. Preceding OpId in replica: term: 1 index: 1. Preceding OpId from leader: term: 1 index: 2. (index mismatch)
I20260601 13:21:55.353746  7906 raft_consensus.cc:1275] T ebfb51daf7c343d4aea10f7c01d53f1b P 937984abaf3d45739f0a547dd9094373 [term 1 FOLLOWER]: Refusing update from remote peer 3d852d1ff9494d30a3c14e5990ce5d71: Log matching property violated. Preceding OpId in replica: term: 1 index: 1. Preceding OpId from leader: term: 1 index: 2. (index mismatch)
I20260601 13:21:55.354105  8106 consensus_queue.cc:1048] T ebfb51daf7c343d4aea10f7c01d53f1b P 3d852d1ff9494d30a3c14e5990ce5d71 [LEADER]: Connected to new peer: Peer: permanent_uuid: "3230f75b17bc429f853f782b14b268c3" member_type: VOTER last_known_addr { host: "127.6.235.194" port: 34161 }, Status: LMP_MISMATCH, Last received: 0.0, Next index: 2, Last known committed idx: 1, Time since last communication: 0.000s
I20260601 13:21:55.354822  8135 consensus_queue.cc:1048] T ebfb51daf7c343d4aea10f7c01d53f1b P 3d852d1ff9494d30a3c14e5990ce5d71 [LEADER]: Connected to new peer: Peer: permanent_uuid: "937984abaf3d45739f0a547dd9094373" member_type: VOTER last_known_addr { host: "127.6.235.195" port: 44783 } attrs { replace: true }, Status: LMP_MISMATCH, Last received: 0.0, Next index: 2, Last known committed idx: 1, Time since last communication: 0.000s
I20260601 13:21:55.356395  8135 raft_consensus.cc:2955] T ebfb51daf7c343d4aea10f7c01d53f1b P 3d852d1ff9494d30a3c14e5990ce5d71 [term 1 LEADER]: Committing config change with OpId 1.2: config changed from index -1 to 2, NON_VOTER eab30ee48b9742019429a5d477867a15 (127.6.235.196) added. New config: { opid_index: 2 OBSOLETE_local: false peers { permanent_uuid: "3d852d1ff9494d30a3c14e5990ce5d71" member_type: VOTER last_known_addr { host: "127.6.235.193" port: 46669 } } peers { permanent_uuid: "3230f75b17bc429f853f782b14b268c3" member_type: VOTER last_known_addr { host: "127.6.235.194" port: 34161 } } peers { permanent_uuid: "937984abaf3d45739f0a547dd9094373" member_type: VOTER last_known_addr { host: "127.6.235.195" port: 44783 } attrs { replace: true } } peers { permanent_uuid: "eab30ee48b9742019429a5d477867a15" member_type: NON_VOTER last_known_addr { host: "127.6.235.196" port: 34565 } attrs { promote: true } } }
I20260601 13:21:55.356683  7831 raft_consensus.cc:2955] T ebfb51daf7c343d4aea10f7c01d53f1b P 3230f75b17bc429f853f782b14b268c3 [term 1 FOLLOWER]: Committing config change with OpId 1.2: config changed from index -1 to 2, NON_VOTER eab30ee48b9742019429a5d477867a15 (127.6.235.196) added. New config: { opid_index: 2 OBSOLETE_local: false peers { permanent_uuid: "3d852d1ff9494d30a3c14e5990ce5d71" member_type: VOTER last_known_addr { host: "127.6.235.193" port: 46669 } } peers { permanent_uuid: "3230f75b17bc429f853f782b14b268c3" member_type: VOTER last_known_addr { host: "127.6.235.194" port: 34161 } } peers { permanent_uuid: "937984abaf3d45739f0a547dd9094373" member_type: VOTER last_known_addr { host: "127.6.235.195" port: 44783 } attrs { replace: true } } peers { permanent_uuid: "eab30ee48b9742019429a5d477867a15" member_type: NON_VOTER last_known_addr { host: "127.6.235.196" port: 34565 } attrs { promote: true } } }
I20260601 13:21:55.359172  7650 catalog_manager.cc:5696] T ebfb51daf7c343d4aea10f7c01d53f1b P 3230f75b17bc429f853f782b14b268c3 reported cstate change: config changed from index -1 to 2, NON_VOTER eab30ee48b9742019429a5d477867a15 (127.6.235.196) added. New cstate: current_term: 1 leader_uuid: "3d852d1ff9494d30a3c14e5990ce5d71" committed_config { opid_index: 2 OBSOLETE_local: false peers { permanent_uuid: "3d852d1ff9494d30a3c14e5990ce5d71" member_type: VOTER last_known_addr { host: "127.6.235.193" port: 46669 } } peers { permanent_uuid: "3230f75b17bc429f853f782b14b268c3" member_type: VOTER last_known_addr { host: "127.6.235.194" port: 34161 } } peers { permanent_uuid: "937984abaf3d45739f0a547dd9094373" member_type: VOTER last_known_addr { host: "127.6.235.195" port: 44783 } attrs { replace: true } } peers { permanent_uuid: "eab30ee48b9742019429a5d477867a15" member_type: NON_VOTER last_known_addr { host: "127.6.235.196" port: 34565 } attrs { promote: true } } }
I20260601 13:21:55.359452  7906 raft_consensus.cc:2955] T ebfb51daf7c343d4aea10f7c01d53f1b P 937984abaf3d45739f0a547dd9094373 [term 1 FOLLOWER]: Committing config change with OpId 1.2: config changed from index -1 to 2, NON_VOTER eab30ee48b9742019429a5d477867a15 (127.6.235.196) added. New config: { opid_index: 2 OBSOLETE_local: false peers { permanent_uuid: "3d852d1ff9494d30a3c14e5990ce5d71" member_type: VOTER last_known_addr { host: "127.6.235.193" port: 46669 } } peers { permanent_uuid: "3230f75b17bc429f853f782b14b268c3" member_type: VOTER last_known_addr { host: "127.6.235.194" port: 34161 } } peers { permanent_uuid: "937984abaf3d45739f0a547dd9094373" member_type: VOTER last_known_addr { host: "127.6.235.195" port: 44783 } attrs { replace: true } } peers { permanent_uuid: "eab30ee48b9742019429a5d477867a15" member_type: NON_VOTER last_known_addr { host: "127.6.235.196" port: 34565 } attrs { promote: true } } }
W20260601 13:21:55.360505  7718 consensus_peers.cc:597] T ebfb51daf7c343d4aea10f7c01d53f1b P 3d852d1ff9494d30a3c14e5990ce5d71 -> Peer eab30ee48b9742019429a5d477867a15 (127.6.235.196:34565): Couldn't send request to peer eab30ee48b9742019429a5d477867a15. Error code: TABLET_NOT_FOUND (6). Status: Not found: Tablet not found: ebfb51daf7c343d4aea10f7c01d53f1b. This is attempt 1: this message will repeat every 5th retry.
I20260601 13:21:55.402120  7087 tablet_server.cc:179] TabletServer@127.6.235.193:0 shutting down...
I20260601 13:21:55.407894  7087 ts_tablet_manager.cc:1507] Shutting down tablet manager...
I20260601 13:21:55.408169  7087 tablet_replica.cc:333] T 28649d53d7c146c99acec51a378da8d4 P 3d852d1ff9494d30a3c14e5990ce5d71: stopping tablet replica
I20260601 13:21:55.408313  7087 raft_consensus.cc:2243] T 28649d53d7c146c99acec51a378da8d4 P 3d852d1ff9494d30a3c14e5990ce5d71 [term 1 FOLLOWER]: Raft consensus shutting down.
I20260601 13:21:55.408499  7087 raft_consensus.cc:2272] T 28649d53d7c146c99acec51a378da8d4 P 3d852d1ff9494d30a3c14e5990ce5d71 [term 1 FOLLOWER]: Raft consensus is shut down!
I20260601 13:21:55.409152  7087 tablet_replica.cc:333] T 093dcf802e9343e0b716ded9e00fcc22 P 3d852d1ff9494d30a3c14e5990ce5d71: stopping tablet replica
I20260601 13:21:55.409314  7087 raft_consensus.cc:2243] T 093dcf802e9343e0b716ded9e00fcc22 P 3d852d1ff9494d30a3c14e5990ce5d71 [term 1 FOLLOWER]: Raft consensus shutting down.
I20260601 13:21:55.409446  7087 raft_consensus.cc:2272] T 093dcf802e9343e0b716ded9e00fcc22 P 3d852d1ff9494d30a3c14e5990ce5d71 [term 1 FOLLOWER]: Raft consensus is shut down!
I20260601 13:21:55.409823  7087 tablet_replica.cc:333] T ebfb51daf7c343d4aea10f7c01d53f1b P 3d852d1ff9494d30a3c14e5990ce5d71: stopping tablet replica
I20260601 13:21:55.409945  7087 raft_consensus.cc:2243] T ebfb51daf7c343d4aea10f7c01d53f1b P 3d852d1ff9494d30a3c14e5990ce5d71 [term 1 LEADER]: Raft consensus shutting down.
I20260601 13:21:55.410207  7087 raft_consensus.cc:2272] T ebfb51daf7c343d4aea10f7c01d53f1b P 3d852d1ff9494d30a3c14e5990ce5d71 [term 1 FOLLOWER]: Raft consensus is shut down!
I20260601 13:21:55.410704  7087 tablet_replica.cc:333] T 3925cf716c4940b2a791ee84584c7eb4 P 3d852d1ff9494d30a3c14e5990ce5d71: stopping tablet replica
I20260601 13:21:55.410827  7087 raft_consensus.cc:2243] T 3925cf716c4940b2a791ee84584c7eb4 P 3d852d1ff9494d30a3c14e5990ce5d71 [term 1 FOLLOWER]: Raft consensus shutting down.
I20260601 13:21:55.410946  7087 raft_consensus.cc:2272] T 3925cf716c4940b2a791ee84584c7eb4 P 3d852d1ff9494d30a3c14e5990ce5d71 [term 1 FOLLOWER]: Raft consensus is shut down!
I20260601 13:21:55.411446  7087 tablet_replica.cc:333] T daee1c42277940ecb71e3197195a7de8 P 3d852d1ff9494d30a3c14e5990ce5d71: stopping tablet replica
I20260601 13:21:55.411562  7087 raft_consensus.cc:2243] T daee1c42277940ecb71e3197195a7de8 P 3d852d1ff9494d30a3c14e5990ce5d71 [term 1 FOLLOWER]: Raft consensus shutting down.
I20260601 13:21:55.411677  7087 raft_consensus.cc:2272] T daee1c42277940ecb71e3197195a7de8 P 3d852d1ff9494d30a3c14e5990ce5d71 [term 1 FOLLOWER]: Raft consensus is shut down!
I20260601 13:21:55.412101  7087 tablet_replica.cc:333] T 7731e773a21b4fac9fa136f9231bada9 P 3d852d1ff9494d30a3c14e5990ce5d71: stopping tablet replica
I20260601 13:21:55.412209  7087 raft_consensus.cc:2243] T 7731e773a21b4fac9fa136f9231bada9 P 3d852d1ff9494d30a3c14e5990ce5d71 [term 1 FOLLOWER]: Raft consensus shutting down.
I20260601 13:21:55.412333  7087 raft_consensus.cc:2272] T 7731e773a21b4fac9fa136f9231bada9 P 3d852d1ff9494d30a3c14e5990ce5d71 [term 1 FOLLOWER]: Raft consensus is shut down!
I20260601 13:21:55.412817  7087 tablet_replica.cc:333] T 5a8464ea597041c1a7e526cd4c64d0b8 P 3d852d1ff9494d30a3c14e5990ce5d71: stopping tablet replica
I20260601 13:21:55.412931  7087 raft_consensus.cc:2243] T 5a8464ea597041c1a7e526cd4c64d0b8 P 3d852d1ff9494d30a3c14e5990ce5d71 [term 2 LEADER]: Raft consensus shutting down.
I20260601 13:21:55.413133  7087 raft_consensus.cc:2272] T 5a8464ea597041c1a7e526cd4c64d0b8 P 3d852d1ff9494d30a3c14e5990ce5d71 [term 2 FOLLOWER]: Raft consensus is shut down!
I20260601 13:21:55.413573  7087 tablet_replica.cc:333] T 5f3eb07100c14866a6b52489af86ba27 P 3d852d1ff9494d30a3c14e5990ce5d71: stopping tablet replica
I20260601 13:21:55.413686  7087 raft_consensus.cc:2243] T 5f3eb07100c14866a6b52489af86ba27 P 3d852d1ff9494d30a3c14e5990ce5d71 [term 1 FOLLOWER]: Raft consensus shutting down.
I20260601 13:21:55.413810  7087 raft_consensus.cc:2272] T 5f3eb07100c14866a6b52489af86ba27 P 3d852d1ff9494d30a3c14e5990ce5d71 [term 1 FOLLOWER]: Raft consensus is shut down!
I20260601 13:21:55.428547  7087 tablet_server.cc:196] TabletServer@127.6.235.193:0 shutdown complete.
I20260601 13:21:55.431700  7087 tablet_server.cc:179] TabletServer@127.6.235.194:0 shutting down...
I20260601 13:21:55.437853  7087 ts_tablet_manager.cc:1507] Shutting down tablet manager...
I20260601 13:21:55.438115  7087 tablet_replica.cc:333] T 3925cf716c4940b2a791ee84584c7eb4 P 3230f75b17bc429f853f782b14b268c3: stopping tablet replica
I20260601 13:21:55.438279  7087 raft_consensus.cc:2243] T 3925cf716c4940b2a791ee84584c7eb4 P 3230f75b17bc429f853f782b14b268c3 [term 1 LEADER]: Raft consensus shutting down.
I20260601 13:21:55.438560  7087 raft_consensus.cc:2272] T 3925cf716c4940b2a791ee84584c7eb4 P 3230f75b17bc429f853f782b14b268c3 [term 1 FOLLOWER]: Raft consensus is shut down!
I20260601 13:21:55.439252  7087 tablet_replica.cc:333] T 093dcf802e9343e0b716ded9e00fcc22 P 3230f75b17bc429f853f782b14b268c3: stopping tablet replica
I20260601 13:21:55.439388  7087 raft_consensus.cc:2243] T 093dcf802e9343e0b716ded9e00fcc22 P 3230f75b17bc429f853f782b14b268c3 [term 1 FOLLOWER]: Raft consensus shutting down.
I20260601 13:21:55.439520  7087 raft_consensus.cc:2272] T 093dcf802e9343e0b716ded9e00fcc22 P 3230f75b17bc429f853f782b14b268c3 [term 1 FOLLOWER]: Raft consensus is shut down!
I20260601 13:21:55.439903  7087 tablet_replica.cc:333] T 28649d53d7c146c99acec51a378da8d4 P 3230f75b17bc429f853f782b14b268c3: stopping tablet replica
I20260601 13:21:55.440023  7087 raft_consensus.cc:2243] T 28649d53d7c146c99acec51a378da8d4 P 3230f75b17bc429f853f782b14b268c3 [term 1 LEADER]: Raft consensus shutting down.
I20260601 13:21:55.440272  7087 raft_consensus.cc:2272] T 28649d53d7c146c99acec51a378da8d4 P 3230f75b17bc429f853f782b14b268c3 [term 1 FOLLOWER]: Raft consensus is shut down!
I20260601 13:21:55.440794  7087 tablet_replica.cc:333] T 7731e773a21b4fac9fa136f9231bada9 P 3230f75b17bc429f853f782b14b268c3: stopping tablet replica
I20260601 13:21:55.440919  7087 raft_consensus.cc:2243] T 7731e773a21b4fac9fa136f9231bada9 P 3230f75b17bc429f853f782b14b268c3 [term 1 FOLLOWER]: Raft consensus shutting down.
I20260601 13:21:55.441052  7087 raft_consensus.cc:2272] T 7731e773a21b4fac9fa136f9231bada9 P 3230f75b17bc429f853f782b14b268c3 [term 1 FOLLOWER]: Raft consensus is shut down!
I20260601 13:21:55.441603  7087 tablet_replica.cc:333] T 5f3eb07100c14866a6b52489af86ba27 P 3230f75b17bc429f853f782b14b268c3: stopping tablet replica
I20260601 13:21:55.441730  7087 raft_consensus.cc:2243] T 5f3eb07100c14866a6b52489af86ba27 P 3230f75b17bc429f853f782b14b268c3 [term 1 LEADER]: Raft consensus shutting down.
I20260601 13:21:55.441968  7087 raft_consensus.cc:2272] T 5f3eb07100c14866a6b52489af86ba27 P 3230f75b17bc429f853f782b14b268c3 [term 1 FOLLOWER]: Raft consensus is shut down!
I20260601 13:21:55.442322  7087 tablet_replica.cc:333] T 5a8464ea597041c1a7e526cd4c64d0b8 P 3230f75b17bc429f853f782b14b268c3: stopping tablet replica
I20260601 13:21:55.442435  7087 raft_consensus.cc:2243] T 5a8464ea597041c1a7e526cd4c64d0b8 P 3230f75b17bc429f853f782b14b268c3 [term 2 FOLLOWER]: Raft consensus shutting down.
I20260601 13:21:55.442551  7087 raft_consensus.cc:2272] T 5a8464ea597041c1a7e526cd4c64d0b8 P 3230f75b17bc429f853f782b14b268c3 [term 2 FOLLOWER]: Raft consensus is shut down!
I20260601 13:21:55.442871  7087 tablet_replica.cc:333] T ebfb51daf7c343d4aea10f7c01d53f1b P 3230f75b17bc429f853f782b14b268c3: stopping tablet replica
I20260601 13:21:55.442981  7087 raft_consensus.cc:2243] T ebfb51daf7c343d4aea10f7c01d53f1b P 3230f75b17bc429f853f782b14b268c3 [term 1 FOLLOWER]: Raft consensus shutting down.
I20260601 13:21:55.443095  7087 raft_consensus.cc:2272] T ebfb51daf7c343d4aea10f7c01d53f1b P 3230f75b17bc429f853f782b14b268c3 [term 1 FOLLOWER]: Raft consensus is shut down!
I20260601 13:21:55.443595  7087 tablet_replica.cc:333] T daee1c42277940ecb71e3197195a7de8 P 3230f75b17bc429f853f782b14b268c3: stopping tablet replica
I20260601 13:21:55.443712  7087 raft_consensus.cc:2243] T daee1c42277940ecb71e3197195a7de8 P 3230f75b17bc429f853f782b14b268c3 [term 1 FOLLOWER]: Raft consensus shutting down.
I20260601 13:21:55.443841  7087 raft_consensus.cc:2272] T daee1c42277940ecb71e3197195a7de8 P 3230f75b17bc429f853f782b14b268c3 [term 1 FOLLOWER]: Raft consensus is shut down!
I20260601 13:21:55.447845  7087 tablet_server.cc:196] TabletServer@127.6.235.194:0 shutdown complete.
I20260601 13:21:55.450796  7087 tablet_server.cc:179] TabletServer@127.6.235.195:0 shutting down...
I20260601 13:21:55.457345  7087 ts_tablet_manager.cc:1507] Shutting down tablet manager...
I20260601 13:21:55.457617  7087 tablet_replica.cc:333] T daee1c42277940ecb71e3197195a7de8 P 937984abaf3d45739f0a547dd9094373: stopping tablet replica
I20260601 13:21:55.457759  7087 raft_consensus.cc:2243] T daee1c42277940ecb71e3197195a7de8 P 937984abaf3d45739f0a547dd9094373 [term 1 LEADER]: Raft consensus shutting down.
I20260601 13:21:55.458003  7087 raft_consensus.cc:2272] T daee1c42277940ecb71e3197195a7de8 P 937984abaf3d45739f0a547dd9094373 [term 1 FOLLOWER]: Raft consensus is shut down!
I20260601 13:21:55.458578  7087 tablet_replica.cc:333] T 3925cf716c4940b2a791ee84584c7eb4 P 937984abaf3d45739f0a547dd9094373: stopping tablet replica
I20260601 13:21:55.458695  7087 raft_consensus.cc:2243] T 3925cf716c4940b2a791ee84584c7eb4 P 937984abaf3d45739f0a547dd9094373 [term 1 FOLLOWER]: Raft consensus shutting down.
I20260601 13:21:55.458806  7087 raft_consensus.cc:2272] T 3925cf716c4940b2a791ee84584c7eb4 P 937984abaf3d45739f0a547dd9094373 [term 1 FOLLOWER]: Raft consensus is shut down!
I20260601 13:21:55.459348  7087 tablet_replica.cc:333] T 093dcf802e9343e0b716ded9e00fcc22 P 937984abaf3d45739f0a547dd9094373: stopping tablet replica
I20260601 13:21:55.459467  7087 raft_consensus.cc:2243] T 093dcf802e9343e0b716ded9e00fcc22 P 937984abaf3d45739f0a547dd9094373 [term 1 LEADER]: Raft consensus shutting down.
I20260601 13:21:55.459645  7087 raft_consensus.cc:2272] T 093dcf802e9343e0b716ded9e00fcc22 P 937984abaf3d45739f0a547dd9094373 [term 1 FOLLOWER]: Raft consensus is shut down!
I20260601 13:21:55.460007  7087 tablet_replica.cc:333] T ebfb51daf7c343d4aea10f7c01d53f1b P 937984abaf3d45739f0a547dd9094373: stopping tablet replica
I20260601 13:21:55.460107  7087 raft_consensus.cc:2243] T ebfb51daf7c343d4aea10f7c01d53f1b P 937984abaf3d45739f0a547dd9094373 [term 1 FOLLOWER]: Raft consensus shutting down.
I20260601 13:21:55.460232  7087 raft_consensus.cc:2272] T ebfb51daf7c343d4aea10f7c01d53f1b P 937984abaf3d45739f0a547dd9094373 [term 1 FOLLOWER]: Raft consensus is shut down!
I20260601 13:21:55.460815  7087 tablet_replica.cc:333] T 7731e773a21b4fac9fa136f9231bada9 P 937984abaf3d45739f0a547dd9094373: stopping tablet replica
I20260601 13:21:55.460933  7087 raft_consensus.cc:2243] T 7731e773a21b4fac9fa136f9231bada9 P 937984abaf3d45739f0a547dd9094373 [term 1 LEADER]: Raft consensus shutting down.
I20260601 13:21:55.461143  7087 raft_consensus.cc:2272] T 7731e773a21b4fac9fa136f9231bada9 P 937984abaf3d45739f0a547dd9094373 [term 1 FOLLOWER]: Raft consensus is shut down!
I20260601 13:21:55.461771  7087 tablet_replica.cc:333] T 28649d53d7c146c99acec51a378da8d4 P 937984abaf3d45739f0a547dd9094373: stopping tablet replica
I20260601 13:21:55.461877  7087 raft_consensus.cc:2243] T 28649d53d7c146c99acec51a378da8d4 P 937984abaf3d45739f0a547dd9094373 [term 1 FOLLOWER]: Raft consensus shutting down.
I20260601 13:21:55.461978  7087 raft_consensus.cc:2272] T 28649d53d7c146c99acec51a378da8d4 P 937984abaf3d45739f0a547dd9094373 [term 1 FOLLOWER]: Raft consensus is shut down!
I20260601 13:21:55.462486  7087 tablet_replica.cc:333] T 5f3eb07100c14866a6b52489af86ba27 P 937984abaf3d45739f0a547dd9094373: stopping tablet replica
I20260601 13:21:55.462584  7087 raft_consensus.cc:2243] T 5f3eb07100c14866a6b52489af86ba27 P 937984abaf3d45739f0a547dd9094373 [term 1 FOLLOWER]: Raft consensus shutting down.
I20260601 13:21:55.462673  7087 raft_consensus.cc:2272] T 5f3eb07100c14866a6b52489af86ba27 P 937984abaf3d45739f0a547dd9094373 [term 1 FOLLOWER]: Raft consensus is shut down!
I20260601 13:21:55.463013  7087 tablet_replica.cc:333] T 5a8464ea597041c1a7e526cd4c64d0b8 P 937984abaf3d45739f0a547dd9094373: stopping tablet replica
I20260601 13:21:55.463106  7087 raft_consensus.cc:2243] T 5a8464ea597041c1a7e526cd4c64d0b8 P 937984abaf3d45739f0a547dd9094373 [term 2 FOLLOWER]: Raft consensus shutting down.
I20260601 13:21:55.463196  7087 raft_consensus.cc:2272] T 5a8464ea597041c1a7e526cd4c64d0b8 P 937984abaf3d45739f0a547dd9094373 [term 2 FOLLOWER]: Raft consensus is shut down!
I20260601 13:21:55.468405  7087 tablet_server.cc:196] TabletServer@127.6.235.195:0 shutdown complete.
I20260601 13:21:55.471562  7087 tablet_server.cc:179] TabletServer@127.6.235.196:0 shutting down...
I20260601 13:21:55.477439  7087 ts_tablet_manager.cc:1507] Shutting down tablet manager...
I20260601 13:21:55.490021  7087 tablet_server.cc:196] TabletServer@127.6.235.196:0 shutdown complete.
I20260601 13:21:55.492228  7087 master.cc:562] Master@127.6.235.254:37675 shutting down...
W20260601 13:21:55.497496  7701 auto_rebalancer.cc:835] Removing replace marker failed: Catalog manager is not initialized. State: Closing
W20260601 13:21:55.497632  7701 auto_rebalancer.cc:863] Could not move replica: Service unavailable: Catalog manager is not initialized. State: Closing
W20260601 13:21:55.497691  7701 auto_rebalancer.cc:300] scheduled replica move failed to complete: Service unavailable: Catalog manager is not initialized. State: Closing
I20260601 13:21:55.498139  7087 raft_consensus.cc:2243] T 00000000000000000000000000000000 P 419ac90a61134a1fb45ddfda08797371 [term 1 LEADER]: Raft consensus shutting down.
I20260601 13:21:55.498342  7087 raft_consensus.cc:2272] T 00000000000000000000000000000000 P 419ac90a61134a1fb45ddfda08797371 [term 1 FOLLOWER]: Raft consensus is shut down!
I20260601 13:21:55.498448  7087 tablet_replica.cc:333] T 00000000000000000000000000000000 P 419ac90a61134a1fb45ddfda08797371: stopping tablet replica
I20260601 13:21:55.511883  7087 master.cc:584] Master@127.6.235.254:37675 shutdown complete.
[       OK ] AutoRebalancerTest.AutoRebalancingTurnOffAndOn (7253 ms)
[ RUN      ] AutoRebalancerTest.NextLeaderResumesAutoRebalancing
I20260601 13:21:55.523712  7087 internal_mini_cluster.cc:156] Creating distributed mini masters. Addrs: 127.6.235.254:46235,127.6.235.253:39951,127.6.235.252:40127
I20260601 13:21:55.524195  7087 file_cache.cc:492] Constructed file cache file cache with capacity 419430
W20260601 13:21:55.526865  8142 instance_detector.cc:116] could not retrieve OpenStack instance metadata: Network error: curl error: HTTP response code said error: The requested URL returned error: 404
W20260601 13:21:55.526922  8139 instance_detector.cc:116] could not retrieve AWS instance metadata: Network error: curl error: HTTP response code said error: The requested URL returned error: 404
W20260601 13:21:55.526893  8140 instance_detector.cc:116] could not retrieve Azure instance metadata: Network error: curl error: HTTP response code said error: The requested URL returned error: 404
I20260601 13:21:55.527108  7087 server_base.cc:1061] running on GCE node
I20260601 13:21:55.527297  7087 hybrid_clock.cc:584] initializing the hybrid clock with 'system_unsync' time source
W20260601 13:21:55.527411  7087 system_unsync_time.cc:38] NTP support is disabled. Clock error bounds will not be accurate. This configuration is not suitable for distributed clusters.
I20260601 13:21:55.527429  7087 hybrid_clock.cc:648] HybridClock initialized: now 1780320115527429 us; error 0 us; skew 500 ppm
I20260601 13:21:55.528393  7087 webserver.cc:533] Webserver started at http://127.6.235.254:41745/ using document root <none> and password file <none>
I20260601 13:21:55.528582  7087 fs_manager.cc:362] Metadata directory not provided
I20260601 13:21:55.528651  7087 fs_manager.cc:368] Using write-ahead log directory (fs_wal_dir) as metadata directory
I20260601 13:21:55.528736  7087 server_base.cc:909] This appears to be a new deployment of Kudu; creating new FS layout
I20260601 13:21:55.529155  7087 fs_manager.cc:1068] Generated new instance metadata in path /tmp/dist-test-taskDqJrYL/test-tmp/auto_rebalancer-test.0.AutoRebalancerTest.NextLeaderResumesAutoRebalancing.1780320105575575-7087-0/minicluster-data/master-0-root/instance:
uuid: "40ae189e36e34527919522ebb4f4847e"
format_stamp: "Formatted at 2026-06-01 13:21:55 on dist-test-slave-zw2r"
I20260601 13:21:55.530834  7087 fs_manager.cc:696] Time spent creating directory manager: real 0.001s	user 0.001s	sys 0.000s
I20260601 13:21:55.531944  8147 log_block_manager.cc:4031] Time spent loading block containers with low live blocks: real 0.000s	user 0.000s	sys 0.000s
I20260601 13:21:55.532176  7087 fs_manager.cc:730] Time spent opening block manager: real 0.001s	user 0.001s	sys 0.000s
I20260601 13:21:55.532266  7087 fs_manager.cc:647] Opened local filesystem: /tmp/dist-test-taskDqJrYL/test-tmp/auto_rebalancer-test.0.AutoRebalancerTest.NextLeaderResumesAutoRebalancing.1780320105575575-7087-0/minicluster-data/master-0-root
uuid: "40ae189e36e34527919522ebb4f4847e"
format_stamp: "Formatted at 2026-06-01 13:21:55 on dist-test-slave-zw2r"
I20260601 13:21:55.532421  7087 fs_report.cc:389] FS layout report
--------------------
wal directory: /tmp/dist-test-taskDqJrYL/test-tmp/auto_rebalancer-test.0.AutoRebalancerTest.NextLeaderResumesAutoRebalancing.1780320105575575-7087-0/minicluster-data/master-0-root
metadata directory: /tmp/dist-test-taskDqJrYL/test-tmp/auto_rebalancer-test.0.AutoRebalancerTest.NextLeaderResumesAutoRebalancing.1780320105575575-7087-0/minicluster-data/master-0-root
1 data directories: /tmp/dist-test-taskDqJrYL/test-tmp/auto_rebalancer-test.0.AutoRebalancerTest.NextLeaderResumesAutoRebalancing.1780320105575575-7087-0/minicluster-data/master-0-root/data
Total live blocks: 0
Total live bytes: 0
Total live bytes (after alignment): 0
Total number of LBM containers: 0 (0 full)
Did not check for missing blocks
Did not check for orphaned blocks
Total full LBM containers with extra space: 0 (0 repaired)
Total full LBM container extra space in bytes: 0 (0 repaired)
Total incomplete LBM containers: 0 (0 repaired)
Total LBM partial records: 0 (0 repaired)
Total corrupted LBM metadata records in RocksDB: 0 (0 repaired)
I20260601 13:21:55.546577  7087 rpc_server.cc:225] running with OpenSSL 1.1.1  11 Sep 2018
I20260601 13:21:55.547047  7087 kserver.cc:163] Server-wide thread pool size limit: 3276
I20260601 13:21:55.551661  7087 rpc_server.cc:307] RPC server started. Bound to: 127.6.235.254:46235
I20260601 13:21:55.553182  7087 file_cache.cc:492] Constructed file cache file cache with capacity 419430
I20260601 13:21:55.554831  8199 acceptor_pool.cc:272] collecting diagnostics on the listening RPC socket 127.6.235.254:46235 every 8 connection(s)
I20260601 13:21:55.555678  8200 data_dirs.cc:400] Could only allocate 1 dirs of requested 3 for tablet 00000000000000000000000000000000. 1 dirs total, 0 dirs full, 0 dirs failed
W20260601 13:21:55.558573  8205 instance_detector.cc:116] could not retrieve OpenStack instance metadata: Network error: curl error: HTTP response code said error: The requested URL returned error: 404
I20260601 13:21:55.559134  8200 sys_catalog.cc:422] member_type: VOTER last_known_addr { host: "127.6.235.254" port: 46235 } has no permanent_uuid. Determining permanent_uuid...
W20260601 13:21:55.559441  8203 instance_detector.cc:116] could not retrieve Azure instance metadata: Network error: curl error: HTTP response code said error: The requested URL returned error: 404
I20260601 13:21:55.559600  7087 server_base.cc:1061] running on GCE node
W20260601 13:21:55.560079  8202 instance_detector.cc:116] could not retrieve AWS instance metadata: Network error: curl error: HTTP response code said error: The requested URL returned error: 404
I20260601 13:21:55.560295  7087 hybrid_clock.cc:584] initializing the hybrid clock with 'system_unsync' time source
W20260601 13:21:55.560369  7087 system_unsync_time.cc:38] NTP support is disabled. Clock error bounds will not be accurate. This configuration is not suitable for distributed clusters.
I20260601 13:21:55.560504  7087 hybrid_clock.cc:648] HybridClock initialized: now 1780320115560503 us; error 0 us; skew 500 ppm
I20260601 13:21:55.561568  7087 webserver.cc:533] Webserver started at http://127.6.235.253:38607/ using document root <none> and password file <none>
I20260601 13:21:55.561740  7087 fs_manager.cc:362] Metadata directory not provided
I20260601 13:21:55.561795  7087 fs_manager.cc:368] Using write-ahead log directory (fs_wal_dir) as metadata directory
I20260601 13:21:55.561913  7087 server_base.cc:909] This appears to be a new deployment of Kudu; creating new FS layout
I20260601 13:21:55.562358  7087 fs_manager.cc:1068] Generated new instance metadata in path /tmp/dist-test-taskDqJrYL/test-tmp/auto_rebalancer-test.0.AutoRebalancerTest.NextLeaderResumesAutoRebalancing.1780320105575575-7087-0/minicluster-data/master-1-root/instance:
uuid: "9098d97253db4b29ad66d577e359121d"
format_stamp: "Formatted at 2026-06-01 13:21:55 on dist-test-slave-zw2r"
I20260601 13:21:55.564287  7087 fs_manager.cc:696] Time spent creating directory manager: real 0.002s	user 0.002s	sys 0.001s
I20260601 13:21:55.564747  8200 sys_catalog.cc:422] member_type: VOTER last_known_addr { host: "127.6.235.253" port: 39951 } has no permanent_uuid. Determining permanent_uuid...
I20260601 13:21:55.565502  8212 log_block_manager.cc:4031] Time spent loading block containers with low live blocks: real 0.000s	user 0.000s	sys 0.000s
W20260601 13:21:55.565551  8150 proxy.cc:239] Call had error, refreshing address and retrying: Network error: Client connection negotiation failed: client connection to 127.6.235.253:39951: connect: Connection refused (error 111) [suppressed 1 similar messages]
I20260601 13:21:55.565765  7087 fs_manager.cc:730] Time spent opening block manager: real 0.001s	user 0.001s	sys 0.000s
I20260601 13:21:55.565860  7087 fs_manager.cc:647] Opened local filesystem: /tmp/dist-test-taskDqJrYL/test-tmp/auto_rebalancer-test.0.AutoRebalancerTest.NextLeaderResumesAutoRebalancing.1780320105575575-7087-0/minicluster-data/master-1-root
uuid: "9098d97253db4b29ad66d577e359121d"
format_stamp: "Formatted at 2026-06-01 13:21:55 on dist-test-slave-zw2r"
I20260601 13:21:55.565936  7087 fs_report.cc:389] FS layout report
--------------------
wal directory: /tmp/dist-test-taskDqJrYL/test-tmp/auto_rebalancer-test.0.AutoRebalancerTest.NextLeaderResumesAutoRebalancing.1780320105575575-7087-0/minicluster-data/master-1-root
metadata directory: /tmp/dist-test-taskDqJrYL/test-tmp/auto_rebalancer-test.0.AutoRebalancerTest.NextLeaderResumesAutoRebalancing.1780320105575575-7087-0/minicluster-data/master-1-root
1 data directories: /tmp/dist-test-taskDqJrYL/test-tmp/auto_rebalancer-test.0.AutoRebalancerTest.NextLeaderResumesAutoRebalancing.1780320105575575-7087-0/minicluster-data/master-1-root/data
Total live blocks: 0
Total live bytes: 0
Total live bytes (after alignment): 0
Total number of LBM containers: 0 (0 full)
Did not check for missing blocks
Did not check for orphaned blocks
Total full LBM containers with extra space: 0 (0 repaired)
Total full LBM container extra space in bytes: 0 (0 repaired)
Total incomplete LBM containers: 0 (0 repaired)
Total LBM partial records: 0 (0 repaired)
Total corrupted LBM metadata records in RocksDB: 0 (0 repaired)
W20260601 13:21:55.566411  8200 consensus_peers.cc:760] Error getting permanent uuid from config peer 127.6.235.253:39951: Network error: Client connection negotiation failed: client connection to 127.6.235.253:39951: connect: Connection refused (error 111)
I20260601 13:21:55.580745  7087 rpc_server.cc:225] running with OpenSSL 1.1.1  11 Sep 2018
I20260601 13:21:55.581324  7087 kserver.cc:163] Server-wide thread pool size limit: 3276
I20260601 13:21:55.585623  7087 rpc_server.cc:307] RPC server started. Bound to: 127.6.235.253:39951
I20260601 13:21:55.585645  8265 acceptor_pool.cc:272] collecting diagnostics on the listening RPC socket 127.6.235.253:39951 every 8 connection(s)
I20260601 13:21:55.586488  7087 file_cache.cc:492] Constructed file cache file cache with capacity 419430
I20260601 13:21:55.586792  8266 data_dirs.cc:400] Could only allocate 1 dirs of requested 3 for tablet 00000000000000000000000000000000. 1 dirs total, 0 dirs full, 0 dirs failed
W20260601 13:21:55.588461  8268 instance_detector.cc:116] could not retrieve AWS instance metadata: Network error: curl error: HTTP response code said error: The requested URL returned error: 404
W20260601 13:21:55.588589  8269 instance_detector.cc:116] could not retrieve Azure instance metadata: Network error: curl error: HTTP response code said error: The requested URL returned error: 404
I20260601 13:21:55.588613  8266 sys_catalog.cc:422] member_type: VOTER last_known_addr { host: "127.6.235.254" port: 46235 } has no permanent_uuid. Determining permanent_uuid...
W20260601 13:21:55.588682  8271 instance_detector.cc:116] could not retrieve OpenStack instance metadata: Network error: curl error: HTTP response code said error: The requested URL returned error: 404
I20260601 13:21:55.589388  7087 server_base.cc:1061] running on GCE node
I20260601 13:21:55.589587  7087 hybrid_clock.cc:584] initializing the hybrid clock with 'system_unsync' time source
W20260601 13:21:55.589663  7087 system_unsync_time.cc:38] NTP support is disabled. Clock error bounds will not be accurate. This configuration is not suitable for distributed clusters.
I20260601 13:21:55.589699  7087 hybrid_clock.cc:648] HybridClock initialized: now 1780320115589698 us; error 0 us; skew 500 ppm
I20260601 13:21:55.590857  7087 webserver.cc:533] Webserver started at http://127.6.235.252:34747/ using document root <none> and password file <none>
I20260601 13:21:55.591032  7087 fs_manager.cc:362] Metadata directory not provided
I20260601 13:21:55.591089  7087 fs_manager.cc:368] Using write-ahead log directory (fs_wal_dir) as metadata directory
I20260601 13:21:55.591156  7087 server_base.cc:909] This appears to be a new deployment of Kudu; creating new FS layout
I20260601 13:21:55.591617  7087 fs_manager.cc:1068] Generated new instance metadata in path /tmp/dist-test-taskDqJrYL/test-tmp/auto_rebalancer-test.0.AutoRebalancerTest.NextLeaderResumesAutoRebalancing.1780320105575575-7087-0/minicluster-data/master-2-root/instance:
uuid: "45987b0c402848b684114c7aaa8a2a1f"
format_stamp: "Formatted at 2026-06-01 13:21:55 on dist-test-slave-zw2r"
I20260601 13:21:55.592555  8200 consensus_peers.cc:770] Retrying to get permanent uuid for remote peer: member_type: VOTER last_known_addr { host: "127.6.235.253" port: 39951 } attempt: 1
I20260601 13:21:55.593680  7087 fs_manager.cc:696] Time spent creating directory manager: real 0.002s	user 0.003s	sys 0.000s
I20260601 13:21:55.594233  8266 sys_catalog.cc:422] member_type: VOTER last_known_addr { host: "127.6.235.253" port: 39951 } has no permanent_uuid. Determining permanent_uuid...
I20260601 13:21:55.595139  8278 log_block_manager.cc:4031] Time spent loading block containers with low live blocks: real 0.000s	user 0.000s	sys 0.000s
I20260601 13:21:55.595482  7087 fs_manager.cc:730] Time spent opening block manager: real 0.001s	user 0.001s	sys 0.000s
I20260601 13:21:55.595570  7087 fs_manager.cc:647] Opened local filesystem: /tmp/dist-test-taskDqJrYL/test-tmp/auto_rebalancer-test.0.AutoRebalancerTest.NextLeaderResumesAutoRebalancing.1780320105575575-7087-0/minicluster-data/master-2-root
uuid: "45987b0c402848b684114c7aaa8a2a1f"
format_stamp: "Formatted at 2026-06-01 13:21:55 on dist-test-slave-zw2r"
I20260601 13:21:55.595646  7087 fs_report.cc:389] FS layout report
--------------------
wal directory: /tmp/dist-test-taskDqJrYL/test-tmp/auto_rebalancer-test.0.AutoRebalancerTest.NextLeaderResumesAutoRebalancing.1780320105575575-7087-0/minicluster-data/master-2-root
metadata directory: /tmp/dist-test-taskDqJrYL/test-tmp/auto_rebalancer-test.0.AutoRebalancerTest.NextLeaderResumesAutoRebalancing.1780320105575575-7087-0/minicluster-data/master-2-root
1 data directories: /tmp/dist-test-taskDqJrYL/test-tmp/auto_rebalancer-test.0.AutoRebalancerTest.NextLeaderResumesAutoRebalancing.1780320105575575-7087-0/minicluster-data/master-2-root/data
Total live blocks: 0
