I20260601 13:38:32.373467   341 raft_consensus.cc:740] T 336cc213af0f4c2b98e022fe93fd0115 P 7c54a43247584b91ac8a6d40370567d1 [term 0 FOLLOWER]: Becoming Follower/Learner. State: Replica: 7c54a43247584b91ac8a6d40370567d1, State: Initialized, Role: FOLLOWER
I20260601 13:38:32.373492   344 consensus_queue.cc:260] T 7ea34920bd99474894969cfa29f51fbd P 8414c1487f514b0495462664699e4db2 [NON_LEADER]: Queue going to NON_LEADER mode. State: All replicated index: 0, Majority replicated index: 0, Committed index: 0, Last appended: 0.0, Last appended by leader: 0, Current term: 0, Majority size: -1, State: 0, Mode: NON_LEADER, active raft config: opid_index: -1 OBSOLETE_local: false peers { permanent_uuid: "7c54a43247584b91ac8a6d40370567d1" member_type: VOTER last_known_addr { host: "127.29.69.65" port: 44205 } } peers { permanent_uuid: "bcfd90b4dd6c44568012689f7cc7345d" member_type: VOTER last_known_addr { host: "127.29.69.66" port: 39753 } } peers { permanent_uuid: "8414c1487f514b0495462664699e4db2" member_type: VOTER last_known_addr { host: "127.29.69.67" port: 44909 } }
I20260601 13:38:32.373579   341 consensus_queue.cc:260] T 336cc213af0f4c2b98e022fe93fd0115 P 7c54a43247584b91ac8a6d40370567d1 [NON_LEADER]: Queue going to NON_LEADER mode. State: All replicated index: 0, Majority replicated index: 0, Committed index: 0, Last appended: 0.0, Last appended by leader: 0, Current term: 0, Majority size: -1, State: 0, Mode: NON_LEADER, active raft config: opid_index: -1 OBSOLETE_local: false peers { permanent_uuid: "7c54a43247584b91ac8a6d40370567d1" member_type: VOTER last_known_addr { host: "127.29.69.65" port: 44205 } } peers { permanent_uuid: "bcfd90b4dd6c44568012689f7cc7345d" member_type: VOTER last_known_addr { host: "127.29.69.66" port: 39753 } } peers { permanent_uuid: "8414c1487f514b0495462664699e4db2" member_type: VOTER last_known_addr { host: "127.29.69.67" port: 44909 } }
I20260601 13:38:32.373760   344 ts_tablet_manager.cc:1434] T 7ea34920bd99474894969cfa29f51fbd P 8414c1487f514b0495462664699e4db2: Time spent starting tablet: real 0.001s	user 0.000s	sys 0.000s
I20260601 13:38:32.373893   344 tablet_bootstrap.cc:492] T a8ae9fb3293944e1b6b7c9490f01b755 P 8414c1487f514b0495462664699e4db2: Bootstrap starting.
I20260601 13:38:32.373900   341 ts_tablet_manager.cc:1434] T 336cc213af0f4c2b98e022fe93fd0115 P 7c54a43247584b91ac8a6d40370567d1: Time spent starting tablet: real 0.001s	user 0.000s	sys 0.000s
I20260601 13:38:32.374120   341 tablet_bootstrap.cc:492] T 7ea34920bd99474894969cfa29f51fbd P 7c54a43247584b91ac8a6d40370567d1: Bootstrap starting.
I20260601 13:38:32.374953   344 tablet_bootstrap.cc:654] T a8ae9fb3293944e1b6b7c9490f01b755 P 8414c1487f514b0495462664699e4db2: Neither blocks nor log segments found. Creating new log.
I20260601 13:38:32.375293   341 tablet_bootstrap.cc:654] T 7ea34920bd99474894969cfa29f51fbd P 7c54a43247584b91ac8a6d40370567d1: Neither blocks nor log segments found. Creating new log.
I20260601 13:38:32.375921   344 tablet_bootstrap.cc:492] T a8ae9fb3293944e1b6b7c9490f01b755 P 8414c1487f514b0495462664699e4db2: No bootstrap required, opened a new log
I20260601 13:38:32.376000   344 ts_tablet_manager.cc:1403] T a8ae9fb3293944e1b6b7c9490f01b755 P 8414c1487f514b0495462664699e4db2: Time spent bootstrapping tablet: real 0.002s	user 0.002s	sys 0.000s
I20260601 13:38:32.376411   344 raft_consensus.cc:359] T a8ae9fb3293944e1b6b7c9490f01b755 P 8414c1487f514b0495462664699e4db2 [term 0 FOLLOWER]: Replica starting. Triggering 0 pending ops. Active config: opid_index: -1 OBSOLETE_local: false peers { permanent_uuid: "7c54a43247584b91ac8a6d40370567d1" member_type: VOTER last_known_addr { host: "127.29.69.65" port: 44205 } } peers { permanent_uuid: "bcfd90b4dd6c44568012689f7cc7345d" member_type: VOTER last_known_addr { host: "127.29.69.66" port: 39753 } } peers { permanent_uuid: "8414c1487f514b0495462664699e4db2" member_type: VOTER last_known_addr { host: "127.29.69.67" port: 44909 } }
I20260601 13:38:32.376500   344 raft_consensus.cc:385] T a8ae9fb3293944e1b6b7c9490f01b755 P 8414c1487f514b0495462664699e4db2 [term 0 FOLLOWER]: Consensus starting up: Expiring failure detector timer to make a prompt election more likely
I20260601 13:38:32.376529   344 raft_consensus.cc:740] T a8ae9fb3293944e1b6b7c9490f01b755 P 8414c1487f514b0495462664699e4db2 [term 0 FOLLOWER]: Becoming Follower/Learner. State: Replica: 8414c1487f514b0495462664699e4db2, State: Initialized, Role: FOLLOWER
I20260601 13:38:32.376533   341 tablet_bootstrap.cc:492] T 7ea34920bd99474894969cfa29f51fbd P 7c54a43247584b91ac8a6d40370567d1: No bootstrap required, opened a new log
I20260601 13:38:32.376736   344 consensus_queue.cc:260] T a8ae9fb3293944e1b6b7c9490f01b755 P 8414c1487f514b0495462664699e4db2 [NON_LEADER]: Queue going to NON_LEADER mode. State: All replicated index: 0, Majority replicated index: 0, Committed index: 0, Last appended: 0.0, Last appended by leader: 0, Current term: 0, Majority size: -1, State: 0, Mode: NON_LEADER, active raft config: opid_index: -1 OBSOLETE_local: false peers { permanent_uuid: "7c54a43247584b91ac8a6d40370567d1" member_type: VOTER last_known_addr { host: "127.29.69.65" port: 44205 } } peers { permanent_uuid: "bcfd90b4dd6c44568012689f7cc7345d" member_type: VOTER last_known_addr { host: "127.29.69.66" port: 39753 } } peers { permanent_uuid: "8414c1487f514b0495462664699e4db2" member_type: VOTER last_known_addr { host: "127.29.69.67" port: 44909 } }
I20260601 13:38:32.376787   341 ts_tablet_manager.cc:1403] T 7ea34920bd99474894969cfa29f51fbd P 7c54a43247584b91ac8a6d40370567d1: Time spent bootstrapping tablet: real 0.003s	user 0.002s	sys 0.001s
I20260601 13:38:32.376992   344 ts_tablet_manager.cc:1434] T a8ae9fb3293944e1b6b7c9490f01b755 P 8414c1487f514b0495462664699e4db2: Time spent starting tablet: real 0.001s	user 0.001s	sys 0.000s
I20260601 13:38:32.377254   344 tablet_bootstrap.cc:492] T 2dc2f1c7aa084656aaf4dea0a5a44ecf P 8414c1487f514b0495462664699e4db2: Bootstrap starting.
I20260601 13:38:32.377288   341 raft_consensus.cc:359] T 7ea34920bd99474894969cfa29f51fbd P 7c54a43247584b91ac8a6d40370567d1 [term 0 FOLLOWER]: Replica starting. Triggering 0 pending ops. Active config: opid_index: -1 OBSOLETE_local: false peers { permanent_uuid: "7c54a43247584b91ac8a6d40370567d1" member_type: VOTER last_known_addr { host: "127.29.69.65" port: 44205 } } peers { permanent_uuid: "bcfd90b4dd6c44568012689f7cc7345d" member_type: VOTER last_known_addr { host: "127.29.69.66" port: 39753 } } peers { permanent_uuid: "8414c1487f514b0495462664699e4db2" member_type: VOTER last_known_addr { host: "127.29.69.67" port: 44909 } }
I20260601 13:38:32.377487   341 raft_consensus.cc:385] T 7ea34920bd99474894969cfa29f51fbd P 7c54a43247584b91ac8a6d40370567d1 [term 0 FOLLOWER]: Consensus starting up: Expiring failure detector timer to make a prompt election more likely
I20260601 13:38:32.377575   341 raft_consensus.cc:740] T 7ea34920bd99474894969cfa29f51fbd P 7c54a43247584b91ac8a6d40370567d1 [term 0 FOLLOWER]: Becoming Follower/Learner. State: Replica: 7c54a43247584b91ac8a6d40370567d1, State: Initialized, Role: FOLLOWER
I20260601 13:38:32.377808   341 consensus_queue.cc:260] T 7ea34920bd99474894969cfa29f51fbd P 7c54a43247584b91ac8a6d40370567d1 [NON_LEADER]: Queue going to NON_LEADER mode. State: All replicated index: 0, Majority replicated index: 0, Committed index: 0, Last appended: 0.0, Last appended by leader: 0, Current term: 0, Majority size: -1, State: 0, Mode: NON_LEADER, active raft config: opid_index: -1 OBSOLETE_local: false peers { permanent_uuid: "7c54a43247584b91ac8a6d40370567d1" member_type: VOTER last_known_addr { host: "127.29.69.65" port: 44205 } } peers { permanent_uuid: "bcfd90b4dd6c44568012689f7cc7345d" member_type: VOTER last_known_addr { host: "127.29.69.66" port: 39753 } } peers { permanent_uuid: "8414c1487f514b0495462664699e4db2" member_type: VOTER last_known_addr { host: "127.29.69.67" port: 44909 } }
I20260601 13:38:32.370297   340 tablet_bootstrap.cc:492] T a8ae9fb3293944e1b6b7c9490f01b755 P bcfd90b4dd6c44568012689f7cc7345d: Bootstrap starting.
I20260601 13:38:32.378260   341 ts_tablet_manager.cc:1434] T 7ea34920bd99474894969cfa29f51fbd P 7c54a43247584b91ac8a6d40370567d1: Time spent starting tablet: real 0.001s	user 0.000s	sys 0.001s
I20260601 13:38:32.378425   341 tablet_bootstrap.cc:492] T a8ae9fb3293944e1b6b7c9490f01b755 P 7c54a43247584b91ac8a6d40370567d1: Bootstrap starting.
I20260601 13:38:32.378470   344 tablet_bootstrap.cc:654] T 2dc2f1c7aa084656aaf4dea0a5a44ecf P 8414c1487f514b0495462664699e4db2: Neither blocks nor log segments found. Creating new log.
I20260601 13:38:32.379491   340 tablet_bootstrap.cc:654] T a8ae9fb3293944e1b6b7c9490f01b755 P bcfd90b4dd6c44568012689f7cc7345d: Neither blocks nor log segments found. Creating new log.
I20260601 13:38:32.379676   344 tablet_bootstrap.cc:492] T 2dc2f1c7aa084656aaf4dea0a5a44ecf P 8414c1487f514b0495462664699e4db2: No bootstrap required, opened a new log
I20260601 13:38:32.379704   341 tablet_bootstrap.cc:654] T a8ae9fb3293944e1b6b7c9490f01b755 P 7c54a43247584b91ac8a6d40370567d1: Neither blocks nor log segments found. Creating new log.
I20260601 13:38:32.379758   344 ts_tablet_manager.cc:1403] T 2dc2f1c7aa084656aaf4dea0a5a44ecf P 8414c1487f514b0495462664699e4db2: Time spent bootstrapping tablet: real 0.003s	user 0.002s	sys 0.000s
I20260601 13:38:32.380209   344 raft_consensus.cc:359] T 2dc2f1c7aa084656aaf4dea0a5a44ecf P 8414c1487f514b0495462664699e4db2 [term 0 FOLLOWER]: Replica starting. Triggering 0 pending ops. Active config: opid_index: -1 OBSOLETE_local: false peers { permanent_uuid: "7c54a43247584b91ac8a6d40370567d1" member_type: VOTER last_known_addr { host: "127.29.69.65" port: 44205 } } peers { permanent_uuid: "bcfd90b4dd6c44568012689f7cc7345d" member_type: VOTER last_known_addr { host: "127.29.69.66" port: 39753 } } peers { permanent_uuid: "8414c1487f514b0495462664699e4db2" member_type: VOTER last_known_addr { host: "127.29.69.67" port: 44909 } }
I20260601 13:38:32.380313   344 raft_consensus.cc:385] T 2dc2f1c7aa084656aaf4dea0a5a44ecf P 8414c1487f514b0495462664699e4db2 [term 0 FOLLOWER]: Consensus starting up: Expiring failure detector timer to make a prompt election more likely
I20260601 13:38:32.380350   344 raft_consensus.cc:740] T 2dc2f1c7aa084656aaf4dea0a5a44ecf P 8414c1487f514b0495462664699e4db2 [term 0 FOLLOWER]: Becoming Follower/Learner. State: Replica: 8414c1487f514b0495462664699e4db2, State: Initialized, Role: FOLLOWER
I20260601 13:38:32.380456   344 consensus_queue.cc:260] T 2dc2f1c7aa084656aaf4dea0a5a44ecf P 8414c1487f514b0495462664699e4db2 [NON_LEADER]: Queue going to NON_LEADER mode. State: All replicated index: 0, Majority replicated index: 0, Committed index: 0, Last appended: 0.0, Last appended by leader: 0, Current term: 0, Majority size: -1, State: 0, Mode: NON_LEADER, active raft config: opid_index: -1 OBSOLETE_local: false peers { permanent_uuid: "7c54a43247584b91ac8a6d40370567d1" member_type: VOTER last_known_addr { host: "127.29.69.65" port: 44205 } } peers { permanent_uuid: "bcfd90b4dd6c44568012689f7cc7345d" member_type: VOTER last_known_addr { host: "127.29.69.66" port: 39753 } } peers { permanent_uuid: "8414c1487f514b0495462664699e4db2" member_type: VOTER last_known_addr { host: "127.29.69.67" port: 44909 } }
I20260601 13:38:32.380729   344 ts_tablet_manager.cc:1434] T 2dc2f1c7aa084656aaf4dea0a5a44ecf P 8414c1487f514b0495462664699e4db2: Time spent starting tablet: real 0.001s	user 0.001s	sys 0.000s
I20260601 13:38:32.380919   341 tablet_bootstrap.cc:492] T a8ae9fb3293944e1b6b7c9490f01b755 P 7c54a43247584b91ac8a6d40370567d1: No bootstrap required, opened a new log
I20260601 13:38:32.381018   341 ts_tablet_manager.cc:1403] T a8ae9fb3293944e1b6b7c9490f01b755 P 7c54a43247584b91ac8a6d40370567d1: Time spent bootstrapping tablet: real 0.003s	user 0.000s	sys 0.002s
I20260601 13:38:32.381109   340 tablet_bootstrap.cc:492] T a8ae9fb3293944e1b6b7c9490f01b755 P bcfd90b4dd6c44568012689f7cc7345d: No bootstrap required, opened a new log
I20260601 13:38:32.381199   340 ts_tablet_manager.cc:1403] T a8ae9fb3293944e1b6b7c9490f01b755 P bcfd90b4dd6c44568012689f7cc7345d: Time spent bootstrapping tablet: real 0.011s	user 0.002s	sys 0.000s
I20260601 13:38:32.381507   341 raft_consensus.cc:359] T a8ae9fb3293944e1b6b7c9490f01b755 P 7c54a43247584b91ac8a6d40370567d1 [term 0 FOLLOWER]: Replica starting. Triggering 0 pending ops. Active config: opid_index: -1 OBSOLETE_local: false peers { permanent_uuid: "7c54a43247584b91ac8a6d40370567d1" member_type: VOTER last_known_addr { host: "127.29.69.65" port: 44205 } } peers { permanent_uuid: "bcfd90b4dd6c44568012689f7cc7345d" member_type: VOTER last_known_addr { host: "127.29.69.66" port: 39753 } } peers { permanent_uuid: "8414c1487f514b0495462664699e4db2" member_type: VOTER last_known_addr { host: "127.29.69.67" port: 44909 } }
I20260601 13:38:32.381557   340 raft_consensus.cc:359] T a8ae9fb3293944e1b6b7c9490f01b755 P bcfd90b4dd6c44568012689f7cc7345d [term 0 FOLLOWER]: Replica starting. Triggering 0 pending ops. Active config: opid_index: -1 OBSOLETE_local: false peers { permanent_uuid: "7c54a43247584b91ac8a6d40370567d1" member_type: VOTER last_known_addr { host: "127.29.69.65" port: 44205 } } peers { permanent_uuid: "bcfd90b4dd6c44568012689f7cc7345d" member_type: VOTER last_known_addr { host: "127.29.69.66" port: 39753 } } peers { permanent_uuid: "8414c1487f514b0495462664699e4db2" member_type: VOTER last_known_addr { host: "127.29.69.67" port: 44909 } }
I20260601 13:38:32.381628   341 raft_consensus.cc:385] T a8ae9fb3293944e1b6b7c9490f01b755 P 7c54a43247584b91ac8a6d40370567d1 [term 0 FOLLOWER]: Consensus starting up: Expiring failure detector timer to make a prompt election more likely
I20260601 13:38:32.381639   340 raft_consensus.cc:385] T a8ae9fb3293944e1b6b7c9490f01b755 P bcfd90b4dd6c44568012689f7cc7345d [term 0 FOLLOWER]: Consensus starting up: Expiring failure detector timer to make a prompt election more likely
I20260601 13:38:32.381713   341 raft_consensus.cc:740] T a8ae9fb3293944e1b6b7c9490f01b755 P 7c54a43247584b91ac8a6d40370567d1 [term 0 FOLLOWER]: Becoming Follower/Learner. State: Replica: 7c54a43247584b91ac8a6d40370567d1, State: Initialized, Role: FOLLOWER
I20260601 13:38:32.381776   340 raft_consensus.cc:740] T a8ae9fb3293944e1b6b7c9490f01b755 P bcfd90b4dd6c44568012689f7cc7345d [term 0 FOLLOWER]: Becoming Follower/Learner. State: Replica: bcfd90b4dd6c44568012689f7cc7345d, State: Initialized, Role: FOLLOWER
I20260601 13:38:32.381904   341 consensus_queue.cc:260] T a8ae9fb3293944e1b6b7c9490f01b755 P 7c54a43247584b91ac8a6d40370567d1 [NON_LEADER]: Queue going to NON_LEADER mode. State: All replicated index: 0, Majority replicated index: 0, Committed index: 0, Last appended: 0.0, Last appended by leader: 0, Current term: 0, Majority size: -1, State: 0, Mode: NON_LEADER, active raft config: opid_index: -1 OBSOLETE_local: false peers { permanent_uuid: "7c54a43247584b91ac8a6d40370567d1" member_type: VOTER last_known_addr { host: "127.29.69.65" port: 44205 } } peers { permanent_uuid: "bcfd90b4dd6c44568012689f7cc7345d" member_type: VOTER last_known_addr { host: "127.29.69.66" port: 39753 } } peers { permanent_uuid: "8414c1487f514b0495462664699e4db2" member_type: VOTER last_known_addr { host: "127.29.69.67" port: 44909 } }
I20260601 13:38:32.381932   340 consensus_queue.cc:260] T a8ae9fb3293944e1b6b7c9490f01b755 P bcfd90b4dd6c44568012689f7cc7345d [NON_LEADER]: Queue going to NON_LEADER mode. State: All replicated index: 0, Majority replicated index: 0, Committed index: 0, Last appended: 0.0, Last appended by leader: 0, Current term: 0, Majority size: -1, State: 0, Mode: NON_LEADER, active raft config: opid_index: -1 OBSOLETE_local: false peers { permanent_uuid: "7c54a43247584b91ac8a6d40370567d1" member_type: VOTER last_known_addr { host: "127.29.69.65" port: 44205 } } peers { permanent_uuid: "bcfd90b4dd6c44568012689f7cc7345d" member_type: VOTER last_known_addr { host: "127.29.69.66" port: 39753 } } peers { permanent_uuid: "8414c1487f514b0495462664699e4db2" member_type: VOTER last_known_addr { host: "127.29.69.67" port: 44909 } }
I20260601 13:38:32.382133   340 ts_tablet_manager.cc:1434] T a8ae9fb3293944e1b6b7c9490f01b755 P bcfd90b4dd6c44568012689f7cc7345d: Time spent starting tablet: real 0.001s	user 0.001s	sys 0.000s
I20260601 13:38:32.382179   341 ts_tablet_manager.cc:1434] T a8ae9fb3293944e1b6b7c9490f01b755 P 7c54a43247584b91ac8a6d40370567d1: Time spent starting tablet: real 0.001s	user 0.000s	sys 0.001s
I20260601 13:38:32.382257   340 tablet_bootstrap.cc:492] T 336cc213af0f4c2b98e022fe93fd0115 P bcfd90b4dd6c44568012689f7cc7345d: Bootstrap starting.
I20260601 13:38:32.383183   340 tablet_bootstrap.cc:654] T 336cc213af0f4c2b98e022fe93fd0115 P bcfd90b4dd6c44568012689f7cc7345d: Neither blocks nor log segments found. Creating new log.
I20260601 13:38:32.384254   340 tablet_bootstrap.cc:492] T 336cc213af0f4c2b98e022fe93fd0115 P bcfd90b4dd6c44568012689f7cc7345d: No bootstrap required, opened a new log
I20260601 13:38:32.384343   340 ts_tablet_manager.cc:1403] T 336cc213af0f4c2b98e022fe93fd0115 P bcfd90b4dd6c44568012689f7cc7345d: Time spent bootstrapping tablet: real 0.002s	user 0.001s	sys 0.000s
I20260601 13:38:32.384758   340 raft_consensus.cc:359] T 336cc213af0f4c2b98e022fe93fd0115 P bcfd90b4dd6c44568012689f7cc7345d [term 0 FOLLOWER]: Replica starting. Triggering 0 pending ops. Active config: opid_index: -1 OBSOLETE_local: false peers { permanent_uuid: "7c54a43247584b91ac8a6d40370567d1" member_type: VOTER last_known_addr { host: "127.29.69.65" port: 44205 } } peers { permanent_uuid: "bcfd90b4dd6c44568012689f7cc7345d" member_type: VOTER last_known_addr { host: "127.29.69.66" port: 39753 } } peers { permanent_uuid: "8414c1487f514b0495462664699e4db2" member_type: VOTER last_known_addr { host: "127.29.69.67" port: 44909 } }
I20260601 13:38:32.384842   340 raft_consensus.cc:385] T 336cc213af0f4c2b98e022fe93fd0115 P bcfd90b4dd6c44568012689f7cc7345d [term 0 FOLLOWER]: Consensus starting up: Expiring failure detector timer to make a prompt election more likely
I20260601 13:38:32.384863   340 raft_consensus.cc:740] T 336cc213af0f4c2b98e022fe93fd0115 P bcfd90b4dd6c44568012689f7cc7345d [term 0 FOLLOWER]: Becoming Follower/Learner. State: Replica: bcfd90b4dd6c44568012689f7cc7345d, State: Initialized, Role: FOLLOWER
I20260601 13:38:32.384976   340 consensus_queue.cc:260] T 336cc213af0f4c2b98e022fe93fd0115 P bcfd90b4dd6c44568012689f7cc7345d [NON_LEADER]: Queue going to NON_LEADER mode. State: All replicated index: 0, Majority replicated index: 0, Committed index: 0, Last appended: 0.0, Last appended by leader: 0, Current term: 0, Majority size: -1, State: 0, Mode: NON_LEADER, active raft config: opid_index: -1 OBSOLETE_local: false peers { permanent_uuid: "7c54a43247584b91ac8a6d40370567d1" member_type: VOTER last_known_addr { host: "127.29.69.65" port: 44205 } } peers { permanent_uuid: "bcfd90b4dd6c44568012689f7cc7345d" member_type: VOTER last_known_addr { host: "127.29.69.66" port: 39753 } } peers { permanent_uuid: "8414c1487f514b0495462664699e4db2" member_type: VOTER last_known_addr { host: "127.29.69.67" port: 44909 } }
I20260601 13:38:32.385221   340 ts_tablet_manager.cc:1434] T 336cc213af0f4c2b98e022fe93fd0115 P bcfd90b4dd6c44568012689f7cc7345d: Time spent starting tablet: real 0.001s	user 0.001s	sys 0.000s
I20260601 13:38:32.385370   340 tablet_bootstrap.cc:492] T 2dc2f1c7aa084656aaf4dea0a5a44ecf P bcfd90b4dd6c44568012689f7cc7345d: Bootstrap starting.
I20260601 13:38:32.386387   340 tablet_bootstrap.cc:654] T 2dc2f1c7aa084656aaf4dea0a5a44ecf P bcfd90b4dd6c44568012689f7cc7345d: Neither blocks nor log segments found. Creating new log.
I20260601 13:38:32.387570   340 tablet_bootstrap.cc:492] T 2dc2f1c7aa084656aaf4dea0a5a44ecf P bcfd90b4dd6c44568012689f7cc7345d: No bootstrap required, opened a new log
I20260601 13:38:32.387705   340 ts_tablet_manager.cc:1403] T 2dc2f1c7aa084656aaf4dea0a5a44ecf P bcfd90b4dd6c44568012689f7cc7345d: Time spent bootstrapping tablet: real 0.002s	user 0.002s	sys 0.000s
I20260601 13:38:32.388134   340 raft_consensus.cc:359] T 2dc2f1c7aa084656aaf4dea0a5a44ecf P bcfd90b4dd6c44568012689f7cc7345d [term 0 FOLLOWER]: Replica starting. Triggering 0 pending ops. Active config: opid_index: -1 OBSOLETE_local: false peers { permanent_uuid: "7c54a43247584b91ac8a6d40370567d1" member_type: VOTER last_known_addr { host: "127.29.69.65" port: 44205 } } peers { permanent_uuid: "bcfd90b4dd6c44568012689f7cc7345d" member_type: VOTER last_known_addr { host: "127.29.69.66" port: 39753 } } peers { permanent_uuid: "8414c1487f514b0495462664699e4db2" member_type: VOTER last_known_addr { host: "127.29.69.67" port: 44909 } }
I20260601 13:38:32.388345   340 raft_consensus.cc:385] T 2dc2f1c7aa084656aaf4dea0a5a44ecf P bcfd90b4dd6c44568012689f7cc7345d [term 0 FOLLOWER]: Consensus starting up: Expiring failure detector timer to make a prompt election more likely
I20260601 13:38:32.388372   340 raft_consensus.cc:740] T 2dc2f1c7aa084656aaf4dea0a5a44ecf P bcfd90b4dd6c44568012689f7cc7345d [term 0 FOLLOWER]: Becoming Follower/Learner. State: Replica: bcfd90b4dd6c44568012689f7cc7345d, State: Initialized, Role: FOLLOWER
I20260601 13:38:32.388499   340 consensus_queue.cc:260] T 2dc2f1c7aa084656aaf4dea0a5a44ecf P bcfd90b4dd6c44568012689f7cc7345d [NON_LEADER]: Queue going to NON_LEADER mode. State: All replicated index: 0, Majority replicated index: 0, Committed index: 0, Last appended: 0.0, Last appended by leader: 0, Current term: 0, Majority size: -1, State: 0, Mode: NON_LEADER, active raft config: opid_index: -1 OBSOLETE_local: false peers { permanent_uuid: "7c54a43247584b91ac8a6d40370567d1" member_type: VOTER last_known_addr { host: "127.29.69.65" port: 44205 } } peers { permanent_uuid: "bcfd90b4dd6c44568012689f7cc7345d" member_type: VOTER last_known_addr { host: "127.29.69.66" port: 39753 } } peers { permanent_uuid: "8414c1487f514b0495462664699e4db2" member_type: VOTER last_known_addr { host: "127.29.69.67" port: 44909 } }
I20260601 13:38:32.388800   340 ts_tablet_manager.cc:1434] T 2dc2f1c7aa084656aaf4dea0a5a44ecf P bcfd90b4dd6c44568012689f7cc7345d: Time spent starting tablet: real 0.001s	user 0.000s	sys 0.001s
I20260601 13:38:32.407220   346 raft_consensus.cc:493] T 7ea34920bd99474894969cfa29f51fbd P 7c54a43247584b91ac8a6d40370567d1 [term 0 FOLLOWER]: Starting pre-election (no leader contacted us within the election timeout)
I20260601 13:38:32.407454   346 raft_consensus.cc:515] T 7ea34920bd99474894969cfa29f51fbd P 7c54a43247584b91ac8a6d40370567d1 [term 0 FOLLOWER]: Starting pre-election with config: opid_index: -1 OBSOLETE_local: false peers { permanent_uuid: "7c54a43247584b91ac8a6d40370567d1" member_type: VOTER last_known_addr { host: "127.29.69.65" port: 44205 } } peers { permanent_uuid: "bcfd90b4dd6c44568012689f7cc7345d" member_type: VOTER last_known_addr { host: "127.29.69.66" port: 39753 } } peers { permanent_uuid: "8414c1487f514b0495462664699e4db2" member_type: VOTER last_known_addr { host: "127.29.69.67" port: 44909 } }
I20260601 13:38:32.408089   346 leader_election.cc:290] T 7ea34920bd99474894969cfa29f51fbd P 7c54a43247584b91ac8a6d40370567d1 [CANDIDATE]: Term 1 pre-election: Requested pre-vote from peers bcfd90b4dd6c44568012689f7cc7345d (127.29.69.66:39753), 8414c1487f514b0495462664699e4db2 (127.29.69.67:44909)
I20260601 13:38:32.412505 32686 tablet_service.cc:1917] Received RequestConsensusVote() RPC: tablet_id: "7ea34920bd99474894969cfa29f51fbd" candidate_uuid: "7c54a43247584b91ac8a6d40370567d1" candidate_term: 1 candidate_status { last_received { term: 0 index: 0 } } ignore_live_leader: false dest_uuid: "bcfd90b4dd6c44568012689f7cc7345d" is_pre_election: true
I20260601 13:38:32.412636 32762 tablet_service.cc:1917] Received RequestConsensusVote() RPC: tablet_id: "7ea34920bd99474894969cfa29f51fbd" candidate_uuid: "7c54a43247584b91ac8a6d40370567d1" candidate_term: 1 candidate_status { last_received { term: 0 index: 0 } } ignore_live_leader: false dest_uuid: "8414c1487f514b0495462664699e4db2" is_pre_election: true
I20260601 13:38:32.412729 32686 raft_consensus.cc:2468] T 7ea34920bd99474894969cfa29f51fbd P bcfd90b4dd6c44568012689f7cc7345d [term 0 FOLLOWER]: Leader pre-election vote request: Granting yes vote for candidate 7c54a43247584b91ac8a6d40370567d1 in term 0.
I20260601 13:38:32.412806 32762 raft_consensus.cc:2468] T 7ea34920bd99474894969cfa29f51fbd P 8414c1487f514b0495462664699e4db2 [term 0 FOLLOWER]: Leader pre-election vote request: Granting yes vote for candidate 7c54a43247584b91ac8a6d40370567d1 in term 0.
I20260601 13:38:32.413137 32574 leader_election.cc:304] T 7ea34920bd99474894969cfa29f51fbd P 7c54a43247584b91ac8a6d40370567d1 [CANDIDATE]: Term 1 pre-election: Election decided. Result: candidate won. Election summary: received 2 responses out of 3 voters: 2 yes votes; 0 no votes. yes voters: 7c54a43247584b91ac8a6d40370567d1, bcfd90b4dd6c44568012689f7cc7345d; no voters: 
I20260601 13:38:32.413328   346 raft_consensus.cc:2804] T 7ea34920bd99474894969cfa29f51fbd P 7c54a43247584b91ac8a6d40370567d1 [term 0 FOLLOWER]: Leader pre-election won for term 1
I20260601 13:38:32.413422   346 raft_consensus.cc:493] T 7ea34920bd99474894969cfa29f51fbd P 7c54a43247584b91ac8a6d40370567d1 [term 0 FOLLOWER]: Starting leader election (no leader contacted us within the election timeout)
I20260601 13:38:32.413477   346 raft_consensus.cc:3060] T 7ea34920bd99474894969cfa29f51fbd P 7c54a43247584b91ac8a6d40370567d1 [term 0 FOLLOWER]: Advancing to term 1
I20260601 13:38:32.414321   346 raft_consensus.cc:515] T 7ea34920bd99474894969cfa29f51fbd P 7c54a43247584b91ac8a6d40370567d1 [term 1 FOLLOWER]: Starting leader election with config: opid_index: -1 OBSOLETE_local: false peers { permanent_uuid: "7c54a43247584b91ac8a6d40370567d1" member_type: VOTER last_known_addr { host: "127.29.69.65" port: 44205 } } peers { permanent_uuid: "bcfd90b4dd6c44568012689f7cc7345d" member_type: VOTER last_known_addr { host: "127.29.69.66" port: 39753 } } peers { permanent_uuid: "8414c1487f514b0495462664699e4db2" member_type: VOTER last_known_addr { host: "127.29.69.67" port: 44909 } }
I20260601 13:38:32.414680   346 leader_election.cc:290] T 7ea34920bd99474894969cfa29f51fbd P 7c54a43247584b91ac8a6d40370567d1 [CANDIDATE]: Term 1 election: Requested vote from peers bcfd90b4dd6c44568012689f7cc7345d (127.29.69.66:39753), 8414c1487f514b0495462664699e4db2 (127.29.69.67:44909)
I20260601 13:38:32.414997 32686 tablet_service.cc:1917] Received RequestConsensusVote() RPC: tablet_id: "7ea34920bd99474894969cfa29f51fbd" candidate_uuid: "7c54a43247584b91ac8a6d40370567d1" candidate_term: 1 candidate_status { last_received { term: 0 index: 0 } } ignore_live_leader: false dest_uuid: "bcfd90b4dd6c44568012689f7cc7345d"
I20260601 13:38:32.415094 32762 tablet_service.cc:1917] Received RequestConsensusVote() RPC: tablet_id: "7ea34920bd99474894969cfa29f51fbd" candidate_uuid: "7c54a43247584b91ac8a6d40370567d1" candidate_term: 1 candidate_status { last_received { term: 0 index: 0 } } ignore_live_leader: false dest_uuid: "8414c1487f514b0495462664699e4db2"
I20260601 13:38:32.415123 32686 raft_consensus.cc:3060] T 7ea34920bd99474894969cfa29f51fbd P bcfd90b4dd6c44568012689f7cc7345d [term 0 FOLLOWER]: Advancing to term 1
I20260601 13:38:32.415225 32762 raft_consensus.cc:3060] T 7ea34920bd99474894969cfa29f51fbd P 8414c1487f514b0495462664699e4db2 [term 0 FOLLOWER]: Advancing to term 1
I20260601 13:38:32.416486 32686 raft_consensus.cc:2468] T 7ea34920bd99474894969cfa29f51fbd P bcfd90b4dd6c44568012689f7cc7345d [term 1 FOLLOWER]: Leader election vote request: Granting yes vote for candidate 7c54a43247584b91ac8a6d40370567d1 in term 1.
I20260601 13:38:32.416553 32762 raft_consensus.cc:2468] T 7ea34920bd99474894969cfa29f51fbd P 8414c1487f514b0495462664699e4db2 [term 1 FOLLOWER]: Leader election vote request: Granting yes vote for candidate 7c54a43247584b91ac8a6d40370567d1 in term 1.
I20260601 13:38:32.416822 32574 leader_election.cc:304] T 7ea34920bd99474894969cfa29f51fbd P 7c54a43247584b91ac8a6d40370567d1 [CANDIDATE]: Term 1 election: Election decided. Result: candidate won. Election summary: received 2 responses out of 3 voters: 2 yes votes; 0 no votes. yes voters: 7c54a43247584b91ac8a6d40370567d1, bcfd90b4dd6c44568012689f7cc7345d; no voters: 
I20260601 13:38:32.417150   360 raft_consensus.cc:493] T a8ae9fb3293944e1b6b7c9490f01b755 P 7c54a43247584b91ac8a6d40370567d1 [term 0 FOLLOWER]: Starting pre-election (no leader contacted us within the election timeout)
I20260601 13:38:32.417225   346 raft_consensus.cc:2804] T 7ea34920bd99474894969cfa29f51fbd P 7c54a43247584b91ac8a6d40370567d1 [term 1 FOLLOWER]: Leader election won for term 1
I20260601 13:38:32.417239   360 raft_consensus.cc:515] T a8ae9fb3293944e1b6b7c9490f01b755 P 7c54a43247584b91ac8a6d40370567d1 [term 0 FOLLOWER]: Starting pre-election with config: opid_index: -1 OBSOLETE_local: false peers { permanent_uuid: "7c54a43247584b91ac8a6d40370567d1" member_type: VOTER last_known_addr { host: "127.29.69.65" port: 44205 } } peers { permanent_uuid: "bcfd90b4dd6c44568012689f7cc7345d" member_type: VOTER last_known_addr { host: "127.29.69.66" port: 39753 } } peers { permanent_uuid: "8414c1487f514b0495462664699e4db2" member_type: VOTER last_known_addr { host: "127.29.69.67" port: 44909 } }
I20260601 13:38:32.417392   346 raft_consensus.cc:697] T 7ea34920bd99474894969cfa29f51fbd P 7c54a43247584b91ac8a6d40370567d1 [term 1 LEADER]: Becoming Leader. State: Replica: 7c54a43247584b91ac8a6d40370567d1, State: Running, Role: LEADER
I20260601 13:38:32.417541   346 consensus_queue.cc:237] T 7ea34920bd99474894969cfa29f51fbd P 7c54a43247584b91ac8a6d40370567d1 [LEADER]: Queue going to LEADER mode. State: All replicated index: 0, Majority replicated index: 0, Committed index: 0, Last appended: 0.0, Last appended by leader: 0, Current term: 1, Majority size: 2, State: 0, Mode: LEADER, active raft config: opid_index: -1 OBSOLETE_local: false peers { permanent_uuid: "7c54a43247584b91ac8a6d40370567d1" member_type: VOTER last_known_addr { host: "127.29.69.65" port: 44205 } } peers { permanent_uuid: "bcfd90b4dd6c44568012689f7cc7345d" member_type: VOTER last_known_addr { host: "127.29.69.66" port: 39753 } } peers { permanent_uuid: "8414c1487f514b0495462664699e4db2" member_type: VOTER last_known_addr { host: "127.29.69.67" port: 44909 } }
I20260601 13:38:32.417605   360 leader_election.cc:290] T a8ae9fb3293944e1b6b7c9490f01b755 P 7c54a43247584b91ac8a6d40370567d1 [CANDIDATE]: Term 1 pre-election: Requested pre-vote from peers bcfd90b4dd6c44568012689f7cc7345d (127.29.69.66:39753), 8414c1487f514b0495462664699e4db2 (127.29.69.67:44909)
I20260601 13:38:32.418447 32686 tablet_service.cc:1917] Received RequestConsensusVote() RPC: tablet_id: "a8ae9fb3293944e1b6b7c9490f01b755" candidate_uuid: "7c54a43247584b91ac8a6d40370567d1" candidate_term: 1 candidate_status { last_received { term: 0 index: 0 } } ignore_live_leader: false dest_uuid: "bcfd90b4dd6c44568012689f7cc7345d" is_pre_election: true
I20260601 13:38:32.418525 32762 tablet_service.cc:1917] Received RequestConsensusVote() RPC: tablet_id: "a8ae9fb3293944e1b6b7c9490f01b755" candidate_uuid: "7c54a43247584b91ac8a6d40370567d1" candidate_term: 1 candidate_status { last_received { term: 0 index: 0 } } ignore_live_leader: false dest_uuid: "8414c1487f514b0495462664699e4db2" is_pre_election: true
I20260601 13:38:32.418644 32762 raft_consensus.cc:2468] T a8ae9fb3293944e1b6b7c9490f01b755 P 8414c1487f514b0495462664699e4db2 [term 0 FOLLOWER]: Leader pre-election vote request: Granting yes vote for candidate 7c54a43247584b91ac8a6d40370567d1 in term 0.
I20260601 13:38:32.418553 32686 raft_consensus.cc:2468] T a8ae9fb3293944e1b6b7c9490f01b755 P bcfd90b4dd6c44568012689f7cc7345d [term 0 FOLLOWER]: Leader pre-election vote request: Granting yes vote for candidate 7c54a43247584b91ac8a6d40370567d1 in term 0.
I20260601 13:38:32.418910 32574 leader_election.cc:304] T a8ae9fb3293944e1b6b7c9490f01b755 P 7c54a43247584b91ac8a6d40370567d1 [CANDIDATE]: Term 1 pre-election: Election decided. Result: candidate won. Election summary: received 2 responses out of 3 voters: 2 yes votes; 0 no votes. yes voters: 7c54a43247584b91ac8a6d40370567d1, 8414c1487f514b0495462664699e4db2; no voters: 
I20260601 13:38:32.419073   346 raft_consensus.cc:2804] T a8ae9fb3293944e1b6b7c9490f01b755 P 7c54a43247584b91ac8a6d40370567d1 [term 0 FOLLOWER]: Leader pre-election won for term 1
I20260601 13:38:32.419024 32506 catalog_manager.cc:5696] T 7ea34920bd99474894969cfa29f51fbd P 7c54a43247584b91ac8a6d40370567d1 reported cstate change: term changed from 0 to 1, leader changed from <none> to 7c54a43247584b91ac8a6d40370567d1 (127.29.69.65). New cstate: current_term: 1 leader_uuid: "7c54a43247584b91ac8a6d40370567d1" committed_config { opid_index: -1 OBSOLETE_local: false peers { permanent_uuid: "7c54a43247584b91ac8a6d40370567d1" member_type: VOTER last_known_addr { host: "127.29.69.65" port: 44205 } health_report { overall_health: HEALTHY } } peers { permanent_uuid: "bcfd90b4dd6c44568012689f7cc7345d" member_type: VOTER last_known_addr { host: "127.29.69.66" port: 39753 } health_report { overall_health: UNKNOWN } } peers { permanent_uuid: "8414c1487f514b0495462664699e4db2" member_type: VOTER last_known_addr { host: "127.29.69.67" port: 44909 } health_report { overall_health: UNKNOWN } } }
I20260601 13:38:32.419129   346 raft_consensus.cc:493] T a8ae9fb3293944e1b6b7c9490f01b755 P 7c54a43247584b91ac8a6d40370567d1 [term 0 FOLLOWER]: Starting leader election (no leader contacted us within the election timeout)
I20260601 13:38:32.419193   346 raft_consensus.cc:3060] T a8ae9fb3293944e1b6b7c9490f01b755 P 7c54a43247584b91ac8a6d40370567d1 [term 0 FOLLOWER]: Advancing to term 1
I20260601 13:38:32.420048   346 raft_consensus.cc:515] T a8ae9fb3293944e1b6b7c9490f01b755 P 7c54a43247584b91ac8a6d40370567d1 [term 1 FOLLOWER]: Starting leader election with config: opid_index: -1 OBSOLETE_local: false peers { permanent_uuid: "7c54a43247584b91ac8a6d40370567d1" member_type: VOTER last_known_addr { host: "127.29.69.65" port: 44205 } } peers { permanent_uuid: "bcfd90b4dd6c44568012689f7cc7345d" member_type: VOTER last_known_addr { host: "127.29.69.66" port: 39753 } } peers { permanent_uuid: "8414c1487f514b0495462664699e4db2" member_type: VOTER last_known_addr { host: "127.29.69.67" port: 44909 } }
I20260601 13:38:32.420351   346 leader_election.cc:290] T a8ae9fb3293944e1b6b7c9490f01b755 P 7c54a43247584b91ac8a6d40370567d1 [CANDIDATE]: Term 1 election: Requested vote from peers bcfd90b4dd6c44568012689f7cc7345d (127.29.69.66:39753), 8414c1487f514b0495462664699e4db2 (127.29.69.67:44909)
I20260601 13:38:32.420641 32686 tablet_service.cc:1917] Received RequestConsensusVote() RPC: tablet_id: "a8ae9fb3293944e1b6b7c9490f01b755" candidate_uuid: "7c54a43247584b91ac8a6d40370567d1" candidate_term: 1 candidate_status { last_received { term: 0 index: 0 } } ignore_live_leader: false dest_uuid: "bcfd90b4dd6c44568012689f7cc7345d"
I20260601 13:38:32.420717 32762 tablet_service.cc:1917] Received RequestConsensusVote() RPC: tablet_id: "a8ae9fb3293944e1b6b7c9490f01b755" candidate_uuid: "7c54a43247584b91ac8a6d40370567d1" candidate_term: 1 candidate_status { last_received { term: 0 index: 0 } } ignore_live_leader: false dest_uuid: "8414c1487f514b0495462664699e4db2"
I20260601 13:38:32.420743 32686 raft_consensus.cc:3060] T a8ae9fb3293944e1b6b7c9490f01b755 P bcfd90b4dd6c44568012689f7cc7345d [term 0 FOLLOWER]: Advancing to term 1
I20260601 13:38:32.420822 32762 raft_consensus.cc:3060] T a8ae9fb3293944e1b6b7c9490f01b755 P 8414c1487f514b0495462664699e4db2 [term 0 FOLLOWER]: Advancing to term 1
I20260601 13:38:32.421765 32762 raft_consensus.cc:2468] T a8ae9fb3293944e1b6b7c9490f01b755 P 8414c1487f514b0495462664699e4db2 [term 1 FOLLOWER]: Leader election vote request: Granting yes vote for candidate 7c54a43247584b91ac8a6d40370567d1 in term 1.
I20260601 13:38:32.421765 32686 raft_consensus.cc:2468] T a8ae9fb3293944e1b6b7c9490f01b755 P bcfd90b4dd6c44568012689f7cc7345d [term 1 FOLLOWER]: Leader election vote request: Granting yes vote for candidate 7c54a43247584b91ac8a6d40370567d1 in term 1.
I20260601 13:38:32.422089 32574 leader_election.cc:304] T a8ae9fb3293944e1b6b7c9490f01b755 P 7c54a43247584b91ac8a6d40370567d1 [CANDIDATE]: Term 1 election: Election decided. Result: candidate won. Election summary: received 2 responses out of 3 voters: 2 yes votes; 0 no votes. yes voters: 7c54a43247584b91ac8a6d40370567d1, bcfd90b4dd6c44568012689f7cc7345d; no voters: 
I20260601 13:38:32.422268   346 raft_consensus.cc:2804] T a8ae9fb3293944e1b6b7c9490f01b755 P 7c54a43247584b91ac8a6d40370567d1 [term 1 FOLLOWER]: Leader election won for term 1
I20260601 13:38:32.422355   346 raft_consensus.cc:697] T a8ae9fb3293944e1b6b7c9490f01b755 P 7c54a43247584b91ac8a6d40370567d1 [term 1 LEADER]: Becoming Leader. State: Replica: 7c54a43247584b91ac8a6d40370567d1, State: Running, Role: LEADER
I20260601 13:38:32.422487   346 consensus_queue.cc:237] T a8ae9fb3293944e1b6b7c9490f01b755 P 7c54a43247584b91ac8a6d40370567d1 [LEADER]: Queue going to LEADER mode. State: All replicated index: 0, Majority replicated index: 0, Committed index: 0, Last appended: 0.0, Last appended by leader: 0, Current term: 1, Majority size: 2, State: 0, Mode: LEADER, active raft config: opid_index: -1 OBSOLETE_local: false peers { permanent_uuid: "7c54a43247584b91ac8a6d40370567d1" member_type: VOTER last_known_addr { host: "127.29.69.65" port: 44205 } } peers { permanent_uuid: "bcfd90b4dd6c44568012689f7cc7345d" member_type: VOTER last_known_addr { host: "127.29.69.66" port: 39753 } } peers { permanent_uuid: "8414c1487f514b0495462664699e4db2" member_type: VOTER last_known_addr { host: "127.29.69.67" port: 44909 } }
I20260601 13:38:32.424037 32506 catalog_manager.cc:5696] T a8ae9fb3293944e1b6b7c9490f01b755 P 7c54a43247584b91ac8a6d40370567d1 reported cstate change: term changed from 0 to 1, leader changed from <none> to 7c54a43247584b91ac8a6d40370567d1 (127.29.69.65). New cstate: current_term: 1 leader_uuid: "7c54a43247584b91ac8a6d40370567d1" committed_config { opid_index: -1 OBSOLETE_local: false peers { permanent_uuid: "7c54a43247584b91ac8a6d40370567d1" member_type: VOTER last_known_addr { host: "127.29.69.65" port: 44205 } health_report { overall_health: HEALTHY } } peers { permanent_uuid: "bcfd90b4dd6c44568012689f7cc7345d" member_type: VOTER last_known_addr { host: "127.29.69.66" port: 39753 } health_report { overall_health: UNKNOWN } } peers { permanent_uuid: "8414c1487f514b0495462664699e4db2" member_type: VOTER last_known_addr { host: "127.29.69.67" port: 44909 } health_report { overall_health: UNKNOWN } } }
I20260601 13:38:32.486620   347 raft_consensus.cc:493] T 2dc2f1c7aa084656aaf4dea0a5a44ecf P bcfd90b4dd6c44568012689f7cc7345d [term 0 FOLLOWER]: Starting pre-election (no leader contacted us within the election timeout)
I20260601 13:38:32.486804   347 raft_consensus.cc:515] T 2dc2f1c7aa084656aaf4dea0a5a44ecf P bcfd90b4dd6c44568012689f7cc7345d [term 0 FOLLOWER]: Starting pre-election with config: opid_index: -1 OBSOLETE_local: false peers { permanent_uuid: "7c54a43247584b91ac8a6d40370567d1" member_type: VOTER last_known_addr { host: "127.29.69.65" port: 44205 } } peers { permanent_uuid: "bcfd90b4dd6c44568012689f7cc7345d" member_type: VOTER last_known_addr { host: "127.29.69.66" port: 39753 } } peers { permanent_uuid: "8414c1487f514b0495462664699e4db2" member_type: VOTER last_known_addr { host: "127.29.69.67" port: 44909 } }
I20260601 13:38:32.487378   347 leader_election.cc:290] T 2dc2f1c7aa084656aaf4dea0a5a44ecf P bcfd90b4dd6c44568012689f7cc7345d [CANDIDATE]: Term 1 pre-election: Requested pre-vote from peers 7c54a43247584b91ac8a6d40370567d1 (127.29.69.65:44205), 8414c1487f514b0495462664699e4db2 (127.29.69.67:44909)
W20260601 13:38:32.489785 32637 tablet.cc:2404] T 2dc2f1c7aa084656aaf4dea0a5a44ecf P 7c54a43247584b91ac8a6d40370567d1: Can't schedule compaction. Clean time has not been advanced past its initial value.
I20260601 13:38:32.491451 32762 tablet_service.cc:1917] Received RequestConsensusVote() RPC: tablet_id: "2dc2f1c7aa084656aaf4dea0a5a44ecf" candidate_uuid: "bcfd90b4dd6c44568012689f7cc7345d" candidate_term: 1 candidate_status { last_received { term: 0 index: 0 } } ignore_live_leader: false dest_uuid: "8414c1487f514b0495462664699e4db2" is_pre_election: true
I20260601 13:38:32.491492 32610 tablet_service.cc:1917] Received RequestConsensusVote() RPC: tablet_id: "2dc2f1c7aa084656aaf4dea0a5a44ecf" candidate_uuid: "bcfd90b4dd6c44568012689f7cc7345d" candidate_term: 1 candidate_status { last_received { term: 0 index: 0 } } ignore_live_leader: false dest_uuid: "7c54a43247584b91ac8a6d40370567d1" is_pre_election: true
I20260601 13:38:32.491624 32762 raft_consensus.cc:2468] T 2dc2f1c7aa084656aaf4dea0a5a44ecf P 8414c1487f514b0495462664699e4db2 [term 0 FOLLOWER]: Leader pre-election vote request: Granting yes vote for candidate bcfd90b4dd6c44568012689f7cc7345d in term 0.
I20260601 13:38:32.491648 32610 raft_consensus.cc:2468] T 2dc2f1c7aa084656aaf4dea0a5a44ecf P 7c54a43247584b91ac8a6d40370567d1 [term 0 FOLLOWER]: Leader pre-election vote request: Granting yes vote for candidate bcfd90b4dd6c44568012689f7cc7345d in term 0.
I20260601 13:38:32.491917 32650 leader_election.cc:304] T 2dc2f1c7aa084656aaf4dea0a5a44ecf P bcfd90b4dd6c44568012689f7cc7345d [CANDIDATE]: Term 1 pre-election: Election decided. Result: candidate won. Election summary: received 2 responses out of 3 voters: 2 yes votes; 0 no votes. yes voters: 8414c1487f514b0495462664699e4db2, bcfd90b4dd6c44568012689f7cc7345d; no voters: 
I20260601 13:38:32.492110   347 raft_consensus.cc:2804] T 2dc2f1c7aa084656aaf4dea0a5a44ecf P bcfd90b4dd6c44568012689f7cc7345d [term 0 FOLLOWER]: Leader pre-election won for term 1
I20260601 13:38:32.492173   347 raft_consensus.cc:493] T 2dc2f1c7aa084656aaf4dea0a5a44ecf P bcfd90b4dd6c44568012689f7cc7345d [term 0 FOLLOWER]: Starting leader election (no leader contacted us within the election timeout)
I20260601 13:38:32.492200   347 raft_consensus.cc:3060] T 2dc2f1c7aa084656aaf4dea0a5a44ecf P bcfd90b4dd6c44568012689f7cc7345d [term 0 FOLLOWER]: Advancing to term 1
I20260601 13:38:32.493147   347 raft_consensus.cc:515] T 2dc2f1c7aa084656aaf4dea0a5a44ecf P bcfd90b4dd6c44568012689f7cc7345d [term 1 FOLLOWER]: Starting leader election with config: opid_index: -1 OBSOLETE_local: false peers { permanent_uuid: "7c54a43247584b91ac8a6d40370567d1" member_type: VOTER last_known_addr { host: "127.29.69.65" port: 44205 } } peers { permanent_uuid: "bcfd90b4dd6c44568012689f7cc7345d" member_type: VOTER last_known_addr { host: "127.29.69.66" port: 39753 } } peers { permanent_uuid: "8414c1487f514b0495462664699e4db2" member_type: VOTER last_known_addr { host: "127.29.69.67" port: 44909 } }
I20260601 13:38:32.493552   347 leader_election.cc:290] T 2dc2f1c7aa084656aaf4dea0a5a44ecf P bcfd90b4dd6c44568012689f7cc7345d [CANDIDATE]: Term 1 election: Requested vote from peers 7c54a43247584b91ac8a6d40370567d1 (127.29.69.65:44205), 8414c1487f514b0495462664699e4db2 (127.29.69.67:44909)
I20260601 13:38:32.493863 32610 tablet_service.cc:1917] Received RequestConsensusVote() RPC: tablet_id: "2dc2f1c7aa084656aaf4dea0a5a44ecf" candidate_uuid: "bcfd90b4dd6c44568012689f7cc7345d" candidate_term: 1 candidate_status { last_received { term: 0 index: 0 } } ignore_live_leader: false dest_uuid: "7c54a43247584b91ac8a6d40370567d1"
I20260601 13:38:32.493929 32762 tablet_service.cc:1917] Received RequestConsensusVote() RPC: tablet_id: "2dc2f1c7aa084656aaf4dea0a5a44ecf" candidate_uuid: "bcfd90b4dd6c44568012689f7cc7345d" candidate_term: 1 candidate_status { last_received { term: 0 index: 0 } } ignore_live_leader: false dest_uuid: "8414c1487f514b0495462664699e4db2"
I20260601 13:38:32.493973 32610 raft_consensus.cc:3060] T 2dc2f1c7aa084656aaf4dea0a5a44ecf P 7c54a43247584b91ac8a6d40370567d1 [term 0 FOLLOWER]: Advancing to term 1
I20260601 13:38:32.494040 32762 raft_consensus.cc:3060] T 2dc2f1c7aa084656aaf4dea0a5a44ecf P 8414c1487f514b0495462664699e4db2 [term 0 FOLLOWER]: Advancing to term 1
I20260601 13:38:32.494858 32762 raft_consensus.cc:2468] T 2dc2f1c7aa084656aaf4dea0a5a44ecf P 8414c1487f514b0495462664699e4db2 [term 1 FOLLOWER]: Leader election vote request: Granting yes vote for candidate bcfd90b4dd6c44568012689f7cc7345d in term 1.
I20260601 13:38:32.495044 32610 raft_consensus.cc:2468] T 2dc2f1c7aa084656aaf4dea0a5a44ecf P 7c54a43247584b91ac8a6d40370567d1 [term 1 FOLLOWER]: Leader election vote request: Granting yes vote for candidate bcfd90b4dd6c44568012689f7cc7345d in term 1.
I20260601 13:38:32.495150 32650 leader_election.cc:304] T 2dc2f1c7aa084656aaf4dea0a5a44ecf P bcfd90b4dd6c44568012689f7cc7345d [CANDIDATE]: Term 1 election: Election decided. Result: candidate won. Election summary: received 2 responses out of 3 voters: 2 yes votes; 0 no votes. yes voters: 8414c1487f514b0495462664699e4db2, bcfd90b4dd6c44568012689f7cc7345d; no voters: 
I20260601 13:38:32.495326   347 raft_consensus.cc:2804] T 2dc2f1c7aa084656aaf4dea0a5a44ecf P bcfd90b4dd6c44568012689f7cc7345d [term 1 FOLLOWER]: Leader election won for term 1
I20260601 13:38:32.495532   347 raft_consensus.cc:697] T 2dc2f1c7aa084656aaf4dea0a5a44ecf P bcfd90b4dd6c44568012689f7cc7345d [term 1 LEADER]: Becoming Leader. State: Replica: bcfd90b4dd6c44568012689f7cc7345d, State: Running, Role: LEADER
I20260601 13:38:32.495654   347 consensus_queue.cc:237] T 2dc2f1c7aa084656aaf4dea0a5a44ecf P bcfd90b4dd6c44568012689f7cc7345d [LEADER]: Queue going to LEADER mode. State: All replicated index: 0, Majority replicated index: 0, Committed index: 0, Last appended: 0.0, Last appended by leader: 0, Current term: 1, Majority size: 2, State: 0, Mode: LEADER, active raft config: opid_index: -1 OBSOLETE_local: false peers { permanent_uuid: "7c54a43247584b91ac8a6d40370567d1" member_type: VOTER last_known_addr { host: "127.29.69.65" port: 44205 } } peers { permanent_uuid: "bcfd90b4dd6c44568012689f7cc7345d" member_type: VOTER last_known_addr { host: "127.29.69.66" port: 39753 } } peers { permanent_uuid: "8414c1487f514b0495462664699e4db2" member_type: VOTER last_known_addr { host: "127.29.69.67" port: 44909 } }
I20260601 13:38:32.497246 32506 catalog_manager.cc:5696] T 2dc2f1c7aa084656aaf4dea0a5a44ecf P bcfd90b4dd6c44568012689f7cc7345d reported cstate change: term changed from 0 to 1, leader changed from <none> to bcfd90b4dd6c44568012689f7cc7345d (127.29.69.66). New cstate: current_term: 1 leader_uuid: "bcfd90b4dd6c44568012689f7cc7345d" committed_config { opid_index: -1 OBSOLETE_local: false peers { permanent_uuid: "7c54a43247584b91ac8a6d40370567d1" member_type: VOTER last_known_addr { host: "127.29.69.65" port: 44205 } health_report { overall_health: UNKNOWN } } peers { permanent_uuid: "bcfd90b4dd6c44568012689f7cc7345d" member_type: VOTER last_known_addr { host: "127.29.69.66" port: 39753 } health_report { overall_health: HEALTHY } } peers { permanent_uuid: "8414c1487f514b0495462664699e4db2" member_type: VOTER last_known_addr { host: "127.29.69.67" port: 44909 } health_report { overall_health: UNKNOWN } } }
I20260601 13:38:32.603993   346 raft_consensus.cc:493] T 336cc213af0f4c2b98e022fe93fd0115 P 7c54a43247584b91ac8a6d40370567d1 [term 0 FOLLOWER]: Starting pre-election (no leader contacted us within the election timeout)
I20260601 13:38:32.604245   346 raft_consensus.cc:515] T 336cc213af0f4c2b98e022fe93fd0115 P 7c54a43247584b91ac8a6d40370567d1 [term 0 FOLLOWER]: Starting pre-election with config: opid_index: -1 OBSOLETE_local: false peers { permanent_uuid: "7c54a43247584b91ac8a6d40370567d1" member_type: VOTER last_known_addr { host: "127.29.69.65" port: 44205 } } peers { permanent_uuid: "bcfd90b4dd6c44568012689f7cc7345d" member_type: VOTER last_known_addr { host: "127.29.69.66" port: 39753 } } peers { permanent_uuid: "8414c1487f514b0495462664699e4db2" member_type: VOTER last_known_addr { host: "127.29.69.67" port: 44909 } }
I20260601 13:38:32.604847   346 leader_election.cc:290] T 336cc213af0f4c2b98e022fe93fd0115 P 7c54a43247584b91ac8a6d40370567d1 [CANDIDATE]: Term 1 pre-election: Requested pre-vote from peers bcfd90b4dd6c44568012689f7cc7345d (127.29.69.66:39753), 8414c1487f514b0495462664699e4db2 (127.29.69.67:44909)
I20260601 13:38:32.605502 32686 tablet_service.cc:1917] Received RequestConsensusVote() RPC: tablet_id: "336cc213af0f4c2b98e022fe93fd0115" candidate_uuid: "7c54a43247584b91ac8a6d40370567d1" candidate_term: 1 candidate_status { last_received { term: 0 index: 0 } } ignore_live_leader: false dest_uuid: "bcfd90b4dd6c44568012689f7cc7345d" is_pre_election: true
I20260601 13:38:32.605623 32686 raft_consensus.cc:2468] T 336cc213af0f4c2b98e022fe93fd0115 P bcfd90b4dd6c44568012689f7cc7345d [term 0 FOLLOWER]: Leader pre-election vote request: Granting yes vote for candidate 7c54a43247584b91ac8a6d40370567d1 in term 0.
I20260601 13:38:32.605562 32762 tablet_service.cc:1917] Received RequestConsensusVote() RPC: tablet_id: "336cc213af0f4c2b98e022fe93fd0115" candidate_uuid: "7c54a43247584b91ac8a6d40370567d1" candidate_term: 1 candidate_status { last_received { term: 0 index: 0 } } ignore_live_leader: false dest_uuid: "8414c1487f514b0495462664699e4db2" is_pre_election: true
I20260601 13:38:32.605779 32762 raft_consensus.cc:2468] T 336cc213af0f4c2b98e022fe93fd0115 P 8414c1487f514b0495462664699e4db2 [term 0 FOLLOWER]: Leader pre-election vote request: Granting yes vote for candidate 7c54a43247584b91ac8a6d40370567d1 in term 0.
I20260601 13:38:32.605952 32574 leader_election.cc:304] T 336cc213af0f4c2b98e022fe93fd0115 P 7c54a43247584b91ac8a6d40370567d1 [CANDIDATE]: Term 1 pre-election: Election decided. Result: candidate won. Election summary: received 2 responses out of 3 voters: 2 yes votes; 0 no votes. yes voters: 7c54a43247584b91ac8a6d40370567d1, bcfd90b4dd6c44568012689f7cc7345d; no voters: 
I20260601 13:38:32.606158   346 raft_consensus.cc:2804] T 336cc213af0f4c2b98e022fe93fd0115 P 7c54a43247584b91ac8a6d40370567d1 [term 0 FOLLOWER]: Leader pre-election won for term 1
