I20260601 13:37:22.338194  4041 tablet_service.cc:1917] Received RequestConsensusVote() RPC: tablet_id: "709be7eb954145bc98eea6970aaf4aad" candidate_uuid: "674ab66be3f9404babeb37aefd2f582a" candidate_term: 1 candidate_status { last_received { term: 0 index: 0 } } ignore_live_leader: false dest_uuid: "a5f9707a37ac42278fb48afb1a3fbc94"
I20260601 13:37:22.338349  4041 raft_consensus.cc:3060] T 709be7eb954145bc98eea6970aaf4aad P a5f9707a37ac42278fb48afb1a3fbc94 [term 0 FOLLOWER]: Advancing to term 1
I20260601 13:37:22.338349  3891 raft_consensus.cc:3060] T 709be7eb954145bc98eea6970aaf4aad P f24fbf6059314f849047b8eb1ea11001 [term 0 FOLLOWER]: Advancing to term 1
I20260601 13:37:22.339229  3891 raft_consensus.cc:2468] T 709be7eb954145bc98eea6970aaf4aad P f24fbf6059314f849047b8eb1ea11001 [term 1 FOLLOWER]: Leader election vote request: Granting yes vote for candidate 674ab66be3f9404babeb37aefd2f582a in term 1.
I20260601 13:37:22.339229  4041 raft_consensus.cc:2468] T 709be7eb954145bc98eea6970aaf4aad P a5f9707a37ac42278fb48afb1a3fbc94 [term 1 FOLLOWER]: Leader election vote request: Granting yes vote for candidate 674ab66be3f9404babeb37aefd2f582a in term 1.
I20260601 13:37:22.339548  3930 leader_election.cc:304] T 709be7eb954145bc98eea6970aaf4aad P 674ab66be3f9404babeb37aefd2f582a [CANDIDATE]: Term 1 election: Election decided. Result: candidate won. Election summary: received 2 responses out of 3 voters: 2 yes votes; 0 no votes. yes voters: 674ab66be3f9404babeb37aefd2f582a, f24fbf6059314f849047b8eb1ea11001; no voters: 
I20260601 13:37:22.339694  4092 raft_consensus.cc:2804] T 709be7eb954145bc98eea6970aaf4aad P 674ab66be3f9404babeb37aefd2f582a [term 1 FOLLOWER]: Leader election won for term 1
I20260601 13:37:22.339828  4092 raft_consensus.cc:697] T 709be7eb954145bc98eea6970aaf4aad P 674ab66be3f9404babeb37aefd2f582a [term 1 LEADER]: Becoming Leader. State: Replica: 674ab66be3f9404babeb37aefd2f582a, State: Running, Role: LEADER
I20260601 13:37:22.339998  4092 consensus_queue.cc:237] T 709be7eb954145bc98eea6970aaf4aad P 674ab66be3f9404babeb37aefd2f582a [LEADER]: Queue going to LEADER mode. State: All replicated index: 0, Majority replicated index: 0, Committed index: 0, Last appended: 0.0, Last appended by leader: 0, Current term: 1, Majority size: 2, State: 0, Mode: LEADER, active raft config: opid_index: -1 OBSOLETE_local: false peers { permanent_uuid: "f24fbf6059314f849047b8eb1ea11001" member_type: VOTER last_known_addr { host: "127.3.36.1" port: 39767 } } peers { permanent_uuid: "674ab66be3f9404babeb37aefd2f582a" member_type: VOTER last_known_addr { host: "127.3.36.2" port: 33829 } } peers { permanent_uuid: "a5f9707a37ac42278fb48afb1a3fbc94" member_type: VOTER last_known_addr { host: "127.3.36.3" port: 39917 } }
I20260601 13:37:22.341750  3787 catalog_manager.cc:5696] T 709be7eb954145bc98eea6970aaf4aad P 674ab66be3f9404babeb37aefd2f582a reported cstate change: term changed from 0 to 1, leader changed from <none> to 674ab66be3f9404babeb37aefd2f582a (127.3.36.2). New cstate: current_term: 1 leader_uuid: "674ab66be3f9404babeb37aefd2f582a" committed_config { opid_index: -1 OBSOLETE_local: false peers { permanent_uuid: "f24fbf6059314f849047b8eb1ea11001" member_type: VOTER last_known_addr { host: "127.3.36.1" port: 39767 } health_report { overall_health: UNKNOWN } } peers { permanent_uuid: "674ab66be3f9404babeb37aefd2f582a" member_type: VOTER last_known_addr { host: "127.3.36.2" port: 33829 } health_report { overall_health: HEALTHY } } peers { permanent_uuid: "a5f9707a37ac42278fb48afb1a3fbc94" member_type: VOTER last_known_addr { host: "127.3.36.3" port: 39917 } health_report { overall_health: UNKNOWN } } }
I20260601 13:37:22.346969  4116 raft_consensus.cc:493] T d1d85f96363b411d885dcfa8d3c85e85 P f24fbf6059314f849047b8eb1ea11001 [term 0 FOLLOWER]: Starting pre-election (no leader contacted us within the election timeout)
I20260601 13:37:22.347049  4116 raft_consensus.cc:515] T d1d85f96363b411d885dcfa8d3c85e85 P f24fbf6059314f849047b8eb1ea11001 [term 0 FOLLOWER]: Starting pre-election with config: opid_index: -1 OBSOLETE_local: false peers { permanent_uuid: "f24fbf6059314f849047b8eb1ea11001" member_type: VOTER last_known_addr { host: "127.3.36.1" port: 39767 } } peers { permanent_uuid: "674ab66be3f9404babeb37aefd2f582a" member_type: VOTER last_known_addr { host: "127.3.36.2" port: 33829 } } peers { permanent_uuid: "a5f9707a37ac42278fb48afb1a3fbc94" member_type: VOTER last_known_addr { host: "127.3.36.3" port: 39917 } }
I20260601 13:37:22.347409  4116 leader_election.cc:290] T d1d85f96363b411d885dcfa8d3c85e85 P f24fbf6059314f849047b8eb1ea11001 [CANDIDATE]: Term 1 pre-election: Requested pre-vote from peers 674ab66be3f9404babeb37aefd2f582a (127.3.36.2:33829), a5f9707a37ac42278fb48afb1a3fbc94 (127.3.36.3:39917)
I20260601 13:37:22.347724  4041 tablet_service.cc:1917] Received RequestConsensusVote() RPC: tablet_id: "d1d85f96363b411d885dcfa8d3c85e85" candidate_uuid: "f24fbf6059314f849047b8eb1ea11001" candidate_term: 1 candidate_status { last_received { term: 0 index: 0 } } ignore_live_leader: false dest_uuid: "a5f9707a37ac42278fb48afb1a3fbc94" is_pre_election: true
I20260601 13:37:22.347751  3967 tablet_service.cc:1917] Received RequestConsensusVote() RPC: tablet_id: "d1d85f96363b411d885dcfa8d3c85e85" candidate_uuid: "f24fbf6059314f849047b8eb1ea11001" candidate_term: 1 candidate_status { last_received { term: 0 index: 0 } } ignore_live_leader: false dest_uuid: "674ab66be3f9404babeb37aefd2f582a" is_pre_election: true
I20260601 13:37:22.347867  4041 raft_consensus.cc:2468] T d1d85f96363b411d885dcfa8d3c85e85 P a5f9707a37ac42278fb48afb1a3fbc94 [term 0 FOLLOWER]: Leader pre-election vote request: Granting yes vote for candidate f24fbf6059314f849047b8eb1ea11001 in term 0.
I20260601 13:37:22.347937  3967 raft_consensus.cc:2468] T d1d85f96363b411d885dcfa8d3c85e85 P 674ab66be3f9404babeb37aefd2f582a [term 0 FOLLOWER]: Leader pre-election vote request: Granting yes vote for candidate f24fbf6059314f849047b8eb1ea11001 in term 0.
I20260601 13:37:22.348162  3854 leader_election.cc:304] T d1d85f96363b411d885dcfa8d3c85e85 P f24fbf6059314f849047b8eb1ea11001 [CANDIDATE]: Term 1 pre-election: Election decided. Result: candidate won. Election summary: received 2 responses out of 3 voters: 2 yes votes; 0 no votes. yes voters: a5f9707a37ac42278fb48afb1a3fbc94, f24fbf6059314f849047b8eb1ea11001; no voters: 
I20260601 13:37:22.348366  4116 raft_consensus.cc:2804] T d1d85f96363b411d885dcfa8d3c85e85 P f24fbf6059314f849047b8eb1ea11001 [term 0 FOLLOWER]: Leader pre-election won for term 1
I20260601 13:37:22.348418  4116 raft_consensus.cc:493] T d1d85f96363b411d885dcfa8d3c85e85 P f24fbf6059314f849047b8eb1ea11001 [term 0 FOLLOWER]: Starting leader election (no leader contacted us within the election timeout)
I20260601 13:37:22.348446  4116 raft_consensus.cc:3060] T d1d85f96363b411d885dcfa8d3c85e85 P f24fbf6059314f849047b8eb1ea11001 [term 0 FOLLOWER]: Advancing to term 1
I20260601 13:37:22.349203  4116 raft_consensus.cc:515] T d1d85f96363b411d885dcfa8d3c85e85 P f24fbf6059314f849047b8eb1ea11001 [term 1 FOLLOWER]: Starting leader election with config: opid_index: -1 OBSOLETE_local: false peers { permanent_uuid: "f24fbf6059314f849047b8eb1ea11001" member_type: VOTER last_known_addr { host: "127.3.36.1" port: 39767 } } peers { permanent_uuid: "674ab66be3f9404babeb37aefd2f582a" member_type: VOTER last_known_addr { host: "127.3.36.2" port: 33829 } } peers { permanent_uuid: "a5f9707a37ac42278fb48afb1a3fbc94" member_type: VOTER last_known_addr { host: "127.3.36.3" port: 39917 } }
I20260601 13:37:22.349568  4116 leader_election.cc:290] T d1d85f96363b411d885dcfa8d3c85e85 P f24fbf6059314f849047b8eb1ea11001 [CANDIDATE]: Term 1 election: Requested vote from peers 674ab66be3f9404babeb37aefd2f582a (127.3.36.2:33829), a5f9707a37ac42278fb48afb1a3fbc94 (127.3.36.3:39917)
I20260601 13:37:22.349818  3967 tablet_service.cc:1917] Received RequestConsensusVote() RPC: tablet_id: "d1d85f96363b411d885dcfa8d3c85e85" candidate_uuid: "f24fbf6059314f849047b8eb1ea11001" candidate_term: 1 candidate_status { last_received { term: 0 index: 0 } } ignore_live_leader: false dest_uuid: "674ab66be3f9404babeb37aefd2f582a"
I20260601 13:37:22.349920  3967 raft_consensus.cc:3060] T d1d85f96363b411d885dcfa8d3c85e85 P 674ab66be3f9404babeb37aefd2f582a [term 0 FOLLOWER]: Advancing to term 1
I20260601 13:37:22.349917  4041 tablet_service.cc:1917] Received RequestConsensusVote() RPC: tablet_id: "d1d85f96363b411d885dcfa8d3c85e85" candidate_uuid: "f24fbf6059314f849047b8eb1ea11001" candidate_term: 1 candidate_status { last_received { term: 0 index: 0 } } ignore_live_leader: false dest_uuid: "a5f9707a37ac42278fb48afb1a3fbc94"
I20260601 13:37:22.350064  4041 raft_consensus.cc:3060] T d1d85f96363b411d885dcfa8d3c85e85 P a5f9707a37ac42278fb48afb1a3fbc94 [term 0 FOLLOWER]: Advancing to term 1
I20260601 13:37:22.350641  3967 raft_consensus.cc:2468] T d1d85f96363b411d885dcfa8d3c85e85 P 674ab66be3f9404babeb37aefd2f582a [term 1 FOLLOWER]: Leader election vote request: Granting yes vote for candidate f24fbf6059314f849047b8eb1ea11001 in term 1.
I20260601 13:37:22.350787  4041 raft_consensus.cc:2468] T d1d85f96363b411d885dcfa8d3c85e85 P a5f9707a37ac42278fb48afb1a3fbc94 [term 1 FOLLOWER]: Leader election vote request: Granting yes vote for candidate f24fbf6059314f849047b8eb1ea11001 in term 1.
I20260601 13:37:22.350883  3857 leader_election.cc:304] T d1d85f96363b411d885dcfa8d3c85e85 P f24fbf6059314f849047b8eb1ea11001 [CANDIDATE]: Term 1 election: Election decided. Result: candidate won. Election summary: received 2 responses out of 3 voters: 2 yes votes; 0 no votes. yes voters: 674ab66be3f9404babeb37aefd2f582a, f24fbf6059314f849047b8eb1ea11001; no voters: 
I20260601 13:37:22.351052  4116 raft_consensus.cc:2804] T d1d85f96363b411d885dcfa8d3c85e85 P f24fbf6059314f849047b8eb1ea11001 [term 1 FOLLOWER]: Leader election won for term 1
I20260601 13:37:22.351140  4116 raft_consensus.cc:697] T d1d85f96363b411d885dcfa8d3c85e85 P f24fbf6059314f849047b8eb1ea11001 [term 1 LEADER]: Becoming Leader. State: Replica: f24fbf6059314f849047b8eb1ea11001, State: Running, Role: LEADER
I20260601 13:37:22.351260  4116 consensus_queue.cc:237] T d1d85f96363b411d885dcfa8d3c85e85 P f24fbf6059314f849047b8eb1ea11001 [LEADER]: Queue going to LEADER mode. State: All replicated index: 0, Majority replicated index: 0, Committed index: 0, Last appended: 0.0, Last appended by leader: 0, Current term: 1, Majority size: 2, State: 0, Mode: LEADER, active raft config: opid_index: -1 OBSOLETE_local: false peers { permanent_uuid: "f24fbf6059314f849047b8eb1ea11001" member_type: VOTER last_known_addr { host: "127.3.36.1" port: 39767 } } peers { permanent_uuid: "674ab66be3f9404babeb37aefd2f582a" member_type: VOTER last_known_addr { host: "127.3.36.2" port: 33829 } } peers { permanent_uuid: "a5f9707a37ac42278fb48afb1a3fbc94" member_type: VOTER last_known_addr { host: "127.3.36.3" port: 39917 } }
I20260601 13:37:22.352658  3787 catalog_manager.cc:5696] T d1d85f96363b411d885dcfa8d3c85e85 P f24fbf6059314f849047b8eb1ea11001 reported cstate change: term changed from 0 to 1, leader changed from <none> to f24fbf6059314f849047b8eb1ea11001 (127.3.36.1). New cstate: current_term: 1 leader_uuid: "f24fbf6059314f849047b8eb1ea11001" committed_config { opid_index: -1 OBSOLETE_local: false peers { permanent_uuid: "f24fbf6059314f849047b8eb1ea11001" member_type: VOTER last_known_addr { host: "127.3.36.1" port: 39767 } health_report { overall_health: HEALTHY } } peers { permanent_uuid: "674ab66be3f9404babeb37aefd2f582a" member_type: VOTER last_known_addr { host: "127.3.36.2" port: 33829 } health_report { overall_health: UNKNOWN } } peers { permanent_uuid: "a5f9707a37ac42278fb48afb1a3fbc94" member_type: VOTER last_known_addr { host: "127.3.36.3" port: 39917 } health_report { overall_health: UNKNOWN } } }
I20260601 13:37:22.366778  4096 raft_consensus.cc:493] T 170a774a6768437ca337f4d59edd3e12 P a5f9707a37ac42278fb48afb1a3fbc94 [term 0 FOLLOWER]: Starting pre-election (no leader contacted us within the election timeout)
I20260601 13:37:22.366931  4096 raft_consensus.cc:515] T 170a774a6768437ca337f4d59edd3e12 P a5f9707a37ac42278fb48afb1a3fbc94 [term 0 FOLLOWER]: Starting pre-election with config: opid_index: -1 OBSOLETE_local: false peers { permanent_uuid: "f24fbf6059314f849047b8eb1ea11001" member_type: VOTER last_known_addr { host: "127.3.36.1" port: 39767 } } peers { permanent_uuid: "674ab66be3f9404babeb37aefd2f582a" member_type: VOTER last_known_addr { host: "127.3.36.2" port: 33829 } } peers { permanent_uuid: "a5f9707a37ac42278fb48afb1a3fbc94" member_type: VOTER last_known_addr { host: "127.3.36.3" port: 39917 } }
I20260601 13:37:22.367337  4096 leader_election.cc:290] T 170a774a6768437ca337f4d59edd3e12 P a5f9707a37ac42278fb48afb1a3fbc94 [CANDIDATE]: Term 1 pre-election: Requested pre-vote from peers f24fbf6059314f849047b8eb1ea11001 (127.3.36.1:39767), 674ab66be3f9404babeb37aefd2f582a (127.3.36.2:33829)
I20260601 13:37:22.367718  3891 tablet_service.cc:1917] Received RequestConsensusVote() RPC: tablet_id: "170a774a6768437ca337f4d59edd3e12" candidate_uuid: "a5f9707a37ac42278fb48afb1a3fbc94" candidate_term: 1 candidate_status { last_received { term: 0 index: 0 } } ignore_live_leader: false dest_uuid: "f24fbf6059314f849047b8eb1ea11001" is_pre_election: true
I20260601 13:37:22.367718  3967 tablet_service.cc:1917] Received RequestConsensusVote() RPC: tablet_id: "170a774a6768437ca337f4d59edd3e12" candidate_uuid: "a5f9707a37ac42278fb48afb1a3fbc94" candidate_term: 1 candidate_status { last_received { term: 0 index: 0 } } ignore_live_leader: false dest_uuid: "674ab66be3f9404babeb37aefd2f582a" is_pre_election: true
I20260601 13:37:22.367913  3967 raft_consensus.cc:2468] T 170a774a6768437ca337f4d59edd3e12 P 674ab66be3f9404babeb37aefd2f582a [term 0 FOLLOWER]: Leader pre-election vote request: Granting yes vote for candidate a5f9707a37ac42278fb48afb1a3fbc94 in term 0.
I20260601 13:37:22.367913  3891 raft_consensus.cc:2468] T 170a774a6768437ca337f4d59edd3e12 P f24fbf6059314f849047b8eb1ea11001 [term 0 FOLLOWER]: Leader pre-election vote request: Granting yes vote for candidate a5f9707a37ac42278fb48afb1a3fbc94 in term 0.
I20260601 13:37:22.368220  4005 leader_election.cc:304] T 170a774a6768437ca337f4d59edd3e12 P a5f9707a37ac42278fb48afb1a3fbc94 [CANDIDATE]: Term 1 pre-election: Election decided. Result: candidate won. Election summary: received 2 responses out of 3 voters: 2 yes votes; 0 no votes. yes voters: a5f9707a37ac42278fb48afb1a3fbc94, f24fbf6059314f849047b8eb1ea11001; no voters: 
I20260601 13:37:22.368418  4096 raft_consensus.cc:2804] T 170a774a6768437ca337f4d59edd3e12 P a5f9707a37ac42278fb48afb1a3fbc94 [term 0 FOLLOWER]: Leader pre-election won for term 1
I20260601 13:37:22.368485  4096 raft_consensus.cc:493] T 170a774a6768437ca337f4d59edd3e12 P a5f9707a37ac42278fb48afb1a3fbc94 [term 0 FOLLOWER]: Starting leader election (no leader contacted us within the election timeout)
I20260601 13:37:22.368539  4096 raft_consensus.cc:3060] T 170a774a6768437ca337f4d59edd3e12 P a5f9707a37ac42278fb48afb1a3fbc94 [term 0 FOLLOWER]: Advancing to term 1
I20260601 13:37:22.369285  4096 raft_consensus.cc:515] T 170a774a6768437ca337f4d59edd3e12 P a5f9707a37ac42278fb48afb1a3fbc94 [term 1 FOLLOWER]: Starting leader election with config: opid_index: -1 OBSOLETE_local: false peers { permanent_uuid: "f24fbf6059314f849047b8eb1ea11001" member_type: VOTER last_known_addr { host: "127.3.36.1" port: 39767 } } peers { permanent_uuid: "674ab66be3f9404babeb37aefd2f582a" member_type: VOTER last_known_addr { host: "127.3.36.2" port: 33829 } } peers { permanent_uuid: "a5f9707a37ac42278fb48afb1a3fbc94" member_type: VOTER last_known_addr { host: "127.3.36.3" port: 39917 } }
I20260601 13:37:22.369606  4096 leader_election.cc:290] T 170a774a6768437ca337f4d59edd3e12 P a5f9707a37ac42278fb48afb1a3fbc94 [CANDIDATE]: Term 1 election: Requested vote from peers f24fbf6059314f849047b8eb1ea11001 (127.3.36.1:39767), 674ab66be3f9404babeb37aefd2f582a (127.3.36.2:33829)
I20260601 13:37:22.369911  3891 tablet_service.cc:1917] Received RequestConsensusVote() RPC: tablet_id: "170a774a6768437ca337f4d59edd3e12" candidate_uuid: "a5f9707a37ac42278fb48afb1a3fbc94" candidate_term: 1 candidate_status { last_received { term: 0 index: 0 } } ignore_live_leader: false dest_uuid: "f24fbf6059314f849047b8eb1ea11001"
I20260601 13:37:22.369911  3967 tablet_service.cc:1917] Received RequestConsensusVote() RPC: tablet_id: "170a774a6768437ca337f4d59edd3e12" candidate_uuid: "a5f9707a37ac42278fb48afb1a3fbc94" candidate_term: 1 candidate_status { last_received { term: 0 index: 0 } } ignore_live_leader: false dest_uuid: "674ab66be3f9404babeb37aefd2f582a"
I20260601 13:37:22.370045  3967 raft_consensus.cc:3060] T 170a774a6768437ca337f4d59edd3e12 P 674ab66be3f9404babeb37aefd2f582a [term 0 FOLLOWER]: Advancing to term 1
I20260601 13:37:22.370045  3891 raft_consensus.cc:3060] T 170a774a6768437ca337f4d59edd3e12 P f24fbf6059314f849047b8eb1ea11001 [term 0 FOLLOWER]: Advancing to term 1
I20260601 13:37:22.370878  3967 raft_consensus.cc:2468] T 170a774a6768437ca337f4d59edd3e12 P 674ab66be3f9404babeb37aefd2f582a [term 1 FOLLOWER]: Leader election vote request: Granting yes vote for candidate a5f9707a37ac42278fb48afb1a3fbc94 in term 1.
I20260601 13:37:22.370878  3891 raft_consensus.cc:2468] T 170a774a6768437ca337f4d59edd3e12 P f24fbf6059314f849047b8eb1ea11001 [term 1 FOLLOWER]: Leader election vote request: Granting yes vote for candidate a5f9707a37ac42278fb48afb1a3fbc94 in term 1.
I20260601 13:37:22.371156  4005 leader_election.cc:304] T 170a774a6768437ca337f4d59edd3e12 P a5f9707a37ac42278fb48afb1a3fbc94 [CANDIDATE]: Term 1 election: Election decided. Result: candidate won. Election summary: received 2 responses out of 3 voters: 2 yes votes; 0 no votes. yes voters: a5f9707a37ac42278fb48afb1a3fbc94, f24fbf6059314f849047b8eb1ea11001; no voters: 
I20260601 13:37:22.371313  4096 raft_consensus.cc:2804] T 170a774a6768437ca337f4d59edd3e12 P a5f9707a37ac42278fb48afb1a3fbc94 [term 1 FOLLOWER]: Leader election won for term 1
I20260601 13:37:22.371419  4096 raft_consensus.cc:697] T 170a774a6768437ca337f4d59edd3e12 P a5f9707a37ac42278fb48afb1a3fbc94 [term 1 LEADER]: Becoming Leader. State: Replica: a5f9707a37ac42278fb48afb1a3fbc94, State: Running, Role: LEADER
I20260601 13:37:22.371513  4096 consensus_queue.cc:237] T 170a774a6768437ca337f4d59edd3e12 P a5f9707a37ac42278fb48afb1a3fbc94 [LEADER]: Queue going to LEADER mode. State: All replicated index: 0, Majority replicated index: 0, Committed index: 0, Last appended: 0.0, Last appended by leader: 0, Current term: 1, Majority size: 2, State: 0, Mode: LEADER, active raft config: opid_index: -1 OBSOLETE_local: false peers { permanent_uuid: "f24fbf6059314f849047b8eb1ea11001" member_type: VOTER last_known_addr { host: "127.3.36.1" port: 39767 } } peers { permanent_uuid: "674ab66be3f9404babeb37aefd2f582a" member_type: VOTER last_known_addr { host: "127.3.36.2" port: 33829 } } peers { permanent_uuid: "a5f9707a37ac42278fb48afb1a3fbc94" member_type: VOTER last_known_addr { host: "127.3.36.3" port: 39917 } }
I20260601 13:37:22.373034  3787 catalog_manager.cc:5696] T 170a774a6768437ca337f4d59edd3e12 P a5f9707a37ac42278fb48afb1a3fbc94 reported cstate change: term changed from 0 to 1, leader changed from <none> to a5f9707a37ac42278fb48afb1a3fbc94 (127.3.36.3). New cstate: current_term: 1 leader_uuid: "a5f9707a37ac42278fb48afb1a3fbc94" committed_config { opid_index: -1 OBSOLETE_local: false peers { permanent_uuid: "f24fbf6059314f849047b8eb1ea11001" member_type: VOTER last_known_addr { host: "127.3.36.1" port: 39767 } health_report { overall_health: UNKNOWN } } peers { permanent_uuid: "674ab66be3f9404babeb37aefd2f582a" member_type: VOTER last_known_addr { host: "127.3.36.2" port: 33829 } health_report { overall_health: UNKNOWN } } peers { permanent_uuid: "a5f9707a37ac42278fb48afb1a3fbc94" member_type: VOTER last_known_addr { host: "127.3.36.3" port: 39917 } health_report { overall_health: HEALTHY } } }
I20260601 13:37:22.448428  4116 consensus_queue.cc:1048] T 1eeed845b3544f53ba63bb06dd636d8d P f24fbf6059314f849047b8eb1ea11001 [LEADER]: Connected to new peer: Peer: permanent_uuid: "a5f9707a37ac42278fb48afb1a3fbc94" member_type: VOTER last_known_addr { host: "127.3.36.3" port: 39917 }, Status: LMP_MISMATCH, Last received: 0.0, Next index: 1, Last known committed idx: 0, Time since last communication: 0.000s
I20260601 13:37:22.451825  4137 consensus_queue.cc:1048] T 1eeed845b3544f53ba63bb06dd636d8d P f24fbf6059314f849047b8eb1ea11001 [LEADER]: Connected to new peer: Peer: permanent_uuid: "674ab66be3f9404babeb37aefd2f582a" member_type: VOTER last_known_addr { host: "127.3.36.2" port: 33829 }, Status: LMP_MISMATCH, Last received: 0.0, Next index: 1, Last known committed idx: 0, Time since last communication: 0.000s
I20260601 13:37:22.460636  3216 file_cache.cc:492] Constructed file cache file cache with capacity 419430
W20260601 13:37:22.462843  4142 instance_detector.cc:116] could not retrieve Azure instance metadata: Network error: curl error: HTTP response code said error: The requested URL returned error: 404
W20260601 13:37:22.462893  4144 instance_detector.cc:116] could not retrieve OpenStack instance metadata: Network error: curl error: HTTP response code said error: The requested URL returned error: 404
W20260601 13:37:22.462950  4141 instance_detector.cc:116] could not retrieve AWS instance metadata: Network error: curl error: HTTP response code said error: The requested URL returned error: 404
I20260601 13:37:22.463163  3216 server_base.cc:1061] running on GCE node
I20260601 13:37:22.463335  3216 hybrid_clock.cc:584] initializing the hybrid clock with 'system_unsync' time source
W20260601 13:37:22.463371  3216 system_unsync_time.cc:38] NTP support is disabled. Clock error bounds will not be accurate. This configuration is not suitable for distributed clusters.
I20260601 13:37:22.463384  3216 hybrid_clock.cc:648] HybridClock initialized: now 1780321042463385 us; error 0 us; skew 500 ppm
I20260601 13:37:22.464336  3216 webserver.cc:533] Webserver started at http://127.3.36.4:45251/ using document root <none> and password file <none>
I20260601 13:37:22.464473  3216 fs_manager.cc:362] Metadata directory not provided
I20260601 13:37:22.464514  3216 fs_manager.cc:368] Using write-ahead log directory (fs_wal_dir) as metadata directory
I20260601 13:37:22.464576  3216 server_base.cc:909] This appears to be a new deployment of Kudu; creating new FS layout
I20260601 13:37:22.464891  3216 fs_manager.cc:1068] Generated new instance metadata in path /tmp/dist-test-task7NemH6/test-tmp/auto_rebalancer-test.0.AutoRebalancerTest.AutoRebalancingTurnOffAndOn.1780321038176609-3216-0/minicluster-data/ts-3-root/instance:
uuid: "d08f13688d184e1da665b8291ad31b1b"
format_stamp: "Formatted at 2026-06-01 13:37:22 on dist-test-slave-1ccs"
I20260601 13:37:22.466339  3216 fs_manager.cc:696] Time spent creating directory manager: real 0.001s	user 0.002s	sys 0.000s
I20260601 13:37:22.467289  4149 log_block_manager.cc:4031] Time spent loading block containers with low live blocks: real 0.000s	user 0.000s	sys 0.000s
I20260601 13:37:22.467572  3216 fs_manager.cc:730] Time spent opening block manager: real 0.001s	user 0.001s	sys 0.000s
I20260601 13:37:22.467633  3216 fs_manager.cc:647] Opened local filesystem: /tmp/dist-test-task7NemH6/test-tmp/auto_rebalancer-test.0.AutoRebalancerTest.AutoRebalancingTurnOffAndOn.1780321038176609-3216-0/minicluster-data/ts-3-root
uuid: "d08f13688d184e1da665b8291ad31b1b"
format_stamp: "Formatted at 2026-06-01 13:37:22 on dist-test-slave-1ccs"
I20260601 13:37:22.467684  3216 fs_report.cc:389] FS layout report
--------------------
wal directory: /tmp/dist-test-task7NemH6/test-tmp/auto_rebalancer-test.0.AutoRebalancerTest.AutoRebalancingTurnOffAndOn.1780321038176609-3216-0/minicluster-data/ts-3-root
metadata directory: /tmp/dist-test-task7NemH6/test-tmp/auto_rebalancer-test.0.AutoRebalancerTest.AutoRebalancingTurnOffAndOn.1780321038176609-3216-0/minicluster-data/ts-3-root
1 data directories: /tmp/dist-test-task7NemH6/test-tmp/auto_rebalancer-test.0.AutoRebalancerTest.AutoRebalancingTurnOffAndOn.1780321038176609-3216-0/minicluster-data/ts-3-root/data
Total live blocks: 0
Total live bytes: 0
Total live bytes (after alignment): 0
Total number of LBM containers: 0 (0 full)
Did not check for missing blocks
Did not check for orphaned blocks
Total full LBM containers with extra space: 0 (0 repaired)
Total full LBM container extra space in bytes: 0 (0 repaired)
Total incomplete LBM containers: 0 (0 repaired)
Total LBM partial records: 0 (0 repaired)
Total corrupted LBM metadata records in RocksDB: 0 (0 repaired)
I20260601 13:37:22.492511  3216 rpc_server.cc:225] running with OpenSSL 1.1.1  11 Sep 2018
I20260601 13:37:22.492951  3216 kserver.cc:163] Server-wide thread pool size limit: 3276
I20260601 13:37:22.493161  3216 txn_system_client.cc:432] TxnSystemClient initialization is disabled...
I20260601 13:37:22.493613  3216 ts_tablet_manager.cc:585] Loaded tablet metadata (0 total tablets, 0 live tablets)
I20260601 13:37:22.493650  3216 ts_tablet_manager.cc:531] Time spent load tablet metadata: real 0.000s	user 0.000s	sys 0.000s
I20260601 13:37:22.493709  3216 ts_tablet_manager.cc:616] Registered 0 tablets
I20260601 13:37:22.493750  3216 ts_tablet_manager.cc:595] Time spent register tablets: real 0.000s	user 0.000s	sys 0.000s
I20260601 13:37:22.498732  3216 rpc_server.cc:307] RPC server started. Bound to: 127.3.36.4:36787
I20260601 13:37:22.498791  4212 acceptor_pool.cc:272] collecting diagnostics on the listening RPC socket 127.3.36.4:36787 every 8 connection(s)
I20260601 13:37:22.503391  4213 heartbeater.cc:344] Connected to a master server at 127.3.36.62:33319
I20260601 13:37:22.503508  4213 heartbeater.cc:461] Registering TS with master...
I20260601 13:37:22.503466  4092 consensus_queue.cc:1048] T f615ea7681a64400be8329cbbf3cbf16 P 674ab66be3f9404babeb37aefd2f582a [LEADER]: Connected to new peer: Peer: permanent_uuid: "a5f9707a37ac42278fb48afb1a3fbc94" member_type: VOTER last_known_addr { host: "127.3.36.3" port: 39917 }, Status: LMP_MISMATCH, Last received: 0.0, Next index: 1, Last known committed idx: 0, Time since last communication: 0.000s
I20260601 13:37:22.503718  4213 heartbeater.cc:507] Master 127.3.36.62:33319 requested a full tablet report, sending...
I20260601 13:37:22.504879  3786 ts_manager.cc:194] Registered new tserver with Master: d08f13688d184e1da665b8291ad31b1b (127.3.36.4:36787)
I20260601 13:37:22.505551  3786 master_service.cc:502] Signed X509 certificate for tserver {username='slave'} at 127.0.0.1:42878
I20260601 13:37:22.506927  4218 consensus_queue.cc:1048] T f615ea7681a64400be8329cbbf3cbf16 P 674ab66be3f9404babeb37aefd2f582a [LEADER]: Connected to new peer: Peer: permanent_uuid: "f24fbf6059314f849047b8eb1ea11001" member_type: VOTER last_known_addr { host: "127.3.36.1" port: 39767 }, Status: LMP_MISMATCH, Last received: 0.0, Next index: 1, Last known committed idx: 0, Time since last communication: 0.000s
I20260601 13:37:22.538470  4096 consensus_queue.cc:1048] T 5d298f8e52164f7aa69d8f2e1918cfc6 P a5f9707a37ac42278fb48afb1a3fbc94 [LEADER]: Connected to new peer: Peer: permanent_uuid: "674ab66be3f9404babeb37aefd2f582a" member_type: VOTER last_known_addr { host: "127.3.36.2" port: 33829 }, Status: LMP_MISMATCH, Last received: 0.0, Next index: 1, Last known committed idx: 0, Time since last communication: 0.000s
I20260601 13:37:22.541626  4128 consensus_queue.cc:1048] T 5d298f8e52164f7aa69d8f2e1918cfc6 P a5f9707a37ac42278fb48afb1a3fbc94 [LEADER]: Connected to new peer: Peer: permanent_uuid: "f24fbf6059314f849047b8eb1ea11001" member_type: VOTER last_known_addr { host: "127.3.36.1" port: 39767 }, Status: LMP_MISMATCH, Last received: 0.0, Next index: 1, Last known committed idx: 0, Time since last communication: 0.000s
I20260601 13:37:22.620134  4218 consensus_queue.cc:1048] T 044dc816a6894338a572fd6605453814 P 674ab66be3f9404babeb37aefd2f582a [LEADER]: Connected to new peer: Peer: permanent_uuid: "f24fbf6059314f849047b8eb1ea11001" member_type: VOTER last_known_addr { host: "127.3.36.1" port: 39767 }, Status: LMP_MISMATCH, Last received: 0.0, Next index: 1, Last known committed idx: 0, Time since last communication: 0.000s
I20260601 13:37:22.625082  4126 consensus_queue.cc:1048] T 044dc816a6894338a572fd6605453814 P 674ab66be3f9404babeb37aefd2f582a [LEADER]: Connected to new peer: Peer: permanent_uuid: "a5f9707a37ac42278fb48afb1a3fbc94" member_type: VOTER last_known_addr { host: "127.3.36.3" port: 39917 }, Status: LMP_MISMATCH, Last received: 0.0, Next index: 1, Last known committed idx: 0, Time since last communication: 0.000s
I20260601 13:37:22.808487  4137 consensus_queue.cc:1048] T d1d85f96363b411d885dcfa8d3c85e85 P f24fbf6059314f849047b8eb1ea11001 [LEADER]: Connected to new peer: Peer: permanent_uuid: "674ab66be3f9404babeb37aefd2f582a" member_type: VOTER last_known_addr { host: "127.3.36.2" port: 33829 }, Status: LMP_MISMATCH, Last received: 0.0, Next index: 1, Last known committed idx: 0, Time since last communication: 0.000s
I20260601 13:37:22.811740  4137 consensus_queue.cc:1048] T d1d85f96363b411d885dcfa8d3c85e85 P f24fbf6059314f849047b8eb1ea11001 [LEADER]: Connected to new peer: Peer: permanent_uuid: "a5f9707a37ac42278fb48afb1a3fbc94" member_type: VOTER last_known_addr { host: "127.3.36.3" port: 39917 }, Status: LMP_MISMATCH, Last received: 0.0, Next index: 1, Last known committed idx: 0, Time since last communication: 0.000s
I20260601 13:37:22.827925  4126 consensus_queue.cc:1048] T 793378ca21f74e5b82f69a6a1b110bcb P 674ab66be3f9404babeb37aefd2f582a [LEADER]: Connected to new peer: Peer: permanent_uuid: "f24fbf6059314f849047b8eb1ea11001" member_type: VOTER last_known_addr { host: "127.3.36.1" port: 39767 }, Status: LMP_MISMATCH, Last received: 0.0, Next index: 1, Last known committed idx: 0, Time since last communication: 0.000s
I20260601 13:37:22.830955  4126 consensus_queue.cc:1048] T 793378ca21f74e5b82f69a6a1b110bcb P 674ab66be3f9404babeb37aefd2f582a [LEADER]: Connected to new peer: Peer: permanent_uuid: "a5f9707a37ac42278fb48afb1a3fbc94" member_type: VOTER last_known_addr { host: "127.3.36.3" port: 39917 }, Status: LMP_MISMATCH, Last received: 0.0, Next index: 1, Last known committed idx: 0, Time since last communication: 0.000s
I20260601 13:37:22.834854  4096 consensus_queue.cc:1048] T 170a774a6768437ca337f4d59edd3e12 P a5f9707a37ac42278fb48afb1a3fbc94 [LEADER]: Connected to new peer: Peer: permanent_uuid: "f24fbf6059314f849047b8eb1ea11001" member_type: VOTER last_known_addr { host: "127.3.36.1" port: 39767 }, Status: LMP_MISMATCH, Last received: 0.0, Next index: 1, Last known committed idx: 0, Time since last communication: 0.000s
I20260601 13:37:22.837271  4096 consensus_queue.cc:1048] T 170a774a6768437ca337f4d59edd3e12 P a5f9707a37ac42278fb48afb1a3fbc94 [LEADER]: Connected to new peer: Peer: permanent_uuid: "674ab66be3f9404babeb37aefd2f582a" member_type: VOTER last_known_addr { host: "127.3.36.2" port: 33829 }, Status: LMP_MISMATCH, Last received: 0.0, Next index: 1, Last known committed idx: 0, Time since last communication: 0.000s
I20260601 13:37:22.842790  3842 auto_leader_rebalancer.cc:140] leader rebalance for table test-workload
I20260601 13:37:22.848212  3967 tablet_service.cc:2072] Received LeaderStepDown RPC: tablet_id: "709be7eb954145bc98eea6970aaf4aad"
dest_uuid: "674ab66be3f9404babeb37aefd2f582a"
mode: GRACEFUL
new_leader_uuid: "f24fbf6059314f849047b8eb1ea11001"
 from {username='slave'} at 127.0.0.1:51334
I20260601 13:37:22.848342  3967 raft_consensus.cc:606] T 709be7eb954145bc98eea6970aaf4aad P 674ab66be3f9404babeb37aefd2f582a [term 1 LEADER]: Received request to transfer leadership to TS f24fbf6059314f849047b8eb1ea11001
I20260601 13:37:22.848718  3842 auto_leader_rebalancer.cc:388] table: test-workload, leader rebalance finish, leader transfer count: 1
I20260601 13:37:22.848942  3842 auto_leader_rebalancer.cc:451] All tables' leader rebalancing finished this round
I20260601 13:37:22.868974  4126 consensus_queue.cc:1048] T 709be7eb954145bc98eea6970aaf4aad P 674ab66be3f9404babeb37aefd2f582a [LEADER]: Connected to new peer: Peer: permanent_uuid: "a5f9707a37ac42278fb48afb1a3fbc94" member_type: VOTER last_known_addr { host: "127.3.36.3" port: 39917 }, Status: LMP_MISMATCH, Last received: 0.0, Next index: 1, Last known committed idx: 0, Time since last communication: 0.000s
I20260601 13:37:22.871941  4092 consensus_queue.cc:1048] T 709be7eb954145bc98eea6970aaf4aad P 674ab66be3f9404babeb37aefd2f582a [LEADER]: Connected to new peer: Peer: permanent_uuid: "f24fbf6059314f849047b8eb1ea11001" member_type: VOTER last_known_addr { host: "127.3.36.1" port: 39767 }, Status: LMP_MISMATCH, Last received: 0.0, Next index: 1, Last known committed idx: 0, Time since last communication: 0.000s
I20260601 13:37:22.873783  4126 raft_consensus.cc:993] T 709be7eb954145bc98eea6970aaf4aad P 674ab66be3f9404babeb37aefd2f582a: : Instructing follower f24fbf6059314f849047b8eb1ea11001 to start an election
I20260601 13:37:22.873917  4126 raft_consensus.cc:1081] T 709be7eb954145bc98eea6970aaf4aad P 674ab66be3f9404babeb37aefd2f582a [term 1 LEADER]: Signalling peer f24fbf6059314f849047b8eb1ea11001 to start an election
I20260601 13:37:22.874415  3891 tablet_service.cc:2044] Received Run Leader Election RPC: tablet_id: "709be7eb954145bc98eea6970aaf4aad"
dest_uuid: "f24fbf6059314f849047b8eb1ea11001"
 from {username='slave'} at 127.0.0.1:57136
I20260601 13:37:22.874544  3891 raft_consensus.cc:493] T 709be7eb954145bc98eea6970aaf4aad P f24fbf6059314f849047b8eb1ea11001 [term 1 FOLLOWER]: Starting forced leader election (received explicit request)
I20260601 13:37:22.874609  3891 raft_consensus.cc:3060] T 709be7eb954145bc98eea6970aaf4aad P f24fbf6059314f849047b8eb1ea11001 [term 1 FOLLOWER]: Advancing to term 2
I20260601 13:37:22.875475  3891 raft_consensus.cc:515] T 709be7eb954145bc98eea6970aaf4aad P f24fbf6059314f849047b8eb1ea11001 [term 2 FOLLOWER]: Starting forced leader election with config: opid_index: -1 OBSOLETE_local: false peers { permanent_uuid: "f24fbf6059314f849047b8eb1ea11001" member_type: VOTER last_known_addr { host: "127.3.36.1" port: 39767 } } peers { permanent_uuid: "674ab66be3f9404babeb37aefd2f582a" member_type: VOTER last_known_addr { host: "127.3.36.2" port: 33829 } } peers { permanent_uuid: "a5f9707a37ac42278fb48afb1a3fbc94" member_type: VOTER last_known_addr { host: "127.3.36.3" port: 39917 } }
I20260601 13:37:22.875842  3891 leader_election.cc:290] T 709be7eb954145bc98eea6970aaf4aad P f24fbf6059314f849047b8eb1ea11001 [CANDIDATE]: Term 2 election: Requested vote from peers 674ab66be3f9404babeb37aefd2f582a (127.3.36.2:33829), a5f9707a37ac42278fb48afb1a3fbc94 (127.3.36.3:39917)
I20260601 13:37:22.876129  3967 tablet_service.cc:1917] Received RequestConsensusVote() RPC: tablet_id: "709be7eb954145bc98eea6970aaf4aad" candidate_uuid: "f24fbf6059314f849047b8eb1ea11001" candidate_term: 2 candidate_status { last_received { term: 1 index: 1 } } ignore_live_leader: true dest_uuid: "674ab66be3f9404babeb37aefd2f582a"
I20260601 13:37:22.876179  4041 tablet_service.cc:1917] Received RequestConsensusVote() RPC: tablet_id: "709be7eb954145bc98eea6970aaf4aad" candidate_uuid: "f24fbf6059314f849047b8eb1ea11001" candidate_term: 2 candidate_status { last_received { term: 1 index: 1 } } ignore_live_leader: true dest_uuid: "a5f9707a37ac42278fb48afb1a3fbc94"
I20260601 13:37:22.876266  3967 raft_consensus.cc:3055] T 709be7eb954145bc98eea6970aaf4aad P 674ab66be3f9404babeb37aefd2f582a [term 1 LEADER]: Stepping down as leader of term 1
I20260601 13:37:22.876320  3967 raft_consensus.cc:740] T 709be7eb954145bc98eea6970aaf4aad P 674ab66be3f9404babeb37aefd2f582a [term 1 LEADER]: Becoming Follower/Learner. State: Replica: 674ab66be3f9404babeb37aefd2f582a, State: Running, Role: LEADER
I20260601 13:37:22.876323  4041 raft_consensus.cc:3060] T 709be7eb954145bc98eea6970aaf4aad P a5f9707a37ac42278fb48afb1a3fbc94 [term 1 FOLLOWER]: Advancing to term 2
I20260601 13:37:22.876497  3967 consensus_queue.cc:260] T 709be7eb954145bc98eea6970aaf4aad P 674ab66be3f9404babeb37aefd2f582a [NON_LEADER]: Queue going to NON_LEADER mode. State: All replicated index: 0, Majority replicated index: 1, Committed index: 1, Last appended: 1.1, Last appended by leader: 1, Current term: 1, Majority size: -1, State: 0, Mode: NON_LEADER, active raft config: opid_index: -1 OBSOLETE_local: false peers { permanent_uuid: "f24fbf6059314f849047b8eb1ea11001" member_type: VOTER last_known_addr { host: "127.3.36.1" port: 39767 } } peers { permanent_uuid: "674ab66be3f9404babeb37aefd2f582a" member_type: VOTER last_known_addr { host: "127.3.36.2" port: 33829 } } peers { permanent_uuid: "a5f9707a37ac42278fb48afb1a3fbc94" member_type: VOTER last_known_addr { host: "127.3.36.3" port: 39917 } }
I20260601 13:37:22.876672  3967 raft_consensus.cc:3060] T 709be7eb954145bc98eea6970aaf4aad P 674ab66be3f9404babeb37aefd2f582a [term 1 FOLLOWER]: Advancing to term 2
I20260601 13:37:22.877205  4041 raft_consensus.cc:2468] T 709be7eb954145bc98eea6970aaf4aad P a5f9707a37ac42278fb48afb1a3fbc94 [term 2 FOLLOWER]: Leader election vote request: Granting yes vote for candidate f24fbf6059314f849047b8eb1ea11001 in term 2.
I20260601 13:37:22.877458  3854 leader_election.cc:304] T 709be7eb954145bc98eea6970aaf4aad P f24fbf6059314f849047b8eb1ea11001 [CANDIDATE]: Term 2 election: Election decided. Result: candidate won. Election summary: received 2 responses out of 3 voters: 2 yes votes; 0 no votes. yes voters: a5f9707a37ac42278fb48afb1a3fbc94, f24fbf6059314f849047b8eb1ea11001; no voters: 
I20260601 13:37:22.877607  3967 raft_consensus.cc:2468] T 709be7eb954145bc98eea6970aaf4aad P 674ab66be3f9404babeb37aefd2f582a [term 2 FOLLOWER]: Leader election vote request: Granting yes vote for candidate f24fbf6059314f849047b8eb1ea11001 in term 2.
I20260601 13:37:22.877615  4116 raft_consensus.cc:2804] T 709be7eb954145bc98eea6970aaf4aad P f24fbf6059314f849047b8eb1ea11001 [term 2 FOLLOWER]: Leader election won for term 2
I20260601 13:37:22.877743  4116 raft_consensus.cc:697] T 709be7eb954145bc98eea6970aaf4aad P f24fbf6059314f849047b8eb1ea11001 [term 2 LEADER]: Becoming Leader. State: Replica: f24fbf6059314f849047b8eb1ea11001, State: Running, Role: LEADER
I20260601 13:37:22.877879  4116 consensus_queue.cc:237] T 709be7eb954145bc98eea6970aaf4aad P f24fbf6059314f849047b8eb1ea11001 [LEADER]: Queue going to LEADER mode. State: All replicated index: 0, Majority replicated index: 1, Committed index: 1, Last appended: 1.1, Last appended by leader: 1, Current term: 2, Majority size: 2, State: 0, Mode: LEADER, active raft config: opid_index: -1 OBSOLETE_local: false peers { permanent_uuid: "f24fbf6059314f849047b8eb1ea11001" member_type: VOTER last_known_addr { host: "127.3.36.1" port: 39767 } } peers { permanent_uuid: "674ab66be3f9404babeb37aefd2f582a" member_type: VOTER last_known_addr { host: "127.3.36.2" port: 33829 } } peers { permanent_uuid: "a5f9707a37ac42278fb48afb1a3fbc94" member_type: VOTER last_known_addr { host: "127.3.36.3" port: 39917 } }
I20260601 13:37:22.879194  3787 catalog_manager.cc:5696] T 709be7eb954145bc98eea6970aaf4aad P f24fbf6059314f849047b8eb1ea11001 reported cstate change: term changed from 1 to 2, leader changed from 674ab66be3f9404babeb37aefd2f582a (127.3.36.2) to f24fbf6059314f849047b8eb1ea11001 (127.3.36.1). New cstate: current_term: 2 leader_uuid: "f24fbf6059314f849047b8eb1ea11001" committed_config { opid_index: -1 OBSOLETE_local: false peers { permanent_uuid: "f24fbf6059314f849047b8eb1ea11001" member_type: VOTER last_known_addr { host: "127.3.36.1" port: 39767 } health_report { overall_health: HEALTHY } } peers { permanent_uuid: "674ab66be3f9404babeb37aefd2f582a" member_type: VOTER last_known_addr { host: "127.3.36.2" port: 33829 } health_report { overall_health: UNKNOWN } } peers { permanent_uuid: "a5f9707a37ac42278fb48afb1a3fbc94" member_type: VOTER last_known_addr { host: "127.3.36.3" port: 39917 } health_report { overall_health: UNKNOWN } } }
I20260601 13:37:23.455699  3967 raft_consensus.cc:1275] T 709be7eb954145bc98eea6970aaf4aad P 674ab66be3f9404babeb37aefd2f582a [term 2 FOLLOWER]: Refusing update from remote peer f24fbf6059314f849047b8eb1ea11001: Log matching property violated. Preceding OpId in replica: term: 1 index: 1. Preceding OpId from leader: term: 2 index: 2. (index mismatch)
I20260601 13:37:23.456249  4137 consensus_queue.cc:1048] T 709be7eb954145bc98eea6970aaf4aad P f24fbf6059314f849047b8eb1ea11001 [LEADER]: Connected to new peer: Peer: permanent_uuid: "674ab66be3f9404babeb37aefd2f582a" member_type: VOTER last_known_addr { host: "127.3.36.2" port: 33829 }, Status: LMP_MISMATCH, Last received: 0.0, Next index: 2, Last known committed idx: 1, Time since last communication: 0.000s
I20260601 13:37:23.458814  4041 raft_consensus.cc:1275] T 709be7eb954145bc98eea6970aaf4aad P a5f9707a37ac42278fb48afb1a3fbc94 [term 2 FOLLOWER]: Refusing update from remote peer f24fbf6059314f849047b8eb1ea11001: Log matching property violated. Preceding OpId in replica: term: 1 index: 1. Preceding OpId from leader: term: 2 index: 2. (index mismatch)
I20260601 13:37:23.459193  4137 consensus_queue.cc:1048] T 709be7eb954145bc98eea6970aaf4aad P f24fbf6059314f849047b8eb1ea11001 [LEADER]: Connected to new peer: Peer: permanent_uuid: "a5f9707a37ac42278fb48afb1a3fbc94" member_type: VOTER last_known_addr { host: "127.3.36.3" port: 39917 }, Status: LMP_MISMATCH, Last received: 0.0, Next index: 2, Last known committed idx: 1, Time since last communication: 0.000s
I20260601 13:37:23.506551  4213 heartbeater.cc:499] Master 127.3.36.62:33319 was elected leader, sending a full tablet report...
I20260601 13:37:24.849274  3842 auto_leader_rebalancer.cc:140] leader rebalance for table test-workload
I20260601 13:37:24.850121  3842 auto_leader_rebalancer.cc:388] table: test-workload, leader rebalance finish, leader transfer count: 0
I20260601 13:37:24.850191  3842 auto_leader_rebalancer.cc:451] All tables' leader rebalancing finished this round
I20260601 13:37:26.850524  3842 auto_leader_rebalancer.cc:140] leader rebalance for table test-workload
I20260601 13:37:26.851408  3842 auto_leader_rebalancer.cc:388] table: test-workload, leader rebalance finish, leader transfer count: 0
I20260601 13:37:26.851487  3842 auto_leader_rebalancer.cc:451] All tables' leader rebalancing finished this round
I20260601 13:37:27.855068  3967 consensus_queue.cc:237] T 044dc816a6894338a572fd6605453814 P 674ab66be3f9404babeb37aefd2f582a [LEADER]: Queue going to LEADER mode. State: All replicated index: 0, Majority replicated index: 1, Committed index: 1, Last appended: 1.1, Last appended by leader: 0, Current term: 1, Majority size: 2, State: 0, Mode: LEADER, active raft config: opid_index: 2 OBSOLETE_local: false peers { permanent_uuid: "f24fbf6059314f849047b8eb1ea11001" member_type: VOTER last_known_addr { host: "127.3.36.1" port: 39767 } } peers { permanent_uuid: "674ab66be3f9404babeb37aefd2f582a" member_type: VOTER last_known_addr { host: "127.3.36.2" port: 33829 } } peers { permanent_uuid: "a5f9707a37ac42278fb48afb1a3fbc94" member_type: VOTER last_known_addr { host: "127.3.36.3" port: 39917 } attrs { replace: true } } peers { permanent_uuid: "d08f13688d184e1da665b8291ad31b1b" member_type: NON_VOTER last_known_addr { host: "127.3.36.4" port: 36787 } attrs { promote: true } }
I20260601 13:37:27.856724  3891 raft_consensus.cc:1275] T 044dc816a6894338a572fd6605453814 P f24fbf6059314f849047b8eb1ea11001 [term 1 FOLLOWER]: Refusing update from remote peer 674ab66be3f9404babeb37aefd2f582a: Log matching property violated. Preceding OpId in replica: term: 1 index: 1. Preceding OpId from leader: term: 1 index: 2. (index mismatch)
I20260601 13:37:27.857065  4042 raft_consensus.cc:1275] T 044dc816a6894338a572fd6605453814 P a5f9707a37ac42278fb48afb1a3fbc94 [term 1 FOLLOWER]: Refusing update from remote peer 674ab66be3f9404babeb37aefd2f582a: Log matching property violated. Preceding OpId in replica: term: 1 index: 1. Preceding OpId from leader: term: 1 index: 2. (index mismatch)
I20260601 13:37:27.857318  4246 consensus_queue.cc:1048] T 044dc816a6894338a572fd6605453814 P 674ab66be3f9404babeb37aefd2f582a [LEADER]: Connected to new peer: Peer: permanent_uuid: "f24fbf6059314f849047b8eb1ea11001" member_type: VOTER last_known_addr { host: "127.3.36.1" port: 39767 }, Status: LMP_MISMATCH, Last received: 0.0, Next index: 2, Last known committed idx: 1, Time since last communication: 0.000s
I20260601 13:37:27.857493  4092 consensus_queue.cc:1048] T 044dc816a6894338a572fd6605453814 P 674ab66be3f9404babeb37aefd2f582a [LEADER]: Connected to new peer: Peer: permanent_uuid: "a5f9707a37ac42278fb48afb1a3fbc94" member_type: VOTER last_known_addr { host: "127.3.36.3" port: 39917 } attrs { replace: true }, Status: LMP_MISMATCH, Last received: 0.0, Next index: 2, Last known committed idx: 1, Time since last communication: 0.000s
I20260601 13:37:27.859308  4245 raft_consensus.cc:2955] T 044dc816a6894338a572fd6605453814 P 674ab66be3f9404babeb37aefd2f582a [term 1 LEADER]: Committing config change with OpId 1.2: config changed from index -1 to 2, NON_VOTER d08f13688d184e1da665b8291ad31b1b (127.3.36.4) added. New config: { opid_index: 2 OBSOLETE_local: false peers { permanent_uuid: "f24fbf6059314f849047b8eb1ea11001" member_type: VOTER last_known_addr { host: "127.3.36.1" port: 39767 } } peers { permanent_uuid: "674ab66be3f9404babeb37aefd2f582a" member_type: VOTER last_known_addr { host: "127.3.36.2" port: 33829 } } peers { permanent_uuid: "a5f9707a37ac42278fb48afb1a3fbc94" member_type: VOTER last_known_addr { host: "127.3.36.3" port: 39917 } attrs { replace: true } } peers { permanent_uuid: "d08f13688d184e1da665b8291ad31b1b" member_type: NON_VOTER last_known_addr { host: "127.3.36.4" port: 36787 } attrs { promote: true } } }
I20260601 13:37:27.860263  3891 raft_consensus.cc:2955] T 044dc816a6894338a572fd6605453814 P f24fbf6059314f849047b8eb1ea11001 [term 1 FOLLOWER]: Committing config change with OpId 1.2: config changed from index -1 to 2, NON_VOTER d08f13688d184e1da665b8291ad31b1b (127.3.36.4) added. New config: { opid_index: 2 OBSOLETE_local: false peers { permanent_uuid: "f24fbf6059314f849047b8eb1ea11001" member_type: VOTER last_known_addr { host: "127.3.36.1" port: 39767 } } peers { permanent_uuid: "674ab66be3f9404babeb37aefd2f582a" member_type: VOTER last_known_addr { host: "127.3.36.2" port: 33829 } } peers { permanent_uuid: "a5f9707a37ac42278fb48afb1a3fbc94" member_type: VOTER last_known_addr { host: "127.3.36.3" port: 39917 } attrs { replace: true } } peers { permanent_uuid: "d08f13688d184e1da665b8291ad31b1b" member_type: NON_VOTER last_known_addr { host: "127.3.36.4" port: 36787 } attrs { promote: true } } }
I20260601 13:37:27.860379  4042 raft_consensus.cc:2955] T 044dc816a6894338a572fd6605453814 P a5f9707a37ac42278fb48afb1a3fbc94 [term 1 FOLLOWER]: Committing config change with OpId 1.2: config changed from index -1 to 2, NON_VOTER d08f13688d184e1da665b8291ad31b1b (127.3.36.4) added. New config: { opid_index: 2 OBSOLETE_local: false peers { permanent_uuid: "f24fbf6059314f849047b8eb1ea11001" member_type: VOTER last_known_addr { host: "127.3.36.1" port: 39767 } } peers { permanent_uuid: "674ab66be3f9404babeb37aefd2f582a" member_type: VOTER last_known_addr { host: "127.3.36.2" port: 33829 } } peers { permanent_uuid: "a5f9707a37ac42278fb48afb1a3fbc94" member_type: VOTER last_known_addr { host: "127.3.36.3" port: 39917 } attrs { replace: true } } peers { permanent_uuid: "d08f13688d184e1da665b8291ad31b1b" member_type: NON_VOTER last_known_addr { host: "127.3.36.4" port: 36787 } attrs { promote: true } } }
W20260601 13:37:27.861167  3930 consensus_peers.cc:597] T 044dc816a6894338a572fd6605453814 P 674ab66be3f9404babeb37aefd2f582a -> Peer d08f13688d184e1da665b8291ad31b1b (127.3.36.4:36787): Couldn't send request to peer d08f13688d184e1da665b8291ad31b1b. Error code: TABLET_NOT_FOUND (6). Status: Not found: Tablet not found: 044dc816a6894338a572fd6605453814. This is attempt 1: this message will repeat every 5th retry.
I20260601 13:37:27.862299  3787 catalog_manager.cc:5696] T 044dc816a6894338a572fd6605453814 P 674ab66be3f9404babeb37aefd2f582a reported cstate change: config changed from index -1 to 2, NON_VOTER d08f13688d184e1da665b8291ad31b1b (127.3.36.4) added. New cstate: current_term: 1 leader_uuid: "674ab66be3f9404babeb37aefd2f582a" committed_config { opid_index: 2 OBSOLETE_local: false peers { permanent_uuid: "f24fbf6059314f849047b8eb1ea11001" member_type: VOTER last_known_addr { host: "127.3.36.1" port: 39767 } health_report { overall_health: HEALTHY } } peers { permanent_uuid: "674ab66be3f9404babeb37aefd2f582a" member_type: VOTER last_known_addr { host: "127.3.36.2" port: 33829 } health_report { overall_health: HEALTHY } } peers { permanent_uuid: "a5f9707a37ac42278fb48afb1a3fbc94" member_type: VOTER last_known_addr { host: "127.3.36.3" port: 39917 } attrs { replace: true } health_report { overall_health: HEALTHY } } peers { permanent_uuid: "d08f13688d184e1da665b8291ad31b1b" member_type: NON_VOTER last_known_addr { host: "127.3.36.4" port: 36787 } attrs { promote: true } health_report { overall_health: UNKNOWN } } }
