I20260601 13:38:27.834686 18911 file_cache.cc:492] Constructed file cache file cache with capacity 419430
W20260601 13:38:27.836640 22003 instance_detector.cc:116] could not retrieve OpenStack instance metadata: Network error: curl error: HTTP response code said error: The requested URL returned error: 404
W20260601 13:38:27.836647 22000 instance_detector.cc:116] could not retrieve AWS instance metadata: Network error: curl error: HTTP response code said error: The requested URL returned error: 404
W20260601 13:38:27.836714 22001 instance_detector.cc:116] could not retrieve Azure instance metadata: Network error: curl error: HTTP response code said error: The requested URL returned error: 404
I20260601 13:38:27.837188 18911 server_base.cc:1061] running on GCE node
I20260601 13:38:27.837411 18911 hybrid_clock.cc:584] initializing the hybrid clock with 'system_unsync' time source
W20260601 13:38:27.837462 18911 system_unsync_time.cc:38] NTP support is disabled. Clock error bounds will not be accurate. This configuration is not suitable for distributed clusters.
I20260601 13:38:27.837484 18911 hybrid_clock.cc:648] HybridClock initialized: now 1780321107837484 us; error 0 us; skew 500 ppm
I20260601 13:38:27.838510 18911 webserver.cc:533] Webserver started at http://127.18.119.195:41855/ using document root <none> and password file <none>
I20260601 13:38:27.838696 18911 fs_manager.cc:362] Metadata directory not provided
I20260601 13:38:27.838757 18911 fs_manager.cc:368] Using write-ahead log directory (fs_wal_dir) as metadata directory
I20260601 13:38:27.838830 18911 server_base.cc:909] This appears to be a new deployment of Kudu; creating new FS layout
I20260601 13:38:27.839238 21997 heartbeater.cc:344] Connected to a master server at 127.18.119.254:35705
I20260601 13:38:27.839327 21997 heartbeater.cc:461] Registering TS with master...
I20260601 13:38:27.839342 18911 fs_manager.cc:1068] Generated new instance metadata in path /tmp/dist-test-taskY9XRc4/test-tmp/auto_rebalancer-test.0.AutoRebalancerTest.RangeAwareRebalancesNewRangeReplicas.1780321038130121-18911-0/minicluster-data/ts-2-root/instance:
uuid: "a66f6442f5fe452b8a3c145d44daef37"
format_stamp: "Formatted at 2026-06-01 13:38:27 on dist-test-slave-clgz"
I20260601 13:38:27.839557 21997 heartbeater.cc:507] Master 127.18.119.254:35705 requested a full tablet report, sending...
I20260601 13:38:27.840183 21790 ts_manager.cc:194] Registered new tserver with Master: 8fdbc05d704b45848d4997ad44b0d847 (127.18.119.194:40403)
I20260601 13:38:27.840857 21790 master_service.cc:502] Signed X509 certificate for tserver {username='slave'} at 127.0.0.1:45626
I20260601 13:38:27.841130 18911 fs_manager.cc:696] Time spent creating directory manager: real 0.002s	user 0.002s	sys 0.000s
I20260601 13:38:27.842051 22009 log_block_manager.cc:4031] Time spent loading block containers with low live blocks: real 0.000s	user 0.000s	sys 0.000s
I20260601 13:38:27.842348 18911 fs_manager.cc:730] Time spent opening block manager: real 0.001s	user 0.001s	sys 0.000s
I20260601 13:38:27.842432 18911 fs_manager.cc:647] Opened local filesystem: /tmp/dist-test-taskY9XRc4/test-tmp/auto_rebalancer-test.0.AutoRebalancerTest.RangeAwareRebalancesNewRangeReplicas.1780321038130121-18911-0/minicluster-data/ts-2-root
uuid: "a66f6442f5fe452b8a3c145d44daef37"
format_stamp: "Formatted at 2026-06-01 13:38:27 on dist-test-slave-clgz"
I20260601 13:38:27.842500 18911 fs_report.cc:389] FS layout report
--------------------
wal directory: /tmp/dist-test-taskY9XRc4/test-tmp/auto_rebalancer-test.0.AutoRebalancerTest.RangeAwareRebalancesNewRangeReplicas.1780321038130121-18911-0/minicluster-data/ts-2-root
metadata directory: /tmp/dist-test-taskY9XRc4/test-tmp/auto_rebalancer-test.0.AutoRebalancerTest.RangeAwareRebalancesNewRangeReplicas.1780321038130121-18911-0/minicluster-data/ts-2-root
1 data directories: /tmp/dist-test-taskY9XRc4/test-tmp/auto_rebalancer-test.0.AutoRebalancerTest.RangeAwareRebalancesNewRangeReplicas.1780321038130121-18911-0/minicluster-data/ts-2-root/data
Total live blocks: 0
Total live bytes: 0
Total live bytes (after alignment): 0
Total number of LBM containers: 0 (0 full)
Did not check for missing blocks
Did not check for orphaned blocks
Total full LBM containers with extra space: 0 (0 repaired)
Total full LBM container extra space in bytes: 0 (0 repaired)
Total incomplete LBM containers: 0 (0 repaired)
Total LBM partial records: 0 (0 repaired)
Total corrupted LBM metadata records in RocksDB: 0 (0 repaired)
I20260601 13:38:27.852944 18911 rpc_server.cc:225] running with OpenSSL 1.1.1  11 Sep 2018
I20260601 13:38:27.853335 18911 kserver.cc:163] Server-wide thread pool size limit: 3276
I20260601 13:38:27.853626 18911 txn_system_client.cc:432] TxnSystemClient initialization is disabled...
I20260601 13:38:27.854069 18911 ts_tablet_manager.cc:585] Loaded tablet metadata (0 total tablets, 0 live tablets)
I20260601 13:38:27.854131 18911 ts_tablet_manager.cc:531] Time spent load tablet metadata: real 0.000s	user 0.000s	sys 0.000s
I20260601 13:38:27.854188 18911 ts_tablet_manager.cc:616] Registered 0 tablets
I20260601 13:38:27.854223 18911 ts_tablet_manager.cc:595] Time spent register tablets: real 0.000s	user 0.000s	sys 0.000s
I20260601 13:38:27.858651 18911 rpc_server.cc:307] RPC server started. Bound to: 127.18.119.195:36707
I20260601 13:38:27.858695 22072 acceptor_pool.cc:272] collecting diagnostics on the listening RPC socket 127.18.119.195:36707 every 8 connection(s)
I20260601 13:38:27.862946 22073 heartbeater.cc:344] Connected to a master server at 127.18.119.254:35705
I20260601 13:38:27.863046 22073 heartbeater.cc:461] Registering TS with master...
I20260601 13:38:27.863217 22073 heartbeater.cc:507] Master 127.18.119.254:35705 requested a full tablet report, sending...
I20260601 13:38:27.863893 21790 ts_manager.cc:194] Registered new tserver with Master: a66f6442f5fe452b8a3c145d44daef37 (127.18.119.195:36707)
I20260601 13:38:27.864516 21790 master_service.cc:502] Signed X509 certificate for tserver {username='slave'} at 127.0.0.1:45638
I20260601 13:38:27.864830 18911 internal_mini_cluster.cc:371] 3 TS(s) registered with all masters after 0.005706619s
I20260601 13:38:28.823441 21920 heartbeater.cc:499] Master 127.18.119.254:35705 was elected leader, sending a full tablet report...
I20260601 13:38:28.841789 21997 heartbeater.cc:499] Master 127.18.119.254:35705 was elected leader, sending a full tablet report...
I20260601 13:38:28.865507 22073 heartbeater.cc:499] Master 127.18.119.254:35705 was elected leader, sending a full tablet report...
I20260601 13:38:28.899055 21790 catalog_manager.cc:2282] Servicing CreateTable request from {username='slave'} at 127.0.0.1:45640:
name: "range_aware_rebalance_new_range"
schema {
  columns {
    name: "key"
    type: INT32
    is_key: true
    is_nullable: false
    encoding: AUTO_ENCODING
    compression: DEFAULT_COMPRESSION
    cfile_block_size: 0
    immutable: false
  }
}
num_replicas: 3
split_rows_range_bounds {
  rows: "\006\001\000\000\000\000\007\001\n\000\000\000""\006\001\000\000\000\000\007\001\n\000\000\000"
  indirect_data: """"
}
partition_schema {
  hash_schema {
    columns {
      name: "key"
    }
    num_buckets: 8
    seed: 0
  }
  range_schema {
    columns {
      name: "key"
    }
  }
}
W20260601 13:38:28.899616 21790 catalog_manager.cc:7076] The number of live tablet servers is not enough to re-replicate a tablet replica of the newly created table range_aware_rebalance_new_range in case of a server failure: 4 tablet servers would be needed, 3 are available. Consider bringing up more tablet servers.
I20260601 13:38:28.911882 22037 tablet_service.cc:1511] Processing CreateTablet for tablet 0db602ce58214e85ae5c945c02850f05 (DEFAULT_TABLE table=range_aware_rebalance_new_range [id=d21a638f2b4846f3a5ae0d3c5b5628cd]), partition=HASH (key) PARTITION 0, RANGE (key) PARTITION 0 <= VALUES < 10
I20260601 13:38:28.912228 22037 data_dirs.cc:400] Could only allocate 1 dirs of requested 3 for tablet 0db602ce58214e85ae5c945c02850f05. 1 dirs total, 0 dirs full, 0 dirs failed
I20260601 13:38:28.912917 22030 tablet_service.cc:1511] Processing CreateTablet for tablet e5d08f327777453b9fd0602dac42570b (DEFAULT_TABLE table=range_aware_rebalance_new_range [id=d21a638f2b4846f3a5ae0d3c5b5628cd]), partition=HASH (key) PARTITION 7, RANGE (key) PARTITION 0 <= VALUES < 10
I20260601 13:38:28.913151 22030 data_dirs.cc:400] Could only allocate 1 dirs of requested 3 for tablet e5d08f327777453b9fd0602dac42570b. 1 dirs total, 0 dirs full, 0 dirs failed
I20260601 13:38:28.914929 22036 tablet_service.cc:1511] Processing CreateTablet for tablet 20c3a06fc59c4e38abd702625cce9d64 (DEFAULT_TABLE table=range_aware_rebalance_new_range [id=d21a638f2b4846f3a5ae0d3c5b5628cd]), partition=HASH (key) PARTITION 1, RANGE (key) PARTITION 0 <= VALUES < 10
I20260601 13:38:28.915166 22031 tablet_service.cc:1511] Processing CreateTablet for tablet 76cb7f5943824475a1c3d6fe2885a0bf (DEFAULT_TABLE table=range_aware_rebalance_new_range [id=d21a638f2b4846f3a5ae0d3c5b5628cd]), partition=HASH (key) PARTITION 6, RANGE (key) PARTITION 0 <= VALUES < 10
I20260601 13:38:28.915232 22036 data_dirs.cc:400] Could only allocate 1 dirs of requested 3 for tablet 20c3a06fc59c4e38abd702625cce9d64. 1 dirs total, 0 dirs full, 0 dirs failed
I20260601 13:38:28.915414 22031 data_dirs.cc:400] Could only allocate 1 dirs of requested 3 for tablet 76cb7f5943824475a1c3d6fe2885a0bf. 1 dirs total, 0 dirs full, 0 dirs failed
I20260601 13:38:28.917382 22032 tablet_service.cc:1511] Processing CreateTablet for tablet 7ab0c3a78c4f4768a8657665d8005356 (DEFAULT_TABLE table=range_aware_rebalance_new_range [id=d21a638f2b4846f3a5ae0d3c5b5628cd]), partition=HASH (key) PARTITION 5, RANGE (key) PARTITION 0 <= VALUES < 10
I20260601 13:38:28.917575 22034 tablet_service.cc:1511] Processing CreateTablet for tablet c13f9ad61f0440e4a9bb2d985a305332 (DEFAULT_TABLE table=range_aware_rebalance_new_range [id=d21a638f2b4846f3a5ae0d3c5b5628cd]), partition=HASH (key) PARTITION 3, RANGE (key) PARTITION 0 <= VALUES < 10
I20260601 13:38:28.917904 22033 tablet_service.cc:1511] Processing CreateTablet for tablet 6e6f55fd5e0c4494a4a736fbfcb651f1 (DEFAULT_TABLE table=range_aware_rebalance_new_range [id=d21a638f2b4846f3a5ae0d3c5b5628cd]), partition=HASH (key) PARTITION 4, RANGE (key) PARTITION 0 <= VALUES < 10
I20260601 13:38:28.917397 22035 tablet_service.cc:1511] Processing CreateTablet for tablet 3aaad67cf1c740db824abe2903bccca9 (DEFAULT_TABLE table=range_aware_rebalance_new_range [id=d21a638f2b4846f3a5ae0d3c5b5628cd]), partition=HASH (key) PARTITION 2, RANGE (key) PARTITION 0 <= VALUES < 10
I20260601 13:38:28.917661 22032 data_dirs.cc:400] Could only allocate 1 dirs of requested 3 for tablet 7ab0c3a78c4f4768a8657665d8005356. 1 dirs total, 0 dirs full, 0 dirs failed
I20260601 13:38:28.918442 22035 data_dirs.cc:400] Could only allocate 1 dirs of requested 3 for tablet 3aaad67cf1c740db824abe2903bccca9. 1 dirs total, 0 dirs full, 0 dirs failed
I20260601 13:38:28.919005 21961 tablet_service.cc:1511] Processing CreateTablet for tablet 0db602ce58214e85ae5c945c02850f05 (DEFAULT_TABLE table=range_aware_rebalance_new_range [id=d21a638f2b4846f3a5ae0d3c5b5628cd]), partition=HASH (key) PARTITION 0, RANGE (key) PARTITION 0 <= VALUES < 10
I20260601 13:38:28.919250 21961 data_dirs.cc:400] Could only allocate 1 dirs of requested 3 for tablet 0db602ce58214e85ae5c945c02850f05. 1 dirs total, 0 dirs full, 0 dirs failed
I20260601 13:38:28.919368 22033 data_dirs.cc:400] Could only allocate 1 dirs of requested 3 for tablet 6e6f55fd5e0c4494a4a736fbfcb651f1. 1 dirs total, 0 dirs full, 0 dirs failed
I20260601 13:38:28.920753 22034 data_dirs.cc:400] Could only allocate 1 dirs of requested 3 for tablet c13f9ad61f0440e4a9bb2d985a305332. 1 dirs total, 0 dirs full, 0 dirs failed
I20260601 13:38:28.922179 21960 tablet_service.cc:1511] Processing CreateTablet for tablet 20c3a06fc59c4e38abd702625cce9d64 (DEFAULT_TABLE table=range_aware_rebalance_new_range [id=d21a638f2b4846f3a5ae0d3c5b5628cd]), partition=HASH (key) PARTITION 1, RANGE (key) PARTITION 0 <= VALUES < 10
I20260601 13:38:28.922444 21960 data_dirs.cc:400] Could only allocate 1 dirs of requested 3 for tablet 20c3a06fc59c4e38abd702625cce9d64. 1 dirs total, 0 dirs full, 0 dirs failed
I20260601 13:38:28.922843 21959 tablet_service.cc:1511] Processing CreateTablet for tablet 3aaad67cf1c740db824abe2903bccca9 (DEFAULT_TABLE table=range_aware_rebalance_new_range [id=d21a638f2b4846f3a5ae0d3c5b5628cd]), partition=HASH (key) PARTITION 2, RANGE (key) PARTITION 0 <= VALUES < 10
I20260601 13:38:28.923111 21959 data_dirs.cc:400] Could only allocate 1 dirs of requested 3 for tablet 3aaad67cf1c740db824abe2903bccca9. 1 dirs total, 0 dirs full, 0 dirs failed
I20260601 13:38:28.924700 21884 tablet_service.cc:1511] Processing CreateTablet for tablet 0db602ce58214e85ae5c945c02850f05 (DEFAULT_TABLE table=range_aware_rebalance_new_range [id=d21a638f2b4846f3a5ae0d3c5b5628cd]), partition=HASH (key) PARTITION 0, RANGE (key) PARTITION 0 <= VALUES < 10
I20260601 13:38:28.924952 21884 data_dirs.cc:400] Could only allocate 1 dirs of requested 3 for tablet 0db602ce58214e85ae5c945c02850f05. 1 dirs total, 0 dirs full, 0 dirs failed
I20260601 13:38:28.925060 21883 tablet_service.cc:1511] Processing CreateTablet for tablet 20c3a06fc59c4e38abd702625cce9d64 (DEFAULT_TABLE table=range_aware_rebalance_new_range [id=d21a638f2b4846f3a5ae0d3c5b5628cd]), partition=HASH (key) PARTITION 1, RANGE (key) PARTITION 0 <= VALUES < 10
I20260601 13:38:28.925253 21958 tablet_service.cc:1511] Processing CreateTablet for tablet c13f9ad61f0440e4a9bb2d985a305332 (DEFAULT_TABLE table=range_aware_rebalance_new_range [id=d21a638f2b4846f3a5ae0d3c5b5628cd]), partition=HASH (key) PARTITION 3, RANGE (key) PARTITION 0 <= VALUES < 10
I20260601 13:38:28.925330 21883 data_dirs.cc:400] Could only allocate 1 dirs of requested 3 for tablet 20c3a06fc59c4e38abd702625cce9d64. 1 dirs total, 0 dirs full, 0 dirs failed
I20260601 13:38:28.925469 21958 data_dirs.cc:400] Could only allocate 1 dirs of requested 3 for tablet c13f9ad61f0440e4a9bb2d985a305332. 1 dirs total, 0 dirs full, 0 dirs failed
I20260601 13:38:28.926005 21877 tablet_service.cc:1511] Processing CreateTablet for tablet e5d08f327777453b9fd0602dac42570b (DEFAULT_TABLE table=range_aware_rebalance_new_range [id=d21a638f2b4846f3a5ae0d3c5b5628cd]), partition=HASH (key) PARTITION 7, RANGE (key) PARTITION 0 <= VALUES < 10
I20260601 13:38:28.926278 21877 data_dirs.cc:400] Could only allocate 1 dirs of requested 3 for tablet e5d08f327777453b9fd0602dac42570b. 1 dirs total, 0 dirs full, 0 dirs failed
I20260601 13:38:28.926828 21957 tablet_service.cc:1511] Processing CreateTablet for tablet 6e6f55fd5e0c4494a4a736fbfcb651f1 (DEFAULT_TABLE table=range_aware_rebalance_new_range [id=d21a638f2b4846f3a5ae0d3c5b5628cd]), partition=HASH (key) PARTITION 4, RANGE (key) PARTITION 0 <= VALUES < 10
I20260601 13:38:28.927094 21957 data_dirs.cc:400] Could only allocate 1 dirs of requested 3 for tablet 6e6f55fd5e0c4494a4a736fbfcb651f1. 1 dirs total, 0 dirs full, 0 dirs failed
I20260601 13:38:28.928494 21878 tablet_service.cc:1511] Processing CreateTablet for tablet 76cb7f5943824475a1c3d6fe2885a0bf (DEFAULT_TABLE table=range_aware_rebalance_new_range [id=d21a638f2b4846f3a5ae0d3c5b5628cd]), partition=HASH (key) PARTITION 6, RANGE (key) PARTITION 0 <= VALUES < 10
I20260601 13:38:28.928697 21878 data_dirs.cc:400] Could only allocate 1 dirs of requested 3 for tablet 76cb7f5943824475a1c3d6fe2885a0bf. 1 dirs total, 0 dirs full, 0 dirs failed
I20260601 13:38:28.928833 21956 tablet_service.cc:1511] Processing CreateTablet for tablet 7ab0c3a78c4f4768a8657665d8005356 (DEFAULT_TABLE table=range_aware_rebalance_new_range [id=d21a638f2b4846f3a5ae0d3c5b5628cd]), partition=HASH (key) PARTITION 5, RANGE (key) PARTITION 0 <= VALUES < 10
I20260601 13:38:28.929078 21956 data_dirs.cc:400] Could only allocate 1 dirs of requested 3 for tablet 7ab0c3a78c4f4768a8657665d8005356. 1 dirs total, 0 dirs full, 0 dirs failed
I20260601 13:38:28.930469 21879 tablet_service.cc:1511] Processing CreateTablet for tablet 7ab0c3a78c4f4768a8657665d8005356 (DEFAULT_TABLE table=range_aware_rebalance_new_range [id=d21a638f2b4846f3a5ae0d3c5b5628cd]), partition=HASH (key) PARTITION 5, RANGE (key) PARTITION 0 <= VALUES < 10
I20260601 13:38:28.930547 21882 tablet_service.cc:1511] Processing CreateTablet for tablet 3aaad67cf1c740db824abe2903bccca9 (DEFAULT_TABLE table=range_aware_rebalance_new_range [id=d21a638f2b4846f3a5ae0d3c5b5628cd]), partition=HASH (key) PARTITION 2, RANGE (key) PARTITION 0 <= VALUES < 10
I20260601 13:38:28.930785 21879 data_dirs.cc:400] Could only allocate 1 dirs of requested 3 for tablet 7ab0c3a78c4f4768a8657665d8005356. 1 dirs total, 0 dirs full, 0 dirs failed
I20260601 13:38:28.930843 21880 tablet_service.cc:1511] Processing CreateTablet for tablet 6e6f55fd5e0c4494a4a736fbfcb651f1 (DEFAULT_TABLE table=range_aware_rebalance_new_range [id=d21a638f2b4846f3a5ae0d3c5b5628cd]), partition=HASH (key) PARTITION 4, RANGE (key) PARTITION 0 <= VALUES < 10
I20260601 13:38:28.930922 21955 tablet_service.cc:1511] Processing CreateTablet for tablet 76cb7f5943824475a1c3d6fe2885a0bf (DEFAULT_TABLE table=range_aware_rebalance_new_range [id=d21a638f2b4846f3a5ae0d3c5b5628cd]), partition=HASH (key) PARTITION 6, RANGE (key) PARTITION 0 <= VALUES < 10
I20260601 13:38:28.931053 21881 tablet_service.cc:1511] Processing CreateTablet for tablet c13f9ad61f0440e4a9bb2d985a305332 (DEFAULT_TABLE table=range_aware_rebalance_new_range [id=d21a638f2b4846f3a5ae0d3c5b5628cd]), partition=HASH (key) PARTITION 3, RANGE (key) PARTITION 0 <= VALUES < 10
I20260601 13:38:28.931129 21955 data_dirs.cc:400] Could only allocate 1 dirs of requested 3 for tablet 76cb7f5943824475a1c3d6fe2885a0bf. 1 dirs total, 0 dirs full, 0 dirs failed
I20260601 13:38:28.931129 21880 data_dirs.cc:400] Could only allocate 1 dirs of requested 3 for tablet 6e6f55fd5e0c4494a4a736fbfcb651f1. 1 dirs total, 0 dirs full, 0 dirs failed
I20260601 13:38:28.931298 21881 data_dirs.cc:400] Could only allocate 1 dirs of requested 3 for tablet c13f9ad61f0440e4a9bb2d985a305332. 1 dirs total, 0 dirs full, 0 dirs failed
I20260601 13:38:28.933120 21882 data_dirs.cc:400] Could only allocate 1 dirs of requested 3 for tablet 3aaad67cf1c740db824abe2903bccca9. 1 dirs total, 0 dirs full, 0 dirs failed
I20260601 13:38:28.933243 21954 tablet_service.cc:1511] Processing CreateTablet for tablet e5d08f327777453b9fd0602dac42570b (DEFAULT_TABLE table=range_aware_rebalance_new_range [id=d21a638f2b4846f3a5ae0d3c5b5628cd]), partition=HASH (key) PARTITION 7, RANGE (key) PARTITION 0 <= VALUES < 10
I20260601 13:38:28.933426 21954 data_dirs.cc:400] Could only allocate 1 dirs of requested 3 for tablet e5d08f327777453b9fd0602dac42570b. 1 dirs total, 0 dirs full, 0 dirs failed
I20260601 13:38:28.924953 22093 tablet_bootstrap.cc:492] T 0db602ce58214e85ae5c945c02850f05 P a66f6442f5fe452b8a3c145d44daef37: Bootstrap starting.
I20260601 13:38:28.934927 22093 tablet_bootstrap.cc:654] T 0db602ce58214e85ae5c945c02850f05 P a66f6442f5fe452b8a3c145d44daef37: Neither blocks nor log segments found. Creating new log.
I20260601 13:38:28.935913 22094 tablet_bootstrap.cc:492] T 0db602ce58214e85ae5c945c02850f05 P 8fdbc05d704b45848d4997ad44b0d847: Bootstrap starting.
I20260601 13:38:28.936856 22095 tablet_bootstrap.cc:492] T 0db602ce58214e85ae5c945c02850f05 P 6177bf21728c436895dedd5ed208b293: Bootstrap starting.
I20260601 13:38:28.937170 22094 tablet_bootstrap.cc:654] T 0db602ce58214e85ae5c945c02850f05 P 8fdbc05d704b45848d4997ad44b0d847: Neither blocks nor log segments found. Creating new log.
I20260601 13:38:28.937486 22093 tablet_bootstrap.cc:492] T 0db602ce58214e85ae5c945c02850f05 P a66f6442f5fe452b8a3c145d44daef37: No bootstrap required, opened a new log
I20260601 13:38:28.937610 22093 ts_tablet_manager.cc:1403] T 0db602ce58214e85ae5c945c02850f05 P a66f6442f5fe452b8a3c145d44daef37: Time spent bootstrapping tablet: real 0.013s	user 0.002s	sys 0.000s
I20260601 13:38:28.938115 22095 tablet_bootstrap.cc:654] T 0db602ce58214e85ae5c945c02850f05 P 6177bf21728c436895dedd5ed208b293: Neither blocks nor log segments found. Creating new log.
I20260601 13:38:28.938150 22093 raft_consensus.cc:359] T 0db602ce58214e85ae5c945c02850f05 P a66f6442f5fe452b8a3c145d44daef37 [term 0 FOLLOWER]: Replica starting. Triggering 0 pending ops. Active config: opid_index: -1 OBSOLETE_local: false peers { permanent_uuid: "a66f6442f5fe452b8a3c145d44daef37" member_type: VOTER last_known_addr { host: "127.18.119.195" port: 36707 } } peers { permanent_uuid: "6177bf21728c436895dedd5ed208b293" member_type: VOTER last_known_addr { host: "127.18.119.193" port: 44339 } } peers { permanent_uuid: "8fdbc05d704b45848d4997ad44b0d847" member_type: VOTER last_known_addr { host: "127.18.119.194" port: 40403 } }
I20260601 13:38:28.938294 22093 raft_consensus.cc:385] T 0db602ce58214e85ae5c945c02850f05 P a66f6442f5fe452b8a3c145d44daef37 [term 0 FOLLOWER]: Consensus starting up: Expiring failure detector timer to make a prompt election more likely
I20260601 13:38:28.938341 22093 raft_consensus.cc:740] T 0db602ce58214e85ae5c945c02850f05 P a66f6442f5fe452b8a3c145d44daef37 [term 0 FOLLOWER]: Becoming Follower/Learner. State: Replica: a66f6442f5fe452b8a3c145d44daef37, State: Initialized, Role: FOLLOWER
I20260601 13:38:28.938458 22094 tablet_bootstrap.cc:492] T 0db602ce58214e85ae5c945c02850f05 P 8fdbc05d704b45848d4997ad44b0d847: No bootstrap required, opened a new log
I20260601 13:38:28.938496 22093 consensus_queue.cc:260] T 0db602ce58214e85ae5c945c02850f05 P a66f6442f5fe452b8a3c145d44daef37 [NON_LEADER]: Queue going to NON_LEADER mode. State: All replicated index: 0, Majority replicated index: 0, Committed index: 0, Last appended: 0.0, Last appended by leader: 0, Current term: 0, Majority size: -1, State: 0, Mode: NON_LEADER, active raft config: opid_index: -1 OBSOLETE_local: false peers { permanent_uuid: "a66f6442f5fe452b8a3c145d44daef37" member_type: VOTER last_known_addr { host: "127.18.119.195" port: 36707 } } peers { permanent_uuid: "6177bf21728c436895dedd5ed208b293" member_type: VOTER last_known_addr { host: "127.18.119.193" port: 44339 } } peers { permanent_uuid: "8fdbc05d704b45848d4997ad44b0d847" member_type: VOTER last_known_addr { host: "127.18.119.194" port: 40403 } }
I20260601 13:38:28.938561 22094 ts_tablet_manager.cc:1403] T 0db602ce58214e85ae5c945c02850f05 P 8fdbc05d704b45848d4997ad44b0d847: Time spent bootstrapping tablet: real 0.003s	user 0.002s	sys 0.000s
I20260601 13:38:28.938961 22093 ts_tablet_manager.cc:1434] T 0db602ce58214e85ae5c945c02850f05 P a66f6442f5fe452b8a3c145d44daef37: Time spent starting tablet: real 0.001s	user 0.002s	sys 0.000s
I20260601 13:38:28.939049 22094 raft_consensus.cc:359] T 0db602ce58214e85ae5c945c02850f05 P 8fdbc05d704b45848d4997ad44b0d847 [term 0 FOLLOWER]: Replica starting. Triggering 0 pending ops. Active config: opid_index: -1 OBSOLETE_local: false peers { permanent_uuid: "a66f6442f5fe452b8a3c145d44daef37" member_type: VOTER last_known_addr { host: "127.18.119.195" port: 36707 } } peers { permanent_uuid: "6177bf21728c436895dedd5ed208b293" member_type: VOTER last_known_addr { host: "127.18.119.193" port: 44339 } } peers { permanent_uuid: "8fdbc05d704b45848d4997ad44b0d847" member_type: VOTER last_known_addr { host: "127.18.119.194" port: 40403 } }
I20260601 13:38:28.939219 22094 raft_consensus.cc:385] T 0db602ce58214e85ae5c945c02850f05 P 8fdbc05d704b45848d4997ad44b0d847 [term 0 FOLLOWER]: Consensus starting up: Expiring failure detector timer to make a prompt election more likely
I20260601 13:38:28.939224 22093 tablet_bootstrap.cc:492] T 76cb7f5943824475a1c3d6fe2885a0bf P a66f6442f5fe452b8a3c145d44daef37: Bootstrap starting.
I20260601 13:38:28.939311 22094 raft_consensus.cc:740] T 0db602ce58214e85ae5c945c02850f05 P 8fdbc05d704b45848d4997ad44b0d847 [term 0 FOLLOWER]: Becoming Follower/Learner. State: Replica: 8fdbc05d704b45848d4997ad44b0d847, State: Initialized, Role: FOLLOWER
I20260601 13:38:28.939360 22095 tablet_bootstrap.cc:492] T 0db602ce58214e85ae5c945c02850f05 P 6177bf21728c436895dedd5ed208b293: No bootstrap required, opened a new log
I20260601 13:38:28.939464 22095 ts_tablet_manager.cc:1403] T 0db602ce58214e85ae5c945c02850f05 P 6177bf21728c436895dedd5ed208b293: Time spent bootstrapping tablet: real 0.003s	user 0.002s	sys 0.000s
I20260601 13:38:28.939481 22094 consensus_queue.cc:260] T 0db602ce58214e85ae5c945c02850f05 P 8fdbc05d704b45848d4997ad44b0d847 [NON_LEADER]: Queue going to NON_LEADER mode. State: All replicated index: 0, Majority replicated index: 0, Committed index: 0, Last appended: 0.0, Last appended by leader: 0, Current term: 0, Majority size: -1, State: 0, Mode: NON_LEADER, active raft config: opid_index: -1 OBSOLETE_local: false peers { permanent_uuid: "a66f6442f5fe452b8a3c145d44daef37" member_type: VOTER last_known_addr { host: "127.18.119.195" port: 36707 } } peers { permanent_uuid: "6177bf21728c436895dedd5ed208b293" member_type: VOTER last_known_addr { host: "127.18.119.193" port: 44339 } } peers { permanent_uuid: "8fdbc05d704b45848d4997ad44b0d847" member_type: VOTER last_known_addr { host: "127.18.119.194" port: 40403 } }
I20260601 13:38:28.939886 22094 ts_tablet_manager.cc:1434] T 0db602ce58214e85ae5c945c02850f05 P 8fdbc05d704b45848d4997ad44b0d847: Time spent starting tablet: real 0.001s	user 0.000s	sys 0.001s
I20260601 13:38:28.939971 22095 raft_consensus.cc:359] T 0db602ce58214e85ae5c945c02850f05 P 6177bf21728c436895dedd5ed208b293 [term 0 FOLLOWER]: Replica starting. Triggering 0 pending ops. Active config: opid_index: -1 OBSOLETE_local: false peers { permanent_uuid: "a66f6442f5fe452b8a3c145d44daef37" member_type: VOTER last_known_addr { host: "127.18.119.195" port: 36707 } } peers { permanent_uuid: "6177bf21728c436895dedd5ed208b293" member_type: VOTER last_known_addr { host: "127.18.119.193" port: 44339 } } peers { permanent_uuid: "8fdbc05d704b45848d4997ad44b0d847" member_type: VOTER last_known_addr { host: "127.18.119.194" port: 40403 } }
I20260601 13:38:28.940090 22095 raft_consensus.cc:385] T 0db602ce58214e85ae5c945c02850f05 P 6177bf21728c436895dedd5ed208b293 [term 0 FOLLOWER]: Consensus starting up: Expiring failure detector timer to make a prompt election more likely
I20260601 13:38:28.940116 22094 tablet_bootstrap.cc:492] T 3aaad67cf1c740db824abe2903bccca9 P 8fdbc05d704b45848d4997ad44b0d847: Bootstrap starting.
I20260601 13:38:28.940166 22095 raft_consensus.cc:740] T 0db602ce58214e85ae5c945c02850f05 P 6177bf21728c436895dedd5ed208b293 [term 0 FOLLOWER]: Becoming Follower/Learner. State: Replica: 6177bf21728c436895dedd5ed208b293, State: Initialized, Role: FOLLOWER
I20260601 13:38:28.940341 22093 tablet_bootstrap.cc:654] T 76cb7f5943824475a1c3d6fe2885a0bf P a66f6442f5fe452b8a3c145d44daef37: Neither blocks nor log segments found. Creating new log.
I20260601 13:38:28.940351 22095 consensus_queue.cc:260] T 0db602ce58214e85ae5c945c02850f05 P 6177bf21728c436895dedd5ed208b293 [NON_LEADER]: Queue going to NON_LEADER mode. State: All replicated index: 0, Majority replicated index: 0, Committed index: 0, Last appended: 0.0, Last appended by leader: 0, Current term: 0, Majority size: -1, State: 0, Mode: NON_LEADER, active raft config: opid_index: -1 OBSOLETE_local: false peers { permanent_uuid: "a66f6442f5fe452b8a3c145d44daef37" member_type: VOTER last_known_addr { host: "127.18.119.195" port: 36707 } } peers { permanent_uuid: "6177bf21728c436895dedd5ed208b293" member_type: VOTER last_known_addr { host: "127.18.119.193" port: 44339 } } peers { permanent_uuid: "8fdbc05d704b45848d4997ad44b0d847" member_type: VOTER last_known_addr { host: "127.18.119.194" port: 40403 } }
I20260601 13:38:28.941310 22094 tablet_bootstrap.cc:654] T 3aaad67cf1c740db824abe2903bccca9 P 8fdbc05d704b45848d4997ad44b0d847: Neither blocks nor log segments found. Creating new log.
I20260601 13:38:28.941360 22095 ts_tablet_manager.cc:1434] T 0db602ce58214e85ae5c945c02850f05 P 6177bf21728c436895dedd5ed208b293: Time spent starting tablet: real 0.002s	user 0.001s	sys 0.000s
I20260601 13:38:28.941486 22093 tablet_bootstrap.cc:492] T 76cb7f5943824475a1c3d6fe2885a0bf P a66f6442f5fe452b8a3c145d44daef37: No bootstrap required, opened a new log
I20260601 13:38:28.941573 22093 ts_tablet_manager.cc:1403] T 76cb7f5943824475a1c3d6fe2885a0bf P a66f6442f5fe452b8a3c145d44daef37: Time spent bootstrapping tablet: real 0.002s	user 0.002s	sys 0.000s
I20260601 13:38:28.941964 22095 tablet_bootstrap.cc:492] T 20c3a06fc59c4e38abd702625cce9d64 P 6177bf21728c436895dedd5ed208b293: Bootstrap starting.
I20260601 13:38:28.941982 22093 raft_consensus.cc:359] T 76cb7f5943824475a1c3d6fe2885a0bf P a66f6442f5fe452b8a3c145d44daef37 [term 0 FOLLOWER]: Replica starting. Triggering 0 pending ops. Active config: opid_index: -1 OBSOLETE_local: false peers { permanent_uuid: "6177bf21728c436895dedd5ed208b293" member_type: VOTER last_known_addr { host: "127.18.119.193" port: 44339 } } peers { permanent_uuid: "8fdbc05d704b45848d4997ad44b0d847" member_type: VOTER last_known_addr { host: "127.18.119.194" port: 40403 } } peers { permanent_uuid: "a66f6442f5fe452b8a3c145d44daef37" member_type: VOTER last_known_addr { host: "127.18.119.195" port: 36707 } }
I20260601 13:38:28.942147 22093 raft_consensus.cc:385] T 76cb7f5943824475a1c3d6fe2885a0bf P a66f6442f5fe452b8a3c145d44daef37 [term 0 FOLLOWER]: Consensus starting up: Expiring failure detector timer to make a prompt election more likely
I20260601 13:38:28.942202 22093 raft_consensus.cc:740] T 76cb7f5943824475a1c3d6fe2885a0bf P a66f6442f5fe452b8a3c145d44daef37 [term 0 FOLLOWER]: Becoming Follower/Learner. State: Replica: a66f6442f5fe452b8a3c145d44daef37, State: Initialized, Role: FOLLOWER
I20260601 13:38:28.942325 22093 consensus_queue.cc:260] T 76cb7f5943824475a1c3d6fe2885a0bf P a66f6442f5fe452b8a3c145d44daef37 [NON_LEADER]: Queue going to NON_LEADER mode. State: All replicated index: 0, Majority replicated index: 0, Committed index: 0, Last appended: 0.0, Last appended by leader: 0, Current term: 0, Majority size: -1, State: 0, Mode: NON_LEADER, active raft config: opid_index: -1 OBSOLETE_local: false peers { permanent_uuid: "6177bf21728c436895dedd5ed208b293" member_type: VOTER last_known_addr { host: "127.18.119.193" port: 44339 } } peers { permanent_uuid: "8fdbc05d704b45848d4997ad44b0d847" member_type: VOTER last_known_addr { host: "127.18.119.194" port: 40403 } } peers { permanent_uuid: "a66f6442f5fe452b8a3c145d44daef37" member_type: VOTER last_known_addr { host: "127.18.119.195" port: 36707 } }
I20260601 13:38:28.942742 22093 ts_tablet_manager.cc:1434] T 76cb7f5943824475a1c3d6fe2885a0bf P a66f6442f5fe452b8a3c145d44daef37: Time spent starting tablet: real 0.001s	user 0.001s	sys 0.000s
I20260601 13:38:28.942915 22093 tablet_bootstrap.cc:492] T 20c3a06fc59c4e38abd702625cce9d64 P a66f6442f5fe452b8a3c145d44daef37: Bootstrap starting.
I20260601 13:38:28.943367 22094 tablet_bootstrap.cc:492] T 3aaad67cf1c740db824abe2903bccca9 P 8fdbc05d704b45848d4997ad44b0d847: No bootstrap required, opened a new log
I20260601 13:38:28.943445 22094 ts_tablet_manager.cc:1403] T 3aaad67cf1c740db824abe2903bccca9 P 8fdbc05d704b45848d4997ad44b0d847: Time spent bootstrapping tablet: real 0.003s	user 0.000s	sys 0.002s
I20260601 13:38:28.943892 22094 raft_consensus.cc:359] T 3aaad67cf1c740db824abe2903bccca9 P 8fdbc05d704b45848d4997ad44b0d847 [term 0 FOLLOWER]: Replica starting. Triggering 0 pending ops. Active config: opid_index: -1 OBSOLETE_local: false peers { permanent_uuid: "6177bf21728c436895dedd5ed208b293" member_type: VOTER last_known_addr { host: "127.18.119.193" port: 44339 } } peers { permanent_uuid: "8fdbc05d704b45848d4997ad44b0d847" member_type: VOTER last_known_addr { host: "127.18.119.194" port: 40403 } } peers { permanent_uuid: "a66f6442f5fe452b8a3c145d44daef37" member_type: VOTER last_known_addr { host: "127.18.119.195" port: 36707 } }
I20260601 13:38:28.943981 22094 raft_consensus.cc:385] T 3aaad67cf1c740db824abe2903bccca9 P 8fdbc05d704b45848d4997ad44b0d847 [term 0 FOLLOWER]: Consensus starting up: Expiring failure detector timer to make a prompt election more likely
I20260601 13:38:28.944010 22093 tablet_bootstrap.cc:654] T 20c3a06fc59c4e38abd702625cce9d64 P a66f6442f5fe452b8a3c145d44daef37: Neither blocks nor log segments found. Creating new log.
I20260601 13:38:28.944013 22094 raft_consensus.cc:740] T 3aaad67cf1c740db824abe2903bccca9 P 8fdbc05d704b45848d4997ad44b0d847 [term 0 FOLLOWER]: Becoming Follower/Learner. State: Replica: 8fdbc05d704b45848d4997ad44b0d847, State: Initialized, Role: FOLLOWER
I20260601 13:38:28.944295 22094 consensus_queue.cc:260] T 3aaad67cf1c740db824abe2903bccca9 P 8fdbc05d704b45848d4997ad44b0d847 [NON_LEADER]: Queue going to NON_LEADER mode. State: All replicated index: 0, Majority replicated index: 0, Committed index: 0, Last appended: 0.0, Last appended by leader: 0, Current term: 0, Majority size: -1, State: 0, Mode: NON_LEADER, active raft config: opid_index: -1 OBSOLETE_local: false peers { permanent_uuid: "6177bf21728c436895dedd5ed208b293" member_type: VOTER last_known_addr { host: "127.18.119.193" port: 44339 } } peers { permanent_uuid: "8fdbc05d704b45848d4997ad44b0d847" member_type: VOTER last_known_addr { host: "127.18.119.194" port: 40403 } } peers { permanent_uuid: "a66f6442f5fe452b8a3c145d44daef37" member_type: VOTER last_known_addr { host: "127.18.119.195" port: 36707 } }
I20260601 13:38:28.944638 22094 ts_tablet_manager.cc:1434] T 3aaad67cf1c740db824abe2903bccca9 P 8fdbc05d704b45848d4997ad44b0d847: Time spent starting tablet: real 0.001s	user 0.000s	sys 0.001s
I20260601 13:38:28.944872 22095 tablet_bootstrap.cc:654] T 20c3a06fc59c4e38abd702625cce9d64 P 6177bf21728c436895dedd5ed208b293: Neither blocks nor log segments found. Creating new log.
I20260601 13:38:28.945183 22094 tablet_bootstrap.cc:492] T 6e6f55fd5e0c4494a4a736fbfcb651f1 P 8fdbc05d704b45848d4997ad44b0d847: Bootstrap starting.
I20260601 13:38:28.946210 22094 tablet_bootstrap.cc:654] T 6e6f55fd5e0c4494a4a736fbfcb651f1 P 8fdbc05d704b45848d4997ad44b0d847: Neither blocks nor log segments found. Creating new log.
I20260601 13:38:28.946393 22095 tablet_bootstrap.cc:492] T 20c3a06fc59c4e38abd702625cce9d64 P 6177bf21728c436895dedd5ed208b293: No bootstrap required, opened a new log
I20260601 13:38:28.946478 22095 ts_tablet_manager.cc:1403] T 20c3a06fc59c4e38abd702625cce9d64 P 6177bf21728c436895dedd5ed208b293: Time spent bootstrapping tablet: real 0.005s	user 0.000s	sys 0.002s
I20260601 13:38:28.946602 22093 tablet_bootstrap.cc:492] T 20c3a06fc59c4e38abd702625cce9d64 P a66f6442f5fe452b8a3c145d44daef37: No bootstrap required, opened a new log
I20260601 13:38:28.946676 22093 ts_tablet_manager.cc:1403] T 20c3a06fc59c4e38abd702625cce9d64 P a66f6442f5fe452b8a3c145d44daef37: Time spent bootstrapping tablet: real 0.004s	user 0.002s	sys 0.000s
I20260601 13:38:28.947037 22095 raft_consensus.cc:359] T 20c3a06fc59c4e38abd702625cce9d64 P 6177bf21728c436895dedd5ed208b293 [term 0 FOLLOWER]: Replica starting. Triggering 0 pending ops. Active config: opid_index: -1 OBSOLETE_local: false peers { permanent_uuid: "8fdbc05d704b45848d4997ad44b0d847" member_type: VOTER last_known_addr { host: "127.18.119.194" port: 40403 } } peers { permanent_uuid: "6177bf21728c436895dedd5ed208b293" member_type: VOTER last_known_addr { host: "127.18.119.193" port: 44339 } } peers { permanent_uuid: "a66f6442f5fe452b8a3c145d44daef37" member_type: VOTER last_known_addr { host: "127.18.119.195" port: 36707 } }
I20260601 13:38:28.947037 22093 raft_consensus.cc:359] T 20c3a06fc59c4e38abd702625cce9d64 P a66f6442f5fe452b8a3c145d44daef37 [term 0 FOLLOWER]: Replica starting. Triggering 0 pending ops. Active config: opid_index: -1 OBSOLETE_local: false peers { permanent_uuid: "8fdbc05d704b45848d4997ad44b0d847" member_type: VOTER last_known_addr { host: "127.18.119.194" port: 40403 } } peers { permanent_uuid: "6177bf21728c436895dedd5ed208b293" member_type: VOTER last_known_addr { host: "127.18.119.193" port: 44339 } } peers { permanent_uuid: "a66f6442f5fe452b8a3c145d44daef37" member_type: VOTER last_known_addr { host: "127.18.119.195" port: 36707 } }
I20260601 13:38:28.947184 22095 raft_consensus.cc:385] T 20c3a06fc59c4e38abd702625cce9d64 P 6177bf21728c436895dedd5ed208b293 [term 0 FOLLOWER]: Consensus starting up: Expiring failure detector timer to make a prompt election more likely
I20260601 13:38:28.947194 22093 raft_consensus.cc:385] T 20c3a06fc59c4e38abd702625cce9d64 P a66f6442f5fe452b8a3c145d44daef37 [term 0 FOLLOWER]: Consensus starting up: Expiring failure detector timer to make a prompt election more likely
I20260601 13:38:28.947237 22095 raft_consensus.cc:740] T 20c3a06fc59c4e38abd702625cce9d64 P 6177bf21728c436895dedd5ed208b293 [term 0 FOLLOWER]: Becoming Follower/Learner. State: Replica: 6177bf21728c436895dedd5ed208b293, State: Initialized, Role: FOLLOWER
I20260601 13:38:28.947253 22093 raft_consensus.cc:740] T 20c3a06fc59c4e38abd702625cce9d64 P a66f6442f5fe452b8a3c145d44daef37 [term 0 FOLLOWER]: Becoming Follower/Learner. State: Replica: a66f6442f5fe452b8a3c145d44daef37, State: Initialized, Role: FOLLOWER
I20260601 13:38:28.947367 22093 consensus_queue.cc:260] T 20c3a06fc59c4e38abd702625cce9d64 P a66f6442f5fe452b8a3c145d44daef37 [NON_LEADER]: Queue going to NON_LEADER mode. State: All replicated index: 0, Majority replicated index: 0, Committed index: 0, Last appended: 0.0, Last appended by leader: 0, Current term: 0, Majority size: -1, State: 0, Mode: NON_LEADER, active raft config: opid_index: -1 OBSOLETE_local: false peers { permanent_uuid: "8fdbc05d704b45848d4997ad44b0d847" member_type: VOTER last_known_addr { host: "127.18.119.194" port: 40403 } } peers { permanent_uuid: "6177bf21728c436895dedd5ed208b293" member_type: VOTER last_known_addr { host: "127.18.119.193" port: 44339 } } peers { permanent_uuid: "a66f6442f5fe452b8a3c145d44daef37" member_type: VOTER last_known_addr { host: "127.18.119.195" port: 36707 } }
I20260601 13:38:28.947367 22095 consensus_queue.cc:260] T 20c3a06fc59c4e38abd702625cce9d64 P 6177bf21728c436895dedd5ed208b293 [NON_LEADER]: Queue going to NON_LEADER mode. State: All replicated index: 0, Majority replicated index: 0, Committed index: 0, Last appended: 0.0, Last appended by leader: 0, Current term: 0, Majority size: -1, State: 0, Mode: NON_LEADER, active raft config: opid_index: -1 OBSOLETE_local: false peers { permanent_uuid: "8fdbc05d704b45848d4997ad44b0d847" member_type: VOTER last_known_addr { host: "127.18.119.194" port: 40403 } } peers { permanent_uuid: "6177bf21728c436895dedd5ed208b293" member_type: VOTER last_known_addr { host: "127.18.119.193" port: 44339 } } peers { permanent_uuid: "a66f6442f5fe452b8a3c145d44daef37" member_type: VOTER last_known_addr { host: "127.18.119.195" port: 36707 } }
I20260601 13:38:28.947670 22093 ts_tablet_manager.cc:1434] T 20c3a06fc59c4e38abd702625cce9d64 P a66f6442f5fe452b8a3c145d44daef37: Time spent starting tablet: real 0.001s	user 0.001s	sys 0.000s
I20260601 13:38:28.947796 22095 ts_tablet_manager.cc:1434] T 20c3a06fc59c4e38abd702625cce9d64 P 6177bf21728c436895dedd5ed208b293: Time spent starting tablet: real 0.001s	user 0.001s	sys 0.000s
I20260601 13:38:28.947885 22094 tablet_bootstrap.cc:492] T 6e6f55fd5e0c4494a4a736fbfcb651f1 P 8fdbc05d704b45848d4997ad44b0d847: No bootstrap required, opened a new log
I20260601 13:38:28.947883 22093 tablet_bootstrap.cc:492] T 3aaad67cf1c740db824abe2903bccca9 P a66f6442f5fe452b8a3c145d44daef37: Bootstrap starting.
I20260601 13:38:28.947959 22095 tablet_bootstrap.cc:492] T e5d08f327777453b9fd0602dac42570b P 6177bf21728c436895dedd5ed208b293: Bootstrap starting.
I20260601 13:38:28.947991 22094 ts_tablet_manager.cc:1403] T 6e6f55fd5e0c4494a4a736fbfcb651f1 P 8fdbc05d704b45848d4997ad44b0d847: Time spent bootstrapping tablet: real 0.003s	user 0.000s	sys 0.002s
I20260601 13:38:28.948424 22094 raft_consensus.cc:359] T 6e6f55fd5e0c4494a4a736fbfcb651f1 P 8fdbc05d704b45848d4997ad44b0d847 [term 0 FOLLOWER]: Replica starting. Triggering 0 pending ops. Active config: opid_index: -1 OBSOLETE_local: false peers { permanent_uuid: "6177bf21728c436895dedd5ed208b293" member_type: VOTER last_known_addr { host: "127.18.119.193" port: 44339 } } peers { permanent_uuid: "8fdbc05d704b45848d4997ad44b0d847" member_type: VOTER last_known_addr { host: "127.18.119.194" port: 40403 } } peers { permanent_uuid: "a66f6442f5fe452b8a3c145d44daef37" member_type: VOTER last_known_addr { host: "127.18.119.195" port: 36707 } }
I20260601 13:38:28.948514 22094 raft_consensus.cc:385] T 6e6f55fd5e0c4494a4a736fbfcb651f1 P 8fdbc05d704b45848d4997ad44b0d847 [term 0 FOLLOWER]: Consensus starting up: Expiring failure detector timer to make a prompt election more likely
I20260601 13:38:28.948556 22094 raft_consensus.cc:740] T 6e6f55fd5e0c4494a4a736fbfcb651f1 P 8fdbc05d704b45848d4997ad44b0d847 [term 0 FOLLOWER]: Becoming Follower/Learner. State: Replica: 8fdbc05d704b45848d4997ad44b0d847, State: Initialized, Role: FOLLOWER
I20260601 13:38:28.948694 22094 consensus_queue.cc:260] T 6e6f55fd5e0c4494a4a736fbfcb651f1 P 8fdbc05d704b45848d4997ad44b0d847 [NON_LEADER]: Queue going to NON_LEADER mode. State: All replicated index: 0, Majority replicated index: 0, Committed index: 0, Last appended: 0.0, Last appended by leader: 0, Current term: 0, Majority size: -1, State: 0, Mode: NON_LEADER, active raft config: opid_index: -1 OBSOLETE_local: false peers { permanent_uuid: "6177bf21728c436895dedd5ed208b293" member_type: VOTER last_known_addr { host: "127.18.119.193" port: 44339 } } peers { permanent_uuid: "8fdbc05d704b45848d4997ad44b0d847" member_type: VOTER last_known_addr { host: "127.18.119.194" port: 40403 } } peers { permanent_uuid: "a66f6442f5fe452b8a3c145d44daef37" member_type: VOTER last_known_addr { host: "127.18.119.195" port: 36707 } }
I20260601 13:38:28.948963 22094 ts_tablet_manager.cc:1434] T 6e6f55fd5e0c4494a4a736fbfcb651f1 P 8fdbc05d704b45848d4997ad44b0d847: Time spent starting tablet: real 0.001s	user 0.000s	sys 0.001s
I20260601 13:38:28.948951 22095 tablet_bootstrap.cc:654] T e5d08f327777453b9fd0602dac42570b P 6177bf21728c436895dedd5ed208b293: Neither blocks nor log segments found. Creating new log.
I20260601 13:38:28.949131 22094 tablet_bootstrap.cc:492] T 7ab0c3a78c4f4768a8657665d8005356 P 8fdbc05d704b45848d4997ad44b0d847: Bootstrap starting.
I20260601 13:38:28.948951 22093 tablet_bootstrap.cc:654] T 3aaad67cf1c740db824abe2903bccca9 P a66f6442f5fe452b8a3c145d44daef37: Neither blocks nor log segments found. Creating new log.
I20260601 13:38:28.950103 22094 tablet_bootstrap.cc:654] T 7ab0c3a78c4f4768a8657665d8005356 P 8fdbc05d704b45848d4997ad44b0d847: Neither blocks nor log segments found. Creating new log.
I20260601 13:38:28.950702 22095 tablet_bootstrap.cc:492] T e5d08f327777453b9fd0602dac42570b P 6177bf21728c436895dedd5ed208b293: No bootstrap required, opened a new log
I20260601 13:38:28.950788 22095 ts_tablet_manager.cc:1403] T e5d08f327777453b9fd0602dac42570b P 6177bf21728c436895dedd5ed208b293: Time spent bootstrapping tablet: real 0.003s	user 0.001s	sys 0.001s
I20260601 13:38:28.950855 22093 tablet_bootstrap.cc:492] T 3aaad67cf1c740db824abe2903bccca9 P a66f6442f5fe452b8a3c145d44daef37: No bootstrap required, opened a new log
I20260601 13:38:28.951002 22093 ts_tablet_manager.cc:1403] T 3aaad67cf1c740db824abe2903bccca9 P a66f6442f5fe452b8a3c145d44daef37: Time spent bootstrapping tablet: real 0.003s	user 0.002s	sys 0.000s
I20260601 13:38:28.951166 22094 tablet_bootstrap.cc:492] T 7ab0c3a78c4f4768a8657665d8005356 P 8fdbc05d704b45848d4997ad44b0d847: No bootstrap required, opened a new log
I20260601 13:38:28.951238 22094 ts_tablet_manager.cc:1403] T 7ab0c3a78c4f4768a8657665d8005356 P 8fdbc05d704b45848d4997ad44b0d847: Time spent bootstrapping tablet: real 0.002s	user 0.002s	sys 0.000s
I20260601 13:38:28.951318 22095 raft_consensus.cc:359] T e5d08f327777453b9fd0602dac42570b P 6177bf21728c436895dedd5ed208b293 [term 0 FOLLOWER]: Replica starting. Triggering 0 pending ops. Active config: opid_index: -1 OBSOLETE_local: false peers { permanent_uuid: "6177bf21728c436895dedd5ed208b293" member_type: VOTER last_known_addr { host: "127.18.119.193" port: 44339 } } peers { permanent_uuid: "8fdbc05d704b45848d4997ad44b0d847" member_type: VOTER last_known_addr { host: "127.18.119.194" port: 40403 } } peers { permanent_uuid: "a66f6442f5fe452b8a3c145d44daef37" member_type: VOTER last_known_addr { host: "127.18.119.195" port: 36707 } }
I20260601 13:38:28.951421 22095 raft_consensus.cc:385] T e5d08f327777453b9fd0602dac42570b P 6177bf21728c436895dedd5ed208b293 [term 0 FOLLOWER]: Consensus starting up: Expiring failure detector timer to make a prompt election more likely
I20260601 13:38:28.951467 22095 raft_consensus.cc:740] T e5d08f327777453b9fd0602dac42570b P 6177bf21728c436895dedd5ed208b293 [term 0 FOLLOWER]: Becoming Follower/Learner. State: Replica: 6177bf21728c436895dedd5ed208b293, State: Initialized, Role: FOLLOWER
I20260601 13:38:28.951465 22093 raft_consensus.cc:359] T 3aaad67cf1c740db824abe2903bccca9 P a66f6442f5fe452b8a3c145d44daef37 [term 0 FOLLOWER]: Replica starting. Triggering 0 pending ops. Active config: opid_index: -1 OBSOLETE_local: false peers { permanent_uuid: "6177bf21728c436895dedd5ed208b293" member_type: VOTER last_known_addr { host: "127.18.119.193" port: 44339 } } peers { permanent_uuid: "8fdbc05d704b45848d4997ad44b0d847" member_type: VOTER last_known_addr { host: "127.18.119.194" port: 40403 } } peers { permanent_uuid: "a66f6442f5fe452b8a3c145d44daef37" member_type: VOTER last_known_addr { host: "127.18.119.195" port: 36707 } }
I20260601 13:38:28.951587 22093 raft_consensus.cc:385] T 3aaad67cf1c740db824abe2903bccca9 P a66f6442f5fe452b8a3c145d44daef37 [term 0 FOLLOWER]: Consensus starting up: Expiring failure detector timer to make a prompt election more likely
I20260601 13:38:28.951643 22093 raft_consensus.cc:740] T 3aaad67cf1c740db824abe2903bccca9 P a66f6442f5fe452b8a3c145d44daef37 [term 0 FOLLOWER]: Becoming Follower/Learner. State: Replica: a66f6442f5fe452b8a3c145d44daef37, State: Initialized, Role: FOLLOWER
I20260601 13:38:28.951601 22094 raft_consensus.cc:359] T 7ab0c3a78c4f4768a8657665d8005356 P 8fdbc05d704b45848d4997ad44b0d847 [term 0 FOLLOWER]: Replica starting. Triggering 0 pending ops. Active config: opid_index: -1 OBSOLETE_local: false peers { permanent_uuid: "6177bf21728c436895dedd5ed208b293" member_type: VOTER last_known_addr { host: "127.18.119.193" port: 44339 } } peers { permanent_uuid: "8fdbc05d704b45848d4997ad44b0d847" member_type: VOTER last_known_addr { host: "127.18.119.194" port: 40403 } } peers { permanent_uuid: "a66f6442f5fe452b8a3c145d44daef37" member_type: VOTER last_known_addr { host: "127.18.119.195" port: 36707 } }
I20260601 13:38:28.951632 22095 consensus_queue.cc:260] T e5d08f327777453b9fd0602dac42570b P 6177bf21728c436895dedd5ed208b293 [NON_LEADER]: Queue going to NON_LEADER mode. State: All replicated index: 0, Majority replicated index: 0, Committed index: 0, Last appended: 0.0, Last appended by leader: 0, Current term: 0, Majority size: -1, State: 0, Mode: NON_LEADER, active raft config: opid_index: -1 OBSOLETE_local: false peers { permanent_uuid: "6177bf21728c436895dedd5ed208b293" member_type: VOTER last_known_addr { host: "127.18.119.193" port: 44339 } } peers { permanent_uuid: "8fdbc05d704b45848d4997ad44b0d847" member_type: VOTER last_known_addr { host: "127.18.119.194" port: 40403 } } peers { permanent_uuid: "a66f6442f5fe452b8a3c145d44daef37" member_type: VOTER last_known_addr { host: "127.18.119.195" port: 36707 } }
I20260601 13:38:28.951807 22094 raft_consensus.cc:385] T 7ab0c3a78c4f4768a8657665d8005356 P 8fdbc05d704b45848d4997ad44b0d847 [term 0 FOLLOWER]: Consensus starting up: Expiring failure detector timer to make a prompt election more likely
I20260601 13:38:28.951843 22094 raft_consensus.cc:740] T 7ab0c3a78c4f4768a8657665d8005356 P 8fdbc05d704b45848d4997ad44b0d847 [term 0 FOLLOWER]: Becoming Follower/Learner. State: Replica: 8fdbc05d704b45848d4997ad44b0d847, State: Initialized, Role: FOLLOWER
I20260601 13:38:28.951951 22093 consensus_queue.cc:260] T 3aaad67cf1c740db824abe2903bccca9 P a66f6442f5fe452b8a3c145d44daef37 [NON_LEADER]: Queue going to NON_LEADER mode. State: All replicated index: 0, Majority replicated index: 0, Committed index: 0, Last appended: 0.0, Last appended by leader: 0, Current term: 0, Majority size: -1, State: 0, Mode: NON_LEADER, active raft config: opid_index: -1 OBSOLETE_local: false peers { permanent_uuid: "6177bf21728c436895dedd5ed208b293" member_type: VOTER last_known_addr { host: "127.18.119.193" port: 44339 } } peers { permanent_uuid: "8fdbc05d704b45848d4997ad44b0d847" member_type: VOTER last_known_addr { host: "127.18.119.194" port: 40403 } } peers { permanent_uuid: "a66f6442f5fe452b8a3c145d44daef37" member_type: VOTER last_known_addr { host: "127.18.119.195" port: 36707 } }
I20260601 13:38:28.952037 22095 ts_tablet_manager.cc:1434] T e5d08f327777453b9fd0602dac42570b P 6177bf21728c436895dedd5ed208b293: Time spent starting tablet: real 0.001s	user 0.001s	sys 0.000s
I20260601 13:38:28.951957 22094 consensus_queue.cc:260] T 7ab0c3a78c4f4768a8657665d8005356 P 8fdbc05d704b45848d4997ad44b0d847 [NON_LEADER]: Queue going to NON_LEADER mode. State: All replicated index: 0, Majority replicated index: 0, Committed index: 0, Last appended: 0.0, Last appended by leader: 0, Current term: 0, Majority size: -1, State: 0, Mode: NON_LEADER, active raft config: opid_index: -1 OBSOLETE_local: false peers { permanent_uuid: "6177bf21728c436895dedd5ed208b293" member_type: VOTER last_known_addr { host: "127.18.119.193" port: 44339 } } peers { permanent_uuid: "8fdbc05d704b45848d4997ad44b0d847" member_type: VOTER last_known_addr { host: "127.18.119.194" port: 40403 } } peers { permanent_uuid: "a66f6442f5fe452b8a3c145d44daef37" member_type: VOTER last_known_addr { host: "127.18.119.195" port: 36707 } }
