I20260601 13:38:46.804695  5411 heartbeater.cc:499] Master 127.1.38.62:34105 was elected leader, sending a full tablet report...
I20260601 13:38:46.844177  5131 catalog_manager.cc:2282] Servicing CreateTable request from {username='slave'} at 127.0.0.1:45676:
name: "test-workload"
schema {
  columns {
    name: "key"
    type: INT32
    is_key: true
    is_nullable: false
    encoding: AUTO_ENCODING
    compression: DEFAULT_COMPRESSION
    cfile_block_size: 0
    immutable: false
  }
  columns {
    name: "int_val"
    type: INT32
    is_key: false
    is_nullable: false
    encoding: AUTO_ENCODING
    compression: DEFAULT_COMPRESSION
    cfile_block_size: 0
    immutable: false
  }
  columns {
    name: "string_val"
    type: STRING
    is_key: false
    is_nullable: true
    encoding: AUTO_ENCODING
    compression: DEFAULT_COMPRESSION
    cfile_block_size: 0
    immutable: false
  }
}
num_replicas: 3
split_rows_range_bounds {
}
partition_schema {
  range_schema {
    columns {
      name: "key"
    }
  }
}
W20260601 13:38:46.844722  5131 catalog_manager.cc:7076] The number of live tablet servers is not enough to re-replicate a tablet replica of the newly created table test-workload in case of a server failure: 4 tablet servers would be needed, 3 are available. Consider bringing up more tablet servers.
I20260601 13:38:46.855265  5224 tablet_service.cc:1511] Processing CreateTablet for tablet 69751046b85c43d1af01b89b66501183 (DEFAULT_TABLE table=test-workload [id=9976609cc0df4e53bb9814c9b4e5e693]), partition=RANGE (key) PARTITION UNBOUNDED
I20260601 13:38:46.855655  5224 data_dirs.cc:400] Could only allocate 1 dirs of requested 3 for tablet 69751046b85c43d1af01b89b66501183. 1 dirs total, 0 dirs full, 0 dirs failed
I20260601 13:38:46.855897  5375 tablet_service.cc:1511] Processing CreateTablet for tablet 69751046b85c43d1af01b89b66501183 (DEFAULT_TABLE table=test-workload [id=9976609cc0df4e53bb9814c9b4e5e693]), partition=RANGE (key) PARTITION UNBOUNDED
I20260601 13:38:46.856206  5300 tablet_service.cc:1511] Processing CreateTablet for tablet 69751046b85c43d1af01b89b66501183 (DEFAULT_TABLE table=test-workload [id=9976609cc0df4e53bb9814c9b4e5e693]), partition=RANGE (key) PARTITION UNBOUNDED
I20260601 13:38:46.856257  5375 data_dirs.cc:400] Could only allocate 1 dirs of requested 3 for tablet 69751046b85c43d1af01b89b66501183. 1 dirs total, 0 dirs full, 0 dirs failed
I20260601 13:38:46.856720  5300 data_dirs.cc:400] Could only allocate 1 dirs of requested 3 for tablet 69751046b85c43d1af01b89b66501183. 1 dirs total, 0 dirs full, 0 dirs failed
I20260601 13:38:46.858460  5432 tablet_bootstrap.cc:492] T 69751046b85c43d1af01b89b66501183 P 33ca9075a6dd48b2a380c1f3bdd327a5: Bootstrap starting.
I20260601 13:38:46.859021  5433 tablet_bootstrap.cc:492] T 69751046b85c43d1af01b89b66501183 P faaa5ba98f5741559cd14b15ae682767: Bootstrap starting.
I20260601 13:38:46.859315  5434 tablet_bootstrap.cc:492] T 69751046b85c43d1af01b89b66501183 P e10d7fe5b6464b27853cfd0a6274b93a: Bootstrap starting.
I20260601 13:38:46.859851  5432 tablet_bootstrap.cc:654] T 69751046b85c43d1af01b89b66501183 P 33ca9075a6dd48b2a380c1f3bdd327a5: Neither blocks nor log segments found. Creating new log.
I20260601 13:38:46.860073  5433 tablet_bootstrap.cc:654] T 69751046b85c43d1af01b89b66501183 P faaa5ba98f5741559cd14b15ae682767: Neither blocks nor log segments found. Creating new log.
I20260601 13:38:46.860343  5434 tablet_bootstrap.cc:654] T 69751046b85c43d1af01b89b66501183 P e10d7fe5b6464b27853cfd0a6274b93a: Neither blocks nor log segments found. Creating new log.
I20260601 13:38:46.861181  5432 tablet_bootstrap.cc:492] T 69751046b85c43d1af01b89b66501183 P 33ca9075a6dd48b2a380c1f3bdd327a5: No bootstrap required, opened a new log
I20260601 13:38:46.861238  5433 tablet_bootstrap.cc:492] T 69751046b85c43d1af01b89b66501183 P faaa5ba98f5741559cd14b15ae682767: No bootstrap required, opened a new log
I20260601 13:38:46.861275  5432 ts_tablet_manager.cc:1403] T 69751046b85c43d1af01b89b66501183 P 33ca9075a6dd48b2a380c1f3bdd327a5: Time spent bootstrapping tablet: real 0.003s	user 0.002s	sys 0.000s
I20260601 13:38:46.861371  5433 ts_tablet_manager.cc:1403] T 69751046b85c43d1af01b89b66501183 P faaa5ba98f5741559cd14b15ae682767: Time spent bootstrapping tablet: real 0.002s	user 0.000s	sys 0.002s
I20260601 13:38:46.861513  5434 tablet_bootstrap.cc:492] T 69751046b85c43d1af01b89b66501183 P e10d7fe5b6464b27853cfd0a6274b93a: No bootstrap required, opened a new log
I20260601 13:38:46.861596  5434 ts_tablet_manager.cc:1403] T 69751046b85c43d1af01b89b66501183 P e10d7fe5b6464b27853cfd0a6274b93a: Time spent bootstrapping tablet: real 0.002s	user 0.000s	sys 0.002s
I20260601 13:38:46.861796  5432 raft_consensus.cc:359] T 69751046b85c43d1af01b89b66501183 P 33ca9075a6dd48b2a380c1f3bdd327a5 [term 0 FOLLOWER]: Replica starting. Triggering 0 pending ops. Active config: opid_index: -1 OBSOLETE_local: false peers { permanent_uuid: "faaa5ba98f5741559cd14b15ae682767" member_type: VOTER last_known_addr { host: "127.1.38.1" port: 34805 } } peers { permanent_uuid: "33ca9075a6dd48b2a380c1f3bdd327a5" member_type: VOTER last_known_addr { host: "127.1.38.3" port: 36239 } } peers { permanent_uuid: "e10d7fe5b6464b27853cfd0a6274b93a" member_type: VOTER last_known_addr { host: "127.1.38.2" port: 33829 } }
I20260601 13:38:46.861824  5433 raft_consensus.cc:359] T 69751046b85c43d1af01b89b66501183 P faaa5ba98f5741559cd14b15ae682767 [term 0 FOLLOWER]: Replica starting. Triggering 0 pending ops. Active config: opid_index: -1 OBSOLETE_local: false peers { permanent_uuid: "faaa5ba98f5741559cd14b15ae682767" member_type: VOTER last_known_addr { host: "127.1.38.1" port: 34805 } } peers { permanent_uuid: "33ca9075a6dd48b2a380c1f3bdd327a5" member_type: VOTER last_known_addr { host: "127.1.38.3" port: 36239 } } peers { permanent_uuid: "e10d7fe5b6464b27853cfd0a6274b93a" member_type: VOTER last_known_addr { host: "127.1.38.2" port: 33829 } }
I20260601 13:38:46.861915  5432 raft_consensus.cc:385] T 69751046b85c43d1af01b89b66501183 P 33ca9075a6dd48b2a380c1f3bdd327a5 [term 0 FOLLOWER]: Consensus starting up: Expiring failure detector timer to make a prompt election more likely
I20260601 13:38:46.861941  5433 raft_consensus.cc:385] T 69751046b85c43d1af01b89b66501183 P faaa5ba98f5741559cd14b15ae682767 [term 0 FOLLOWER]: Consensus starting up: Expiring failure detector timer to make a prompt election more likely
I20260601 13:38:46.861951  5432 raft_consensus.cc:740] T 69751046b85c43d1af01b89b66501183 P 33ca9075a6dd48b2a380c1f3bdd327a5 [term 0 FOLLOWER]: Becoming Follower/Learner. State: Replica: 33ca9075a6dd48b2a380c1f3bdd327a5, State: Initialized, Role: FOLLOWER
I20260601 13:38:46.862004  5433 raft_consensus.cc:740] T 69751046b85c43d1af01b89b66501183 P faaa5ba98f5741559cd14b15ae682767 [term 0 FOLLOWER]: Becoming Follower/Learner. State: Replica: faaa5ba98f5741559cd14b15ae682767, State: Initialized, Role: FOLLOWER
I20260601 13:38:46.861996  5434 raft_consensus.cc:359] T 69751046b85c43d1af01b89b66501183 P e10d7fe5b6464b27853cfd0a6274b93a [term 0 FOLLOWER]: Replica starting. Triggering 0 pending ops. Active config: opid_index: -1 OBSOLETE_local: false peers { permanent_uuid: "faaa5ba98f5741559cd14b15ae682767" member_type: VOTER last_known_addr { host: "127.1.38.1" port: 34805 } } peers { permanent_uuid: "33ca9075a6dd48b2a380c1f3bdd327a5" member_type: VOTER last_known_addr { host: "127.1.38.3" port: 36239 } } peers { permanent_uuid: "e10d7fe5b6464b27853cfd0a6274b93a" member_type: VOTER last_known_addr { host: "127.1.38.2" port: 33829 } }
I20260601 13:38:46.862087  5434 raft_consensus.cc:385] T 69751046b85c43d1af01b89b66501183 P e10d7fe5b6464b27853cfd0a6274b93a [term 0 FOLLOWER]: Consensus starting up: Expiring failure detector timer to make a prompt election more likely
I20260601 13:38:46.862154  5434 raft_consensus.cc:740] T 69751046b85c43d1af01b89b66501183 P e10d7fe5b6464b27853cfd0a6274b93a [term 0 FOLLOWER]: Becoming Follower/Learner. State: Replica: e10d7fe5b6464b27853cfd0a6274b93a, State: Initialized, Role: FOLLOWER
I20260601 13:38:46.862183  5433 consensus_queue.cc:260] T 69751046b85c43d1af01b89b66501183 P faaa5ba98f5741559cd14b15ae682767 [NON_LEADER]: Queue going to NON_LEADER mode. State: All replicated index: 0, Majority replicated index: 0, Committed index: 0, Last appended: 0.0, Last appended by leader: 0, Current term: 0, Majority size: -1, State: 0, Mode: NON_LEADER, active raft config: opid_index: -1 OBSOLETE_local: false peers { permanent_uuid: "faaa5ba98f5741559cd14b15ae682767" member_type: VOTER last_known_addr { host: "127.1.38.1" port: 34805 } } peers { permanent_uuid: "33ca9075a6dd48b2a380c1f3bdd327a5" member_type: VOTER last_known_addr { host: "127.1.38.3" port: 36239 } } peers { permanent_uuid: "e10d7fe5b6464b27853cfd0a6274b93a" member_type: VOTER last_known_addr { host: "127.1.38.2" port: 33829 } }
I20260601 13:38:46.862152  5432 consensus_queue.cc:260] T 69751046b85c43d1af01b89b66501183 P 33ca9075a6dd48b2a380c1f3bdd327a5 [NON_LEADER]: Queue going to NON_LEADER mode. State: All replicated index: 0, Majority replicated index: 0, Committed index: 0, Last appended: 0.0, Last appended by leader: 0, Current term: 0, Majority size: -1, State: 0, Mode: NON_LEADER, active raft config: opid_index: -1 OBSOLETE_local: false peers { permanent_uuid: "faaa5ba98f5741559cd14b15ae682767" member_type: VOTER last_known_addr { host: "127.1.38.1" port: 34805 } } peers { permanent_uuid: "33ca9075a6dd48b2a380c1f3bdd327a5" member_type: VOTER last_known_addr { host: "127.1.38.3" port: 36239 } } peers { permanent_uuid: "e10d7fe5b6464b27853cfd0a6274b93a" member_type: VOTER last_known_addr { host: "127.1.38.2" port: 33829 } }
I20260601 13:38:46.862452  5434 consensus_queue.cc:260] T 69751046b85c43d1af01b89b66501183 P e10d7fe5b6464b27853cfd0a6274b93a [NON_LEADER]: Queue going to NON_LEADER mode. State: All replicated index: 0, Majority replicated index: 0, Committed index: 0, Last appended: 0.0, Last appended by leader: 0, Current term: 0, Majority size: -1, State: 0, Mode: NON_LEADER, active raft config: opid_index: -1 OBSOLETE_local: false peers { permanent_uuid: "faaa5ba98f5741559cd14b15ae682767" member_type: VOTER last_known_addr { host: "127.1.38.1" port: 34805 } } peers { permanent_uuid: "33ca9075a6dd48b2a380c1f3bdd327a5" member_type: VOTER last_known_addr { host: "127.1.38.3" port: 36239 } } peers { permanent_uuid: "e10d7fe5b6464b27853cfd0a6274b93a" member_type: VOTER last_known_addr { host: "127.1.38.2" port: 33829 } }
I20260601 13:38:46.862656  5433 ts_tablet_manager.cc:1434] T 69751046b85c43d1af01b89b66501183 P faaa5ba98f5741559cd14b15ae682767: Time spent starting tablet: real 0.001s	user 0.000s	sys 0.001s
I20260601 13:38:46.862694  5432 ts_tablet_manager.cc:1434] T 69751046b85c43d1af01b89b66501183 P 33ca9075a6dd48b2a380c1f3bdd327a5: Time spent starting tablet: real 0.001s	user 0.001s	sys 0.000s
I20260601 13:38:46.862809  5434 ts_tablet_manager.cc:1434] T 69751046b85c43d1af01b89b66501183 P e10d7fe5b6464b27853cfd0a6274b93a: Time spent starting tablet: real 0.001s	user 0.000s	sys 0.001s
I20260601 13:38:47.157452  5440 raft_consensus.cc:493] T 69751046b85c43d1af01b89b66501183 P e10d7fe5b6464b27853cfd0a6274b93a [term 0 FOLLOWER]: Starting pre-election (no leader contacted us within the election timeout)
I20260601 13:38:47.157671  5440 raft_consensus.cc:515] T 69751046b85c43d1af01b89b66501183 P e10d7fe5b6464b27853cfd0a6274b93a [term 0 FOLLOWER]: Starting pre-election with config: opid_index: -1 OBSOLETE_local: false peers { permanent_uuid: "faaa5ba98f5741559cd14b15ae682767" member_type: VOTER last_known_addr { host: "127.1.38.1" port: 34805 } } peers { permanent_uuid: "33ca9075a6dd48b2a380c1f3bdd327a5" member_type: VOTER last_known_addr { host: "127.1.38.3" port: 36239 } } peers { permanent_uuid: "e10d7fe5b6464b27853cfd0a6274b93a" member_type: VOTER last_known_addr { host: "127.1.38.2" port: 33829 } }
I20260601 13:38:47.158265  5440 leader_election.cc:290] T 69751046b85c43d1af01b89b66501183 P e10d7fe5b6464b27853cfd0a6274b93a [CANDIDATE]: Term 1 pre-election: Requested pre-vote from peers faaa5ba98f5741559cd14b15ae682767 (127.1.38.1:34805), 33ca9075a6dd48b2a380c1f3bdd327a5 (127.1.38.3:36239)
I20260601 13:38:47.162158  5234 tablet_service.cc:1917] Received RequestConsensusVote() RPC: tablet_id: "69751046b85c43d1af01b89b66501183" candidate_uuid: "e10d7fe5b6464b27853cfd0a6274b93a" candidate_term: 1 candidate_status { last_received { term: 0 index: 0 } } ignore_live_leader: false dest_uuid: "faaa5ba98f5741559cd14b15ae682767" is_pre_election: true
I20260601 13:38:47.162160  5385 tablet_service.cc:1917] Received RequestConsensusVote() RPC: tablet_id: "69751046b85c43d1af01b89b66501183" candidate_uuid: "e10d7fe5b6464b27853cfd0a6274b93a" candidate_term: 1 candidate_status { last_received { term: 0 index: 0 } } ignore_live_leader: false dest_uuid: "33ca9075a6dd48b2a380c1f3bdd327a5" is_pre_election: true
I20260601 13:38:47.162371  5234 raft_consensus.cc:2468] T 69751046b85c43d1af01b89b66501183 P faaa5ba98f5741559cd14b15ae682767 [term 0 FOLLOWER]: Leader pre-election vote request: Granting yes vote for candidate e10d7fe5b6464b27853cfd0a6274b93a in term 0.
I20260601 13:38:47.162407  5385 raft_consensus.cc:2468] T 69751046b85c43d1af01b89b66501183 P 33ca9075a6dd48b2a380c1f3bdd327a5 [term 0 FOLLOWER]: Leader pre-election vote request: Granting yes vote for candidate e10d7fe5b6464b27853cfd0a6274b93a in term 0.
I20260601 13:38:47.162746  5276 leader_election.cc:304] T 69751046b85c43d1af01b89b66501183 P e10d7fe5b6464b27853cfd0a6274b93a [CANDIDATE]: Term 1 pre-election: Election decided. Result: candidate won. Election summary: received 2 responses out of 3 voters: 2 yes votes; 0 no votes. yes voters: e10d7fe5b6464b27853cfd0a6274b93a, faaa5ba98f5741559cd14b15ae682767; no voters: 
I20260601 13:38:47.162947  5440 raft_consensus.cc:2804] T 69751046b85c43d1af01b89b66501183 P e10d7fe5b6464b27853cfd0a6274b93a [term 0 FOLLOWER]: Leader pre-election won for term 1
I20260601 13:38:47.163012  5440 raft_consensus.cc:493] T 69751046b85c43d1af01b89b66501183 P e10d7fe5b6464b27853cfd0a6274b93a [term 0 FOLLOWER]: Starting leader election (no leader contacted us within the election timeout)
I20260601 13:38:47.163041  5440 raft_consensus.cc:3060] T 69751046b85c43d1af01b89b66501183 P e10d7fe5b6464b27853cfd0a6274b93a [term 0 FOLLOWER]: Advancing to term 1
I20260601 13:38:47.164036  5440 raft_consensus.cc:515] T 69751046b85c43d1af01b89b66501183 P e10d7fe5b6464b27853cfd0a6274b93a [term 1 FOLLOWER]: Starting leader election with config: opid_index: -1 OBSOLETE_local: false peers { permanent_uuid: "faaa5ba98f5741559cd14b15ae682767" member_type: VOTER last_known_addr { host: "127.1.38.1" port: 34805 } } peers { permanent_uuid: "33ca9075a6dd48b2a380c1f3bdd327a5" member_type: VOTER last_known_addr { host: "127.1.38.3" port: 36239 } } peers { permanent_uuid: "e10d7fe5b6464b27853cfd0a6274b93a" member_type: VOTER last_known_addr { host: "127.1.38.2" port: 33829 } }
I20260601 13:38:47.164435  5440 leader_election.cc:290] T 69751046b85c43d1af01b89b66501183 P e10d7fe5b6464b27853cfd0a6274b93a [CANDIDATE]: Term 1 election: Requested vote from peers faaa5ba98f5741559cd14b15ae682767 (127.1.38.1:34805), 33ca9075a6dd48b2a380c1f3bdd327a5 (127.1.38.3:36239)
I20260601 13:38:47.164832  5385 tablet_service.cc:1917] Received RequestConsensusVote() RPC: tablet_id: "69751046b85c43d1af01b89b66501183" candidate_uuid: "e10d7fe5b6464b27853cfd0a6274b93a" candidate_term: 1 candidate_status { last_received { term: 0 index: 0 } } ignore_live_leader: false dest_uuid: "33ca9075a6dd48b2a380c1f3bdd327a5"
I20260601 13:38:47.164884  5234 tablet_service.cc:1917] Received RequestConsensusVote() RPC: tablet_id: "69751046b85c43d1af01b89b66501183" candidate_uuid: "e10d7fe5b6464b27853cfd0a6274b93a" candidate_term: 1 candidate_status { last_received { term: 0 index: 0 } } ignore_live_leader: false dest_uuid: "faaa5ba98f5741559cd14b15ae682767"
I20260601 13:38:47.164930  5385 raft_consensus.cc:3060] T 69751046b85c43d1af01b89b66501183 P 33ca9075a6dd48b2a380c1f3bdd327a5 [term 0 FOLLOWER]: Advancing to term 1
I20260601 13:38:47.165081  5234 raft_consensus.cc:3060] T 69751046b85c43d1af01b89b66501183 P faaa5ba98f5741559cd14b15ae682767 [term 0 FOLLOWER]: Advancing to term 1
I20260601 13:38:47.165922  5234 raft_consensus.cc:2468] T 69751046b85c43d1af01b89b66501183 P faaa5ba98f5741559cd14b15ae682767 [term 1 FOLLOWER]: Leader election vote request: Granting yes vote for candidate e10d7fe5b6464b27853cfd0a6274b93a in term 1.
I20260601 13:38:47.166242  5276 leader_election.cc:304] T 69751046b85c43d1af01b89b66501183 P e10d7fe5b6464b27853cfd0a6274b93a [CANDIDATE]: Term 1 election: Election decided. Result: candidate won. Election summary: received 2 responses out of 3 voters: 2 yes votes; 0 no votes. yes voters: e10d7fe5b6464b27853cfd0a6274b93a, faaa5ba98f5741559cd14b15ae682767; no voters: 
I20260601 13:38:47.166422  5440 raft_consensus.cc:2804] T 69751046b85c43d1af01b89b66501183 P e10d7fe5b6464b27853cfd0a6274b93a [term 1 FOLLOWER]: Leader election won for term 1
I20260601 13:38:47.166599  5385 raft_consensus.cc:2468] T 69751046b85c43d1af01b89b66501183 P 33ca9075a6dd48b2a380c1f3bdd327a5 [term 1 FOLLOWER]: Leader election vote request: Granting yes vote for candidate e10d7fe5b6464b27853cfd0a6274b93a in term 1.
I20260601 13:38:47.166695  5440 raft_consensus.cc:697] T 69751046b85c43d1af01b89b66501183 P e10d7fe5b6464b27853cfd0a6274b93a [term 1 LEADER]: Becoming Leader. State: Replica: e10d7fe5b6464b27853cfd0a6274b93a, State: Running, Role: LEADER
I20260601 13:38:47.166826  5440 consensus_queue.cc:237] T 69751046b85c43d1af01b89b66501183 P e10d7fe5b6464b27853cfd0a6274b93a [LEADER]: Queue going to LEADER mode. State: All replicated index: 0, Majority replicated index: 0, Committed index: 0, Last appended: 0.0, Last appended by leader: 0, Current term: 1, Majority size: 2, State: 0, Mode: LEADER, active raft config: opid_index: -1 OBSOLETE_local: false peers { permanent_uuid: "faaa5ba98f5741559cd14b15ae682767" member_type: VOTER last_known_addr { host: "127.1.38.1" port: 34805 } } peers { permanent_uuid: "33ca9075a6dd48b2a380c1f3bdd327a5" member_type: VOTER last_known_addr { host: "127.1.38.3" port: 36239 } } peers { permanent_uuid: "e10d7fe5b6464b27853cfd0a6274b93a" member_type: VOTER last_known_addr { host: "127.1.38.2" port: 33829 } }
I20260601 13:38:47.168675  5129 catalog_manager.cc:5696] T 69751046b85c43d1af01b89b66501183 P e10d7fe5b6464b27853cfd0a6274b93a reported cstate change: term changed from 0 to 1, leader changed from <none> to e10d7fe5b6464b27853cfd0a6274b93a (127.1.38.2). New cstate: current_term: 1 leader_uuid: "e10d7fe5b6464b27853cfd0a6274b93a" committed_config { opid_index: -1 OBSOLETE_local: false peers { permanent_uuid: "faaa5ba98f5741559cd14b15ae682767" member_type: VOTER last_known_addr { host: "127.1.38.1" port: 34805 } health_report { overall_health: UNKNOWN } } peers { permanent_uuid: "33ca9075a6dd48b2a380c1f3bdd327a5" member_type: VOTER last_known_addr { host: "127.1.38.3" port: 36239 } health_report { overall_health: UNKNOWN } } peers { permanent_uuid: "e10d7fe5b6464b27853cfd0a6274b93a" member_type: VOTER last_known_addr { host: "127.1.38.2" port: 33829 } health_report { overall_health: HEALTHY } } }
I20260601 13:38:47.594462  5440 consensus_queue.cc:1048] T 69751046b85c43d1af01b89b66501183 P e10d7fe5b6464b27853cfd0a6274b93a [LEADER]: Connected to new peer: Peer: permanent_uuid: "33ca9075a6dd48b2a380c1f3bdd327a5" member_type: VOTER last_known_addr { host: "127.1.38.3" port: 36239 }, Status: LMP_MISMATCH, Last received: 0.0, Next index: 1, Last known committed idx: 0, Time since last communication: 0.000s
I20260601 13:38:47.598652  5440 consensus_queue.cc:1048] T 69751046b85c43d1af01b89b66501183 P e10d7fe5b6464b27853cfd0a6274b93a [LEADER]: Connected to new peer: Peer: permanent_uuid: "faaa5ba98f5741559cd14b15ae682767" member_type: VOTER last_known_addr { host: "127.1.38.1" port: 34805 }, Status: LMP_MISMATCH, Last received: 0.0, Next index: 1, Last known committed idx: 0, Time since last communication: 0.000s
I20260601 13:38:47.663645  5185 auto_leader_rebalancer.cc:140] leader rebalance for table test-workload
I20260601 13:38:47.664103  5185 auto_leader_rebalancer.cc:388] table: test-workload, leader rebalance finish, leader transfer count: 0
I20260601 13:38:47.664163  5185 auto_leader_rebalancer.cc:451] All tables' leader rebalancing finished this round
I20260601 13:38:47.664541  5180 placement_policy_util.cc:407] tablet 69751046b85c43d1af01b89b66501183: detected majority of replicas (2 of 3) at location L0
I20260601 13:38:48.666245  5180 placement_policy_util.cc:407] tablet 69751046b85c43d1af01b89b66501183: detected majority of replicas (2 of 3) at location L0
I20260601 13:38:49.664502  5185 auto_leader_rebalancer.cc:140] leader rebalance for table test-workload
I20260601 13:38:49.664883  5185 auto_leader_rebalancer.cc:388] table: test-workload, leader rebalance finish, leader transfer count: 0
I20260601 13:38:49.664942  5185 auto_leader_rebalancer.cc:451] All tables' leader rebalancing finished this round
I20260601 13:38:49.667847  5180 placement_policy_util.cc:407] tablet 69751046b85c43d1af01b89b66501183: detected majority of replicas (2 of 3) at location L0
I20260601 13:38:50.669557  5180 placement_policy_util.cc:407] tablet 69751046b85c43d1af01b89b66501183: detected majority of replicas (2 of 3) at location L0
I20260601 13:38:51.665318  5185 auto_leader_rebalancer.cc:140] leader rebalance for table test-workload
I20260601 13:38:51.665740  5185 auto_leader_rebalancer.cc:388] table: test-workload, leader rebalance finish, leader transfer count: 0
I20260601 13:38:51.665809  5185 auto_leader_rebalancer.cc:451] All tables' leader rebalancing finished this round
I20260601 13:38:51.671216  5180 placement_policy_util.cc:407] tablet 69751046b85c43d1af01b89b66501183: detected majority of replicas (2 of 3) at location L0
I20260601 13:38:52.673197  5180 placement_policy_util.cc:407] tablet 69751046b85c43d1af01b89b66501183: detected majority of replicas (2 of 3) at location L0
I20260601 13:38:53.666179  5185 auto_leader_rebalancer.cc:140] leader rebalance for table test-workload
I20260601 13:38:53.666545  5185 auto_leader_rebalancer.cc:388] table: test-workload, leader rebalance finish, leader transfer count: 0
I20260601 13:38:53.666602  5185 auto_leader_rebalancer.cc:451] All tables' leader rebalancing finished this round
I20260601 13:38:53.676033  5180 placement_policy_util.cc:407] tablet 69751046b85c43d1af01b89b66501183: detected majority of replicas (2 of 3) at location L0
I20260601 13:38:54.677630  5180 placement_policy_util.cc:407] tablet 69751046b85c43d1af01b89b66501183: detected majority of replicas (2 of 3) at location L0
I20260601 13:38:55.666990  5185 auto_leader_rebalancer.cc:140] leader rebalance for table test-workload
I20260601 13:38:55.667296  5185 auto_leader_rebalancer.cc:388] table: test-workload, leader rebalance finish, leader transfer count: 0
I20260601 13:38:55.667356  5185 auto_leader_rebalancer.cc:451] All tables' leader rebalancing finished this round
I20260601 13:38:55.679230  5180 placement_policy_util.cc:407] tablet 69751046b85c43d1af01b89b66501183: detected majority of replicas (2 of 3) at location L0
I20260601 13:38:56.681149  5180 placement_policy_util.cc:407] tablet 69751046b85c43d1af01b89b66501183: detected majority of replicas (2 of 3) at location L0
I20260601 13:38:57.667682  5185 auto_leader_rebalancer.cc:140] leader rebalance for table test-workload
I20260601 13:38:57.668061  5185 auto_leader_rebalancer.cc:388] table: test-workload, leader rebalance finish, leader transfer count: 0
I20260601 13:38:57.668128  5185 auto_leader_rebalancer.cc:451] All tables' leader rebalancing finished this round
I20260601 13:38:57.682780  5180 placement_policy_util.cc:407] tablet 69751046b85c43d1af01b89b66501183: detected majority of replicas (2 of 3) at location L0
I20260601 13:38:58.268829  1176 tablet_server.cc:179] TabletServer@127.1.38.1:0 shutting down...
I20260601 13:38:58.273075  1176 ts_tablet_manager.cc:1507] Shutting down tablet manager...
I20260601 13:38:58.273468  1176 tablet_replica.cc:333] T 69751046b85c43d1af01b89b66501183 P faaa5ba98f5741559cd14b15ae682767: stopping tablet replica
I20260601 13:38:58.273608  1176 raft_consensus.cc:2243] T 69751046b85c43d1af01b89b66501183 P faaa5ba98f5741559cd14b15ae682767 [term 1 FOLLOWER]: Raft consensus shutting down.
I20260601 13:38:58.273721  1176 raft_consensus.cc:2272] T 69751046b85c43d1af01b89b66501183 P faaa5ba98f5741559cd14b15ae682767 [term 1 FOLLOWER]: Raft consensus is shut down!
I20260601 13:38:58.287048  1176 tablet_server.cc:196] TabletServer@127.1.38.1:0 shutdown complete.
I20260601 13:38:58.289466  1176 tablet_server.cc:179] TabletServer@127.1.38.2:0 shutting down...
I20260601 13:38:58.293987  1176 ts_tablet_manager.cc:1507] Shutting down tablet manager...
I20260601 13:38:58.294215  1176 tablet_replica.cc:333] T 69751046b85c43d1af01b89b66501183 P e10d7fe5b6464b27853cfd0a6274b93a: stopping tablet replica
I20260601 13:38:58.294329  1176 raft_consensus.cc:2243] T 69751046b85c43d1af01b89b66501183 P e10d7fe5b6464b27853cfd0a6274b93a [term 1 LEADER]: Raft consensus shutting down.
I20260601 13:38:58.294528  1176 raft_consensus.cc:2272] T 69751046b85c43d1af01b89b66501183 P e10d7fe5b6464b27853cfd0a6274b93a [term 1 FOLLOWER]: Raft consensus is shut down!
I20260601 13:38:58.307559  1176 tablet_server.cc:196] TabletServer@127.1.38.2:0 shutdown complete.
I20260601 13:38:58.309722  1176 tablet_server.cc:179] TabletServer@127.1.38.3:0 shutting down...
I20260601 13:38:58.314462  1176 ts_tablet_manager.cc:1507] Shutting down tablet manager...
I20260601 13:38:58.314685  1176 tablet_replica.cc:333] T 69751046b85c43d1af01b89b66501183 P 33ca9075a6dd48b2a380c1f3bdd327a5: stopping tablet replica
I20260601 13:38:58.314839  1176 raft_consensus.cc:2243] T 69751046b85c43d1af01b89b66501183 P 33ca9075a6dd48b2a380c1f3bdd327a5 [term 1 FOLLOWER]: Raft consensus shutting down.
I20260601 13:38:58.314985  1176 raft_consensus.cc:2272] T 69751046b85c43d1af01b89b66501183 P 33ca9075a6dd48b2a380c1f3bdd327a5 [term 1 FOLLOWER]: Raft consensus is shut down!
I20260601 13:38:58.327721  1176 tablet_server.cc:196] TabletServer@127.1.38.3:0 shutdown complete.
I20260601 13:38:58.330053  1176 master.cc:562] Master@127.1.38.62:34105 shutting down...
I20260601 13:38:58.334708  1176 raft_consensus.cc:2243] T 00000000000000000000000000000000 P d98d801c7cbd4f6c9c019e32b14e5dc8 [term 1 LEADER]: Raft consensus shutting down.
I20260601 13:38:58.334995  1176 raft_consensus.cc:2272] T 00000000000000000000000000000000 P d98d801c7cbd4f6c9c019e32b14e5dc8 [term 1 FOLLOWER]: Raft consensus is shut down!
I20260601 13:38:58.335101  1176 tablet_replica.cc:333] T 00000000000000000000000000000000 P d98d801c7cbd4f6c9c019e32b14e5dc8: stopping tablet replica
I20260601 13:38:58.349018  1176 master.cc:584] Master@127.1.38.62:34105 shutdown complete.
[       OK ] AutoRebalancerTest.NoReplicaMovesIfCannotFixPlacementPolicy (12731 ms)
[ RUN      ] AutoRebalancerTest.TestMaxMovesPerServer
I20260601 13:38:58.356174  1176 internal_mini_cluster.cc:156] Creating distributed mini masters. Addrs: 127.1.38.62:37309
I20260601 13:38:58.356614  1176 file_cache.cc:492] Constructed file cache file cache with capacity 419430
W20260601 13:38:58.358526  5456 instance_detector.cc:116] could not retrieve OpenStack instance metadata: Network error: curl error: HTTP response code said error: The requested URL returned error: 404
W20260601 13:38:58.358500  5453 instance_detector.cc:116] could not retrieve AWS instance metadata: Network error: curl error: HTTP response code said error: The requested URL returned error: 404
W20260601 13:38:58.358768  5454 instance_detector.cc:116] could not retrieve Azure instance metadata: Network error: curl error: HTTP response code said error: The requested URL returned error: 404
I20260601 13:38:58.358872  1176 server_base.cc:1061] running on GCE node
I20260601 13:38:58.359053  1176 hybrid_clock.cc:584] initializing the hybrid clock with 'system_unsync' time source
W20260601 13:38:58.359110  1176 system_unsync_time.cc:38] NTP support is disabled. Clock error bounds will not be accurate. This configuration is not suitable for distributed clusters.
I20260601 13:38:58.359144  1176 hybrid_clock.cc:648] HybridClock initialized: now 1780321138359143 us; error 0 us; skew 500 ppm
I20260601 13:38:58.360148  1176 webserver.cc:533] Webserver started at http://127.1.38.62:46655/ using document root <none> and password file <none>
I20260601 13:38:58.360327  1176 fs_manager.cc:362] Metadata directory not provided
I20260601 13:38:58.360394  1176 fs_manager.cc:368] Using write-ahead log directory (fs_wal_dir) as metadata directory
I20260601 13:38:58.360476  1176 server_base.cc:909] This appears to be a new deployment of Kudu; creating new FS layout
I20260601 13:38:58.361158  1176 fs_manager.cc:1068] Generated new instance metadata in path /tmp/dist-test-tasksumePd/test-tmp/auto_rebalancer-test.0.AutoRebalancerTest.TestMaxMovesPerServer.1780321035379722-1176-0/minicluster-data/master-0-root/instance:
uuid: "f707633a41f24b8b9d9aa9e8e5f4a769"
format_stamp: "Formatted at 2026-06-01 13:38:58 on dist-test-slave-pr58"
I20260601 13:38:58.362978  1176 fs_manager.cc:696] Time spent creating directory manager: real 0.001s	user 0.003s	sys 0.000s
I20260601 13:38:58.364058  5461 log_block_manager.cc:4031] Time spent loading block containers with low live blocks: real 0.000s	user 0.000s	sys 0.000s
I20260601 13:38:58.364320  1176 fs_manager.cc:730] Time spent opening block manager: real 0.001s	user 0.001s	sys 0.000s
I20260601 13:38:58.364379  1176 fs_manager.cc:647] Opened local filesystem: /tmp/dist-test-tasksumePd/test-tmp/auto_rebalancer-test.0.AutoRebalancerTest.TestMaxMovesPerServer.1780321035379722-1176-0/minicluster-data/master-0-root
uuid: "f707633a41f24b8b9d9aa9e8e5f4a769"
format_stamp: "Formatted at 2026-06-01 13:38:58 on dist-test-slave-pr58"
I20260601 13:38:58.364439  1176 fs_report.cc:389] FS layout report
--------------------
wal directory: /tmp/dist-test-tasksumePd/test-tmp/auto_rebalancer-test.0.AutoRebalancerTest.TestMaxMovesPerServer.1780321035379722-1176-0/minicluster-data/master-0-root
metadata directory: /tmp/dist-test-tasksumePd/test-tmp/auto_rebalancer-test.0.AutoRebalancerTest.TestMaxMovesPerServer.1780321035379722-1176-0/minicluster-data/master-0-root
1 data directories: /tmp/dist-test-tasksumePd/test-tmp/auto_rebalancer-test.0.AutoRebalancerTest.TestMaxMovesPerServer.1780321035379722-1176-0/minicluster-data/master-0-root/data
Total live blocks: 0
Total live bytes: 0
Total live bytes (after alignment): 0
Total number of LBM containers: 0 (0 full)
Did not check for missing blocks
Did not check for orphaned blocks
Total full LBM containers with extra space: 0 (0 repaired)
Total full LBM container extra space in bytes: 0 (0 repaired)
Total incomplete LBM containers: 0 (0 repaired)
Total LBM partial records: 0 (0 repaired)
Total corrupted LBM metadata records in RocksDB: 0 (0 repaired)
I20260601 13:38:58.381567  1176 rpc_server.cc:225] running with OpenSSL 1.1.1  11 Sep 2018
I20260601 13:38:58.381953  1176 kserver.cc:163] Server-wide thread pool size limit: 3276
I20260601 13:38:58.387102  1176 rpc_server.cc:307] RPC server started. Bound to: 127.1.38.62:37309
I20260601 13:38:58.389894  5513 acceptor_pool.cc:272] collecting diagnostics on the listening RPC socket 127.1.38.62:37309 every 8 connection(s)
I20260601 13:38:58.390365  5514 data_dirs.cc:400] Could only allocate 1 dirs of requested 3 for tablet 00000000000000000000000000000000. 1 dirs total, 0 dirs full, 0 dirs failed
I20260601 13:38:58.392211  5514 tablet_bootstrap.cc:492] T 00000000000000000000000000000000 P f707633a41f24b8b9d9aa9e8e5f4a769: Bootstrap starting.
I20260601 13:38:58.393186  5514 tablet_bootstrap.cc:654] T 00000000000000000000000000000000 P f707633a41f24b8b9d9aa9e8e5f4a769: Neither blocks nor log segments found. Creating new log.
I20260601 13:38:58.394834  5514 tablet_bootstrap.cc:492] T 00000000000000000000000000000000 P f707633a41f24b8b9d9aa9e8e5f4a769: No bootstrap required, opened a new log
I20260601 13:38:58.395529  5514 raft_consensus.cc:359] T 00000000000000000000000000000000 P f707633a41f24b8b9d9aa9e8e5f4a769 [term 0 FOLLOWER]: Replica starting. Triggering 0 pending ops. Active config: opid_index: -1 OBSOLETE_local: true peers { permanent_uuid: "f707633a41f24b8b9d9aa9e8e5f4a769" member_type: VOTER }
I20260601 13:38:58.395689  5514 raft_consensus.cc:385] T 00000000000000000000000000000000 P f707633a41f24b8b9d9aa9e8e5f4a769 [term 0 FOLLOWER]: Consensus starting up: Expiring failure detector timer to make a prompt election more likely
I20260601 13:38:58.395737  5514 raft_consensus.cc:740] T 00000000000000000000000000000000 P f707633a41f24b8b9d9aa9e8e5f4a769 [term 0 FOLLOWER]: Becoming Follower/Learner. State: Replica: f707633a41f24b8b9d9aa9e8e5f4a769, State: Initialized, Role: FOLLOWER
I20260601 13:38:58.395913  5514 consensus_queue.cc:260] T 00000000000000000000000000000000 P f707633a41f24b8b9d9aa9e8e5f4a769 [NON_LEADER]: Queue going to NON_LEADER mode. State: All replicated index: 0, Majority replicated index: 0, Committed index: 0, Last appended: 0.0, Last appended by leader: 0, Current term: 0, Majority size: -1, State: 0, Mode: NON_LEADER, active raft config: opid_index: -1 OBSOLETE_local: true peers { permanent_uuid: "f707633a41f24b8b9d9aa9e8e5f4a769" member_type: VOTER }
I20260601 13:38:58.396071  5514 raft_consensus.cc:399] T 00000000000000000000000000000000 P f707633a41f24b8b9d9aa9e8e5f4a769 [term 0 FOLLOWER]: Only one voter in the Raft config. Triggering election immediately
I20260601 13:38:58.396118  5514 raft_consensus.cc:493] T 00000000000000000000000000000000 P f707633a41f24b8b9d9aa9e8e5f4a769 [term 0 FOLLOWER]: Starting leader election (initial election of a single-replica configuration)
I20260601 13:38:58.396171  5514 raft_consensus.cc:3060] T 00000000000000000000000000000000 P f707633a41f24b8b9d9aa9e8e5f4a769 [term 0 FOLLOWER]: Advancing to term 1
I20260601 13:38:58.396929  5514 raft_consensus.cc:515] T 00000000000000000000000000000000 P f707633a41f24b8b9d9aa9e8e5f4a769 [term 1 FOLLOWER]: Starting leader election with config: opid_index: -1 OBSOLETE_local: true peers { permanent_uuid: "f707633a41f24b8b9d9aa9e8e5f4a769" member_type: VOTER }
I20260601 13:38:58.397086  5514 leader_election.cc:304] T 00000000000000000000000000000000 P f707633a41f24b8b9d9aa9e8e5f4a769 [CANDIDATE]: Term 1 election: Election decided. Result: candidate won. Election summary: received 1 responses out of 1 voters: 1 yes votes; 0 no votes. yes voters: f707633a41f24b8b9d9aa9e8e5f4a769; no voters: 
I20260601 13:38:58.397347  5514 leader_election.cc:290] T 00000000000000000000000000000000 P f707633a41f24b8b9d9aa9e8e5f4a769 [CANDIDATE]: Term 1 election: Requested vote from peers 
I20260601 13:38:58.397600  5517 raft_consensus.cc:2804] T 00000000000000000000000000000000 P f707633a41f24b8b9d9aa9e8e5f4a769 [term 1 FOLLOWER]: Leader election won for term 1
I20260601 13:38:58.397881  5517 raft_consensus.cc:697] T 00000000000000000000000000000000 P f707633a41f24b8b9d9aa9e8e5f4a769 [term 1 LEADER]: Becoming Leader. State: Replica: f707633a41f24b8b9d9aa9e8e5f4a769, State: Running, Role: LEADER
I20260601 13:38:58.398108  5517 consensus_queue.cc:237] T 00000000000000000000000000000000 P f707633a41f24b8b9d9aa9e8e5f4a769 [LEADER]: Queue going to LEADER mode. State: All replicated index: 0, Majority replicated index: 0, Committed index: 0, Last appended: 0.0, Last appended by leader: 0, Current term: 1, Majority size: 1, State: 0, Mode: LEADER, active raft config: opid_index: -1 OBSOLETE_local: true peers { permanent_uuid: "f707633a41f24b8b9d9aa9e8e5f4a769" member_type: VOTER }
I20260601 13:38:58.398296  5514 sys_catalog.cc:565] T 00000000000000000000000000000000 P f707633a41f24b8b9d9aa9e8e5f4a769 [sys.catalog]: configured and running, proceeding with master startup.
I20260601 13:38:58.399405  5519 sys_catalog.cc:455] T 00000000000000000000000000000000 P f707633a41f24b8b9d9aa9e8e5f4a769 [sys.catalog]: SysCatalogTable state changed. Reason: New leader f707633a41f24b8b9d9aa9e8e5f4a769. Latest consensus state: current_term: 1 leader_uuid: "f707633a41f24b8b9d9aa9e8e5f4a769" committed_config { opid_index: -1 OBSOLETE_local: true peers { permanent_uuid: "f707633a41f24b8b9d9aa9e8e5f4a769" member_type: VOTER } }
I20260601 13:38:58.399539  5519 sys_catalog.cc:458] T 00000000000000000000000000000000 P f707633a41f24b8b9d9aa9e8e5f4a769 [sys.catalog]: This master's current role is: LEADER
I20260601 13:38:58.399399  5518 sys_catalog.cc:455] T 00000000000000000000000000000000 P f707633a41f24b8b9d9aa9e8e5f4a769 [sys.catalog]: SysCatalogTable state changed. Reason: RaftConsensus started. Latest consensus state: current_term: 1 leader_uuid: "f707633a41f24b8b9d9aa9e8e5f4a769" committed_config { opid_index: -1 OBSOLETE_local: true peers { permanent_uuid: "f707633a41f24b8b9d9aa9e8e5f4a769" member_type: VOTER } }
I20260601 13:38:58.400077  5518 sys_catalog.cc:458] T 00000000000000000000000000000000 P f707633a41f24b8b9d9aa9e8e5f4a769 [sys.catalog]: This master's current role is: LEADER
I20260601 13:38:58.400106  5527 catalog_manager.cc:1510] Loading table and tablet metadata into memory...
I20260601 13:38:58.400920  5527 catalog_manager.cc:1519] Initializing Kudu cluster ID...
I20260601 13:38:58.401166  1176 internal_mini_cluster.cc:184] Waiting to initialize catalog manager on master 0
I20260601 13:38:58.403108  5527 catalog_manager.cc:1382] Generated new cluster ID: c190fc1ffc9d4be792286289fe9953c3
I20260601 13:38:58.403172  5527 catalog_manager.cc:1530] Initializing Kudu internal certificate authority...
I20260601 13:38:58.454773  5527 catalog_manager.cc:1405] Generated new certificate authority record
I20260601 13:38:58.455399  5527 catalog_manager.cc:1539] Loading token signing keys...
I20260601 13:38:58.463599  5527 catalog_manager.cc:6069] T 00000000000000000000000000000000 P f707633a41f24b8b9d9aa9e8e5f4a769: Generated new TSK 0
I20260601 13:38:58.463811  5527 catalog_manager.cc:1549] Initializing in-progress tserver states...
I20260601 13:38:58.465917  1176 file_cache.cc:492] Constructed file cache file cache with capacity 419430
W20260601 13:38:58.468039  5536 instance_detector.cc:116] could not retrieve Azure instance metadata: Network error: curl error: HTTP response code said error: The requested URL returned error: 404
W20260601 13:38:58.468060  5535 instance_detector.cc:116] could not retrieve AWS instance metadata: Network error: curl error: HTTP response code said error: The requested URL returned error: 404
W20260601 13:38:58.468055  5538 instance_detector.cc:116] could not retrieve OpenStack instance metadata: Network error: curl error: HTTP response code said error: The requested URL returned error: 404
I20260601 13:38:58.468089  1176 server_base.cc:1061] running on GCE node
I20260601 13:38:58.468474  1176 hybrid_clock.cc:584] initializing the hybrid clock with 'system_unsync' time source
W20260601 13:38:58.468532  1176 system_unsync_time.cc:38] NTP support is disabled. Clock error bounds will not be accurate. This configuration is not suitable for distributed clusters.
I20260601 13:38:58.468567  1176 hybrid_clock.cc:648] HybridClock initialized: now 1780321138468565 us; error 0 us; skew 500 ppm
I20260601 13:38:58.469462  1176 webserver.cc:533] Webserver started at http://127.1.38.1:35109/ using document root <none> and password file <none>
I20260601 13:38:58.469679  1176 fs_manager.cc:362] Metadata directory not provided
I20260601 13:38:58.469754  1176 fs_manager.cc:368] Using write-ahead log directory (fs_wal_dir) as metadata directory
I20260601 13:38:58.469836  1176 server_base.cc:909] This appears to be a new deployment of Kudu; creating new FS layout
I20260601 13:38:58.470264  1176 fs_manager.cc:1068] Generated new instance metadata in path /tmp/dist-test-tasksumePd/test-tmp/auto_rebalancer-test.0.AutoRebalancerTest.TestMaxMovesPerServer.1780321035379722-1176-0/minicluster-data/ts-0-root/instance:
uuid: "861af2d6c3014f54ad532676c6e98b80"
format_stamp: "Formatted at 2026-06-01 13:38:58 on dist-test-slave-pr58"
I20260601 13:38:58.472105  1176 fs_manager.cc:696] Time spent creating directory manager: real 0.001s	user 0.001s	sys 0.001s
I20260601 13:38:58.475661  5543 log_block_manager.cc:4031] Time spent loading block containers with low live blocks: real 0.000s	user 0.000s	sys 0.000s
I20260601 13:38:58.476104  1176 fs_manager.cc:730] Time spent opening block manager: real 0.002s	user 0.003s	sys 0.001s
I20260601 13:38:58.476220  1176 fs_manager.cc:647] Opened local filesystem: /tmp/dist-test-tasksumePd/test-tmp/auto_rebalancer-test.0.AutoRebalancerTest.TestMaxMovesPerServer.1780321035379722-1176-0/minicluster-data/ts-0-root
uuid: "861af2d6c3014f54ad532676c6e98b80"
format_stamp: "Formatted at 2026-06-01 13:38:58 on dist-test-slave-pr58"
I20260601 13:38:58.476329  1176 fs_report.cc:389] FS layout report
--------------------
wal directory: /tmp/dist-test-tasksumePd/test-tmp/auto_rebalancer-test.0.AutoRebalancerTest.TestMaxMovesPerServer.1780321035379722-1176-0/minicluster-data/ts-0-root
metadata directory: /tmp/dist-test-tasksumePd/test-tmp/auto_rebalancer-test.0.AutoRebalancerTest.TestMaxMovesPerServer.1780321035379722-1176-0/minicluster-data/ts-0-root
1 data directories: /tmp/dist-test-tasksumePd/test-tmp/auto_rebalancer-test.0.AutoRebalancerTest.TestMaxMovesPerServer.1780321035379722-1176-0/minicluster-data/ts-0-root/data
Total live blocks: 0
Total live bytes: 0
Total live bytes (after alignment): 0
Total number of LBM containers: 0 (0 full)
Did not check for missing blocks
Did not check for orphaned blocks
Total full LBM containers with extra space: 0 (0 repaired)
Total full LBM container extra space in bytes: 0 (0 repaired)
Total incomplete LBM containers: 0 (0 repaired)
Total LBM partial records: 0 (0 repaired)
Total corrupted LBM metadata records in RocksDB: 0 (0 repaired)
I20260601 13:38:58.528302  1176 rpc_server.cc:225] running with OpenSSL 1.1.1  11 Sep 2018
I20260601 13:38:58.528798  1176 kserver.cc:163] Server-wide thread pool size limit: 3276
I20260601 13:38:58.529134  1176 txn_system_client.cc:432] TxnSystemClient initialization is disabled...
I20260601 13:38:58.529628  1176 ts_tablet_manager.cc:585] Loaded tablet metadata (0 total tablets, 0 live tablets)
I20260601 13:38:58.529691  1176 ts_tablet_manager.cc:531] Time spent load tablet metadata: real 0.000s	user 0.000s	sys 0.000s
I20260601 13:38:58.529747  1176 ts_tablet_manager.cc:616] Registered 0 tablets
I20260601 13:38:58.529799  1176 ts_tablet_manager.cc:595] Time spent register tablets: real 0.000s	user 0.000s	sys 0.000s
I20260601 13:38:58.534659  1176 rpc_server.cc:307] RPC server started. Bound to: 127.1.38.1:40259
I20260601 13:38:58.534837  5606 acceptor_pool.cc:272] collecting diagnostics on the listening RPC socket 127.1.38.1:40259 every 8 connection(s)
I20260601 13:38:58.535569  1176 file_cache.cc:492] Constructed file cache file cache with capacity 419430
W20260601 13:38:58.537760  5614 instance_detector.cc:116] could not retrieve OpenStack instance metadata: Network error: curl error: HTTP response code said error: The requested URL returned error: 404
W20260601 13:38:58.537896  5612 instance_detector.cc:116] could not retrieve Azure instance metadata: Network error: curl error: HTTP response code said error: The requested URL returned error: 404
W20260601 13:38:58.537977  5611 instance_detector.cc:116] could not retrieve AWS instance metadata: Network error: curl error: HTTP response code said error: The requested URL returned error: 404
I20260601 13:38:58.538744  1176 server_base.cc:1061] running on GCE node
I20260601 13:38:58.538938  1176 hybrid_clock.cc:584] initializing the hybrid clock with 'system_unsync' time source
W20260601 13:38:58.538983  1176 system_unsync_time.cc:38] NTP support is disabled. Clock error bounds will not be accurate. This configuration is not suitable for distributed clusters.
I20260601 13:38:58.539000  1176 hybrid_clock.cc:648] HybridClock initialized: now 1780321138539000 us; error 0 us; skew 500 ppm
I20260601 13:38:58.540053  1176 webserver.cc:533] Webserver started at http://127.1.38.2:38751/ using document root <none> and password file <none>
I20260601 13:38:58.540232  1176 fs_manager.cc:362] Metadata directory not provided
I20260601 13:38:58.540319  1176 fs_manager.cc:368] Using write-ahead log directory (fs_wal_dir) as metadata directory
I20260601 13:38:58.540410  1176 server_base.cc:909] This appears to be a new deployment of Kudu; creating new FS layout
I20260601 13:38:58.540992  5607 heartbeater.cc:344] Connected to a master server at 127.1.38.62:37309
I20260601 13:38:58.540971  1176 fs_manager.cc:1068] Generated new instance metadata in path /tmp/dist-test-tasksumePd/test-tmp/auto_rebalancer-test.0.AutoRebalancerTest.TestMaxMovesPerServer.1780321035379722-1176-0/minicluster-data/ts-1-root/instance:
uuid: "2c68ba1964264efeb9916e9bf97bf8c4"
format_stamp: "Formatted at 2026-06-01 13:38:58 on dist-test-slave-pr58"
I20260601 13:38:58.541074  5607 heartbeater.cc:461] Registering TS with master...
I20260601 13:38:58.541318  5607 heartbeater.cc:507] Master 127.1.38.62:37309 requested a full tablet report, sending...
I20260601 13:38:58.542050  5478 ts_manager.cc:194] Registered new tserver with Master: 861af2d6c3014f54ad532676c6e98b80 (127.1.38.1:40259)
I20260601 13:38:58.542760  1176 fs_manager.cc:696] Time spent creating directory manager: real 0.002s	user 0.000s	sys 0.002s
I20260601 13:38:58.542932  5478 master_service.cc:502] Signed X509 certificate for tserver {username='slave'} at 127.0.0.1:41532
I20260601 13:38:58.544107  5619 log_block_manager.cc:4031] Time spent loading block containers with low live blocks: real 0.000s	user 0.000s	sys 0.000s
I20260601 13:38:58.544428  1176 fs_manager.cc:730] Time spent opening block manager: real 0.001s	user 0.000s	sys 0.001s
I20260601 13:38:58.544498  1176 fs_manager.cc:647] Opened local filesystem: /tmp/dist-test-tasksumePd/test-tmp/auto_rebalancer-test.0.AutoRebalancerTest.TestMaxMovesPerServer.1780321035379722-1176-0/minicluster-data/ts-1-root
uuid: "2c68ba1964264efeb9916e9bf97bf8c4"
format_stamp: "Formatted at 2026-06-01 13:38:58 on dist-test-slave-pr58"
I20260601 13:38:58.544595  1176 fs_report.cc:389] FS layout report
--------------------
wal directory: /tmp/dist-test-tasksumePd/test-tmp/auto_rebalancer-test.0.AutoRebalancerTest.TestMaxMovesPerServer.1780321035379722-1176-0/minicluster-data/ts-1-root
metadata directory: /tmp/dist-test-tasksumePd/test-tmp/auto_rebalancer-test.0.AutoRebalancerTest.TestMaxMovesPerServer.1780321035379722-1176-0/minicluster-data/ts-1-root
1 data directories: /tmp/dist-test-tasksumePd/test-tmp/auto_rebalancer-test.0.AutoRebalancerTest.TestMaxMovesPerServer.1780321035379722-1176-0/minicluster-data/ts-1-root/data
Total live blocks: 0
Total live bytes: 0
Total live bytes (after alignment): 0
Total number of LBM containers: 0 (0 full)
Did not check for missing blocks
Did not check for orphaned blocks
Total full LBM containers with extra space: 0 (0 repaired)
Total full LBM container extra space in bytes: 0 (0 repaired)
Total incomplete LBM containers: 0 (0 repaired)
Total LBM partial records: 0 (0 repaired)
Total corrupted LBM metadata records in RocksDB: 0 (0 repaired)
I20260601 13:38:58.558336  1176 rpc_server.cc:225] running with OpenSSL 1.1.1  11 Sep 2018
I20260601 13:38:58.558854  1176 kserver.cc:163] Server-wide thread pool size limit: 3276
I20260601 13:38:58.559190  1176 txn_system_client.cc:432] TxnSystemClient initialization is disabled...
I20260601 13:38:58.559722  1176 ts_tablet_manager.cc:585] Loaded tablet metadata (0 total tablets, 0 live tablets)
I20260601 13:38:58.559787  1176 ts_tablet_manager.cc:531] Time spent load tablet metadata: real 0.000s	user 0.000s	sys 0.000s
I20260601 13:38:58.559847  1176 ts_tablet_manager.cc:616] Registered 0 tablets
I20260601 13:38:58.559899  1176 ts_tablet_manager.cc:595] Time spent register tablets: real 0.000s	user 0.000s	sys 0.000s
I20260601 13:38:58.564594  1176 rpc_server.cc:307] RPC server started. Bound to: 127.1.38.2:33823
I20260601 13:38:58.564615  5682 acceptor_pool.cc:272] collecting diagnostics on the listening RPC socket 127.1.38.2:33823 every 8 connection(s)
I20260601 13:38:58.565598  1176 file_cache.cc:492] Constructed file cache file cache with capacity 419430
W20260601 13:38:58.567946  5687 instance_detector.cc:116] could not retrieve Azure instance metadata: Network error: curl error: HTTP response code said error: The requested URL returned error: 404
W20260601 13:38:58.568015  5689 instance_detector.cc:116] could not retrieve OpenStack instance metadata: Network error: curl error: HTTP response code said error: The requested URL returned error: 404
I20260601 13:38:58.568975  1176 server_base.cc:1061] running on GCE node
W20260601 13:38:58.569125  5686 instance_detector.cc:116] could not retrieve AWS instance metadata: Network error: curl error: HTTP response code said error: The requested URL returned error: 404
I20260601 13:38:58.569415  1176 hybrid_clock.cc:584] initializing the hybrid clock with 'system_unsync' time source
W20260601 13:38:58.569494  1176 system_unsync_time.cc:38] NTP support is disabled. Clock error bounds will not be accurate. This configuration is not suitable for distributed clusters.
I20260601 13:38:58.569518  1176 hybrid_clock.cc:648] HybridClock initialized: now 1780321138569517 us; error 0 us; skew 500 ppm
I20260601 13:38:58.570452  5683 heartbeater.cc:344] Connected to a master server at 127.1.38.62:37309
I20260601 13:38:58.570534  1176 webserver.cc:533] Webserver started at http://127.1.38.3:43643/ using document root <none> and password file <none>
I20260601 13:38:58.570569  5683 heartbeater.cc:461] Registering TS with master...
