I20260601 13:38:25.922034  4357 consensus_queue.cc:237] T 2fcc17b2e1d44179bb5a66baeda1d2a0 P d972e2e029d54fc7b0f3ef61229ae63d [LEADER]: Queue going to LEADER mode. State: All replicated index: 0, Majority replicated index: 0, Committed index: 0, Last appended: 0.0, Last appended by leader: 0, Current term: 1, Majority size: 2, State: 0, Mode: LEADER, active raft config: opid_index: -1 OBSOLETE_local: false peers { permanent_uuid: "d972e2e029d54fc7b0f3ef61229ae63d" member_type: VOTER last_known_addr { host: "127.1.38.1" port: 37453 } } peers { permanent_uuid: "ee206421fb7245b3ade5887797788afc" member_type: VOTER last_known_addr { host: "127.1.38.2" port: 32811 } } peers { permanent_uuid: "502a01fe0b1e4bedaa1370b066907619" member_type: VOTER last_known_addr { host: "127.1.38.3" port: 37247 } }
I20260601 13:38:25.922255  4352 raft_consensus.cc:359] T aaa616f13c654337b831b15f7369174c P d972e2e029d54fc7b0f3ef61229ae63d [term 0 FOLLOWER]: Replica starting. Triggering 0 pending ops. Active config: opid_index: -1 OBSOLETE_local: false peers { permanent_uuid: "ee206421fb7245b3ade5887797788afc" member_type: VOTER last_known_addr { host: "127.1.38.2" port: 32811 } } peers { permanent_uuid: "d972e2e029d54fc7b0f3ef61229ae63d" member_type: VOTER last_known_addr { host: "127.1.38.1" port: 37453 } } peers { permanent_uuid: "502a01fe0b1e4bedaa1370b066907619" member_type: VOTER last_known_addr { host: "127.1.38.3" port: 37247 } }
I20260601 13:38:25.922328  4352 raft_consensus.cc:385] T aaa616f13c654337b831b15f7369174c P d972e2e029d54fc7b0f3ef61229ae63d [term 0 FOLLOWER]: Consensus starting up: Expiring failure detector timer to make a prompt election more likely
I20260601 13:38:25.922349  4352 raft_consensus.cc:740] T aaa616f13c654337b831b15f7369174c P d972e2e029d54fc7b0f3ef61229ae63d [term 0 FOLLOWER]: Becoming Follower/Learner. State: Replica: d972e2e029d54fc7b0f3ef61229ae63d, State: Initialized, Role: FOLLOWER
I20260601 13:38:25.922492  4352 consensus_queue.cc:260] T aaa616f13c654337b831b15f7369174c P d972e2e029d54fc7b0f3ef61229ae63d [NON_LEADER]: Queue going to NON_LEADER mode. State: All replicated index: 0, Majority replicated index: 0, Committed index: 0, Last appended: 0.0, Last appended by leader: 0, Current term: 0, Majority size: -1, State: 0, Mode: NON_LEADER, active raft config: opid_index: -1 OBSOLETE_local: false peers { permanent_uuid: "ee206421fb7245b3ade5887797788afc" member_type: VOTER last_known_addr { host: "127.1.38.2" port: 32811 } } peers { permanent_uuid: "d972e2e029d54fc7b0f3ef61229ae63d" member_type: VOTER last_known_addr { host: "127.1.38.1" port: 37453 } } peers { permanent_uuid: "502a01fe0b1e4bedaa1370b066907619" member_type: VOTER last_known_addr { host: "127.1.38.3" port: 37247 } }
I20260601 13:38:25.922776  4352 ts_tablet_manager.cc:1434] T aaa616f13c654337b831b15f7369174c P d972e2e029d54fc7b0f3ef61229ae63d: Time spent starting tablet: real 0.001s	user 0.000s	sys 0.000s
I20260601 13:38:25.923017  4290 tablet_service.cc:1917] Received RequestConsensusVote() RPC: tablet_id: "aaa616f13c654337b831b15f7369174c" candidate_uuid: "ee206421fb7245b3ade5887797788afc" candidate_term: 1 candidate_status { last_received { term: 0 index: 0 } } ignore_live_leader: false dest_uuid: "502a01fe0b1e4bedaa1370b066907619" is_pre_election: true
I20260601 13:38:25.923065  4289 tablet_service.cc:1917] Received RequestConsensusVote() RPC: tablet_id: "93165584494b4b6db7138dcb1592c2cf" candidate_uuid: "ee206421fb7245b3ade5887797788afc" candidate_term: 1 candidate_status { last_received { term: 0 index: 0 } } ignore_live_leader: false dest_uuid: "502a01fe0b1e4bedaa1370b066907619" is_pre_election: true
I20260601 13:38:25.923120  4290 raft_consensus.cc:2468] T aaa616f13c654337b831b15f7369174c P 502a01fe0b1e4bedaa1370b066907619 [term 0 FOLLOWER]: Leader pre-election vote request: Granting yes vote for candidate ee206421fb7245b3ade5887797788afc in term 0.
I20260601 13:38:25.923135  4289 raft_consensus.cc:2468] T 93165584494b4b6db7138dcb1592c2cf P 502a01fe0b1e4bedaa1370b066907619 [term 0 FOLLOWER]: Leader pre-election vote request: Granting yes vote for candidate ee206421fb7245b3ade5887797788afc in term 0.
I20260601 13:38:25.923419  4180 leader_election.cc:304] T 93165584494b4b6db7138dcb1592c2cf P ee206421fb7245b3ade5887797788afc [CANDIDATE]: Term 1 pre-election: Election decided. Result: candidate won. Election summary: received 3 responses out of 3 voters: 2 yes votes; 1 no votes. yes voters: 502a01fe0b1e4bedaa1370b066907619, ee206421fb7245b3ade5887797788afc; no voters: d972e2e029d54fc7b0f3ef61229ae63d
I20260601 13:38:25.923583  4341 raft_consensus.cc:2804] T 93165584494b4b6db7138dcb1592c2cf P ee206421fb7245b3ade5887797788afc [term 0 FOLLOWER]: Leader pre-election won for term 1
I20260601 13:38:25.923642  4180 leader_election.cc:304] T aaa616f13c654337b831b15f7369174c P ee206421fb7245b3ade5887797788afc [CANDIDATE]: Term 1 pre-election: Election decided. Result: candidate won. Election summary: received 3 responses out of 3 voters: 2 yes votes; 1 no votes. yes voters: 502a01fe0b1e4bedaa1370b066907619, ee206421fb7245b3ade5887797788afc; no voters: d972e2e029d54fc7b0f3ef61229ae63d
I20260601 13:38:25.923671  4341 raft_consensus.cc:493] T 93165584494b4b6db7138dcb1592c2cf P ee206421fb7245b3ade5887797788afc [term 0 FOLLOWER]: Starting leader election (no leader contacted us within the election timeout)
I20260601 13:38:25.923728  4341 raft_consensus.cc:3060] T 93165584494b4b6db7138dcb1592c2cf P ee206421fb7245b3ade5887797788afc [term 0 FOLLOWER]: Advancing to term 1
I20260601 13:38:25.923795  4343 raft_consensus.cc:2804] T aaa616f13c654337b831b15f7369174c P ee206421fb7245b3ade5887797788afc [term 0 FOLLOWER]: Leader pre-election won for term 1
I20260601 13:38:25.923835  4343 raft_consensus.cc:493] T aaa616f13c654337b831b15f7369174c P ee206421fb7245b3ade5887797788afc [term 0 FOLLOWER]: Starting leader election (no leader contacted us within the election timeout)
I20260601 13:38:25.923889  4343 raft_consensus.cc:3060] T aaa616f13c654337b831b15f7369174c P ee206421fb7245b3ade5887797788afc [term 0 FOLLOWER]: Advancing to term 1
I20260601 13:38:25.924043  4035 catalog_manager.cc:5696] T 2fcc17b2e1d44179bb5a66baeda1d2a0 P d972e2e029d54fc7b0f3ef61229ae63d reported cstate change: term changed from 0 to 1, leader changed from <none> to d972e2e029d54fc7b0f3ef61229ae63d (127.1.38.1). New cstate: current_term: 1 leader_uuid: "d972e2e029d54fc7b0f3ef61229ae63d" committed_config { opid_index: -1 OBSOLETE_local: false peers { permanent_uuid: "d972e2e029d54fc7b0f3ef61229ae63d" member_type: VOTER last_known_addr { host: "127.1.38.1" port: 37453 } health_report { overall_health: HEALTHY } } peers { permanent_uuid: "ee206421fb7245b3ade5887797788afc" member_type: VOTER last_known_addr { host: "127.1.38.2" port: 32811 } health_report { overall_health: UNKNOWN } } peers { permanent_uuid: "502a01fe0b1e4bedaa1370b066907619" member_type: VOTER last_known_addr { host: "127.1.38.3" port: 37247 } health_report { overall_health: UNKNOWN } } }
I20260601 13:38:25.924697  4343 raft_consensus.cc:515] T aaa616f13c654337b831b15f7369174c P ee206421fb7245b3ade5887797788afc [term 1 FOLLOWER]: Starting leader election with config: opid_index: -1 OBSOLETE_local: false peers { permanent_uuid: "ee206421fb7245b3ade5887797788afc" member_type: VOTER last_known_addr { host: "127.1.38.2" port: 32811 } } peers { permanent_uuid: "d972e2e029d54fc7b0f3ef61229ae63d" member_type: VOTER last_known_addr { host: "127.1.38.1" port: 37453 } } peers { permanent_uuid: "502a01fe0b1e4bedaa1370b066907619" member_type: VOTER last_known_addr { host: "127.1.38.3" port: 37247 } }
I20260601 13:38:25.924755  4341 raft_consensus.cc:515] T 93165584494b4b6db7138dcb1592c2cf P ee206421fb7245b3ade5887797788afc [term 1 FOLLOWER]: Starting leader election with config: opid_index: -1 OBSOLETE_local: false peers { permanent_uuid: "d972e2e029d54fc7b0f3ef61229ae63d" member_type: VOTER last_known_addr { host: "127.1.38.1" port: 37453 } } peers { permanent_uuid: "ee206421fb7245b3ade5887797788afc" member_type: VOTER last_known_addr { host: "127.1.38.2" port: 32811 } } peers { permanent_uuid: "502a01fe0b1e4bedaa1370b066907619" member_type: VOTER last_known_addr { host: "127.1.38.3" port: 37247 } }
I20260601 13:38:25.925030  4341 leader_election.cc:290] T 93165584494b4b6db7138dcb1592c2cf P ee206421fb7245b3ade5887797788afc [CANDIDATE]: Term 1 election: Requested vote from peers d972e2e029d54fc7b0f3ef61229ae63d (127.1.38.1:37453), 502a01fe0b1e4bedaa1370b066907619 (127.1.38.3:37247)
I20260601 13:38:25.925030  4343 leader_election.cc:290] T aaa616f13c654337b831b15f7369174c P ee206421fb7245b3ade5887797788afc [CANDIDATE]: Term 1 election: Requested vote from peers d972e2e029d54fc7b0f3ef61229ae63d (127.1.38.1:37453), 502a01fe0b1e4bedaa1370b066907619 (127.1.38.3:37247)
I20260601 13:38:25.925482  4138 tablet_service.cc:1917] Received RequestConsensusVote() RPC: tablet_id: "93165584494b4b6db7138dcb1592c2cf" candidate_uuid: "ee206421fb7245b3ade5887797788afc" candidate_term: 1 candidate_status { last_received { term: 0 index: 0 } } ignore_live_leader: false dest_uuid: "d972e2e029d54fc7b0f3ef61229ae63d"
I20260601 13:38:25.925525  4289 tablet_service.cc:1917] Received RequestConsensusVote() RPC: tablet_id: "aaa616f13c654337b831b15f7369174c" candidate_uuid: "ee206421fb7245b3ade5887797788afc" candidate_term: 1 candidate_status { last_received { term: 0 index: 0 } } ignore_live_leader: false dest_uuid: "502a01fe0b1e4bedaa1370b066907619"
I20260601 13:38:25.925482  4139 tablet_service.cc:1917] Received RequestConsensusVote() RPC: tablet_id: "aaa616f13c654337b831b15f7369174c" candidate_uuid: "ee206421fb7245b3ade5887797788afc" candidate_term: 1 candidate_status { last_received { term: 0 index: 0 } } ignore_live_leader: false dest_uuid: "d972e2e029d54fc7b0f3ef61229ae63d"
I20260601 13:38:25.925617  4138 raft_consensus.cc:3060] T 93165584494b4b6db7138dcb1592c2cf P d972e2e029d54fc7b0f3ef61229ae63d [term 0 FOLLOWER]: Advancing to term 1
I20260601 13:38:25.925639  4289 raft_consensus.cc:3060] T aaa616f13c654337b831b15f7369174c P 502a01fe0b1e4bedaa1370b066907619 [term 0 FOLLOWER]: Advancing to term 1
I20260601 13:38:25.925643  4139 raft_consensus.cc:3060] T aaa616f13c654337b831b15f7369174c P d972e2e029d54fc7b0f3ef61229ae63d [term 0 FOLLOWER]: Advancing to term 1
I20260601 13:38:25.926530  4289 raft_consensus.cc:2468] T aaa616f13c654337b831b15f7369174c P 502a01fe0b1e4bedaa1370b066907619 [term 1 FOLLOWER]: Leader election vote request: Granting yes vote for candidate ee206421fb7245b3ade5887797788afc in term 1.
I20260601 13:38:25.926560  4139 raft_consensus.cc:2468] T aaa616f13c654337b831b15f7369174c P d972e2e029d54fc7b0f3ef61229ae63d [term 1 FOLLOWER]: Leader election vote request: Granting yes vote for candidate ee206421fb7245b3ade5887797788afc in term 1.
I20260601 13:38:25.926628  4138 raft_consensus.cc:2468] T 93165584494b4b6db7138dcb1592c2cf P d972e2e029d54fc7b0f3ef61229ae63d [term 1 FOLLOWER]: Leader election vote request: Granting yes vote for candidate ee206421fb7245b3ade5887797788afc in term 1.
I20260601 13:38:25.926738  4290 tablet_service.cc:1917] Received RequestConsensusVote() RPC: tablet_id: "93165584494b4b6db7138dcb1592c2cf" candidate_uuid: "ee206421fb7245b3ade5887797788afc" candidate_term: 1 candidate_status { last_received { term: 0 index: 0 } } ignore_live_leader: false dest_uuid: "502a01fe0b1e4bedaa1370b066907619"
I20260601 13:38:25.926817  4180 leader_election.cc:304] T aaa616f13c654337b831b15f7369174c P ee206421fb7245b3ade5887797788afc [CANDIDATE]: Term 1 election: Election decided. Result: candidate won. Election summary: received 2 responses out of 3 voters: 2 yes votes; 0 no votes. yes voters: 502a01fe0b1e4bedaa1370b066907619, ee206421fb7245b3ade5887797788afc; no voters: 
I20260601 13:38:25.926829  4290 raft_consensus.cc:3060] T 93165584494b4b6db7138dcb1592c2cf P 502a01fe0b1e4bedaa1370b066907619 [term 0 FOLLOWER]: Advancing to term 1
I20260601 13:38:25.927006  4343 raft_consensus.cc:2804] T aaa616f13c654337b831b15f7369174c P ee206421fb7245b3ade5887797788afc [term 1 FOLLOWER]: Leader election won for term 1
I20260601 13:38:25.927071  4343 raft_consensus.cc:697] T aaa616f13c654337b831b15f7369174c P ee206421fb7245b3ade5887797788afc [term 1 LEADER]: Becoming Leader. State: Replica: ee206421fb7245b3ade5887797788afc, State: Running, Role: LEADER
I20260601 13:38:25.927183  4343 consensus_queue.cc:237] T aaa616f13c654337b831b15f7369174c P ee206421fb7245b3ade5887797788afc [LEADER]: Queue going to LEADER mode. State: All replicated index: 0, Majority replicated index: 0, Committed index: 0, Last appended: 0.0, Last appended by leader: 0, Current term: 1, Majority size: 2, State: 0, Mode: LEADER, active raft config: opid_index: -1 OBSOLETE_local: false peers { permanent_uuid: "ee206421fb7245b3ade5887797788afc" member_type: VOTER last_known_addr { host: "127.1.38.2" port: 32811 } } peers { permanent_uuid: "d972e2e029d54fc7b0f3ef61229ae63d" member_type: VOTER last_known_addr { host: "127.1.38.1" port: 37453 } } peers { permanent_uuid: "502a01fe0b1e4bedaa1370b066907619" member_type: VOTER last_known_addr { host: "127.1.38.3" port: 37247 } }
I20260601 13:38:25.927330  4179 leader_election.cc:304] T 93165584494b4b6db7138dcb1592c2cf P ee206421fb7245b3ade5887797788afc [CANDIDATE]: Term 1 election: Election decided. Result: candidate won. Election summary: received 2 responses out of 3 voters: 2 yes votes; 0 no votes. yes voters: d972e2e029d54fc7b0f3ef61229ae63d, ee206421fb7245b3ade5887797788afc; no voters: 
I20260601 13:38:25.927794  4343 raft_consensus.cc:2804] T 93165584494b4b6db7138dcb1592c2cf P ee206421fb7245b3ade5887797788afc [term 1 FOLLOWER]: Leader election won for term 1
I20260601 13:38:25.927835  4290 raft_consensus.cc:2468] T 93165584494b4b6db7138dcb1592c2cf P 502a01fe0b1e4bedaa1370b066907619 [term 1 FOLLOWER]: Leader election vote request: Granting yes vote for candidate ee206421fb7245b3ade5887797788afc in term 1.
I20260601 13:38:25.927868  4343 raft_consensus.cc:697] T 93165584494b4b6db7138dcb1592c2cf P ee206421fb7245b3ade5887797788afc [term 1 LEADER]: Becoming Leader. State: Replica: ee206421fb7245b3ade5887797788afc, State: Running, Role: LEADER
I20260601 13:38:25.928020  4343 consensus_queue.cc:237] T 93165584494b4b6db7138dcb1592c2cf P ee206421fb7245b3ade5887797788afc [LEADER]: Queue going to LEADER mode. State: All replicated index: 0, Majority replicated index: 0, Committed index: 0, Last appended: 0.0, Last appended by leader: 0, Current term: 1, Majority size: 2, State: 0, Mode: LEADER, active raft config: opid_index: -1 OBSOLETE_local: false peers { permanent_uuid: "d972e2e029d54fc7b0f3ef61229ae63d" member_type: VOTER last_known_addr { host: "127.1.38.1" port: 37453 } } peers { permanent_uuid: "ee206421fb7245b3ade5887797788afc" member_type: VOTER last_known_addr { host: "127.1.38.2" port: 32811 } } peers { permanent_uuid: "502a01fe0b1e4bedaa1370b066907619" member_type: VOTER last_known_addr { host: "127.1.38.3" port: 37247 } }
I20260601 13:38:25.929003  4034 catalog_manager.cc:5696] T aaa616f13c654337b831b15f7369174c P ee206421fb7245b3ade5887797788afc reported cstate change: term changed from 0 to 1, leader changed from <none> to ee206421fb7245b3ade5887797788afc (127.1.38.2). New cstate: current_term: 1 leader_uuid: "ee206421fb7245b3ade5887797788afc" committed_config { opid_index: -1 OBSOLETE_local: false peers { permanent_uuid: "ee206421fb7245b3ade5887797788afc" member_type: VOTER last_known_addr { host: "127.1.38.2" port: 32811 } health_report { overall_health: HEALTHY } } peers { permanent_uuid: "d972e2e029d54fc7b0f3ef61229ae63d" member_type: VOTER last_known_addr { host: "127.1.38.1" port: 37453 } health_report { overall_health: UNKNOWN } } peers { permanent_uuid: "502a01fe0b1e4bedaa1370b066907619" member_type: VOTER last_known_addr { host: "127.1.38.3" port: 37247 } health_report { overall_health: UNKNOWN } } }
I20260601 13:38:25.931705  4034 catalog_manager.cc:5696] T 93165584494b4b6db7138dcb1592c2cf P ee206421fb7245b3ade5887797788afc reported cstate change: term changed from 0 to 1, leader changed from <none> to ee206421fb7245b3ade5887797788afc (127.1.38.2). New cstate: current_term: 1 leader_uuid: "ee206421fb7245b3ade5887797788afc" committed_config { opid_index: -1 OBSOLETE_local: false peers { permanent_uuid: "d972e2e029d54fc7b0f3ef61229ae63d" member_type: VOTER last_known_addr { host: "127.1.38.1" port: 37453 } health_report { overall_health: UNKNOWN } } peers { permanent_uuid: "ee206421fb7245b3ade5887797788afc" member_type: VOTER last_known_addr { host: "127.1.38.2" port: 32811 } health_report { overall_health: HEALTHY } } peers { permanent_uuid: "502a01fe0b1e4bedaa1370b066907619" member_type: VOTER last_known_addr { host: "127.1.38.3" port: 37247 } health_report { overall_health: UNKNOWN } } }
I20260601 13:38:25.953423  4357 raft_consensus.cc:493] T 1c8e5617c95b4b86b8b03caf353502b0 P d972e2e029d54fc7b0f3ef61229ae63d [term 0 FOLLOWER]: Starting pre-election (no leader contacted us within the election timeout)
I20260601 13:38:25.953594  4357 raft_consensus.cc:515] T 1c8e5617c95b4b86b8b03caf353502b0 P d972e2e029d54fc7b0f3ef61229ae63d [term 0 FOLLOWER]: Starting pre-election with config: opid_index: -1 OBSOLETE_local: false peers { permanent_uuid: "ee206421fb7245b3ade5887797788afc" member_type: VOTER last_known_addr { host: "127.1.38.2" port: 32811 } } peers { permanent_uuid: "d972e2e029d54fc7b0f3ef61229ae63d" member_type: VOTER last_known_addr { host: "127.1.38.1" port: 37453 } } peers { permanent_uuid: "502a01fe0b1e4bedaa1370b066907619" member_type: VOTER last_known_addr { host: "127.1.38.3" port: 37247 } }
I20260601 13:38:25.954062  4357 leader_election.cc:290] T 1c8e5617c95b4b86b8b03caf353502b0 P d972e2e029d54fc7b0f3ef61229ae63d [CANDIDATE]: Term 1 pre-election: Requested pre-vote from peers ee206421fb7245b3ade5887797788afc (127.1.38.2:32811), 502a01fe0b1e4bedaa1370b066907619 (127.1.38.3:37247)
I20260601 13:38:25.954493  4214 tablet_service.cc:1917] Received RequestConsensusVote() RPC: tablet_id: "1c8e5617c95b4b86b8b03caf353502b0" candidate_uuid: "d972e2e029d54fc7b0f3ef61229ae63d" candidate_term: 1 candidate_status { last_received { term: 0 index: 0 } } ignore_live_leader: false dest_uuid: "ee206421fb7245b3ade5887797788afc" is_pre_election: true
I20260601 13:38:25.954497  4290 tablet_service.cc:1917] Received RequestConsensusVote() RPC: tablet_id: "1c8e5617c95b4b86b8b03caf353502b0" candidate_uuid: "d972e2e029d54fc7b0f3ef61229ae63d" candidate_term: 1 candidate_status { last_received { term: 0 index: 0 } } ignore_live_leader: false dest_uuid: "502a01fe0b1e4bedaa1370b066907619" is_pre_election: true
I20260601 13:38:25.954639  4214 raft_consensus.cc:2468] T 1c8e5617c95b4b86b8b03caf353502b0 P ee206421fb7245b3ade5887797788afc [term 0 FOLLOWER]: Leader pre-election vote request: Granting yes vote for candidate d972e2e029d54fc7b0f3ef61229ae63d in term 0.
I20260601 13:38:25.954684  4290 raft_consensus.cc:2468] T 1c8e5617c95b4b86b8b03caf353502b0 P 502a01fe0b1e4bedaa1370b066907619 [term 0 FOLLOWER]: Leader pre-election vote request: Granting yes vote for candidate d972e2e029d54fc7b0f3ef61229ae63d in term 0.
I20260601 13:38:25.954980  4104 leader_election.cc:304] T 1c8e5617c95b4b86b8b03caf353502b0 P d972e2e029d54fc7b0f3ef61229ae63d [CANDIDATE]: Term 1 pre-election: Election decided. Result: candidate won. Election summary: received 2 responses out of 3 voters: 2 yes votes; 0 no votes. yes voters: d972e2e029d54fc7b0f3ef61229ae63d, ee206421fb7245b3ade5887797788afc; no voters: 
I20260601 13:38:25.955138  4357 raft_consensus.cc:2804] T 1c8e5617c95b4b86b8b03caf353502b0 P d972e2e029d54fc7b0f3ef61229ae63d [term 0 FOLLOWER]: Leader pre-election won for term 1
I20260601 13:38:25.955196  4357 raft_consensus.cc:493] T 1c8e5617c95b4b86b8b03caf353502b0 P d972e2e029d54fc7b0f3ef61229ae63d [term 0 FOLLOWER]: Starting leader election (no leader contacted us within the election timeout)
I20260601 13:38:25.955236  4357 raft_consensus.cc:3060] T 1c8e5617c95b4b86b8b03caf353502b0 P d972e2e029d54fc7b0f3ef61229ae63d [term 0 FOLLOWER]: Advancing to term 1
I20260601 13:38:25.956096  4357 raft_consensus.cc:515] T 1c8e5617c95b4b86b8b03caf353502b0 P d972e2e029d54fc7b0f3ef61229ae63d [term 1 FOLLOWER]: Starting leader election with config: opid_index: -1 OBSOLETE_local: false peers { permanent_uuid: "ee206421fb7245b3ade5887797788afc" member_type: VOTER last_known_addr { host: "127.1.38.2" port: 32811 } } peers { permanent_uuid: "d972e2e029d54fc7b0f3ef61229ae63d" member_type: VOTER last_known_addr { host: "127.1.38.1" port: 37453 } } peers { permanent_uuid: "502a01fe0b1e4bedaa1370b066907619" member_type: VOTER last_known_addr { host: "127.1.38.3" port: 37247 } }
I20260601 13:38:25.956456  4357 leader_election.cc:290] T 1c8e5617c95b4b86b8b03caf353502b0 P d972e2e029d54fc7b0f3ef61229ae63d [CANDIDATE]: Term 1 election: Requested vote from peers ee206421fb7245b3ade5887797788afc (127.1.38.2:32811), 502a01fe0b1e4bedaa1370b066907619 (127.1.38.3:37247)
I20260601 13:38:25.956756  4214 tablet_service.cc:1917] Received RequestConsensusVote() RPC: tablet_id: "1c8e5617c95b4b86b8b03caf353502b0" candidate_uuid: "d972e2e029d54fc7b0f3ef61229ae63d" candidate_term: 1 candidate_status { last_received { term: 0 index: 0 } } ignore_live_leader: false dest_uuid: "ee206421fb7245b3ade5887797788afc"
I20260601 13:38:25.956764  4290 tablet_service.cc:1917] Received RequestConsensusVote() RPC: tablet_id: "1c8e5617c95b4b86b8b03caf353502b0" candidate_uuid: "d972e2e029d54fc7b0f3ef61229ae63d" candidate_term: 1 candidate_status { last_received { term: 0 index: 0 } } ignore_live_leader: false dest_uuid: "502a01fe0b1e4bedaa1370b066907619"
I20260601 13:38:25.956883  4214 raft_consensus.cc:3060] T 1c8e5617c95b4b86b8b03caf353502b0 P ee206421fb7245b3ade5887797788afc [term 0 FOLLOWER]: Advancing to term 1
I20260601 13:38:25.956919  4290 raft_consensus.cc:3060] T 1c8e5617c95b4b86b8b03caf353502b0 P 502a01fe0b1e4bedaa1370b066907619 [term 0 FOLLOWER]: Advancing to term 1
I20260601 13:38:25.957592  4214 raft_consensus.cc:2468] T 1c8e5617c95b4b86b8b03caf353502b0 P ee206421fb7245b3ade5887797788afc [term 1 FOLLOWER]: Leader election vote request: Granting yes vote for candidate d972e2e029d54fc7b0f3ef61229ae63d in term 1.
I20260601 13:38:25.957718  4290 raft_consensus.cc:2468] T 1c8e5617c95b4b86b8b03caf353502b0 P 502a01fe0b1e4bedaa1370b066907619 [term 1 FOLLOWER]: Leader election vote request: Granting yes vote for candidate d972e2e029d54fc7b0f3ef61229ae63d in term 1.
I20260601 13:38:25.957847  4104 leader_election.cc:304] T 1c8e5617c95b4b86b8b03caf353502b0 P d972e2e029d54fc7b0f3ef61229ae63d [CANDIDATE]: Term 1 election: Election decided. Result: candidate won. Election summary: received 2 responses out of 3 voters: 2 yes votes; 0 no votes. yes voters: d972e2e029d54fc7b0f3ef61229ae63d, ee206421fb7245b3ade5887797788afc; no voters: 
I20260601 13:38:25.958092  4357 raft_consensus.cc:2804] T 1c8e5617c95b4b86b8b03caf353502b0 P d972e2e029d54fc7b0f3ef61229ae63d [term 1 FOLLOWER]: Leader election won for term 1
I20260601 13:38:25.958201  4357 raft_consensus.cc:697] T 1c8e5617c95b4b86b8b03caf353502b0 P d972e2e029d54fc7b0f3ef61229ae63d [term 1 LEADER]: Becoming Leader. State: Replica: d972e2e029d54fc7b0f3ef61229ae63d, State: Running, Role: LEADER
I20260601 13:38:25.958365  4357 consensus_queue.cc:237] T 1c8e5617c95b4b86b8b03caf353502b0 P d972e2e029d54fc7b0f3ef61229ae63d [LEADER]: Queue going to LEADER mode. State: All replicated index: 0, Majority replicated index: 0, Committed index: 0, Last appended: 0.0, Last appended by leader: 0, Current term: 1, Majority size: 2, State: 0, Mode: LEADER, active raft config: opid_index: -1 OBSOLETE_local: false peers { permanent_uuid: "ee206421fb7245b3ade5887797788afc" member_type: VOTER last_known_addr { host: "127.1.38.2" port: 32811 } } peers { permanent_uuid: "d972e2e029d54fc7b0f3ef61229ae63d" member_type: VOTER last_known_addr { host: "127.1.38.1" port: 37453 } } peers { permanent_uuid: "502a01fe0b1e4bedaa1370b066907619" member_type: VOTER last_known_addr { host: "127.1.38.3" port: 37247 } }
I20260601 13:38:25.959887  4034 catalog_manager.cc:5696] T 1c8e5617c95b4b86b8b03caf353502b0 P d972e2e029d54fc7b0f3ef61229ae63d reported cstate change: term changed from 0 to 1, leader changed from <none> to d972e2e029d54fc7b0f3ef61229ae63d (127.1.38.1). New cstate: current_term: 1 leader_uuid: "d972e2e029d54fc7b0f3ef61229ae63d" committed_config { opid_index: -1 OBSOLETE_local: false peers { permanent_uuid: "ee206421fb7245b3ade5887797788afc" member_type: VOTER last_known_addr { host: "127.1.38.2" port: 32811 } health_report { overall_health: UNKNOWN } } peers { permanent_uuid: "d972e2e029d54fc7b0f3ef61229ae63d" member_type: VOTER last_known_addr { host: "127.1.38.1" port: 37453 } health_report { overall_health: HEALTHY } } peers { permanent_uuid: "502a01fe0b1e4bedaa1370b066907619" member_type: VOTER last_known_addr { host: "127.1.38.3" port: 37247 } health_report { overall_health: UNKNOWN } } }
I20260601 13:38:25.986474  4340 raft_consensus.cc:493] T 68a40e5318824fcb90e868498e6ad498 P 502a01fe0b1e4bedaa1370b066907619 [term 0 FOLLOWER]: Starting pre-election (no leader contacted us within the election timeout)
I20260601 13:38:25.986649  4340 raft_consensus.cc:515] T 68a40e5318824fcb90e868498e6ad498 P 502a01fe0b1e4bedaa1370b066907619 [term 0 FOLLOWER]: Starting pre-election with config: opid_index: -1 OBSOLETE_local: false peers { permanent_uuid: "d972e2e029d54fc7b0f3ef61229ae63d" member_type: VOTER last_known_addr { host: "127.1.38.1" port: 37453 } } peers { permanent_uuid: "ee206421fb7245b3ade5887797788afc" member_type: VOTER last_known_addr { host: "127.1.38.2" port: 32811 } } peers { permanent_uuid: "502a01fe0b1e4bedaa1370b066907619" member_type: VOTER last_known_addr { host: "127.1.38.3" port: 37247 } }
I20260601 13:38:25.987383  4340 leader_election.cc:290] T 68a40e5318824fcb90e868498e6ad498 P 502a01fe0b1e4bedaa1370b066907619 [CANDIDATE]: Term 1 pre-election: Requested pre-vote from peers d972e2e029d54fc7b0f3ef61229ae63d (127.1.38.1:37453), ee206421fb7245b3ade5887797788afc (127.1.38.2:32811)
I20260601 13:38:25.991072  4139 tablet_service.cc:1917] Received RequestConsensusVote() RPC: tablet_id: "68a40e5318824fcb90e868498e6ad498" candidate_uuid: "502a01fe0b1e4bedaa1370b066907619" candidate_term: 1 candidate_status { last_received { term: 0 index: 0 } } ignore_live_leader: false dest_uuid: "d972e2e029d54fc7b0f3ef61229ae63d" is_pre_election: true
I20260601 13:38:25.991079  4214 tablet_service.cc:1917] Received RequestConsensusVote() RPC: tablet_id: "68a40e5318824fcb90e868498e6ad498" candidate_uuid: "502a01fe0b1e4bedaa1370b066907619" candidate_term: 1 candidate_status { last_received { term: 0 index: 0 } } ignore_live_leader: false dest_uuid: "ee206421fb7245b3ade5887797788afc" is_pre_election: true
I20260601 13:38:25.991250  4139 raft_consensus.cc:2468] T 68a40e5318824fcb90e868498e6ad498 P d972e2e029d54fc7b0f3ef61229ae63d [term 0 FOLLOWER]: Leader pre-election vote request: Granting yes vote for candidate 502a01fe0b1e4bedaa1370b066907619 in term 0.
I20260601 13:38:25.991274  4214 raft_consensus.cc:2468] T 68a40e5318824fcb90e868498e6ad498 P ee206421fb7245b3ade5887797788afc [term 0 FOLLOWER]: Leader pre-election vote request: Granting yes vote for candidate 502a01fe0b1e4bedaa1370b066907619 in term 0.
I20260601 13:38:25.991550  4254 leader_election.cc:304] T 68a40e5318824fcb90e868498e6ad498 P 502a01fe0b1e4bedaa1370b066907619 [CANDIDATE]: Term 1 pre-election: Election decided. Result: candidate won. Election summary: received 2 responses out of 3 voters: 2 yes votes; 0 no votes. yes voters: 502a01fe0b1e4bedaa1370b066907619, d972e2e029d54fc7b0f3ef61229ae63d; no voters: 
I20260601 13:38:25.991729  4340 raft_consensus.cc:2804] T 68a40e5318824fcb90e868498e6ad498 P 502a01fe0b1e4bedaa1370b066907619 [term 0 FOLLOWER]: Leader pre-election won for term 1
I20260601 13:38:25.991789  4340 raft_consensus.cc:493] T 68a40e5318824fcb90e868498e6ad498 P 502a01fe0b1e4bedaa1370b066907619 [term 0 FOLLOWER]: Starting leader election (no leader contacted us within the election timeout)
I20260601 13:38:25.991869  4340 raft_consensus.cc:3060] T 68a40e5318824fcb90e868498e6ad498 P 502a01fe0b1e4bedaa1370b066907619 [term 0 FOLLOWER]: Advancing to term 1
I20260601 13:38:25.992746  4340 raft_consensus.cc:515] T 68a40e5318824fcb90e868498e6ad498 P 502a01fe0b1e4bedaa1370b066907619 [term 1 FOLLOWER]: Starting leader election with config: opid_index: -1 OBSOLETE_local: false peers { permanent_uuid: "d972e2e029d54fc7b0f3ef61229ae63d" member_type: VOTER last_known_addr { host: "127.1.38.1" port: 37453 } } peers { permanent_uuid: "ee206421fb7245b3ade5887797788afc" member_type: VOTER last_known_addr { host: "127.1.38.2" port: 32811 } } peers { permanent_uuid: "502a01fe0b1e4bedaa1370b066907619" member_type: VOTER last_known_addr { host: "127.1.38.3" port: 37247 } }
I20260601 13:38:25.993167  4340 leader_election.cc:290] T 68a40e5318824fcb90e868498e6ad498 P 502a01fe0b1e4bedaa1370b066907619 [CANDIDATE]: Term 1 election: Requested vote from peers d972e2e029d54fc7b0f3ef61229ae63d (127.1.38.1:37453), ee206421fb7245b3ade5887797788afc (127.1.38.2:32811)
I20260601 13:38:25.993517  4139 tablet_service.cc:1917] Received RequestConsensusVote() RPC: tablet_id: "68a40e5318824fcb90e868498e6ad498" candidate_uuid: "502a01fe0b1e4bedaa1370b066907619" candidate_term: 1 candidate_status { last_received { term: 0 index: 0 } } ignore_live_leader: false dest_uuid: "d972e2e029d54fc7b0f3ef61229ae63d"
I20260601 13:38:25.993630  4139 raft_consensus.cc:3060] T 68a40e5318824fcb90e868498e6ad498 P d972e2e029d54fc7b0f3ef61229ae63d [term 0 FOLLOWER]: Advancing to term 1
I20260601 13:38:25.993654  4214 tablet_service.cc:1917] Received RequestConsensusVote() RPC: tablet_id: "68a40e5318824fcb90e868498e6ad498" candidate_uuid: "502a01fe0b1e4bedaa1370b066907619" candidate_term: 1 candidate_status { last_received { term: 0 index: 0 } } ignore_live_leader: false dest_uuid: "ee206421fb7245b3ade5887797788afc"
I20260601 13:38:25.993834  4214 raft_consensus.cc:3060] T 68a40e5318824fcb90e868498e6ad498 P ee206421fb7245b3ade5887797788afc [term 0 FOLLOWER]: Advancing to term 1
I20260601 13:38:25.994443  4139 raft_consensus.cc:2468] T 68a40e5318824fcb90e868498e6ad498 P d972e2e029d54fc7b0f3ef61229ae63d [term 1 FOLLOWER]: Leader election vote request: Granting yes vote for candidate 502a01fe0b1e4bedaa1370b066907619 in term 1.
I20260601 13:38:25.994685  4214 raft_consensus.cc:2468] T 68a40e5318824fcb90e868498e6ad498 P ee206421fb7245b3ade5887797788afc [term 1 FOLLOWER]: Leader election vote request: Granting yes vote for candidate 502a01fe0b1e4bedaa1370b066907619 in term 1.
I20260601 13:38:25.994700  4254 leader_election.cc:304] T 68a40e5318824fcb90e868498e6ad498 P 502a01fe0b1e4bedaa1370b066907619 [CANDIDATE]: Term 1 election: Election decided. Result: candidate won. Election summary: received 2 responses out of 3 voters: 2 yes votes; 0 no votes. yes voters: 502a01fe0b1e4bedaa1370b066907619, d972e2e029d54fc7b0f3ef61229ae63d; no voters: 
I20260601 13:38:25.994910  4340 raft_consensus.cc:2804] T 68a40e5318824fcb90e868498e6ad498 P 502a01fe0b1e4bedaa1370b066907619 [term 1 FOLLOWER]: Leader election won for term 1
I20260601 13:38:25.995152  4340 raft_consensus.cc:697] T 68a40e5318824fcb90e868498e6ad498 P 502a01fe0b1e4bedaa1370b066907619 [term 1 LEADER]: Becoming Leader. State: Replica: 502a01fe0b1e4bedaa1370b066907619, State: Running, Role: LEADER
I20260601 13:38:25.995311  4340 consensus_queue.cc:237] T 68a40e5318824fcb90e868498e6ad498 P 502a01fe0b1e4bedaa1370b066907619 [LEADER]: Queue going to LEADER mode. State: All replicated index: 0, Majority replicated index: 0, Committed index: 0, Last appended: 0.0, Last appended by leader: 0, Current term: 1, Majority size: 2, State: 0, Mode: LEADER, active raft config: opid_index: -1 OBSOLETE_local: false peers { permanent_uuid: "d972e2e029d54fc7b0f3ef61229ae63d" member_type: VOTER last_known_addr { host: "127.1.38.1" port: 37453 } } peers { permanent_uuid: "ee206421fb7245b3ade5887797788afc" member_type: VOTER last_known_addr { host: "127.1.38.2" port: 32811 } } peers { permanent_uuid: "502a01fe0b1e4bedaa1370b066907619" member_type: VOTER last_known_addr { host: "127.1.38.3" port: 37247 } }
I20260601 13:38:25.996910  4034 catalog_manager.cc:5696] T 68a40e5318824fcb90e868498e6ad498 P 502a01fe0b1e4bedaa1370b066907619 reported cstate change: term changed from 0 to 1, leader changed from <none> to 502a01fe0b1e4bedaa1370b066907619 (127.1.38.3). New cstate: current_term: 1 leader_uuid: "502a01fe0b1e4bedaa1370b066907619" committed_config { opid_index: -1 OBSOLETE_local: false peers { permanent_uuid: "d972e2e029d54fc7b0f3ef61229ae63d" member_type: VOTER last_known_addr { host: "127.1.38.1" port: 37453 } health_report { overall_health: UNKNOWN } } peers { permanent_uuid: "ee206421fb7245b3ade5887797788afc" member_type: VOTER last_known_addr { host: "127.1.38.2" port: 32811 } health_report { overall_health: UNKNOWN } } peers { permanent_uuid: "502a01fe0b1e4bedaa1370b066907619" member_type: VOTER last_known_addr { host: "127.1.38.3" port: 37247 } health_report { overall_health: HEALTHY } } }
I20260601 13:38:26.094432  4357 raft_consensus.cc:493] T 9ac3c65c30f7432c975a6d65488ff481 P d972e2e029d54fc7b0f3ef61229ae63d [term 0 FOLLOWER]: Starting pre-election (no leader contacted us within the election timeout)
I20260601 13:38:26.094658  4357 raft_consensus.cc:515] T 9ac3c65c30f7432c975a6d65488ff481 P d972e2e029d54fc7b0f3ef61229ae63d [term 0 FOLLOWER]: Starting pre-election with config: opid_index: -1 OBSOLETE_local: false peers { permanent_uuid: "d972e2e029d54fc7b0f3ef61229ae63d" member_type: VOTER last_known_addr { host: "127.1.38.1" port: 37453 } } peers { permanent_uuid: "ee206421fb7245b3ade5887797788afc" member_type: VOTER last_known_addr { host: "127.1.38.2" port: 32811 } } peers { permanent_uuid: "502a01fe0b1e4bedaa1370b066907619" member_type: VOTER last_known_addr { host: "127.1.38.3" port: 37247 } }
I20260601 13:38:26.095125  4357 leader_election.cc:290] T 9ac3c65c30f7432c975a6d65488ff481 P d972e2e029d54fc7b0f3ef61229ae63d [CANDIDATE]: Term 1 pre-election: Requested pre-vote from peers ee206421fb7245b3ade5887797788afc (127.1.38.2:32811), 502a01fe0b1e4bedaa1370b066907619 (127.1.38.3:37247)
I20260601 13:38:26.095687  4214 tablet_service.cc:1917] Received RequestConsensusVote() RPC: tablet_id: "9ac3c65c30f7432c975a6d65488ff481" candidate_uuid: "d972e2e029d54fc7b0f3ef61229ae63d" candidate_term: 1 candidate_status { last_received { term: 0 index: 0 } } ignore_live_leader: false dest_uuid: "ee206421fb7245b3ade5887797788afc" is_pre_election: true
I20260601 13:38:26.095687  4290 tablet_service.cc:1917] Received RequestConsensusVote() RPC: tablet_id: "9ac3c65c30f7432c975a6d65488ff481" candidate_uuid: "d972e2e029d54fc7b0f3ef61229ae63d" candidate_term: 1 candidate_status { last_received { term: 0 index: 0 } } ignore_live_leader: false dest_uuid: "502a01fe0b1e4bedaa1370b066907619" is_pre_election: true
I20260601 13:38:26.095851  4290 raft_consensus.cc:2468] T 9ac3c65c30f7432c975a6d65488ff481 P 502a01fe0b1e4bedaa1370b066907619 [term 0 FOLLOWER]: Leader pre-election vote request: Granting yes vote for candidate d972e2e029d54fc7b0f3ef61229ae63d in term 0.
I20260601 13:38:26.095855  4214 raft_consensus.cc:2468] T 9ac3c65c30f7432c975a6d65488ff481 P ee206421fb7245b3ade5887797788afc [term 0 FOLLOWER]: Leader pre-election vote request: Granting yes vote for candidate d972e2e029d54fc7b0f3ef61229ae63d in term 0.
I20260601 13:38:26.096253  4104 leader_election.cc:304] T 9ac3c65c30f7432c975a6d65488ff481 P d972e2e029d54fc7b0f3ef61229ae63d [CANDIDATE]: Term 1 pre-election: Election decided. Result: candidate won. Election summary: received 2 responses out of 3 voters: 2 yes votes; 0 no votes. yes voters: 502a01fe0b1e4bedaa1370b066907619, d972e2e029d54fc7b0f3ef61229ae63d; no voters: 
I20260601 13:38:26.096486  4357 raft_consensus.cc:2804] T 9ac3c65c30f7432c975a6d65488ff481 P d972e2e029d54fc7b0f3ef61229ae63d [term 0 FOLLOWER]: Leader pre-election won for term 1
I20260601 13:38:26.096583  4357 raft_consensus.cc:493] T 9ac3c65c30f7432c975a6d65488ff481 P d972e2e029d54fc7b0f3ef61229ae63d [term 0 FOLLOWER]: Starting leader election (no leader contacted us within the election timeout)
I20260601 13:38:26.096644  4357 raft_consensus.cc:3060] T 9ac3c65c30f7432c975a6d65488ff481 P d972e2e029d54fc7b0f3ef61229ae63d [term 0 FOLLOWER]: Advancing to term 1
I20260601 13:38:26.097468  4357 raft_consensus.cc:515] T 9ac3c65c30f7432c975a6d65488ff481 P d972e2e029d54fc7b0f3ef61229ae63d [term 1 FOLLOWER]: Starting leader election with config: opid_index: -1 OBSOLETE_local: false peers { permanent_uuid: "d972e2e029d54fc7b0f3ef61229ae63d" member_type: VOTER last_known_addr { host: "127.1.38.1" port: 37453 } } peers { permanent_uuid: "ee206421fb7245b3ade5887797788afc" member_type: VOTER last_known_addr { host: "127.1.38.2" port: 32811 } } peers { permanent_uuid: "502a01fe0b1e4bedaa1370b066907619" member_type: VOTER last_known_addr { host: "127.1.38.3" port: 37247 } }
I20260601 13:38:26.097812  4357 leader_election.cc:290] T 9ac3c65c30f7432c975a6d65488ff481 P d972e2e029d54fc7b0f3ef61229ae63d [CANDIDATE]: Term 1 election: Requested vote from peers ee206421fb7245b3ade5887797788afc (127.1.38.2:32811), 502a01fe0b1e4bedaa1370b066907619 (127.1.38.3:37247)
I20260601 13:38:26.098132  4214 tablet_service.cc:1917] Received RequestConsensusVote() RPC: tablet_id: "9ac3c65c30f7432c975a6d65488ff481" candidate_uuid: "d972e2e029d54fc7b0f3ef61229ae63d" candidate_term: 1 candidate_status { last_received { term: 0 index: 0 } } ignore_live_leader: false dest_uuid: "ee206421fb7245b3ade5887797788afc"
I20260601 13:38:26.098229  4214 raft_consensus.cc:3060] T 9ac3c65c30f7432c975a6d65488ff481 P ee206421fb7245b3ade5887797788afc [term 0 FOLLOWER]: Advancing to term 1
I20260601 13:38:26.098241  4290 tablet_service.cc:1917] Received RequestConsensusVote() RPC: tablet_id: "9ac3c65c30f7432c975a6d65488ff481" candidate_uuid: "d972e2e029d54fc7b0f3ef61229ae63d" candidate_term: 1 candidate_status { last_received { term: 0 index: 0 } } ignore_live_leader: false dest_uuid: "502a01fe0b1e4bedaa1370b066907619"
I20260601 13:38:26.098357  4290 raft_consensus.cc:3060] T 9ac3c65c30f7432c975a6d65488ff481 P 502a01fe0b1e4bedaa1370b066907619 [term 0 FOLLOWER]: Advancing to term 1
I20260601 13:38:26.099133  4214 raft_consensus.cc:2468] T 9ac3c65c30f7432c975a6d65488ff481 P ee206421fb7245b3ade5887797788afc [term 1 FOLLOWER]: Leader election vote request: Granting yes vote for candidate d972e2e029d54fc7b0f3ef61229ae63d in term 1.
I20260601 13:38:26.099287  4290 raft_consensus.cc:2468] T 9ac3c65c30f7432c975a6d65488ff481 P 502a01fe0b1e4bedaa1370b066907619 [term 1 FOLLOWER]: Leader election vote request: Granting yes vote for candidate d972e2e029d54fc7b0f3ef61229ae63d in term 1.
I20260601 13:38:26.099422  4104 leader_election.cc:304] T 9ac3c65c30f7432c975a6d65488ff481 P d972e2e029d54fc7b0f3ef61229ae63d [CANDIDATE]: Term 1 election: Election decided. Result: candidate won. Election summary: received 2 responses out of 3 voters: 2 yes votes; 0 no votes. yes voters: d972e2e029d54fc7b0f3ef61229ae63d, ee206421fb7245b3ade5887797788afc; no voters: 
I20260601 13:38:26.099596  4357 raft_consensus.cc:2804] T 9ac3c65c30f7432c975a6d65488ff481 P d972e2e029d54fc7b0f3ef61229ae63d [term 1 FOLLOWER]: Leader election won for term 1
I20260601 13:38:26.099684  4357 raft_consensus.cc:697] T 9ac3c65c30f7432c975a6d65488ff481 P d972e2e029d54fc7b0f3ef61229ae63d [term 1 LEADER]: Becoming Leader. State: Replica: d972e2e029d54fc7b0f3ef61229ae63d, State: Running, Role: LEADER
I20260601 13:38:26.099860  4357 consensus_queue.cc:237] T 9ac3c65c30f7432c975a6d65488ff481 P d972e2e029d54fc7b0f3ef61229ae63d [LEADER]: Queue going to LEADER mode. State: All replicated index: 0, Majority replicated index: 0, Committed index: 0, Last appended: 0.0, Last appended by leader: 0, Current term: 1, Majority size: 2, State: 0, Mode: LEADER, active raft config: opid_index: -1 OBSOLETE_local: false peers { permanent_uuid: "d972e2e029d54fc7b0f3ef61229ae63d" member_type: VOTER last_known_addr { host: "127.1.38.1" port: 37453 } } peers { permanent_uuid: "ee206421fb7245b3ade5887797788afc" member_type: VOTER last_known_addr { host: "127.1.38.2" port: 32811 } } peers { permanent_uuid: "502a01fe0b1e4bedaa1370b066907619" member_type: VOTER last_known_addr { host: "127.1.38.3" port: 37247 } }
I20260601 13:38:26.101384  4034 catalog_manager.cc:5696] T 9ac3c65c30f7432c975a6d65488ff481 P d972e2e029d54fc7b0f3ef61229ae63d reported cstate change: term changed from 0 to 1, leader changed from <none> to d972e2e029d54fc7b0f3ef61229ae63d (127.1.38.1). New cstate: current_term: 1 leader_uuid: "d972e2e029d54fc7b0f3ef61229ae63d" committed_config { opid_index: -1 OBSOLETE_local: false peers { permanent_uuid: "d972e2e029d54fc7b0f3ef61229ae63d" member_type: VOTER last_known_addr { host: "127.1.38.1" port: 37453 } health_report { overall_health: HEALTHY } } peers { permanent_uuid: "ee206421fb7245b3ade5887797788afc" member_type: VOTER last_known_addr { host: "127.1.38.2" port: 32811 } health_report { overall_health: UNKNOWN } } peers { permanent_uuid: "502a01fe0b1e4bedaa1370b066907619" member_type: VOTER last_known_addr { host: "127.1.38.3" port: 37247 } health_report { overall_health: UNKNOWN } } }
I20260601 13:38:26.111671  4341 raft_consensus.cc:493] T 5b401153db984f388ed64e590a419fa9 P ee206421fb7245b3ade5887797788afc [term 0 FOLLOWER]: Starting pre-election (no leader contacted us within the election timeout)
I20260601 13:38:26.111871  4341 raft_consensus.cc:515] T 5b401153db984f388ed64e590a419fa9 P ee206421fb7245b3ade5887797788afc [term 0 FOLLOWER]: Starting pre-election with config: opid_index: -1 OBSOLETE_local: false peers { permanent_uuid: "d972e2e029d54fc7b0f3ef61229ae63d" member_type: VOTER last_known_addr { host: "127.1.38.1" port: 37453 } } peers { permanent_uuid: "ee206421fb7245b3ade5887797788afc" member_type: VOTER last_known_addr { host: "127.1.38.2" port: 32811 } } peers { permanent_uuid: "502a01fe0b1e4bedaa1370b066907619" member_type: VOTER last_known_addr { host: "127.1.38.3" port: 37247 } }
I20260601 13:38:26.112452  4341 leader_election.cc:290] T 5b401153db984f388ed64e590a419fa9 P ee206421fb7245b3ade5887797788afc [CANDIDATE]: Term 1 pre-election: Requested pre-vote from peers d972e2e029d54fc7b0f3ef61229ae63d (127.1.38.1:37453), 502a01fe0b1e4bedaa1370b066907619 (127.1.38.3:37247)
I20260601 13:38:26.112879  4139 tablet_service.cc:1917] Received RequestConsensusVote() RPC: tablet_id: "5b401153db984f388ed64e590a419fa9" candidate_uuid: "ee206421fb7245b3ade5887797788afc" candidate_term: 1 candidate_status { last_received { term: 0 index: 0 } } ignore_live_leader: false dest_uuid: "d972e2e029d54fc7b0f3ef61229ae63d" is_pre_election: true
I20260601 13:38:26.112890  4290 tablet_service.cc:1917] Received RequestConsensusVote() RPC: tablet_id: "5b401153db984f388ed64e590a419fa9" candidate_uuid: "ee206421fb7245b3ade5887797788afc" candidate_term: 1 candidate_status { last_received { term: 0 index: 0 } } ignore_live_leader: false dest_uuid: "502a01fe0b1e4bedaa1370b066907619" is_pre_election: true
I20260601 13:38:26.113045  4139 raft_consensus.cc:2468] T 5b401153db984f388ed64e590a419fa9 P d972e2e029d54fc7b0f3ef61229ae63d [term 0 FOLLOWER]: Leader pre-election vote request: Granting yes vote for candidate ee206421fb7245b3ade5887797788afc in term 0.
I20260601 13:38:26.113073  4290 raft_consensus.cc:2468] T 5b401153db984f388ed64e590a419fa9 P 502a01fe0b1e4bedaa1370b066907619 [term 0 FOLLOWER]: Leader pre-election vote request: Granting yes vote for candidate ee206421fb7245b3ade5887797788afc in term 0.
I20260601 13:38:26.113365  4180 leader_election.cc:304] T 5b401153db984f388ed64e590a419fa9 P ee206421fb7245b3ade5887797788afc [CANDIDATE]: Term 1 pre-election: Election decided. Result: candidate won. Election summary: received 2 responses out of 3 voters: 2 yes votes; 0 no votes. yes voters: 502a01fe0b1e4bedaa1370b066907619, ee206421fb7245b3ade5887797788afc; no voters: 
I20260601 13:38:26.113547  4341 raft_consensus.cc:2804] T 5b401153db984f388ed64e590a419fa9 P ee206421fb7245b3ade5887797788afc [term 0 FOLLOWER]: Leader pre-election won for term 1
I20260601 13:38:26.113605  4341 raft_consensus.cc:493] T 5b401153db984f388ed64e590a419fa9 P ee206421fb7245b3ade5887797788afc [term 0 FOLLOWER]: Starting leader election (no leader contacted us within the election timeout)
I20260601 13:38:26.113665  4341 raft_consensus.cc:3060] T 5b401153db984f388ed64e590a419fa9 P ee206421fb7245b3ade5887797788afc [term 0 FOLLOWER]: Advancing to term 1
I20260601 13:38:26.114764  4341 raft_consensus.cc:515] T 5b401153db984f388ed64e590a419fa9 P ee206421fb7245b3ade5887797788afc [term 1 FOLLOWER]: Starting leader election with config: opid_index: -1 OBSOLETE_local: false peers { permanent_uuid: "d972e2e029d54fc7b0f3ef61229ae63d" member_type: VOTER last_known_addr { host: "127.1.38.1" port: 37453 } } peers { permanent_uuid: "ee206421fb7245b3ade5887797788afc" member_type: VOTER last_known_addr { host: "127.1.38.2" port: 32811 } } peers { permanent_uuid: "502a01fe0b1e4bedaa1370b066907619" member_type: VOTER last_known_addr { host: "127.1.38.3" port: 37247 } }
I20260601 13:38:26.115240  4341 leader_election.cc:290] T 5b401153db984f388ed64e590a419fa9 P ee206421fb7245b3ade5887797788afc [CANDIDATE]: Term 1 election: Requested vote from peers d972e2e029d54fc7b0f3ef61229ae63d (127.1.38.1:37453), 502a01fe0b1e4bedaa1370b066907619 (127.1.38.3:37247)
I20260601 13:38:26.115650  4290 tablet_service.cc:1917] Received RequestConsensusVote() RPC: tablet_id: "5b401153db984f388ed64e590a419fa9" candidate_uuid: "ee206421fb7245b3ade5887797788afc" candidate_term: 1 candidate_status { last_received { term: 0 index: 0 } } ignore_live_leader: false dest_uuid: "502a01fe0b1e4bedaa1370b066907619"
I20260601 13:38:26.115650  4139 tablet_service.cc:1917] Received RequestConsensusVote() RPC: tablet_id: "5b401153db984f388ed64e590a419fa9" candidate_uuid: "ee206421fb7245b3ade5887797788afc" candidate_term: 1 candidate_status { last_received { term: 0 index: 0 } } ignore_live_leader: false dest_uuid: "d972e2e029d54fc7b0f3ef61229ae63d"
I20260601 13:38:26.115809  4139 raft_consensus.cc:3060] T 5b401153db984f388ed64e590a419fa9 P d972e2e029d54fc7b0f3ef61229ae63d [term 0 FOLLOWER]: Advancing to term 1
I20260601 13:38:26.115809  4290 raft_consensus.cc:3060] T 5b401153db984f388ed64e590a419fa9 P 502a01fe0b1e4bedaa1370b066907619 [term 0 FOLLOWER]: Advancing to term 1
I20260601 13:38:26.116786  4139 raft_consensus.cc:2468] T 5b401153db984f388ed64e590a419fa9 P d972e2e029d54fc7b0f3ef61229ae63d [term 1 FOLLOWER]: Leader election vote request: Granting yes vote for candidate ee206421fb7245b3ade5887797788afc in term 1.
I20260601 13:38:26.116786  4290 raft_consensus.cc:2468] T 5b401153db984f388ed64e590a419fa9 P 502a01fe0b1e4bedaa1370b066907619 [term 1 FOLLOWER]: Leader election vote request: Granting yes vote for candidate ee206421fb7245b3ade5887797788afc in term 1.
I20260601 13:38:26.117132  4180 leader_election.cc:304] T 5b401153db984f388ed64e590a419fa9 P ee206421fb7245b3ade5887797788afc [CANDIDATE]: Term 1 election: Election decided. Result: candidate won. Election summary: received 2 responses out of 3 voters: 2 yes votes; 0 no votes. yes voters: 502a01fe0b1e4bedaa1370b066907619, ee206421fb7245b3ade5887797788afc; no voters: 
I20260601 13:38:26.117344  4341 raft_consensus.cc:2804] T 5b401153db984f388ed64e590a419fa9 P ee206421fb7245b3ade5887797788afc [term 1 FOLLOWER]: Leader election won for term 1
I20260601 13:38:26.117442  4341 raft_consensus.cc:697] T 5b401153db984f388ed64e590a419fa9 P ee206421fb7245b3ade5887797788afc [term 1 LEADER]: Becoming Leader. State: Replica: ee206421fb7245b3ade5887797788afc, State: Running, Role: LEADER
I20260601 13:38:26.117600  4341 consensus_queue.cc:237] T 5b401153db984f388ed64e590a419fa9 P ee206421fb7245b3ade5887797788afc [LEADER]: Queue going to LEADER mode. State: All replicated index: 0, Majority replicated index: 0, Committed index: 0, Last appended: 0.0, Last appended by leader: 0, Current term: 1, Majority size: 2, State: 0, Mode: LEADER, active raft config: opid_index: -1 OBSOLETE_local: false peers { permanent_uuid: "d972e2e029d54fc7b0f3ef61229ae63d" member_type: VOTER last_known_addr { host: "127.1.38.1" port: 37453 } } peers { permanent_uuid: "ee206421fb7245b3ade5887797788afc" member_type: VOTER last_known_addr { host: "127.1.38.2" port: 32811 } } peers { permanent_uuid: "502a01fe0b1e4bedaa1370b066907619" member_type: VOTER last_known_addr { host: "127.1.38.3" port: 37247 } }
I20260601 13:38:26.119279  4034 catalog_manager.cc:5696] T 5b401153db984f388ed64e590a419fa9 P ee206421fb7245b3ade5887797788afc reported cstate change: term changed from 0 to 1, leader changed from <none> to ee206421fb7245b3ade5887797788afc (127.1.38.2). New cstate: current_term: 1 leader_uuid: "ee206421fb7245b3ade5887797788afc" committed_config { opid_index: -1 OBSOLETE_local: false peers { permanent_uuid: "d972e2e029d54fc7b0f3ef61229ae63d" member_type: VOTER last_known_addr { host: "127.1.38.1" port: 37453 } health_report { overall_health: UNKNOWN } } peers { permanent_uuid: "ee206421fb7245b3ade5887797788afc" member_type: VOTER last_known_addr { host: "127.1.38.2" port: 32811 } health_report { overall_health: HEALTHY } } peers { permanent_uuid: "502a01fe0b1e4bedaa1370b066907619" member_type: VOTER last_known_addr { host: "127.1.38.3" port: 37247 } health_report { overall_health: UNKNOWN } } }
I20260601 13:38:26.235693  4340 raft_consensus.cc:493] T c6c19217bb4b4344a992b0daebcb8f04 P 502a01fe0b1e4bedaa1370b066907619 [term 0 FOLLOWER]: Starting pre-election (no leader contacted us within the election timeout)
