I20260601 13:22:38.423709 29816 raft_consensus.cc:3060] T 00000000000000000000000000000000 P f82a90c8c6384664bae07a66280d4812 [term 0 FOLLOWER]: Advancing to term 1
I20260601 13:22:38.424289 29816 raft_consensus.cc:515] T 00000000000000000000000000000000 P f82a90c8c6384664bae07a66280d4812 [term 1 FOLLOWER]: Starting leader election with config: opid_index: -1 OBSOLETE_local: true peers { permanent_uuid: "f82a90c8c6384664bae07a66280d4812" member_type: VOTER }
I20260601 13:22:38.424389 29816 leader_election.cc:304] T 00000000000000000000000000000000 P f82a90c8c6384664bae07a66280d4812 [CANDIDATE]: Term 1 election: Election decided. Result: candidate won. Election summary: received 1 responses out of 1 voters: 1 yes votes; 0 no votes. yes voters: f82a90c8c6384664bae07a66280d4812; no voters: 
I20260601 13:22:38.424592 29816 leader_election.cc:290] T 00000000000000000000000000000000 P f82a90c8c6384664bae07a66280d4812 [CANDIDATE]: Term 1 election: Requested vote from peers 
I20260601 13:22:38.424750 29819 raft_consensus.cc:2804] T 00000000000000000000000000000000 P f82a90c8c6384664bae07a66280d4812 [term 1 FOLLOWER]: Leader election won for term 1
I20260601 13:22:38.424947 29819 raft_consensus.cc:697] T 00000000000000000000000000000000 P f82a90c8c6384664bae07a66280d4812 [term 1 LEADER]: Becoming Leader. State: Replica: f82a90c8c6384664bae07a66280d4812, State: Running, Role: LEADER
I20260601 13:22:38.425055 29816 sys_catalog.cc:565] T 00000000000000000000000000000000 P f82a90c8c6384664bae07a66280d4812 [sys.catalog]: configured and running, proceeding with master startup.
I20260601 13:22:38.425063 29819 consensus_queue.cc:237] T 00000000000000000000000000000000 P f82a90c8c6384664bae07a66280d4812 [LEADER]: Queue going to LEADER mode. State: All replicated index: 0, Majority replicated index: 0, Committed index: 0, Last appended: 0.0, Last appended by leader: 0, Current term: 1, Majority size: 1, State: 0, Mode: LEADER, active raft config: opid_index: -1 OBSOLETE_local: true peers { permanent_uuid: "f82a90c8c6384664bae07a66280d4812" member_type: VOTER }
I20260601 13:22:38.425510 29821 sys_catalog.cc:455] T 00000000000000000000000000000000 P f82a90c8c6384664bae07a66280d4812 [sys.catalog]: SysCatalogTable state changed. Reason: New leader f82a90c8c6384664bae07a66280d4812. Latest consensus state: current_term: 1 leader_uuid: "f82a90c8c6384664bae07a66280d4812" committed_config { opid_index: -1 OBSOLETE_local: true peers { permanent_uuid: "f82a90c8c6384664bae07a66280d4812" member_type: VOTER } }
I20260601 13:22:38.425498 29820 sys_catalog.cc:455] T 00000000000000000000000000000000 P f82a90c8c6384664bae07a66280d4812 [sys.catalog]: SysCatalogTable state changed. Reason: RaftConsensus started. Latest consensus state: current_term: 1 leader_uuid: "f82a90c8c6384664bae07a66280d4812" committed_config { opid_index: -1 OBSOLETE_local: true peers { permanent_uuid: "f82a90c8c6384664bae07a66280d4812" member_type: VOTER } }
I20260601 13:22:38.425652 29821 sys_catalog.cc:458] T 00000000000000000000000000000000 P f82a90c8c6384664bae07a66280d4812 [sys.catalog]: This master's current role is: LEADER
I20260601 13:22:38.425668 29820 sys_catalog.cc:458] T 00000000000000000000000000000000 P f82a90c8c6384664bae07a66280d4812 [sys.catalog]: This master's current role is: LEADER
I20260601 13:22:38.425957 29825 catalog_manager.cc:1510] Loading table and tablet metadata into memory...
I20260601 13:22:38.426836 29825 catalog_manager.cc:1519] Initializing Kudu cluster ID...
I20260601 13:22:38.427078 27567 internal_mini_cluster.cc:184] Waiting to initialize catalog manager on master 0
I20260601 13:22:38.428712 29825 catalog_manager.cc:1382] Generated new cluster ID: 1976f9a888cf4037b5f6538dc935a036
I20260601 13:22:38.428757 29825 catalog_manager.cc:1530] Initializing Kudu internal certificate authority...
I20260601 13:22:38.439781 29825 catalog_manager.cc:1405] Generated new certificate authority record
I20260601 13:22:38.440311 29825 catalog_manager.cc:1539] Loading token signing keys...
I20260601 13:22:38.444392 29825 catalog_manager.cc:6069] T 00000000000000000000000000000000 P f82a90c8c6384664bae07a66280d4812: Generated new TSK 0
I20260601 13:22:38.444630 29825 catalog_manager.cc:1549] Initializing in-progress tserver states...
I20260601 13:22:38.459353 27567 file_cache.cc:492] Constructed file cache file cache with capacity 419430
I20260601 13:22:38.461441 27567 server_base.cc:1061] running on GCE node
W20260601 13:22:38.461500 29840 instance_detector.cc:116] could not retrieve OpenStack instance metadata: Network error: curl error: HTTP response code said error: The requested URL returned error: 404
W20260601 13:22:38.461470 29838 instance_detector.cc:116] could not retrieve Azure instance metadata: Network error: curl error: HTTP response code said error: The requested URL returned error: 404
W20260601 13:22:38.461424 29837 instance_detector.cc:116] could not retrieve AWS instance metadata: Network error: curl error: HTTP response code said error: The requested URL returned error: 404
I20260601 13:22:38.461907 27567 hybrid_clock.cc:584] initializing the hybrid clock with 'system_unsync' time source
W20260601 13:22:38.461951 27567 system_unsync_time.cc:38] NTP support is disabled. Clock error bounds will not be accurate. This configuration is not suitable for distributed clusters.
I20260601 13:22:38.461966 27567 hybrid_clock.cc:648] HybridClock initialized: now 1780320158461966 us; error 0 us; skew 500 ppm
I20260601 13:22:38.462738 27567 webserver.cc:533] Webserver started at http://127.26.235.193:36365/ using document root <none> and password file <none>
I20260601 13:22:38.462859 27567 fs_manager.cc:362] Metadata directory not provided
I20260601 13:22:38.462900 27567 fs_manager.cc:368] Using write-ahead log directory (fs_wal_dir) as metadata directory
I20260601 13:22:38.462956 27567 server_base.cc:909] This appears to be a new deployment of Kudu; creating new FS layout
I20260601 13:22:38.463310 27567 fs_manager.cc:1068] Generated new instance metadata in path /tmp/dist-test-taskV2doBJ/test-tmp/auto_rebalancer-test.0.AutoRebalancerTest.NoReplicaMovesIfNoTablets.1780320103174123-27567-0/minicluster-data/ts-0-root/instance:
uuid: "c177e4a5cf0944d884fad99aa0c9a1b8"
format_stamp: "Formatted at 2026-06-01 13:22:38 on dist-test-slave-j0wt"
I20260601 13:22:38.464733 27567 fs_manager.cc:696] Time spent creating directory manager: real 0.001s	user 0.001s	sys 0.000s
I20260601 13:22:38.465557 29845 log_block_manager.cc:4031] Time spent loading block containers with low live blocks: real 0.000s	user 0.000s	sys 0.000s
I20260601 13:22:38.465801 27567 fs_manager.cc:730] Time spent opening block manager: real 0.001s	user 0.001s	sys 0.000s
I20260601 13:22:38.465883 27567 fs_manager.cc:647] Opened local filesystem: /tmp/dist-test-taskV2doBJ/test-tmp/auto_rebalancer-test.0.AutoRebalancerTest.NoReplicaMovesIfNoTablets.1780320103174123-27567-0/minicluster-data/ts-0-root
uuid: "c177e4a5cf0944d884fad99aa0c9a1b8"
format_stamp: "Formatted at 2026-06-01 13:22:38 on dist-test-slave-j0wt"
I20260601 13:22:38.465965 27567 fs_report.cc:389] FS layout report
--------------------
wal directory: /tmp/dist-test-taskV2doBJ/test-tmp/auto_rebalancer-test.0.AutoRebalancerTest.NoReplicaMovesIfNoTablets.1780320103174123-27567-0/minicluster-data/ts-0-root
metadata directory: /tmp/dist-test-taskV2doBJ/test-tmp/auto_rebalancer-test.0.AutoRebalancerTest.NoReplicaMovesIfNoTablets.1780320103174123-27567-0/minicluster-data/ts-0-root
1 data directories: /tmp/dist-test-taskV2doBJ/test-tmp/auto_rebalancer-test.0.AutoRebalancerTest.NoReplicaMovesIfNoTablets.1780320103174123-27567-0/minicluster-data/ts-0-root/data
Total live blocks: 0
Total live bytes: 0
Total live bytes (after alignment): 0
Total number of LBM containers: 0 (0 full)
Did not check for missing blocks
Did not check for orphaned blocks
Total full LBM containers with extra space: 0 (0 repaired)
Total full LBM container extra space in bytes: 0 (0 repaired)
Total incomplete LBM containers: 0 (0 repaired)
Total LBM partial records: 0 (0 repaired)
Total corrupted LBM metadata records in RocksDB: 0 (0 repaired)
I20260601 13:22:38.485713 27567 rpc_server.cc:225] running with OpenSSL 1.1.1  11 Sep 2018
I20260601 13:22:38.486090 27567 kserver.cc:163] Server-wide thread pool size limit: 3276
I20260601 13:22:38.486387 27567 txn_system_client.cc:432] TxnSystemClient initialization is disabled...
I20260601 13:22:38.486982 27567 ts_tablet_manager.cc:585] Loaded tablet metadata (0 total tablets, 0 live tablets)
I20260601 13:22:38.487051 27567 ts_tablet_manager.cc:531] Time spent load tablet metadata: real 0.000s	user 0.000s	sys 0.000s
I20260601 13:22:38.487104 27567 ts_tablet_manager.cc:616] Registered 0 tablets
I20260601 13:22:38.487155 27567 ts_tablet_manager.cc:595] Time spent register tablets: real 0.000s	user 0.000s	sys 0.000s
I20260601 13:22:38.491262 27567 rpc_server.cc:307] RPC server started. Bound to: 127.26.235.193:46459
I20260601 13:22:38.491293 29908 acceptor_pool.cc:272] collecting diagnostics on the listening RPC socket 127.26.235.193:46459 every 8 connection(s)
I20260601 13:22:38.492092 27567 file_cache.cc:492] Constructed file cache file cache with capacity 419430
W20260601 13:22:38.494050 29914 instance_detector.cc:116] could not retrieve Azure instance metadata: Network error: curl error: HTTP response code said error: The requested URL returned error: 404
W20260601 13:22:38.494122 29913 instance_detector.cc:116] could not retrieve AWS instance metadata: Network error: curl error: HTTP response code said error: The requested URL returned error: 404
W20260601 13:22:38.494143 29916 instance_detector.cc:116] could not retrieve OpenStack instance metadata: Network error: curl error: HTTP response code said error: The requested URL returned error: 404
I20260601 13:22:38.494346 27567 server_base.cc:1061] running on GCE node
I20260601 13:22:38.494598 27567 hybrid_clock.cc:584] initializing the hybrid clock with 'system_unsync' time source
W20260601 13:22:38.494661 27567 system_unsync_time.cc:38] NTP support is disabled. Clock error bounds will not be accurate. This configuration is not suitable for distributed clusters.
I20260601 13:22:38.494699 27567 hybrid_clock.cc:648] HybridClock initialized: now 1780320158494697 us; error 0 us; skew 500 ppm
I20260601 13:22:38.495700 27567 webserver.cc:533] Webserver started at http://127.26.235.194:46757/ using document root <none> and password file <none>
I20260601 13:22:38.495857 27567 fs_manager.cc:362] Metadata directory not provided
I20260601 13:22:38.495939 27567 fs_manager.cc:368] Using write-ahead log directory (fs_wal_dir) as metadata directory
I20260601 13:22:38.496024 27567 server_base.cc:909] This appears to be a new deployment of Kudu; creating new FS layout
I20260601 13:22:38.496450 27567 fs_manager.cc:1068] Generated new instance metadata in path /tmp/dist-test-taskV2doBJ/test-tmp/auto_rebalancer-test.0.AutoRebalancerTest.NoReplicaMovesIfNoTablets.1780320103174123-27567-0/minicluster-data/ts-1-root/instance:
uuid: "bc7749d6e20042b4882e41d2ed18c044"
format_stamp: "Formatted at 2026-06-01 13:22:38 on dist-test-slave-j0wt"
I20260601 13:22:38.497057 29909 heartbeater.cc:344] Connected to a master server at 127.26.235.254:43419
I20260601 13:22:38.497162 29909 heartbeater.cc:461] Registering TS with master...
I20260601 13:22:38.497361 29909 heartbeater.cc:507] Master 127.26.235.254:43419 requested a full tablet report, sending...
I20260601 13:22:38.497952 29780 ts_manager.cc:194] Registered new tserver with Master: c177e4a5cf0944d884fad99aa0c9a1b8 (127.26.235.193:46459)
I20260601 13:22:38.498296 27567 fs_manager.cc:696] Time spent creating directory manager: real 0.002s	user 0.000s	sys 0.002s
I20260601 13:22:38.498865 29780 master_service.cc:502] Signed X509 certificate for tserver {username='slave'} at 127.0.0.1:45828
I20260601 13:22:38.499348 29921 log_block_manager.cc:4031] Time spent loading block containers with low live blocks: real 0.000s	user 0.000s	sys 0.000s
I20260601 13:22:38.499639 27567 fs_manager.cc:730] Time spent opening block manager: real 0.001s	user 0.000s	sys 0.001s
I20260601 13:22:38.499725 27567 fs_manager.cc:647] Opened local filesystem: /tmp/dist-test-taskV2doBJ/test-tmp/auto_rebalancer-test.0.AutoRebalancerTest.NoReplicaMovesIfNoTablets.1780320103174123-27567-0/minicluster-data/ts-1-root
uuid: "bc7749d6e20042b4882e41d2ed18c044"
format_stamp: "Formatted at 2026-06-01 13:22:38 on dist-test-slave-j0wt"
I20260601 13:22:38.499791 27567 fs_report.cc:389] FS layout report
--------------------
wal directory: /tmp/dist-test-taskV2doBJ/test-tmp/auto_rebalancer-test.0.AutoRebalancerTest.NoReplicaMovesIfNoTablets.1780320103174123-27567-0/minicluster-data/ts-1-root
metadata directory: /tmp/dist-test-taskV2doBJ/test-tmp/auto_rebalancer-test.0.AutoRebalancerTest.NoReplicaMovesIfNoTablets.1780320103174123-27567-0/minicluster-data/ts-1-root
1 data directories: /tmp/dist-test-taskV2doBJ/test-tmp/auto_rebalancer-test.0.AutoRebalancerTest.NoReplicaMovesIfNoTablets.1780320103174123-27567-0/minicluster-data/ts-1-root/data
Total live blocks: 0
Total live bytes: 0
Total live bytes (after alignment): 0
Total number of LBM containers: 0 (0 full)
Did not check for missing blocks
Did not check for orphaned blocks
Total full LBM containers with extra space: 0 (0 repaired)
Total full LBM container extra space in bytes: 0 (0 repaired)
Total incomplete LBM containers: 0 (0 repaired)
Total LBM partial records: 0 (0 repaired)
Total corrupted LBM metadata records in RocksDB: 0 (0 repaired)
I20260601 13:22:38.516181 27567 rpc_server.cc:225] running with OpenSSL 1.1.1  11 Sep 2018
I20260601 13:22:38.516605 27567 kserver.cc:163] Server-wide thread pool size limit: 3276
I20260601 13:22:38.516906 27567 txn_system_client.cc:432] TxnSystemClient initialization is disabled...
I20260601 13:22:38.517347 27567 ts_tablet_manager.cc:585] Loaded tablet metadata (0 total tablets, 0 live tablets)
I20260601 13:22:38.517406 27567 ts_tablet_manager.cc:531] Time spent load tablet metadata: real 0.000s	user 0.000s	sys 0.000s
I20260601 13:22:38.517457 27567 ts_tablet_manager.cc:616] Registered 0 tablets
I20260601 13:22:38.517508 27567 ts_tablet_manager.cc:595] Time spent register tablets: real 0.000s	user 0.000s	sys 0.000s
I20260601 13:22:38.521878 27567 rpc_server.cc:307] RPC server started. Bound to: 127.26.235.194:43025
I20260601 13:22:38.521911 29984 acceptor_pool.cc:272] collecting diagnostics on the listening RPC socket 127.26.235.194:43025 every 8 connection(s)
I20260601 13:22:38.522727 27567 file_cache.cc:492] Constructed file cache file cache with capacity 419430
W20260601 13:22:38.524487 29988 instance_detector.cc:116] could not retrieve AWS instance metadata: Network error: curl error: HTTP response code said error: The requested URL returned error: 404
W20260601 13:22:38.524564 29989 instance_detector.cc:116] could not retrieve Azure instance metadata: Network error: curl error: HTTP response code said error: The requested URL returned error: 404
W20260601 13:22:38.524533 29991 instance_detector.cc:116] could not retrieve OpenStack instance metadata: Network error: curl error: HTTP response code said error: The requested URL returned error: 404
I20260601 13:22:38.524839 27567 server_base.cc:1061] running on GCE node
I20260601 13:22:38.525031 27567 hybrid_clock.cc:584] initializing the hybrid clock with 'system_unsync' time source
W20260601 13:22:38.525095 27567 system_unsync_time.cc:38] NTP support is disabled. Clock error bounds will not be accurate. This configuration is not suitable for distributed clusters.
I20260601 13:22:38.525128 27567 hybrid_clock.cc:648] HybridClock initialized: now 1780320158525128 us; error 0 us; skew 500 ppm
I20260601 13:22:38.526041 27567 webserver.cc:533] Webserver started at http://127.26.235.195:37539/ using document root <none> and password file <none>
I20260601 13:22:38.526217 27567 fs_manager.cc:362] Metadata directory not provided
I20260601 13:22:38.526286 27567 fs_manager.cc:368] Using write-ahead log directory (fs_wal_dir) as metadata directory
I20260601 13:22:38.526364 27567 server_base.cc:909] This appears to be a new deployment of Kudu; creating new FS layout
I20260601 13:22:38.526811 27567 fs_manager.cc:1068] Generated new instance metadata in path /tmp/dist-test-taskV2doBJ/test-tmp/auto_rebalancer-test.0.AutoRebalancerTest.NoReplicaMovesIfNoTablets.1780320103174123-27567-0/minicluster-data/ts-2-root/instance:
uuid: "8d3986067be848c7a01983507bd21c82"
format_stamp: "Formatted at 2026-06-01 13:22:38 on dist-test-slave-j0wt"
I20260601 13:22:38.527223 29985 heartbeater.cc:344] Connected to a master server at 127.26.235.254:43419
I20260601 13:22:38.527300 29985 heartbeater.cc:461] Registering TS with master...
I20260601 13:22:38.527529 29985 heartbeater.cc:507] Master 127.26.235.254:43419 requested a full tablet report, sending...
I20260601 13:22:38.528137 29780 ts_manager.cc:194] Registered new tserver with Master: bc7749d6e20042b4882e41d2ed18c044 (127.26.235.194:43025)
I20260601 13:22:38.528590 27567 fs_manager.cc:696] Time spent creating directory manager: real 0.002s	user 0.002s	sys 0.000s
I20260601 13:22:38.528761 29780 master_service.cc:502] Signed X509 certificate for tserver {username='slave'} at 127.0.0.1:45836
I20260601 13:22:38.529661 29996 log_block_manager.cc:4031] Time spent loading block containers with low live blocks: real 0.000s	user 0.000s	sys 0.000s
I20260601 13:22:38.529901 27567 fs_manager.cc:730] Time spent opening block manager: real 0.001s	user 0.001s	sys 0.000s
I20260601 13:22:38.529981 27567 fs_manager.cc:647] Opened local filesystem: /tmp/dist-test-taskV2doBJ/test-tmp/auto_rebalancer-test.0.AutoRebalancerTest.NoReplicaMovesIfNoTablets.1780320103174123-27567-0/minicluster-data/ts-2-root
uuid: "8d3986067be848c7a01983507bd21c82"
format_stamp: "Formatted at 2026-06-01 13:22:38 on dist-test-slave-j0wt"
I20260601 13:22:38.530047 27567 fs_report.cc:389] FS layout report
--------------------
wal directory: /tmp/dist-test-taskV2doBJ/test-tmp/auto_rebalancer-test.0.AutoRebalancerTest.NoReplicaMovesIfNoTablets.1780320103174123-27567-0/minicluster-data/ts-2-root
metadata directory: /tmp/dist-test-taskV2doBJ/test-tmp/auto_rebalancer-test.0.AutoRebalancerTest.NoReplicaMovesIfNoTablets.1780320103174123-27567-0/minicluster-data/ts-2-root
1 data directories: /tmp/dist-test-taskV2doBJ/test-tmp/auto_rebalancer-test.0.AutoRebalancerTest.NoReplicaMovesIfNoTablets.1780320103174123-27567-0/minicluster-data/ts-2-root/data
Total live blocks: 0
Total live bytes: 0
Total live bytes (after alignment): 0
Total number of LBM containers: 0 (0 full)
Did not check for missing blocks
Did not check for orphaned blocks
Total full LBM containers with extra space: 0 (0 repaired)
Total full LBM container extra space in bytes: 0 (0 repaired)
Total incomplete LBM containers: 0 (0 repaired)
Total LBM partial records: 0 (0 repaired)
Total corrupted LBM metadata records in RocksDB: 0 (0 repaired)
I20260601 13:22:38.538138 27567 rpc_server.cc:225] running with OpenSSL 1.1.1  11 Sep 2018
I20260601 13:22:38.538476 27567 kserver.cc:163] Server-wide thread pool size limit: 3276
I20260601 13:22:38.538749 27567 txn_system_client.cc:432] TxnSystemClient initialization is disabled...
I20260601 13:22:38.539158 27567 ts_tablet_manager.cc:585] Loaded tablet metadata (0 total tablets, 0 live tablets)
I20260601 13:22:38.539219 27567 ts_tablet_manager.cc:531] Time spent load tablet metadata: real 0.000s	user 0.000s	sys 0.000s
I20260601 13:22:38.539273 27567 ts_tablet_manager.cc:616] Registered 0 tablets
I20260601 13:22:38.539309 27567 ts_tablet_manager.cc:595] Time spent register tablets: real 0.000s	user 0.000s	sys 0.000s
I20260601 13:22:38.543910 27567 rpc_server.cc:307] RPC server started. Bound to: 127.26.235.195:44601
I20260601 13:22:38.543944 30059 acceptor_pool.cc:272] collecting diagnostics on the listening RPC socket 127.26.235.195:44601 every 8 connection(s)
I20260601 13:22:38.548256 30060 heartbeater.cc:344] Connected to a master server at 127.26.235.254:43419
I20260601 13:22:38.548336 30060 heartbeater.cc:461] Registering TS with master...
I20260601 13:22:38.548564 30060 heartbeater.cc:507] Master 127.26.235.254:43419 requested a full tablet report, sending...
I20260601 13:22:38.549146 29780 ts_manager.cc:194] Registered new tserver with Master: 8d3986067be848c7a01983507bd21c82 (127.26.235.195:44601)
I20260601 13:22:38.549608 29780 master_service.cc:502] Signed X509 certificate for tserver {username='slave'} at 127.0.0.1:45842
I20260601 13:22:38.549975 27567 internal_mini_cluster.cc:371] 3 TS(s) registered with all masters after 0.005647598s
I20260601 13:22:39.499915 29909 heartbeater.cc:499] Master 127.26.235.254:43419 was elected leader, sending a full tablet report...
I20260601 13:22:39.529649 29985 heartbeater.cc:499] Master 127.26.235.254:43419 was elected leader, sending a full tablet report...
I20260601 13:22:39.550547 30060 heartbeater.cc:499] Master 127.26.235.254:43419 was elected leader, sending a full tablet report...
I20260601 13:22:40.427099 29834 auto_leader_rebalancer.cc:451] All tables' leader rebalancing finished this round
I20260601 13:22:42.427469 29834 auto_leader_rebalancer.cc:451] All tables' leader rebalancing finished this round
I20260601 13:22:44.427788 29834 auto_leader_rebalancer.cc:451] All tables' leader rebalancing finished this round
I20260601 13:22:46.428121 29834 auto_leader_rebalancer.cc:451] All tables' leader rebalancing finished this round
I20260601 13:22:48.428540 29834 auto_leader_rebalancer.cc:451] All tables' leader rebalancing finished this round
I20260601 13:22:50.428903 29834 auto_leader_rebalancer.cc:451] All tables' leader rebalancing finished this round
I20260601 13:22:50.627447 27567 tablet_server.cc:179] TabletServer@127.26.235.193:0 shutting down...
I20260601 13:22:50.631371 27567 ts_tablet_manager.cc:1507] Shutting down tablet manager...
I20260601 13:22:50.643563 27567 tablet_server.cc:196] TabletServer@127.26.235.193:0 shutdown complete.
I20260601 13:22:50.645520 27567 tablet_server.cc:179] TabletServer@127.26.235.194:0 shutting down...
I20260601 13:22:50.649426 27567 ts_tablet_manager.cc:1507] Shutting down tablet manager...
I20260601 13:22:50.661583 27567 tablet_server.cc:196] TabletServer@127.26.235.194:0 shutdown complete.
I20260601 13:22:50.663324 27567 tablet_server.cc:179] TabletServer@127.26.235.195:0 shutting down...
I20260601 13:22:50.667192 27567 ts_tablet_manager.cc:1507] Shutting down tablet manager...
I20260601 13:22:50.679273 27567 tablet_server.cc:196] TabletServer@127.26.235.195:0 shutdown complete.
I20260601 13:22:50.681200 27567 master.cc:562] Master@127.26.235.254:43419 shutting down...
I20260601 13:22:50.684835 27567 raft_consensus.cc:2243] T 00000000000000000000000000000000 P f82a90c8c6384664bae07a66280d4812 [term 1 LEADER]: Raft consensus shutting down.
I20260601 13:22:50.685014 27567 raft_consensus.cc:2272] T 00000000000000000000000000000000 P f82a90c8c6384664bae07a66280d4812 [term 1 FOLLOWER]: Raft consensus is shut down!
I20260601 13:22:50.685106 27567 tablet_replica.cc:333] T 00000000000000000000000000000000 P f82a90c8c6384664bae07a66280d4812: stopping tablet replica
I20260601 13:22:50.697167 27567 master.cc:584] Master@127.26.235.254:43419 shutdown complete.
[       OK ] AutoRebalancerTest.NoReplicaMovesIfNoTablets (12323 ms)
[ RUN      ] AutoRebalancerTest.RangeAwareBuildClusterInfoGroupsByRange
I20260601 13:22:50.703066 27567 internal_mini_cluster.cc:156] Creating distributed mini masters. Addrs: 127.26.235.254:36221
I20260601 13:22:50.703408 27567 file_cache.cc:492] Constructed file cache file cache with capacity 419430
I20260601 13:22:50.705178 27567 server_base.cc:1061] running on GCE node
W20260601 13:22:50.705292 30065 instance_detector.cc:116] could not retrieve Azure instance metadata: Network error: curl error: HTTP response code said error: The requested URL returned error: 404
W20260601 13:22:50.705305 30067 instance_detector.cc:116] could not retrieve OpenStack instance metadata: Network error: curl error: HTTP response code said error: The requested URL returned error: 404
W20260601 13:22:50.705300 30064 instance_detector.cc:116] could not retrieve AWS instance metadata: Network error: curl error: HTTP response code said error: The requested URL returned error: 404
I20260601 13:22:50.705632 27567 hybrid_clock.cc:584] initializing the hybrid clock with 'system_unsync' time source
W20260601 13:22:50.705673 27567 system_unsync_time.cc:38] NTP support is disabled. Clock error bounds will not be accurate. This configuration is not suitable for distributed clusters.
I20260601 13:22:50.705689 27567 hybrid_clock.cc:648] HybridClock initialized: now 1780320170705689 us; error 0 us; skew 500 ppm
I20260601 13:22:50.706450 27567 webserver.cc:533] Webserver started at http://127.26.235.254:36247/ using document root <none> and password file <none>
I20260601 13:22:50.706579 27567 fs_manager.cc:362] Metadata directory not provided
I20260601 13:22:50.706622 27567 fs_manager.cc:368] Using write-ahead log directory (fs_wal_dir) as metadata directory
I20260601 13:22:50.706671 27567 server_base.cc:909] This appears to be a new deployment of Kudu; creating new FS layout
I20260601 13:22:50.706995 27567 fs_manager.cc:1068] Generated new instance metadata in path /tmp/dist-test-taskV2doBJ/test-tmp/auto_rebalancer-test.0.AutoRebalancerTest.RangeAwareBuildClusterInfoGroupsByRange.1780320103174123-27567-0/minicluster-data/master-0-root/instance:
uuid: "88f321e5984d41deb71166f432c6e642"
format_stamp: "Formatted at 2026-06-01 13:22:50 on dist-test-slave-j0wt"
I20260601 13:22:50.708362 27567 fs_manager.cc:696] Time spent creating directory manager: real 0.001s	user 0.001s	sys 0.000s
I20260601 13:22:50.709339 30072 log_block_manager.cc:4031] Time spent loading block containers with low live blocks: real 0.000s	user 0.000s	sys 0.000s
I20260601 13:22:50.709586 27567 fs_manager.cc:730] Time spent opening block manager: real 0.001s	user 0.001s	sys 0.000s
I20260601 13:22:50.709645 27567 fs_manager.cc:647] Opened local filesystem: /tmp/dist-test-taskV2doBJ/test-tmp/auto_rebalancer-test.0.AutoRebalancerTest.RangeAwareBuildClusterInfoGroupsByRange.1780320103174123-27567-0/minicluster-data/master-0-root
uuid: "88f321e5984d41deb71166f432c6e642"
format_stamp: "Formatted at 2026-06-01 13:22:50 on dist-test-slave-j0wt"
I20260601 13:22:50.709739 27567 fs_report.cc:389] FS layout report
--------------------
wal directory: /tmp/dist-test-taskV2doBJ/test-tmp/auto_rebalancer-test.0.AutoRebalancerTest.RangeAwareBuildClusterInfoGroupsByRange.1780320103174123-27567-0/minicluster-data/master-0-root
metadata directory: /tmp/dist-test-taskV2doBJ/test-tmp/auto_rebalancer-test.0.AutoRebalancerTest.RangeAwareBuildClusterInfoGroupsByRange.1780320103174123-27567-0/minicluster-data/master-0-root
1 data directories: /tmp/dist-test-taskV2doBJ/test-tmp/auto_rebalancer-test.0.AutoRebalancerTest.RangeAwareBuildClusterInfoGroupsByRange.1780320103174123-27567-0/minicluster-data/master-0-root/data
Total live blocks: 0
Total live bytes: 0
Total live bytes (after alignment): 0
Total number of LBM containers: 0 (0 full)
Did not check for missing blocks
Did not check for orphaned blocks
Total full LBM containers with extra space: 0 (0 repaired)
Total full LBM container extra space in bytes: 0 (0 repaired)
Total incomplete LBM containers: 0 (0 repaired)
Total LBM partial records: 0 (0 repaired)
Total corrupted LBM metadata records in RocksDB: 0 (0 repaired)
I20260601 13:22:50.728013 27567 rpc_server.cc:225] running with OpenSSL 1.1.1  11 Sep 2018
I20260601 13:22:50.728442 27567 kserver.cc:163] Server-wide thread pool size limit: 3276
I20260601 13:22:50.732797 27567 rpc_server.cc:307] RPC server started. Bound to: 127.26.235.254:36221
I20260601 13:22:50.734601 30124 acceptor_pool.cc:272] collecting diagnostics on the listening RPC socket 127.26.235.254:36221 every 8 connection(s)
I20260601 13:22:50.735085 30125 data_dirs.cc:400] Could only allocate 1 dirs of requested 3 for tablet 00000000000000000000000000000000. 1 dirs total, 0 dirs full, 0 dirs failed
I20260601 13:22:50.736941 30125 tablet_bootstrap.cc:492] T 00000000000000000000000000000000 P 88f321e5984d41deb71166f432c6e642: Bootstrap starting.
I20260601 13:22:50.737689 30125 tablet_bootstrap.cc:654] T 00000000000000000000000000000000 P 88f321e5984d41deb71166f432c6e642: Neither blocks nor log segments found. Creating new log.
I20260601 13:22:50.738670 30125 tablet_bootstrap.cc:492] T 00000000000000000000000000000000 P 88f321e5984d41deb71166f432c6e642: No bootstrap required, opened a new log
I20260601 13:22:50.739015 30125 raft_consensus.cc:359] T 00000000000000000000000000000000 P 88f321e5984d41deb71166f432c6e642 [term 0 FOLLOWER]: Replica starting. Triggering 0 pending ops. Active config: opid_index: -1 OBSOLETE_local: true peers { permanent_uuid: "88f321e5984d41deb71166f432c6e642" member_type: VOTER }
I20260601 13:22:50.739099 30125 raft_consensus.cc:385] T 00000000000000000000000000000000 P 88f321e5984d41deb71166f432c6e642 [term 0 FOLLOWER]: Consensus starting up: Expiring failure detector timer to make a prompt election more likely
I20260601 13:22:50.739121 30125 raft_consensus.cc:740] T 00000000000000000000000000000000 P 88f321e5984d41deb71166f432c6e642 [term 0 FOLLOWER]: Becoming Follower/Learner. State: Replica: 88f321e5984d41deb71166f432c6e642, State: Initialized, Role: FOLLOWER
I20260601 13:22:50.739217 30125 consensus_queue.cc:260] T 00000000000000000000000000000000 P 88f321e5984d41deb71166f432c6e642 [NON_LEADER]: Queue going to NON_LEADER mode. State: All replicated index: 0, Majority replicated index: 0, Committed index: 0, Last appended: 0.0, Last appended by leader: 0, Current term: 0, Majority size: -1, State: 0, Mode: NON_LEADER, active raft config: opid_index: -1 OBSOLETE_local: true peers { permanent_uuid: "88f321e5984d41deb71166f432c6e642" member_type: VOTER }
I20260601 13:22:50.739269 30125 raft_consensus.cc:399] T 00000000000000000000000000000000 P 88f321e5984d41deb71166f432c6e642 [term 0 FOLLOWER]: Only one voter in the Raft config. Triggering election immediately
I20260601 13:22:50.739291 30125 raft_consensus.cc:493] T 00000000000000000000000000000000 P 88f321e5984d41deb71166f432c6e642 [term 0 FOLLOWER]: Starting leader election (initial election of a single-replica configuration)
I20260601 13:22:50.739317 30125 raft_consensus.cc:3060] T 00000000000000000000000000000000 P 88f321e5984d41deb71166f432c6e642 [term 0 FOLLOWER]: Advancing to term 1
I20260601 13:22:50.739933 30125 raft_consensus.cc:515] T 00000000000000000000000000000000 P 88f321e5984d41deb71166f432c6e642 [term 1 FOLLOWER]: Starting leader election with config: opid_index: -1 OBSOLETE_local: true peers { permanent_uuid: "88f321e5984d41deb71166f432c6e642" member_type: VOTER }
I20260601 13:22:50.740037 30125 leader_election.cc:304] T 00000000000000000000000000000000 P 88f321e5984d41deb71166f432c6e642 [CANDIDATE]: Term 1 election: Election decided. Result: candidate won. Election summary: received 1 responses out of 1 voters: 1 yes votes; 0 no votes. yes voters: 88f321e5984d41deb71166f432c6e642; no voters: 
I20260601 13:22:50.740170 30125 leader_election.cc:290] T 00000000000000000000000000000000 P 88f321e5984d41deb71166f432c6e642 [CANDIDATE]: Term 1 election: Requested vote from peers 
I20260601 13:22:50.740304 30128 raft_consensus.cc:2804] T 00000000000000000000000000000000 P 88f321e5984d41deb71166f432c6e642 [term 1 FOLLOWER]: Leader election won for term 1
I20260601 13:22:50.740509 30128 raft_consensus.cc:697] T 00000000000000000000000000000000 P 88f321e5984d41deb71166f432c6e642 [term 1 LEADER]: Becoming Leader. State: Replica: 88f321e5984d41deb71166f432c6e642, State: Running, Role: LEADER
I20260601 13:22:50.740671 30125 sys_catalog.cc:565] T 00000000000000000000000000000000 P 88f321e5984d41deb71166f432c6e642 [sys.catalog]: configured and running, proceeding with master startup.
I20260601 13:22:50.740645 30128 consensus_queue.cc:237] T 00000000000000000000000000000000 P 88f321e5984d41deb71166f432c6e642 [LEADER]: Queue going to LEADER mode. State: All replicated index: 0, Majority replicated index: 0, Committed index: 0, Last appended: 0.0, Last appended by leader: 0, Current term: 1, Majority size: 1, State: 0, Mode: LEADER, active raft config: opid_index: -1 OBSOLETE_local: true peers { permanent_uuid: "88f321e5984d41deb71166f432c6e642" member_type: VOTER }
I20260601 13:22:50.741123 30130 sys_catalog.cc:455] T 00000000000000000000000000000000 P 88f321e5984d41deb71166f432c6e642 [sys.catalog]: SysCatalogTable state changed. Reason: New leader 88f321e5984d41deb71166f432c6e642. Latest consensus state: current_term: 1 leader_uuid: "88f321e5984d41deb71166f432c6e642" committed_config { opid_index: -1 OBSOLETE_local: true peers { permanent_uuid: "88f321e5984d41deb71166f432c6e642" member_type: VOTER } }
I20260601 13:22:50.741109 30129 sys_catalog.cc:455] T 00000000000000000000000000000000 P 88f321e5984d41deb71166f432c6e642 [sys.catalog]: SysCatalogTable state changed. Reason: RaftConsensus started. Latest consensus state: current_term: 1 leader_uuid: "88f321e5984d41deb71166f432c6e642" committed_config { opid_index: -1 OBSOLETE_local: true peers { permanent_uuid: "88f321e5984d41deb71166f432c6e642" member_type: VOTER } }
I20260601 13:22:50.741217 30130 sys_catalog.cc:458] T 00000000000000000000000000000000 P 88f321e5984d41deb71166f432c6e642 [sys.catalog]: This master's current role is: LEADER
I20260601 13:22:50.741226 30129 sys_catalog.cc:458] T 00000000000000000000000000000000 P 88f321e5984d41deb71166f432c6e642 [sys.catalog]: This master's current role is: LEADER
I20260601 13:22:50.741508 30132 catalog_manager.cc:1510] Loading table and tablet metadata into memory...
I20260601 13:22:50.742283 30132 catalog_manager.cc:1519] Initializing Kudu cluster ID...
I20260601 13:22:50.742640 27567 internal_mini_cluster.cc:184] Waiting to initialize catalog manager on master 0
I20260601 13:22:50.744078 30132 catalog_manager.cc:1382] Generated new cluster ID: 29b58e99e9614d83851ec9ed1a2e3d83
I20260601 13:22:50.744133 30132 catalog_manager.cc:1530] Initializing Kudu internal certificate authority...
I20260601 13:22:50.753168 30132 catalog_manager.cc:1405] Generated new certificate authority record
I20260601 13:22:50.753705 30132 catalog_manager.cc:1539] Loading token signing keys...
I20260601 13:22:50.759969 30132 catalog_manager.cc:6069] T 00000000000000000000000000000000 P 88f321e5984d41deb71166f432c6e642: Generated new TSK 0
I20260601 13:22:50.760143 30132 catalog_manager.cc:1549] Initializing in-progress tserver states...
I20260601 13:22:50.774956 27567 file_cache.cc:492] Constructed file cache file cache with capacity 419430
W20260601 13:22:50.776821 30146 instance_detector.cc:116] could not retrieve AWS instance metadata: Network error: curl error: HTTP response code said error: The requested URL returned error: 404
W20260601 13:22:50.776847 30149 instance_detector.cc:116] could not retrieve OpenStack instance metadata: Network error: curl error: HTTP response code said error: The requested URL returned error: 404
W20260601 13:22:50.776858 30147 instance_detector.cc:116] could not retrieve Azure instance metadata: Network error: curl error: HTTP response code said error: The requested URL returned error: 404
I20260601 13:22:50.777117 27567 server_base.cc:1061] running on GCE node
I20260601 13:22:50.777290 27567 hybrid_clock.cc:584] initializing the hybrid clock with 'system_unsync' time source
W20260601 13:22:50.777339 27567 system_unsync_time.cc:38] NTP support is disabled. Clock error bounds will not be accurate. This configuration is not suitable for distributed clusters.
I20260601 13:22:50.777355 27567 hybrid_clock.cc:648] HybridClock initialized: now 1780320170777356 us; error 0 us; skew 500 ppm
I20260601 13:22:50.778213 27567 webserver.cc:533] Webserver started at http://127.26.235.193:43001/ using document root <none> and password file <none>
I20260601 13:22:50.778381 27567 fs_manager.cc:362] Metadata directory not provided
I20260601 13:22:50.778436 27567 fs_manager.cc:368] Using write-ahead log directory (fs_wal_dir) as metadata directory
I20260601 13:22:50.778513 27567 server_base.cc:909] This appears to be a new deployment of Kudu; creating new FS layout
I20260601 13:22:50.778900 27567 fs_manager.cc:1068] Generated new instance metadata in path /tmp/dist-test-taskV2doBJ/test-tmp/auto_rebalancer-test.0.AutoRebalancerTest.RangeAwareBuildClusterInfoGroupsByRange.1780320103174123-27567-0/minicluster-data/ts-0-root/instance:
uuid: "c612ca9d88c84c9d8f594acc9e5dca35"
format_stamp: "Formatted at 2026-06-01 13:22:50 on dist-test-slave-j0wt"
I20260601 13:22:50.780318 27567 fs_manager.cc:696] Time spent creating directory manager: real 0.001s	user 0.002s	sys 0.000s
I20260601 13:22:50.781239 30154 log_block_manager.cc:4031] Time spent loading block containers with low live blocks: real 0.000s	user 0.000s	sys 0.000s
I20260601 13:22:50.781499 27567 fs_manager.cc:730] Time spent opening block manager: real 0.001s	user 0.001s	sys 0.000s
I20260601 13:22:50.781576 27567 fs_manager.cc:647] Opened local filesystem: /tmp/dist-test-taskV2doBJ/test-tmp/auto_rebalancer-test.0.AutoRebalancerTest.RangeAwareBuildClusterInfoGroupsByRange.1780320103174123-27567-0/minicluster-data/ts-0-root
uuid: "c612ca9d88c84c9d8f594acc9e5dca35"
format_stamp: "Formatted at 2026-06-01 13:22:50 on dist-test-slave-j0wt"
I20260601 13:22:50.781672 27567 fs_report.cc:389] FS layout report
--------------------
wal directory: /tmp/dist-test-taskV2doBJ/test-tmp/auto_rebalancer-test.0.AutoRebalancerTest.RangeAwareBuildClusterInfoGroupsByRange.1780320103174123-27567-0/minicluster-data/ts-0-root
metadata directory: /tmp/dist-test-taskV2doBJ/test-tmp/auto_rebalancer-test.0.AutoRebalancerTest.RangeAwareBuildClusterInfoGroupsByRange.1780320103174123-27567-0/minicluster-data/ts-0-root
1 data directories: /tmp/dist-test-taskV2doBJ/test-tmp/auto_rebalancer-test.0.AutoRebalancerTest.RangeAwareBuildClusterInfoGroupsByRange.1780320103174123-27567-0/minicluster-data/ts-0-root/data
Total live blocks: 0
Total live bytes: 0
Total live bytes (after alignment): 0
Total number of LBM containers: 0 (0 full)
Did not check for missing blocks
Did not check for orphaned blocks
Total full LBM containers with extra space: 0 (0 repaired)
Total full LBM container extra space in bytes: 0 (0 repaired)
Total incomplete LBM containers: 0 (0 repaired)
Total LBM partial records: 0 (0 repaired)
Total corrupted LBM metadata records in RocksDB: 0 (0 repaired)
I20260601 13:22:50.794129 27567 rpc_server.cc:225] running with OpenSSL 1.1.1  11 Sep 2018
I20260601 13:22:50.794505 27567 kserver.cc:163] Server-wide thread pool size limit: 3276
I20260601 13:22:50.794806 27567 txn_system_client.cc:432] TxnSystemClient initialization is disabled...
I20260601 13:22:50.795270 27567 ts_tablet_manager.cc:585] Loaded tablet metadata (0 total tablets, 0 live tablets)
I20260601 13:22:50.795307 27567 ts_tablet_manager.cc:531] Time spent load tablet metadata: real 0.000s	user 0.000s	sys 0.000s
I20260601 13:22:50.795362 27567 ts_tablet_manager.cc:616] Registered 0 tablets
I20260601 13:22:50.795404 27567 ts_tablet_manager.cc:595] Time spent register tablets: real 0.000s	user 0.000s	sys 0.000s
I20260601 13:22:50.799573 27567 rpc_server.cc:307] RPC server started. Bound to: 127.26.235.193:38893
I20260601 13:22:50.799595 30217 acceptor_pool.cc:272] collecting diagnostics on the listening RPC socket 127.26.235.193:38893 every 8 connection(s)
I20260601 13:22:50.800448 27567 file_cache.cc:492] Constructed file cache file cache with capacity 419430
W20260601 13:22:50.802186 30225 instance_detector.cc:116] could not retrieve OpenStack instance metadata: Network error: curl error: HTTP response code said error: The requested URL returned error: 404
W20260601 13:22:50.802209 30222 instance_detector.cc:116] could not retrieve AWS instance metadata: Network error: curl error: HTTP response code said error: The requested URL returned error: 404
W20260601 13:22:50.802188 30223 instance_detector.cc:116] could not retrieve Azure instance metadata: Network error: curl error: HTTP response code said error: The requested URL returned error: 404
I20260601 13:22:50.802685 27567 server_base.cc:1061] running on GCE node
I20260601 13:22:50.802898 27567 hybrid_clock.cc:584] initializing the hybrid clock with 'system_unsync' time source
W20260601 13:22:50.802955 27567 system_unsync_time.cc:38] NTP support is disabled. Clock error bounds will not be accurate. This configuration is not suitable for distributed clusters.
I20260601 13:22:50.802980 27567 hybrid_clock.cc:648] HybridClock initialized: now 1780320170802980 us; error 0 us; skew 500 ppm
I20260601 13:22:50.803900 27567 webserver.cc:533] Webserver started at http://127.26.235.194:38129/ using document root <none> and password file <none>
I20260601 13:22:50.804068 27567 fs_manager.cc:362] Metadata directory not provided
I20260601 13:22:50.804141 27567 fs_manager.cc:368] Using write-ahead log directory (fs_wal_dir) as metadata directory
I20260601 13:22:50.804215 27567 server_base.cc:909] This appears to be a new deployment of Kudu; creating new FS layout
I20260601 13:22:50.804697 27567 fs_manager.cc:1068] Generated new instance metadata in path /tmp/dist-test-taskV2doBJ/test-tmp/auto_rebalancer-test.0.AutoRebalancerTest.RangeAwareBuildClusterInfoGroupsByRange.1780320103174123-27567-0/minicluster-data/ts-1-root/instance:
uuid: "b01a36faab9c476eb2e467a239968975"
format_stamp: "Formatted at 2026-06-01 13:22:50 on dist-test-slave-j0wt"
I20260601 13:22:50.804955 30218 heartbeater.cc:344] Connected to a master server at 127.26.235.254:36221
I20260601 13:22:50.805049 30218 heartbeater.cc:461] Registering TS with master...
I20260601 13:22:50.805292 30218 heartbeater.cc:507] Master 127.26.235.254:36221 requested a full tablet report, sending...
I20260601 13:22:50.805940 30089 ts_manager.cc:194] Registered new tserver with Master: c612ca9d88c84c9d8f594acc9e5dca35 (127.26.235.193:38893)
I20260601 13:22:50.806522 27567 fs_manager.cc:696] Time spent creating directory manager: real 0.002s	user 0.001s	sys 0.000s
I20260601 13:22:50.806727 30089 master_service.cc:502] Signed X509 certificate for tserver {username='slave'} at 127.0.0.1:39334
I20260601 13:22:50.807601 30230 log_block_manager.cc:4031] Time spent loading block containers with low live blocks: real 0.000s	user 0.000s	sys 0.000s
I20260601 13:22:50.807853 27567 fs_manager.cc:730] Time spent opening block manager: real 0.001s	user 0.001s	sys 0.000s
I20260601 13:22:50.807922 27567 fs_manager.cc:647] Opened local filesystem: /tmp/dist-test-taskV2doBJ/test-tmp/auto_rebalancer-test.0.AutoRebalancerTest.RangeAwareBuildClusterInfoGroupsByRange.1780320103174123-27567-0/minicluster-data/ts-1-root
uuid: "b01a36faab9c476eb2e467a239968975"
format_stamp: "Formatted at 2026-06-01 13:22:50 on dist-test-slave-j0wt"
I20260601 13:22:50.807974 27567 fs_report.cc:389] FS layout report
--------------------
wal directory: /tmp/dist-test-taskV2doBJ/test-tmp/auto_rebalancer-test.0.AutoRebalancerTest.RangeAwareBuildClusterInfoGroupsByRange.1780320103174123-27567-0/minicluster-data/ts-1-root
metadata directory: /tmp/dist-test-taskV2doBJ/test-tmp/auto_rebalancer-test.0.AutoRebalancerTest.RangeAwareBuildClusterInfoGroupsByRange.1780320103174123-27567-0/minicluster-data/ts-1-root
1 data directories: /tmp/dist-test-taskV2doBJ/test-tmp/auto_rebalancer-test.0.AutoRebalancerTest.RangeAwareBuildClusterInfoGroupsByRange.1780320103174123-27567-0/minicluster-data/ts-1-root/data
Total live blocks: 0
Total live bytes: 0
Total live bytes (after alignment): 0
Total number of LBM containers: 0 (0 full)
Did not check for missing blocks
Did not check for orphaned blocks
Total full LBM containers with extra space: 0 (0 repaired)
Total full LBM container extra space in bytes: 0 (0 repaired)
Total incomplete LBM containers: 0 (0 repaired)
Total LBM partial records: 0 (0 repaired)
Total corrupted LBM metadata records in RocksDB: 0 (0 repaired)
I20260601 13:22:50.816404 27567 rpc_server.cc:225] running with OpenSSL 1.1.1  11 Sep 2018
I20260601 13:22:50.816783 27567 kserver.cc:163] Server-wide thread pool size limit: 3276
I20260601 13:22:50.817015 27567 txn_system_client.cc:432] TxnSystemClient initialization is disabled...
I20260601 13:22:50.817456 27567 ts_tablet_manager.cc:585] Loaded tablet metadata (0 total tablets, 0 live tablets)
I20260601 13:22:50.817494 27567 ts_tablet_manager.cc:531] Time spent load tablet metadata: real 0.000s	user 0.000s	sys 0.000s
I20260601 13:22:50.817552 27567 ts_tablet_manager.cc:616] Registered 0 tablets
I20260601 13:22:50.817597 27567 ts_tablet_manager.cc:595] Time spent register tablets: real 0.000s	user 0.000s	sys 0.000s
I20260601 13:22:50.821942 27567 rpc_server.cc:307] RPC server started. Bound to: 127.26.235.194:42821
I20260601 13:22:50.821998 30293 acceptor_pool.cc:272] collecting diagnostics on the listening RPC socket 127.26.235.194:42821 every 8 connection(s)
I20260601 13:22:50.822717 27567 file_cache.cc:492] Constructed file cache file cache with capacity 419430
W20260601 13:22:50.824599 30298 instance_detector.cc:116] could not retrieve Azure instance metadata: Network error: curl error: HTTP response code said error: The requested URL returned error: 404
W20260601 13:22:50.824756 30297 instance_detector.cc:116] could not retrieve AWS instance metadata: Network error: curl error: HTTP response code said error: The requested URL returned error: 404
I20260601 13:22:50.825228 27567 server_base.cc:1061] running on GCE node
W20260601 13:22:50.825240 30300 instance_detector.cc:116] could not retrieve OpenStack instance metadata: Network error: curl error: HTTP response code said error: The requested URL returned error: 404
I20260601 13:22:50.825472 27567 hybrid_clock.cc:584] initializing the hybrid clock with 'system_unsync' time source
W20260601 13:22:50.825532 27567 system_unsync_time.cc:38] NTP support is disabled. Clock error bounds will not be accurate. This configuration is not suitable for distributed clusters.
I20260601 13:22:50.825570 27567 hybrid_clock.cc:648] HybridClock initialized: now 1780320170825570 us; error 0 us; skew 500 ppm
I20260601 13:22:50.826503 27567 webserver.cc:533] Webserver started at http://127.26.235.195:46865/ using document root <none> and password file <none>
I20260601 13:22:50.826675 27567 fs_manager.cc:362] Metadata directory not provided
I20260601 13:22:50.826746 27567 fs_manager.cc:368] Using write-ahead log directory (fs_wal_dir) as metadata directory
I20260601 13:22:50.826829 27567 server_base.cc:909] This appears to be a new deployment of Kudu; creating new FS layout
I20260601 13:22:50.827296 27567 fs_manager.cc:1068] Generated new instance metadata in path /tmp/dist-test-taskV2doBJ/test-tmp/auto_rebalancer-test.0.AutoRebalancerTest.RangeAwareBuildClusterInfoGroupsByRange.1780320103174123-27567-0/minicluster-data/ts-2-root/instance:
uuid: "9794c4fd35e54e6d81161e19f7396410"
format_stamp: "Formatted at 2026-06-01 13:22:50 on dist-test-slave-j0wt"
I20260601 13:22:50.827353 30294 heartbeater.cc:344] Connected to a master server at 127.26.235.254:36221
I20260601 13:22:50.827438 30294 heartbeater.cc:461] Registering TS with master...
I20260601 13:22:50.827637 30294 heartbeater.cc:507] Master 127.26.235.254:36221 requested a full tablet report, sending...
I20260601 13:22:50.828290 30089 ts_manager.cc:194] Registered new tserver with Master: b01a36faab9c476eb2e467a239968975 (127.26.235.194:42821)
I20260601 13:22:50.828984 30089 master_service.cc:502] Signed X509 certificate for tserver {username='slave'} at 127.0.0.1:39346
I20260601 13:22:50.829054 27567 fs_manager.cc:696] Time spent creating directory manager: real 0.002s	user 0.000s	sys 0.002s
I20260601 13:22:50.829909 30305 log_block_manager.cc:4031] Time spent loading block containers with low live blocks: real 0.000s	user 0.000s	sys 0.000s
I20260601 13:22:50.830165 27567 fs_manager.cc:730] Time spent opening block manager: real 0.001s	user 0.000s	sys 0.001s
I20260601 13:22:50.830225 27567 fs_manager.cc:647] Opened local filesystem: /tmp/dist-test-taskV2doBJ/test-tmp/auto_rebalancer-test.0.AutoRebalancerTest.RangeAwareBuildClusterInfoGroupsByRange.1780320103174123-27567-0/minicluster-data/ts-2-root
uuid: "9794c4fd35e54e6d81161e19f7396410"
format_stamp: "Formatted at 2026-06-01 13:22:50 on dist-test-slave-j0wt"
I20260601 13:22:50.830312 27567 fs_report.cc:389] FS layout report
--------------------
wal directory: /tmp/dist-test-taskV2doBJ/test-tmp/auto_rebalancer-test.0.AutoRebalancerTest.RangeAwareBuildClusterInfoGroupsByRange.1780320103174123-27567-0/minicluster-data/ts-2-root
metadata directory: /tmp/dist-test-taskV2doBJ/test-tmp/auto_rebalancer-test.0.AutoRebalancerTest.RangeAwareBuildClusterInfoGroupsByRange.1780320103174123-27567-0/minicluster-data/ts-2-root
1 data directories: /tmp/dist-test-taskV2doBJ/test-tmp/auto_rebalancer-test.0.AutoRebalancerTest.RangeAwareBuildClusterInfoGroupsByRange.1780320103174123-27567-0/minicluster-data/ts-2-root/data
Total live blocks: 0
Total live bytes: 0
Total live bytes (after alignment): 0
Total number of LBM containers: 0 (0 full)
Did not check for missing blocks
Did not check for orphaned blocks
Total full LBM containers with extra space: 0 (0 repaired)
Total full LBM container extra space in bytes: 0 (0 repaired)
Total incomplete LBM containers: 0 (0 repaired)
Total LBM partial records: 0 (0 repaired)
Total corrupted LBM metadata records in RocksDB: 0 (0 repaired)
I20260601 13:22:50.835371 27567 rpc_server.cc:225] running with OpenSSL 1.1.1  11 Sep 2018
I20260601 13:22:50.835747 27567 kserver.cc:163] Server-wide thread pool size limit: 3276
I20260601 13:22:50.836036 27567 txn_system_client.cc:432] TxnSystemClient initialization is disabled...
I20260601 13:22:50.836519 27567 ts_tablet_manager.cc:585] Loaded tablet metadata (0 total tablets, 0 live tablets)
