I20260601 13:38:19.018949 17246 consensus_queue.cc:260] T 77c2650194af4d2799eaf2d803a61f5d P 71d498f27cf94ff5ad43842631ad0f13 [NON_LEADER]: Queue going to NON_LEADER mode. State: All replicated index: 0, Majority replicated index: 0, Committed index: 0, Last appended: 0.0, Last appended by leader: 0, Current term: 0, Majority size: -1, State: 0, Mode: NON_LEADER, active raft config: opid_index: -1 OBSOLETE_local: false peers { permanent_uuid: "71d498f27cf94ff5ad43842631ad0f13" member_type: VOTER last_known_addr { host: "127.14.27.193" port: 46655 } } peers { permanent_uuid: "267bc9be2a944bd2829d790ef8df1211" member_type: VOTER last_known_addr { host: "127.14.27.195" port: 38129 } } peers { permanent_uuid: "4dc1f754665848a48f528a90256e43be" member_type: VOTER last_known_addr { host: "127.14.27.194" port: 34277 } }
I20260601 13:38:19.019304 17246 ts_tablet_manager.cc:1434] T 77c2650194af4d2799eaf2d803a61f5d P 71d498f27cf94ff5ad43842631ad0f13: Time spent starting tablet: real 0.001s	user 0.001s	sys 0.000s
I20260601 13:38:19.019601 17251 tablet_bootstrap.cc:654] T 4368a5f5043b4d4593a477c9979e79e6 P 4dc1f754665848a48f528a90256e43be: Neither blocks nor log segments found. Creating new log.
I20260601 13:38:19.019974 17247 tablet_bootstrap.cc:654] T 73df4589d25b4786b75a4e4da999c121 P 267bc9be2a944bd2829d790ef8df1211: Neither blocks nor log segments found. Creating new log.
I20260601 13:38:19.020840 17251 tablet_bootstrap.cc:492] T 4368a5f5043b4d4593a477c9979e79e6 P 4dc1f754665848a48f528a90256e43be: No bootstrap required, opened a new log
I20260601 13:38:19.020924 17246 tablet_bootstrap.cc:492] T 6ea254c370bf43afaa4198163f3544b1 P 71d498f27cf94ff5ad43842631ad0f13: Bootstrap starting.
I20260601 13:38:19.020938 17251 ts_tablet_manager.cc:1403] T 4368a5f5043b4d4593a477c9979e79e6 P 4dc1f754665848a48f528a90256e43be: Time spent bootstrapping tablet: real 0.002s	user 0.002s	sys 0.000s
I20260601 13:38:19.021286 17251 raft_consensus.cc:359] T 4368a5f5043b4d4593a477c9979e79e6 P 4dc1f754665848a48f528a90256e43be [term 0 FOLLOWER]: Replica starting. Triggering 0 pending ops. Active config: opid_index: -1 OBSOLETE_local: false peers { permanent_uuid: "71d498f27cf94ff5ad43842631ad0f13" member_type: VOTER last_known_addr { host: "127.14.27.193" port: 46655 } } peers { permanent_uuid: "4dc1f754665848a48f528a90256e43be" member_type: VOTER last_known_addr { host: "127.14.27.194" port: 34277 } } peers { permanent_uuid: "267bc9be2a944bd2829d790ef8df1211" member_type: VOTER last_known_addr { host: "127.14.27.195" port: 38129 } }
I20260601 13:38:19.021355 17251 raft_consensus.cc:385] T 4368a5f5043b4d4593a477c9979e79e6 P 4dc1f754665848a48f528a90256e43be [term 0 FOLLOWER]: Consensus starting up: Expiring failure detector timer to make a prompt election more likely
I20260601 13:38:19.021375 17251 raft_consensus.cc:740] T 4368a5f5043b4d4593a477c9979e79e6 P 4dc1f754665848a48f528a90256e43be [term 0 FOLLOWER]: Becoming Follower/Learner. State: Replica: 4dc1f754665848a48f528a90256e43be, State: Initialized, Role: FOLLOWER
I20260601 13:38:19.021505 17251 consensus_queue.cc:260] T 4368a5f5043b4d4593a477c9979e79e6 P 4dc1f754665848a48f528a90256e43be [NON_LEADER]: Queue going to NON_LEADER mode. State: All replicated index: 0, Majority replicated index: 0, Committed index: 0, Last appended: 0.0, Last appended by leader: 0, Current term: 0, Majority size: -1, State: 0, Mode: NON_LEADER, active raft config: opid_index: -1 OBSOLETE_local: false peers { permanent_uuid: "71d498f27cf94ff5ad43842631ad0f13" member_type: VOTER last_known_addr { host: "127.14.27.193" port: 46655 } } peers { permanent_uuid: "4dc1f754665848a48f528a90256e43be" member_type: VOTER last_known_addr { host: "127.14.27.194" port: 34277 } } peers { permanent_uuid: "267bc9be2a944bd2829d790ef8df1211" member_type: VOTER last_known_addr { host: "127.14.27.195" port: 38129 } }
I20260601 13:38:19.021881 17251 ts_tablet_manager.cc:1434] T 4368a5f5043b4d4593a477c9979e79e6 P 4dc1f754665848a48f528a90256e43be: Time spent starting tablet: real 0.001s	user 0.001s	sys 0.000s
I20260601 13:38:19.022117 17251 tablet_bootstrap.cc:492] T 77c2650194af4d2799eaf2d803a61f5d P 4dc1f754665848a48f528a90256e43be: Bootstrap starting.
I20260601 13:38:19.022300 17247 tablet_bootstrap.cc:492] T 73df4589d25b4786b75a4e4da999c121 P 267bc9be2a944bd2829d790ef8df1211: No bootstrap required, opened a new log
I20260601 13:38:19.021927 17246 tablet_bootstrap.cc:654] T 6ea254c370bf43afaa4198163f3544b1 P 71d498f27cf94ff5ad43842631ad0f13: Neither blocks nor log segments found. Creating new log.
I20260601 13:38:19.022992 17247 ts_tablet_manager.cc:1403] T 73df4589d25b4786b75a4e4da999c121 P 267bc9be2a944bd2829d790ef8df1211: Time spent bootstrapping tablet: real 0.008s	user 0.002s	sys 0.000s
I20260601 13:38:19.023236 17251 tablet_bootstrap.cc:654] T 77c2650194af4d2799eaf2d803a61f5d P 4dc1f754665848a48f528a90256e43be: Neither blocks nor log segments found. Creating new log.
I20260601 13:38:19.023530 17247 raft_consensus.cc:359] T 73df4589d25b4786b75a4e4da999c121 P 267bc9be2a944bd2829d790ef8df1211 [term 0 FOLLOWER]: Replica starting. Triggering 0 pending ops. Active config: opid_index: -1 OBSOLETE_local: false peers { permanent_uuid: "71d498f27cf94ff5ad43842631ad0f13" member_type: VOTER last_known_addr { host: "127.14.27.193" port: 46655 } } peers { permanent_uuid: "4dc1f754665848a48f528a90256e43be" member_type: VOTER last_known_addr { host: "127.14.27.194" port: 34277 } } peers { permanent_uuid: "267bc9be2a944bd2829d790ef8df1211" member_type: VOTER last_known_addr { host: "127.14.27.195" port: 38129 } }
I20260601 13:38:19.023679 17247 raft_consensus.cc:385] T 73df4589d25b4786b75a4e4da999c121 P 267bc9be2a944bd2829d790ef8df1211 [term 0 FOLLOWER]: Consensus starting up: Expiring failure detector timer to make a prompt election more likely
I20260601 13:38:19.023767 17247 raft_consensus.cc:740] T 73df4589d25b4786b75a4e4da999c121 P 267bc9be2a944bd2829d790ef8df1211 [term 0 FOLLOWER]: Becoming Follower/Learner. State: Replica: 267bc9be2a944bd2829d790ef8df1211, State: Initialized, Role: FOLLOWER
I20260601 13:38:19.023947 17247 consensus_queue.cc:260] T 73df4589d25b4786b75a4e4da999c121 P 267bc9be2a944bd2829d790ef8df1211 [NON_LEADER]: Queue going to NON_LEADER mode. State: All replicated index: 0, Majority replicated index: 0, Committed index: 0, Last appended: 0.0, Last appended by leader: 0, Current term: 0, Majority size: -1, State: 0, Mode: NON_LEADER, active raft config: opid_index: -1 OBSOLETE_local: false peers { permanent_uuid: "71d498f27cf94ff5ad43842631ad0f13" member_type: VOTER last_known_addr { host: "127.14.27.193" port: 46655 } } peers { permanent_uuid: "4dc1f754665848a48f528a90256e43be" member_type: VOTER last_known_addr { host: "127.14.27.194" port: 34277 } } peers { permanent_uuid: "267bc9be2a944bd2829d790ef8df1211" member_type: VOTER last_known_addr { host: "127.14.27.195" port: 38129 } }
I20260601 13:38:19.024422 17246 tablet_bootstrap.cc:492] T 6ea254c370bf43afaa4198163f3544b1 P 71d498f27cf94ff5ad43842631ad0f13: No bootstrap required, opened a new log
I20260601 13:38:19.024595 17246 ts_tablet_manager.cc:1403] T 6ea254c370bf43afaa4198163f3544b1 P 71d498f27cf94ff5ad43842631ad0f13: Time spent bootstrapping tablet: real 0.004s	user 0.002s	sys 0.000s
I20260601 13:38:19.024797 17251 tablet_bootstrap.cc:492] T 77c2650194af4d2799eaf2d803a61f5d P 4dc1f754665848a48f528a90256e43be: No bootstrap required, opened a new log
I20260601 13:38:19.024885 17251 ts_tablet_manager.cc:1403] T 77c2650194af4d2799eaf2d803a61f5d P 4dc1f754665848a48f528a90256e43be: Time spent bootstrapping tablet: real 0.003s	user 0.002s	sys 0.000s
I20260601 13:38:19.025070 17246 raft_consensus.cc:359] T 6ea254c370bf43afaa4198163f3544b1 P 71d498f27cf94ff5ad43842631ad0f13 [term 0 FOLLOWER]: Replica starting. Triggering 0 pending ops. Active config: opid_index: -1 OBSOLETE_local: false peers { permanent_uuid: "71d498f27cf94ff5ad43842631ad0f13" member_type: VOTER last_known_addr { host: "127.14.27.193" port: 46655 } } peers { permanent_uuid: "4dc1f754665848a48f528a90256e43be" member_type: VOTER last_known_addr { host: "127.14.27.194" port: 34277 } } peers { permanent_uuid: "267bc9be2a944bd2829d790ef8df1211" member_type: VOTER last_known_addr { host: "127.14.27.195" port: 38129 } }
I20260601 13:38:19.025231 17246 raft_consensus.cc:385] T 6ea254c370bf43afaa4198163f3544b1 P 71d498f27cf94ff5ad43842631ad0f13 [term 0 FOLLOWER]: Consensus starting up: Expiring failure detector timer to make a prompt election more likely
I20260601 13:38:19.025305 17246 raft_consensus.cc:740] T 6ea254c370bf43afaa4198163f3544b1 P 71d498f27cf94ff5ad43842631ad0f13 [term 0 FOLLOWER]: Becoming Follower/Learner. State: Replica: 71d498f27cf94ff5ad43842631ad0f13, State: Initialized, Role: FOLLOWER
I20260601 13:38:19.025310 17247 ts_tablet_manager.cc:1434] T 73df4589d25b4786b75a4e4da999c121 P 267bc9be2a944bd2829d790ef8df1211: Time spent starting tablet: real 0.002s	user 0.001s	sys 0.000s
I20260601 13:38:19.025338 17251 raft_consensus.cc:359] T 77c2650194af4d2799eaf2d803a61f5d P 4dc1f754665848a48f528a90256e43be [term 0 FOLLOWER]: Replica starting. Triggering 0 pending ops. Active config: opid_index: -1 OBSOLETE_local: false peers { permanent_uuid: "71d498f27cf94ff5ad43842631ad0f13" member_type: VOTER last_known_addr { host: "127.14.27.193" port: 46655 } } peers { permanent_uuid: "267bc9be2a944bd2829d790ef8df1211" member_type: VOTER last_known_addr { host: "127.14.27.195" port: 38129 } } peers { permanent_uuid: "4dc1f754665848a48f528a90256e43be" member_type: VOTER last_known_addr { host: "127.14.27.194" port: 34277 } }
I20260601 13:38:19.025509 17251 raft_consensus.cc:385] T 77c2650194af4d2799eaf2d803a61f5d P 4dc1f754665848a48f528a90256e43be [term 0 FOLLOWER]: Consensus starting up: Expiring failure detector timer to make a prompt election more likely
I20260601 13:38:19.025589 17251 raft_consensus.cc:740] T 77c2650194af4d2799eaf2d803a61f5d P 4dc1f754665848a48f528a90256e43be [term 0 FOLLOWER]: Becoming Follower/Learner. State: Replica: 4dc1f754665848a48f528a90256e43be, State: Initialized, Role: FOLLOWER
I20260601 13:38:19.025628 17247 tablet_bootstrap.cc:492] T 4368a5f5043b4d4593a477c9979e79e6 P 267bc9be2a944bd2829d790ef8df1211: Bootstrap starting.
I20260601 13:38:19.025701 17251 consensus_queue.cc:260] T 77c2650194af4d2799eaf2d803a61f5d P 4dc1f754665848a48f528a90256e43be [NON_LEADER]: Queue going to NON_LEADER mode. State: All replicated index: 0, Majority replicated index: 0, Committed index: 0, Last appended: 0.0, Last appended by leader: 0, Current term: 0, Majority size: -1, State: 0, Mode: NON_LEADER, active raft config: opid_index: -1 OBSOLETE_local: false peers { permanent_uuid: "71d498f27cf94ff5ad43842631ad0f13" member_type: VOTER last_known_addr { host: "127.14.27.193" port: 46655 } } peers { permanent_uuid: "267bc9be2a944bd2829d790ef8df1211" member_type: VOTER last_known_addr { host: "127.14.27.195" port: 38129 } } peers { permanent_uuid: "4dc1f754665848a48f528a90256e43be" member_type: VOTER last_known_addr { host: "127.14.27.194" port: 34277 } }
I20260601 13:38:19.026018 17251 ts_tablet_manager.cc:1434] T 77c2650194af4d2799eaf2d803a61f5d P 4dc1f754665848a48f528a90256e43be: Time spent starting tablet: real 0.001s	user 0.001s	sys 0.000s
I20260601 13:38:19.026207 17251 tablet_bootstrap.cc:492] T 6ea254c370bf43afaa4198163f3544b1 P 4dc1f754665848a48f528a90256e43be: Bootstrap starting.
I20260601 13:38:19.027158 17247 tablet_bootstrap.cc:654] T 4368a5f5043b4d4593a477c9979e79e6 P 267bc9be2a944bd2829d790ef8df1211: Neither blocks nor log segments found. Creating new log.
I20260601 13:38:19.027231 17251 tablet_bootstrap.cc:654] T 6ea254c370bf43afaa4198163f3544b1 P 4dc1f754665848a48f528a90256e43be: Neither blocks nor log segments found. Creating new log.
I20260601 13:38:19.025501 17246 consensus_queue.cc:260] T 6ea254c370bf43afaa4198163f3544b1 P 71d498f27cf94ff5ad43842631ad0f13 [NON_LEADER]: Queue going to NON_LEADER mode. State: All replicated index: 0, Majority replicated index: 0, Committed index: 0, Last appended: 0.0, Last appended by leader: 0, Current term: 0, Majority size: -1, State: 0, Mode: NON_LEADER, active raft config: opid_index: -1 OBSOLETE_local: false peers { permanent_uuid: "71d498f27cf94ff5ad43842631ad0f13" member_type: VOTER last_known_addr { host: "127.14.27.193" port: 46655 } } peers { permanent_uuid: "4dc1f754665848a48f528a90256e43be" member_type: VOTER last_known_addr { host: "127.14.27.194" port: 34277 } } peers { permanent_uuid: "267bc9be2a944bd2829d790ef8df1211" member_type: VOTER last_known_addr { host: "127.14.27.195" port: 38129 } }
I20260601 13:38:19.027549 17246 ts_tablet_manager.cc:1434] T 6ea254c370bf43afaa4198163f3544b1 P 71d498f27cf94ff5ad43842631ad0f13: Time spent starting tablet: real 0.003s	user 0.001s	sys 0.000s
I20260601 13:38:19.027709 17246 tablet_bootstrap.cc:492] T 73df4589d25b4786b75a4e4da999c121 P 71d498f27cf94ff5ad43842631ad0f13: Bootstrap starting.
I20260601 13:38:19.028774 17246 tablet_bootstrap.cc:654] T 73df4589d25b4786b75a4e4da999c121 P 71d498f27cf94ff5ad43842631ad0f13: Neither blocks nor log segments found. Creating new log.
I20260601 13:38:19.029039 17251 tablet_bootstrap.cc:492] T 6ea254c370bf43afaa4198163f3544b1 P 4dc1f754665848a48f528a90256e43be: No bootstrap required, opened a new log
I20260601 13:38:19.029124 17251 ts_tablet_manager.cc:1403] T 6ea254c370bf43afaa4198163f3544b1 P 4dc1f754665848a48f528a90256e43be: Time spent bootstrapping tablet: real 0.003s	user 0.002s	sys 0.000s
I20260601 13:38:19.029201 17247 tablet_bootstrap.cc:492] T 4368a5f5043b4d4593a477c9979e79e6 P 267bc9be2a944bd2829d790ef8df1211: No bootstrap required, opened a new log
I20260601 13:38:19.029270 17247 ts_tablet_manager.cc:1403] T 4368a5f5043b4d4593a477c9979e79e6 P 267bc9be2a944bd2829d790ef8df1211: Time spent bootstrapping tablet: real 0.004s	user 0.002s	sys 0.000s
I20260601 13:38:19.029531 17251 raft_consensus.cc:359] T 6ea254c370bf43afaa4198163f3544b1 P 4dc1f754665848a48f528a90256e43be [term 0 FOLLOWER]: Replica starting. Triggering 0 pending ops. Active config: opid_index: -1 OBSOLETE_local: false peers { permanent_uuid: "71d498f27cf94ff5ad43842631ad0f13" member_type: VOTER last_known_addr { host: "127.14.27.193" port: 46655 } } peers { permanent_uuid: "4dc1f754665848a48f528a90256e43be" member_type: VOTER last_known_addr { host: "127.14.27.194" port: 34277 } } peers { permanent_uuid: "267bc9be2a944bd2829d790ef8df1211" member_type: VOTER last_known_addr { host: "127.14.27.195" port: 38129 } }
I20260601 13:38:19.029623 17247 raft_consensus.cc:359] T 4368a5f5043b4d4593a477c9979e79e6 P 267bc9be2a944bd2829d790ef8df1211 [term 0 FOLLOWER]: Replica starting. Triggering 0 pending ops. Active config: opid_index: -1 OBSOLETE_local: false peers { permanent_uuid: "71d498f27cf94ff5ad43842631ad0f13" member_type: VOTER last_known_addr { host: "127.14.27.193" port: 46655 } } peers { permanent_uuid: "4dc1f754665848a48f528a90256e43be" member_type: VOTER last_known_addr { host: "127.14.27.194" port: 34277 } } peers { permanent_uuid: "267bc9be2a944bd2829d790ef8df1211" member_type: VOTER last_known_addr { host: "127.14.27.195" port: 38129 } }
I20260601 13:38:19.029776 17247 raft_consensus.cc:385] T 4368a5f5043b4d4593a477c9979e79e6 P 267bc9be2a944bd2829d790ef8df1211 [term 0 FOLLOWER]: Consensus starting up: Expiring failure detector timer to make a prompt election more likely
I20260601 13:38:19.029822 17247 raft_consensus.cc:740] T 4368a5f5043b4d4593a477c9979e79e6 P 267bc9be2a944bd2829d790ef8df1211 [term 0 FOLLOWER]: Becoming Follower/Learner. State: Replica: 267bc9be2a944bd2829d790ef8df1211, State: Initialized, Role: FOLLOWER
I20260601 13:38:19.029901 17246 tablet_bootstrap.cc:492] T 73df4589d25b4786b75a4e4da999c121 P 71d498f27cf94ff5ad43842631ad0f13: No bootstrap required, opened a new log
I20260601 13:38:19.029989 17246 ts_tablet_manager.cc:1403] T 73df4589d25b4786b75a4e4da999c121 P 71d498f27cf94ff5ad43842631ad0f13: Time spent bootstrapping tablet: real 0.002s	user 0.000s	sys 0.002s
I20260601 13:38:19.029953 17247 consensus_queue.cc:260] T 4368a5f5043b4d4593a477c9979e79e6 P 267bc9be2a944bd2829d790ef8df1211 [NON_LEADER]: Queue going to NON_LEADER mode. State: All replicated index: 0, Majority replicated index: 0, Committed index: 0, Last appended: 0.0, Last appended by leader: 0, Current term: 0, Majority size: -1, State: 0, Mode: NON_LEADER, active raft config: opid_index: -1 OBSOLETE_local: false peers { permanent_uuid: "71d498f27cf94ff5ad43842631ad0f13" member_type: VOTER last_known_addr { host: "127.14.27.193" port: 46655 } } peers { permanent_uuid: "4dc1f754665848a48f528a90256e43be" member_type: VOTER last_known_addr { host: "127.14.27.194" port: 34277 } } peers { permanent_uuid: "267bc9be2a944bd2829d790ef8df1211" member_type: VOTER last_known_addr { host: "127.14.27.195" port: 38129 } }
I20260601 13:38:19.029621 17251 raft_consensus.cc:385] T 6ea254c370bf43afaa4198163f3544b1 P 4dc1f754665848a48f528a90256e43be [term 0 FOLLOWER]: Consensus starting up: Expiring failure detector timer to make a prompt election more likely
I20260601 13:38:19.030475 17251 raft_consensus.cc:740] T 6ea254c370bf43afaa4198163f3544b1 P 4dc1f754665848a48f528a90256e43be [term 0 FOLLOWER]: Becoming Follower/Learner. State: Replica: 4dc1f754665848a48f528a90256e43be, State: Initialized, Role: FOLLOWER
I20260601 13:38:19.030411 17246 raft_consensus.cc:359] T 73df4589d25b4786b75a4e4da999c121 P 71d498f27cf94ff5ad43842631ad0f13 [term 0 FOLLOWER]: Replica starting. Triggering 0 pending ops. Active config: opid_index: -1 OBSOLETE_local: false peers { permanent_uuid: "71d498f27cf94ff5ad43842631ad0f13" member_type: VOTER last_known_addr { host: "127.14.27.193" port: 46655 } } peers { permanent_uuid: "4dc1f754665848a48f528a90256e43be" member_type: VOTER last_known_addr { host: "127.14.27.194" port: 34277 } } peers { permanent_uuid: "267bc9be2a944bd2829d790ef8df1211" member_type: VOTER last_known_addr { host: "127.14.27.195" port: 38129 } }
I20260601 13:38:19.030529 17246 raft_consensus.cc:385] T 73df4589d25b4786b75a4e4da999c121 P 71d498f27cf94ff5ad43842631ad0f13 [term 0 FOLLOWER]: Consensus starting up: Expiring failure detector timer to make a prompt election more likely
I20260601 13:38:19.030561 17246 raft_consensus.cc:740] T 73df4589d25b4786b75a4e4da999c121 P 71d498f27cf94ff5ad43842631ad0f13 [term 0 FOLLOWER]: Becoming Follower/Learner. State: Replica: 71d498f27cf94ff5ad43842631ad0f13, State: Initialized, Role: FOLLOWER
I20260601 13:38:19.030593 17251 consensus_queue.cc:260] T 6ea254c370bf43afaa4198163f3544b1 P 4dc1f754665848a48f528a90256e43be [NON_LEADER]: Queue going to NON_LEADER mode. State: All replicated index: 0, Majority replicated index: 0, Committed index: 0, Last appended: 0.0, Last appended by leader: 0, Current term: 0, Majority size: -1, State: 0, Mode: NON_LEADER, active raft config: opid_index: -1 OBSOLETE_local: false peers { permanent_uuid: "71d498f27cf94ff5ad43842631ad0f13" member_type: VOTER last_known_addr { host: "127.14.27.193" port: 46655 } } peers { permanent_uuid: "4dc1f754665848a48f528a90256e43be" member_type: VOTER last_known_addr { host: "127.14.27.194" port: 34277 } } peers { permanent_uuid: "267bc9be2a944bd2829d790ef8df1211" member_type: VOTER last_known_addr { host: "127.14.27.195" port: 38129 } }
I20260601 13:38:19.030660 17246 consensus_queue.cc:260] T 73df4589d25b4786b75a4e4da999c121 P 71d498f27cf94ff5ad43842631ad0f13 [NON_LEADER]: Queue going to NON_LEADER mode. State: All replicated index: 0, Majority replicated index: 0, Committed index: 0, Last appended: 0.0, Last appended by leader: 0, Current term: 0, Majority size: -1, State: 0, Mode: NON_LEADER, active raft config: opid_index: -1 OBSOLETE_local: false peers { permanent_uuid: "71d498f27cf94ff5ad43842631ad0f13" member_type: VOTER last_known_addr { host: "127.14.27.193" port: 46655 } } peers { permanent_uuid: "4dc1f754665848a48f528a90256e43be" member_type: VOTER last_known_addr { host: "127.14.27.194" port: 34277 } } peers { permanent_uuid: "267bc9be2a944bd2829d790ef8df1211" member_type: VOTER last_known_addr { host: "127.14.27.195" port: 38129 } }
I20260601 13:38:19.030834 17251 ts_tablet_manager.cc:1434] T 6ea254c370bf43afaa4198163f3544b1 P 4dc1f754665848a48f528a90256e43be: Time spent starting tablet: real 0.002s	user 0.001s	sys 0.000s
I20260601 13:38:19.030870 17246 ts_tablet_manager.cc:1434] T 73df4589d25b4786b75a4e4da999c121 P 71d498f27cf94ff5ad43842631ad0f13: Time spent starting tablet: real 0.001s	user 0.000s	sys 0.001s
I20260601 13:38:19.030983 17251 tablet_bootstrap.cc:492] T 73df4589d25b4786b75a4e4da999c121 P 4dc1f754665848a48f528a90256e43be: Bootstrap starting.
I20260601 13:38:19.032020 17251 tablet_bootstrap.cc:654] T 73df4589d25b4786b75a4e4da999c121 P 4dc1f754665848a48f528a90256e43be: Neither blocks nor log segments found. Creating new log.
I20260601 13:38:19.030985 17246 tablet_bootstrap.cc:492] T 4368a5f5043b4d4593a477c9979e79e6 P 71d498f27cf94ff5ad43842631ad0f13: Bootstrap starting.
I20260601 13:38:19.033093 17251 tablet_bootstrap.cc:492] T 73df4589d25b4786b75a4e4da999c121 P 4dc1f754665848a48f528a90256e43be: No bootstrap required, opened a new log
I20260601 13:38:19.033159 17251 ts_tablet_manager.cc:1403] T 73df4589d25b4786b75a4e4da999c121 P 4dc1f754665848a48f528a90256e43be: Time spent bootstrapping tablet: real 0.002s	user 0.002s	sys 0.000s
I20260601 13:38:19.033435 17246 tablet_bootstrap.cc:654] T 4368a5f5043b4d4593a477c9979e79e6 P 71d498f27cf94ff5ad43842631ad0f13: Neither blocks nor log segments found. Creating new log.
I20260601 13:38:19.033469 17251 raft_consensus.cc:359] T 73df4589d25b4786b75a4e4da999c121 P 4dc1f754665848a48f528a90256e43be [term 0 FOLLOWER]: Replica starting. Triggering 0 pending ops. Active config: opid_index: -1 OBSOLETE_local: false peers { permanent_uuid: "71d498f27cf94ff5ad43842631ad0f13" member_type: VOTER last_known_addr { host: "127.14.27.193" port: 46655 } } peers { permanent_uuid: "4dc1f754665848a48f528a90256e43be" member_type: VOTER last_known_addr { host: "127.14.27.194" port: 34277 } } peers { permanent_uuid: "267bc9be2a944bd2829d790ef8df1211" member_type: VOTER last_known_addr { host: "127.14.27.195" port: 38129 } }
I20260601 13:38:19.033533 17251 raft_consensus.cc:385] T 73df4589d25b4786b75a4e4da999c121 P 4dc1f754665848a48f528a90256e43be [term 0 FOLLOWER]: Consensus starting up: Expiring failure detector timer to make a prompt election more likely
I20260601 13:38:19.033553 17251 raft_consensus.cc:740] T 73df4589d25b4786b75a4e4da999c121 P 4dc1f754665848a48f528a90256e43be [term 0 FOLLOWER]: Becoming Follower/Learner. State: Replica: 4dc1f754665848a48f528a90256e43be, State: Initialized, Role: FOLLOWER
I20260601 13:38:19.033639 17251 consensus_queue.cc:260] T 73df4589d25b4786b75a4e4da999c121 P 4dc1f754665848a48f528a90256e43be [NON_LEADER]: Queue going to NON_LEADER mode. State: All replicated index: 0, Majority replicated index: 0, Committed index: 0, Last appended: 0.0, Last appended by leader: 0, Current term: 0, Majority size: -1, State: 0, Mode: NON_LEADER, active raft config: opid_index: -1 OBSOLETE_local: false peers { permanent_uuid: "71d498f27cf94ff5ad43842631ad0f13" member_type: VOTER last_known_addr { host: "127.14.27.193" port: 46655 } } peers { permanent_uuid: "4dc1f754665848a48f528a90256e43be" member_type: VOTER last_known_addr { host: "127.14.27.194" port: 34277 } } peers { permanent_uuid: "267bc9be2a944bd2829d790ef8df1211" member_type: VOTER last_known_addr { host: "127.14.27.195" port: 38129 } }
I20260601 13:38:19.033803 17251 ts_tablet_manager.cc:1434] T 73df4589d25b4786b75a4e4da999c121 P 4dc1f754665848a48f528a90256e43be: Time spent starting tablet: real 0.001s	user 0.000s	sys 0.000s
I20260601 13:38:19.034415 17247 ts_tablet_manager.cc:1434] T 4368a5f5043b4d4593a477c9979e79e6 P 267bc9be2a944bd2829d790ef8df1211: Time spent starting tablet: real 0.005s	user 0.001s	sys 0.000s
I20260601 13:38:19.034641 17247 tablet_bootstrap.cc:492] T 6ea254c370bf43afaa4198163f3544b1 P 267bc9be2a944bd2829d790ef8df1211: Bootstrap starting.
I20260601 13:38:19.035691 17247 tablet_bootstrap.cc:654] T 6ea254c370bf43afaa4198163f3544b1 P 267bc9be2a944bd2829d790ef8df1211: Neither blocks nor log segments found. Creating new log.
I20260601 13:38:19.036141 17246 tablet_bootstrap.cc:492] T 4368a5f5043b4d4593a477c9979e79e6 P 71d498f27cf94ff5ad43842631ad0f13: No bootstrap required, opened a new log
I20260601 13:38:19.036276 17246 ts_tablet_manager.cc:1403] T 4368a5f5043b4d4593a477c9979e79e6 P 71d498f27cf94ff5ad43842631ad0f13: Time spent bootstrapping tablet: real 0.005s	user 0.000s	sys 0.002s
I20260601 13:38:19.036660 17246 raft_consensus.cc:359] T 4368a5f5043b4d4593a477c9979e79e6 P 71d498f27cf94ff5ad43842631ad0f13 [term 0 FOLLOWER]: Replica starting. Triggering 0 pending ops. Active config: opid_index: -1 OBSOLETE_local: false peers { permanent_uuid: "71d498f27cf94ff5ad43842631ad0f13" member_type: VOTER last_known_addr { host: "127.14.27.193" port: 46655 } } peers { permanent_uuid: "4dc1f754665848a48f528a90256e43be" member_type: VOTER last_known_addr { host: "127.14.27.194" port: 34277 } } peers { permanent_uuid: "267bc9be2a944bd2829d790ef8df1211" member_type: VOTER last_known_addr { host: "127.14.27.195" port: 38129 } }
I20260601 13:38:19.036764 17246 raft_consensus.cc:385] T 4368a5f5043b4d4593a477c9979e79e6 P 71d498f27cf94ff5ad43842631ad0f13 [term 0 FOLLOWER]: Consensus starting up: Expiring failure detector timer to make a prompt election more likely
I20260601 13:38:19.036772 17247 tablet_bootstrap.cc:492] T 6ea254c370bf43afaa4198163f3544b1 P 267bc9be2a944bd2829d790ef8df1211: No bootstrap required, opened a new log
I20260601 13:38:19.036867 17246 raft_consensus.cc:740] T 4368a5f5043b4d4593a477c9979e79e6 P 71d498f27cf94ff5ad43842631ad0f13 [term 0 FOLLOWER]: Becoming Follower/Learner. State: Replica: 71d498f27cf94ff5ad43842631ad0f13, State: Initialized, Role: FOLLOWER
I20260601 13:38:19.036923 17247 ts_tablet_manager.cc:1403] T 6ea254c370bf43afaa4198163f3544b1 P 267bc9be2a944bd2829d790ef8df1211: Time spent bootstrapping tablet: real 0.002s	user 0.000s	sys 0.002s
I20260601 13:38:19.036995 17246 consensus_queue.cc:260] T 4368a5f5043b4d4593a477c9979e79e6 P 71d498f27cf94ff5ad43842631ad0f13 [NON_LEADER]: Queue going to NON_LEADER mode. State: All replicated index: 0, Majority replicated index: 0, Committed index: 0, Last appended: 0.0, Last appended by leader: 0, Current term: 0, Majority size: -1, State: 0, Mode: NON_LEADER, active raft config: opid_index: -1 OBSOLETE_local: false peers { permanent_uuid: "71d498f27cf94ff5ad43842631ad0f13" member_type: VOTER last_known_addr { host: "127.14.27.193" port: 46655 } } peers { permanent_uuid: "4dc1f754665848a48f528a90256e43be" member_type: VOTER last_known_addr { host: "127.14.27.194" port: 34277 } } peers { permanent_uuid: "267bc9be2a944bd2829d790ef8df1211" member_type: VOTER last_known_addr { host: "127.14.27.195" port: 38129 } }
I20260601 13:38:19.037266 17246 ts_tablet_manager.cc:1434] T 4368a5f5043b4d4593a477c9979e79e6 P 71d498f27cf94ff5ad43842631ad0f13: Time spent starting tablet: real 0.001s	user 0.000s	sys 0.000s
I20260601 13:38:19.037379 17247 raft_consensus.cc:359] T 6ea254c370bf43afaa4198163f3544b1 P 267bc9be2a944bd2829d790ef8df1211 [term 0 FOLLOWER]: Replica starting. Triggering 0 pending ops. Active config: opid_index: -1 OBSOLETE_local: false peers { permanent_uuid: "71d498f27cf94ff5ad43842631ad0f13" member_type: VOTER last_known_addr { host: "127.14.27.193" port: 46655 } } peers { permanent_uuid: "4dc1f754665848a48f528a90256e43be" member_type: VOTER last_known_addr { host: "127.14.27.194" port: 34277 } } peers { permanent_uuid: "267bc9be2a944bd2829d790ef8df1211" member_type: VOTER last_known_addr { host: "127.14.27.195" port: 38129 } }
I20260601 13:38:19.037484 17247 raft_consensus.cc:385] T 6ea254c370bf43afaa4198163f3544b1 P 267bc9be2a944bd2829d790ef8df1211 [term 0 FOLLOWER]: Consensus starting up: Expiring failure detector timer to make a prompt election more likely
I20260601 13:38:19.037530 17247 raft_consensus.cc:740] T 6ea254c370bf43afaa4198163f3544b1 P 267bc9be2a944bd2829d790ef8df1211 [term 0 FOLLOWER]: Becoming Follower/Learner. State: Replica: 267bc9be2a944bd2829d790ef8df1211, State: Initialized, Role: FOLLOWER
I20260601 13:38:19.037647 17247 consensus_queue.cc:260] T 6ea254c370bf43afaa4198163f3544b1 P 267bc9be2a944bd2829d790ef8df1211 [NON_LEADER]: Queue going to NON_LEADER mode. State: All replicated index: 0, Majority replicated index: 0, Committed index: 0, Last appended: 0.0, Last appended by leader: 0, Current term: 0, Majority size: -1, State: 0, Mode: NON_LEADER, active raft config: opid_index: -1 OBSOLETE_local: false peers { permanent_uuid: "71d498f27cf94ff5ad43842631ad0f13" member_type: VOTER last_known_addr { host: "127.14.27.193" port: 46655 } } peers { permanent_uuid: "4dc1f754665848a48f528a90256e43be" member_type: VOTER last_known_addr { host: "127.14.27.194" port: 34277 } } peers { permanent_uuid: "267bc9be2a944bd2829d790ef8df1211" member_type: VOTER last_known_addr { host: "127.14.27.195" port: 38129 } }
I20260601 13:38:19.037947 17247 ts_tablet_manager.cc:1434] T 6ea254c370bf43afaa4198163f3544b1 P 267bc9be2a944bd2829d790ef8df1211: Time spent starting tablet: real 0.001s	user 0.000s	sys 0.001s
I20260601 13:38:19.055526 17255 raft_consensus.cc:493] T 77c2650194af4d2799eaf2d803a61f5d P 4dc1f754665848a48f528a90256e43be [term 0 FOLLOWER]: Starting pre-election (no leader contacted us within the election timeout)
I20260601 13:38:19.055667 17255 raft_consensus.cc:515] T 77c2650194af4d2799eaf2d803a61f5d P 4dc1f754665848a48f528a90256e43be [term 0 FOLLOWER]: Starting pre-election with config: opid_index: -1 OBSOLETE_local: false peers { permanent_uuid: "71d498f27cf94ff5ad43842631ad0f13" member_type: VOTER last_known_addr { host: "127.14.27.193" port: 46655 } } peers { permanent_uuid: "267bc9be2a944bd2829d790ef8df1211" member_type: VOTER last_known_addr { host: "127.14.27.195" port: 38129 } } peers { permanent_uuid: "4dc1f754665848a48f528a90256e43be" member_type: VOTER last_known_addr { host: "127.14.27.194" port: 34277 } }
I20260601 13:38:19.056146 17255 leader_election.cc:290] T 77c2650194af4d2799eaf2d803a61f5d P 4dc1f754665848a48f528a90256e43be [CANDIDATE]: Term 1 pre-election: Requested pre-vote from peers 71d498f27cf94ff5ad43842631ad0f13 (127.14.27.193:46655), 267bc9be2a944bd2829d790ef8df1211 (127.14.27.195:38129)
I20260601 13:38:19.059674 17200 tablet_service.cc:1917] Received RequestConsensusVote() RPC: tablet_id: "77c2650194af4d2799eaf2d803a61f5d" candidate_uuid: "4dc1f754665848a48f528a90256e43be" candidate_term: 1 candidate_status { last_received { term: 0 index: 0 } } ignore_live_leader: false dest_uuid: "267bc9be2a944bd2829d790ef8df1211" is_pre_election: true
I20260601 13:38:19.059721 17049 tablet_service.cc:1917] Received RequestConsensusVote() RPC: tablet_id: "77c2650194af4d2799eaf2d803a61f5d" candidate_uuid: "4dc1f754665848a48f528a90256e43be" candidate_term: 1 candidate_status { last_received { term: 0 index: 0 } } ignore_live_leader: false dest_uuid: "71d498f27cf94ff5ad43842631ad0f13" is_pre_election: true
I20260601 13:38:19.059801 17200 raft_consensus.cc:2468] T 77c2650194af4d2799eaf2d803a61f5d P 267bc9be2a944bd2829d790ef8df1211 [term 0 FOLLOWER]: Leader pre-election vote request: Granting yes vote for candidate 4dc1f754665848a48f528a90256e43be in term 0.
I20260601 13:38:19.059902 17049 raft_consensus.cc:2468] T 77c2650194af4d2799eaf2d803a61f5d P 71d498f27cf94ff5ad43842631ad0f13 [term 0 FOLLOWER]: Leader pre-election vote request: Granting yes vote for candidate 4dc1f754665848a48f528a90256e43be in term 0.
I20260601 13:38:19.060225 17089 leader_election.cc:304] T 77c2650194af4d2799eaf2d803a61f5d P 4dc1f754665848a48f528a90256e43be [CANDIDATE]: Term 1 pre-election: Election decided. Result: candidate won. Election summary: received 2 responses out of 3 voters: 2 yes votes; 0 no votes. yes voters: 267bc9be2a944bd2829d790ef8df1211, 4dc1f754665848a48f528a90256e43be; no voters: 
I20260601 13:38:19.060437 17255 raft_consensus.cc:2804] T 77c2650194af4d2799eaf2d803a61f5d P 4dc1f754665848a48f528a90256e43be [term 0 FOLLOWER]: Leader pre-election won for term 1
I20260601 13:38:19.060505 17255 raft_consensus.cc:493] T 77c2650194af4d2799eaf2d803a61f5d P 4dc1f754665848a48f528a90256e43be [term 0 FOLLOWER]: Starting leader election (no leader contacted us within the election timeout)
I20260601 13:38:19.060550 17255 raft_consensus.cc:3060] T 77c2650194af4d2799eaf2d803a61f5d P 4dc1f754665848a48f528a90256e43be [term 0 FOLLOWER]: Advancing to term 1
I20260601 13:38:19.061404 17255 raft_consensus.cc:515] T 77c2650194af4d2799eaf2d803a61f5d P 4dc1f754665848a48f528a90256e43be [term 1 FOLLOWER]: Starting leader election with config: opid_index: -1 OBSOLETE_local: false peers { permanent_uuid: "71d498f27cf94ff5ad43842631ad0f13" member_type: VOTER last_known_addr { host: "127.14.27.193" port: 46655 } } peers { permanent_uuid: "267bc9be2a944bd2829d790ef8df1211" member_type: VOTER last_known_addr { host: "127.14.27.195" port: 38129 } } peers { permanent_uuid: "4dc1f754665848a48f528a90256e43be" member_type: VOTER last_known_addr { host: "127.14.27.194" port: 34277 } }
I20260601 13:38:19.061746 17255 leader_election.cc:290] T 77c2650194af4d2799eaf2d803a61f5d P 4dc1f754665848a48f528a90256e43be [CANDIDATE]: Term 1 election: Requested vote from peers 71d498f27cf94ff5ad43842631ad0f13 (127.14.27.193:46655), 267bc9be2a944bd2829d790ef8df1211 (127.14.27.195:38129)
I20260601 13:38:19.062001 17049 tablet_service.cc:1917] Received RequestConsensusVote() RPC: tablet_id: "77c2650194af4d2799eaf2d803a61f5d" candidate_uuid: "4dc1f754665848a48f528a90256e43be" candidate_term: 1 candidate_status { last_received { term: 0 index: 0 } } ignore_live_leader: false dest_uuid: "71d498f27cf94ff5ad43842631ad0f13"
I20260601 13:38:19.062131 17049 raft_consensus.cc:3060] T 77c2650194af4d2799eaf2d803a61f5d P 71d498f27cf94ff5ad43842631ad0f13 [term 0 FOLLOWER]: Advancing to term 1
I20260601 13:38:19.062108 17200 tablet_service.cc:1917] Received RequestConsensusVote() RPC: tablet_id: "77c2650194af4d2799eaf2d803a61f5d" candidate_uuid: "4dc1f754665848a48f528a90256e43be" candidate_term: 1 candidate_status { last_received { term: 0 index: 0 } } ignore_live_leader: false dest_uuid: "267bc9be2a944bd2829d790ef8df1211"
I20260601 13:38:19.062211 17200 raft_consensus.cc:3060] T 77c2650194af4d2799eaf2d803a61f5d P 267bc9be2a944bd2829d790ef8df1211 [term 0 FOLLOWER]: Advancing to term 1
I20260601 13:38:19.063113 17049 raft_consensus.cc:2468] T 77c2650194af4d2799eaf2d803a61f5d P 71d498f27cf94ff5ad43842631ad0f13 [term 1 FOLLOWER]: Leader election vote request: Granting yes vote for candidate 4dc1f754665848a48f528a90256e43be in term 1.
I20260601 13:38:19.063113 17200 raft_consensus.cc:2468] T 77c2650194af4d2799eaf2d803a61f5d P 267bc9be2a944bd2829d790ef8df1211 [term 1 FOLLOWER]: Leader election vote request: Granting yes vote for candidate 4dc1f754665848a48f528a90256e43be in term 1.
I20260601 13:38:19.063441 17089 leader_election.cc:304] T 77c2650194af4d2799eaf2d803a61f5d P 4dc1f754665848a48f528a90256e43be [CANDIDATE]: Term 1 election: Election decided. Result: candidate won. Election summary: received 2 responses out of 3 voters: 2 yes votes; 0 no votes. yes voters: 267bc9be2a944bd2829d790ef8df1211, 4dc1f754665848a48f528a90256e43be; no voters: 
I20260601 13:38:19.063663 17255 raft_consensus.cc:2804] T 77c2650194af4d2799eaf2d803a61f5d P 4dc1f754665848a48f528a90256e43be [term 1 FOLLOWER]: Leader election won for term 1
I20260601 13:38:19.063848 17255 raft_consensus.cc:697] T 77c2650194af4d2799eaf2d803a61f5d P 4dc1f754665848a48f528a90256e43be [term 1 LEADER]: Becoming Leader. State: Replica: 4dc1f754665848a48f528a90256e43be, State: Running, Role: LEADER
I20260601 13:38:19.063997 17255 consensus_queue.cc:237] T 77c2650194af4d2799eaf2d803a61f5d P 4dc1f754665848a48f528a90256e43be [LEADER]: Queue going to LEADER mode. State: All replicated index: 0, Majority replicated index: 0, Committed index: 0, Last appended: 0.0, Last appended by leader: 0, Current term: 1, Majority size: 2, State: 0, Mode: LEADER, active raft config: opid_index: -1 OBSOLETE_local: false peers { permanent_uuid: "71d498f27cf94ff5ad43842631ad0f13" member_type: VOTER last_known_addr { host: "127.14.27.193" port: 46655 } } peers { permanent_uuid: "267bc9be2a944bd2829d790ef8df1211" member_type: VOTER last_known_addr { host: "127.14.27.195" port: 38129 } } peers { permanent_uuid: "4dc1f754665848a48f528a90256e43be" member_type: VOTER last_known_addr { host: "127.14.27.194" port: 34277 } }
I20260601 13:38:19.065587 16946 catalog_manager.cc:5696] T 77c2650194af4d2799eaf2d803a61f5d P 4dc1f754665848a48f528a90256e43be reported cstate change: term changed from 0 to 1, leader changed from <none> to 4dc1f754665848a48f528a90256e43be (127.14.27.194). New cstate: current_term: 1 leader_uuid: "4dc1f754665848a48f528a90256e43be" committed_config { opid_index: -1 OBSOLETE_local: false peers { permanent_uuid: "71d498f27cf94ff5ad43842631ad0f13" member_type: VOTER last_known_addr { host: "127.14.27.193" port: 46655 } health_report { overall_health: UNKNOWN } } peers { permanent_uuid: "267bc9be2a944bd2829d790ef8df1211" member_type: VOTER last_known_addr { host: "127.14.27.195" port: 38129 } health_report { overall_health: UNKNOWN } } peers { permanent_uuid: "4dc1f754665848a48f528a90256e43be" member_type: VOTER last_known_addr { host: "127.14.27.194" port: 34277 } health_report { overall_health: HEALTHY } } }
I20260601 13:38:19.073549 17255 raft_consensus.cc:493] T 4368a5f5043b4d4593a477c9979e79e6 P 4dc1f754665848a48f528a90256e43be [term 0 FOLLOWER]: Starting pre-election (no leader contacted us within the election timeout)
I20260601 13:38:19.073691 17255 raft_consensus.cc:515] T 4368a5f5043b4d4593a477c9979e79e6 P 4dc1f754665848a48f528a90256e43be [term 0 FOLLOWER]: Starting pre-election with config: opid_index: -1 OBSOLETE_local: false peers { permanent_uuid: "71d498f27cf94ff5ad43842631ad0f13" member_type: VOTER last_known_addr { host: "127.14.27.193" port: 46655 } } peers { permanent_uuid: "4dc1f754665848a48f528a90256e43be" member_type: VOTER last_known_addr { host: "127.14.27.194" port: 34277 } } peers { permanent_uuid: "267bc9be2a944bd2829d790ef8df1211" member_type: VOTER last_known_addr { host: "127.14.27.195" port: 38129 } }
I20260601 13:38:19.074066 17255 leader_election.cc:290] T 4368a5f5043b4d4593a477c9979e79e6 P 4dc1f754665848a48f528a90256e43be [CANDIDATE]: Term 1 pre-election: Requested pre-vote from peers 71d498f27cf94ff5ad43842631ad0f13 (127.14.27.193:46655), 267bc9be2a944bd2829d790ef8df1211 (127.14.27.195:38129)
I20260601 13:38:19.074400 17200 tablet_service.cc:1917] Received RequestConsensusVote() RPC: tablet_id: "4368a5f5043b4d4593a477c9979e79e6" candidate_uuid: "4dc1f754665848a48f528a90256e43be" candidate_term: 1 candidate_status { last_received { term: 0 index: 0 } } ignore_live_leader: false dest_uuid: "267bc9be2a944bd2829d790ef8df1211" is_pre_election: true
I20260601 13:38:19.074400 17049 tablet_service.cc:1917] Received RequestConsensusVote() RPC: tablet_id: "4368a5f5043b4d4593a477c9979e79e6" candidate_uuid: "4dc1f754665848a48f528a90256e43be" candidate_term: 1 candidate_status { last_received { term: 0 index: 0 } } ignore_live_leader: false dest_uuid: "71d498f27cf94ff5ad43842631ad0f13" is_pre_election: true
I20260601 13:38:19.074556 17049 raft_consensus.cc:2468] T 4368a5f5043b4d4593a477c9979e79e6 P 71d498f27cf94ff5ad43842631ad0f13 [term 0 FOLLOWER]: Leader pre-election vote request: Granting yes vote for candidate 4dc1f754665848a48f528a90256e43be in term 0.
I20260601 13:38:19.074556 17200 raft_consensus.cc:2468] T 4368a5f5043b4d4593a477c9979e79e6 P 267bc9be2a944bd2829d790ef8df1211 [term 0 FOLLOWER]: Leader pre-election vote request: Granting yes vote for candidate 4dc1f754665848a48f528a90256e43be in term 0.
I20260601 13:38:19.074848 17089 leader_election.cc:304] T 4368a5f5043b4d4593a477c9979e79e6 P 4dc1f754665848a48f528a90256e43be [CANDIDATE]: Term 1 pre-election: Election decided. Result: candidate won. Election summary: received 2 responses out of 3 voters: 2 yes votes; 0 no votes. yes voters: 267bc9be2a944bd2829d790ef8df1211, 4dc1f754665848a48f528a90256e43be; no voters: 
I20260601 13:38:19.075022 17255 raft_consensus.cc:2804] T 4368a5f5043b4d4593a477c9979e79e6 P 4dc1f754665848a48f528a90256e43be [term 0 FOLLOWER]: Leader pre-election won for term 1
I20260601 13:38:19.075083 17255 raft_consensus.cc:493] T 4368a5f5043b4d4593a477c9979e79e6 P 4dc1f754665848a48f528a90256e43be [term 0 FOLLOWER]: Starting leader election (no leader contacted us within the election timeout)
I20260601 13:38:19.075130 17255 raft_consensus.cc:3060] T 4368a5f5043b4d4593a477c9979e79e6 P 4dc1f754665848a48f528a90256e43be [term 0 FOLLOWER]: Advancing to term 1
I20260601 13:38:19.075924 17255 raft_consensus.cc:515] T 4368a5f5043b4d4593a477c9979e79e6 P 4dc1f754665848a48f528a90256e43be [term 1 FOLLOWER]: Starting leader election with config: opid_index: -1 OBSOLETE_local: false peers { permanent_uuid: "71d498f27cf94ff5ad43842631ad0f13" member_type: VOTER last_known_addr { host: "127.14.27.193" port: 46655 } } peers { permanent_uuid: "4dc1f754665848a48f528a90256e43be" member_type: VOTER last_known_addr { host: "127.14.27.194" port: 34277 } } peers { permanent_uuid: "267bc9be2a944bd2829d790ef8df1211" member_type: VOTER last_known_addr { host: "127.14.27.195" port: 38129 } }
I20260601 13:38:19.076359 17255 leader_election.cc:290] T 4368a5f5043b4d4593a477c9979e79e6 P 4dc1f754665848a48f528a90256e43be [CANDIDATE]: Term 1 election: Requested vote from peers 71d498f27cf94ff5ad43842631ad0f13 (127.14.27.193:46655), 267bc9be2a944bd2829d790ef8df1211 (127.14.27.195:38129)
I20260601 13:38:19.076629 17049 tablet_service.cc:1917] Received RequestConsensusVote() RPC: tablet_id: "4368a5f5043b4d4593a477c9979e79e6" candidate_uuid: "4dc1f754665848a48f528a90256e43be" candidate_term: 1 candidate_status { last_received { term: 0 index: 0 } } ignore_live_leader: false dest_uuid: "71d498f27cf94ff5ad43842631ad0f13"
I20260601 13:38:19.076651 17200 tablet_service.cc:1917] Received RequestConsensusVote() RPC: tablet_id: "4368a5f5043b4d4593a477c9979e79e6" candidate_uuid: "4dc1f754665848a48f528a90256e43be" candidate_term: 1 candidate_status { last_received { term: 0 index: 0 } } ignore_live_leader: false dest_uuid: "267bc9be2a944bd2829d790ef8df1211"
I20260601 13:38:19.076766 17200 raft_consensus.cc:3060] T 4368a5f5043b4d4593a477c9979e79e6 P 267bc9be2a944bd2829d790ef8df1211 [term 0 FOLLOWER]: Advancing to term 1
I20260601 13:38:19.076766 17049 raft_consensus.cc:3060] T 4368a5f5043b4d4593a477c9979e79e6 P 71d498f27cf94ff5ad43842631ad0f13 [term 0 FOLLOWER]: Advancing to term 1
I20260601 13:38:19.077678 17200 raft_consensus.cc:2468] T 4368a5f5043b4d4593a477c9979e79e6 P 267bc9be2a944bd2829d790ef8df1211 [term 1 FOLLOWER]: Leader election vote request: Granting yes vote for candidate 4dc1f754665848a48f528a90256e43be in term 1.
I20260601 13:38:19.077693 17049 raft_consensus.cc:2468] T 4368a5f5043b4d4593a477c9979e79e6 P 71d498f27cf94ff5ad43842631ad0f13 [term 1 FOLLOWER]: Leader election vote request: Granting yes vote for candidate 4dc1f754665848a48f528a90256e43be in term 1.
I20260601 13:38:19.077971 17089 leader_election.cc:304] T 4368a5f5043b4d4593a477c9979e79e6 P 4dc1f754665848a48f528a90256e43be [CANDIDATE]: Term 1 election: Election decided. Result: candidate won. Election summary: received 2 responses out of 3 voters: 2 yes votes; 0 no votes. yes voters: 267bc9be2a944bd2829d790ef8df1211, 4dc1f754665848a48f528a90256e43be; no voters: 
I20260601 13:38:19.078115 17255 raft_consensus.cc:2804] T 4368a5f5043b4d4593a477c9979e79e6 P 4dc1f754665848a48f528a90256e43be [term 1 FOLLOWER]: Leader election won for term 1
I20260601 13:38:19.078286 17255 raft_consensus.cc:697] T 4368a5f5043b4d4593a477c9979e79e6 P 4dc1f754665848a48f528a90256e43be [term 1 LEADER]: Becoming Leader. State: Replica: 4dc1f754665848a48f528a90256e43be, State: Running, Role: LEADER
I20260601 13:38:19.078451 17255 consensus_queue.cc:237] T 4368a5f5043b4d4593a477c9979e79e6 P 4dc1f754665848a48f528a90256e43be [LEADER]: Queue going to LEADER mode. State: All replicated index: 0, Majority replicated index: 0, Committed index: 0, Last appended: 0.0, Last appended by leader: 0, Current term: 1, Majority size: 2, State: 0, Mode: LEADER, active raft config: opid_index: -1 OBSOLETE_local: false peers { permanent_uuid: "71d498f27cf94ff5ad43842631ad0f13" member_type: VOTER last_known_addr { host: "127.14.27.193" port: 46655 } } peers { permanent_uuid: "4dc1f754665848a48f528a90256e43be" member_type: VOTER last_known_addr { host: "127.14.27.194" port: 34277 } } peers { permanent_uuid: "267bc9be2a944bd2829d790ef8df1211" member_type: VOTER last_known_addr { host: "127.14.27.195" port: 38129 } }
I20260601 13:38:19.080022 16946 catalog_manager.cc:5696] T 4368a5f5043b4d4593a477c9979e79e6 P 4dc1f754665848a48f528a90256e43be reported cstate change: term changed from 0 to 1, leader changed from <none> to 4dc1f754665848a48f528a90256e43be (127.14.27.194). New cstate: current_term: 1 leader_uuid: "4dc1f754665848a48f528a90256e43be" committed_config { opid_index: -1 OBSOLETE_local: false peers { permanent_uuid: "71d498f27cf94ff5ad43842631ad0f13" member_type: VOTER last_known_addr { host: "127.14.27.193" port: 46655 } health_report { overall_health: UNKNOWN } } peers { permanent_uuid: "4dc1f754665848a48f528a90256e43be" member_type: VOTER last_known_addr { host: "127.14.27.194" port: 34277 } health_report { overall_health: HEALTHY } } peers { permanent_uuid: "267bc9be2a944bd2829d790ef8df1211" member_type: VOTER last_known_addr { host: "127.14.27.195" port: 38129 } health_report { overall_health: UNKNOWN } } }
I20260601 13:38:19.123011 17252 raft_consensus.cc:493] T 6ea254c370bf43afaa4198163f3544b1 P 71d498f27cf94ff5ad43842631ad0f13 [term 0 FOLLOWER]: Starting pre-election (no leader contacted us within the election timeout)
I20260601 13:38:19.123226 17252 raft_consensus.cc:515] T 6ea254c370bf43afaa4198163f3544b1 P 71d498f27cf94ff5ad43842631ad0f13 [term 0 FOLLOWER]: Starting pre-election with config: opid_index: -1 OBSOLETE_local: false peers { permanent_uuid: "71d498f27cf94ff5ad43842631ad0f13" member_type: VOTER last_known_addr { host: "127.14.27.193" port: 46655 } } peers { permanent_uuid: "4dc1f754665848a48f528a90256e43be" member_type: VOTER last_known_addr { host: "127.14.27.194" port: 34277 } } peers { permanent_uuid: "267bc9be2a944bd2829d790ef8df1211" member_type: VOTER last_known_addr { host: "127.14.27.195" port: 38129 } }
I20260601 13:38:19.123858 17252 leader_election.cc:290] T 6ea254c370bf43afaa4198163f3544b1 P 71d498f27cf94ff5ad43842631ad0f13 [CANDIDATE]: Term 1 pre-election: Requested pre-vote from peers 4dc1f754665848a48f528a90256e43be (127.14.27.194:34277), 267bc9be2a944bd2829d790ef8df1211 (127.14.27.195:38129)
I20260601 13:38:19.127519 17125 tablet_service.cc:1917] Received RequestConsensusVote() RPC: tablet_id: "6ea254c370bf43afaa4198163f3544b1" candidate_uuid: "71d498f27cf94ff5ad43842631ad0f13" candidate_term: 1 candidate_status { last_received { term: 0 index: 0 } } ignore_live_leader: false dest_uuid: "4dc1f754665848a48f528a90256e43be" is_pre_election: true
I20260601 13:38:19.127717 17125 raft_consensus.cc:2468] T 6ea254c370bf43afaa4198163f3544b1 P 4dc1f754665848a48f528a90256e43be [term 0 FOLLOWER]: Leader pre-election vote request: Granting yes vote for candidate 71d498f27cf94ff5ad43842631ad0f13 in term 0.
I20260601 13:38:19.127732 17200 tablet_service.cc:1917] Received RequestConsensusVote() RPC: tablet_id: "6ea254c370bf43afaa4198163f3544b1" candidate_uuid: "71d498f27cf94ff5ad43842631ad0f13" candidate_term: 1 candidate_status { last_received { term: 0 index: 0 } } ignore_live_leader: false dest_uuid: "267bc9be2a944bd2829d790ef8df1211" is_pre_election: true
I20260601 13:38:19.127947 17200 raft_consensus.cc:2468] T 6ea254c370bf43afaa4198163f3544b1 P 267bc9be2a944bd2829d790ef8df1211 [term 0 FOLLOWER]: Leader pre-election vote request: Granting yes vote for candidate 71d498f27cf94ff5ad43842631ad0f13 in term 0.
I20260601 13:38:19.128103 17015 leader_election.cc:304] T 6ea254c370bf43afaa4198163f3544b1 P 71d498f27cf94ff5ad43842631ad0f13 [CANDIDATE]: Term 1 pre-election: Election decided. Result: candidate won. Election summary: received 2 responses out of 3 voters: 2 yes votes; 0 no votes. yes voters: 4dc1f754665848a48f528a90256e43be, 71d498f27cf94ff5ad43842631ad0f13; no voters: 
I20260601 13:38:19.128322 17252 raft_consensus.cc:2804] T 6ea254c370bf43afaa4198163f3544b1 P 71d498f27cf94ff5ad43842631ad0f13 [term 0 FOLLOWER]: Leader pre-election won for term 1
I20260601 13:38:19.128412 17252 raft_consensus.cc:493] T 6ea254c370bf43afaa4198163f3544b1 P 71d498f27cf94ff5ad43842631ad0f13 [term 0 FOLLOWER]: Starting leader election (no leader contacted us within the election timeout)
I20260601 13:38:19.128484 17252 raft_consensus.cc:3060] T 6ea254c370bf43afaa4198163f3544b1 P 71d498f27cf94ff5ad43842631ad0f13 [term 0 FOLLOWER]: Advancing to term 1
I20260601 13:38:19.129441 17252 raft_consensus.cc:515] T 6ea254c370bf43afaa4198163f3544b1 P 71d498f27cf94ff5ad43842631ad0f13 [term 1 FOLLOWER]: Starting leader election with config: opid_index: -1 OBSOLETE_local: false peers { permanent_uuid: "71d498f27cf94ff5ad43842631ad0f13" member_type: VOTER last_known_addr { host: "127.14.27.193" port: 46655 } } peers { permanent_uuid: "4dc1f754665848a48f528a90256e43be" member_type: VOTER last_known_addr { host: "127.14.27.194" port: 34277 } } peers { permanent_uuid: "267bc9be2a944bd2829d790ef8df1211" member_type: VOTER last_known_addr { host: "127.14.27.195" port: 38129 } }
I20260601 13:38:19.129832 17252 leader_election.cc:290] T 6ea254c370bf43afaa4198163f3544b1 P 71d498f27cf94ff5ad43842631ad0f13 [CANDIDATE]: Term 1 election: Requested vote from peers 4dc1f754665848a48f528a90256e43be (127.14.27.194:34277), 267bc9be2a944bd2829d790ef8df1211 (127.14.27.195:38129)
