W20260601 13:37:21.723420  7830 leader_election.cc:336] T 00000000000000000000000000000000 P 3432ebc6c9f34cf1989d7cd6a964f2ea [CANDIDATE]: Term 2 pre-election: RPC error from VoteRequest() call to peer 25d79066a2d34899b110480b014ef269 (127.6.133.124:36955): Network error: Client connection negotiation failed: client connection to 127.6.133.124:36955: connect: Connection refused (error 111)
I20260601 13:37:21.723292  8292 raft_consensus.cc:3060] T 00000000000000000000000000000000 P 3432ebc6c9f34cf1989d7cd6a964f2ea [term 1 FOLLOWER]: Advancing to term 2
W20260601 13:37:21.723637  7765 leader_election.cc:336] T 00000000000000000000000000000000 P ad86a89625eb4565be81da6c80012b33 [CANDIDATE]: Term 2 pre-election: RPC error from VoteRequest() call to peer 25d79066a2d34899b110480b014ef269 (127.6.133.124:36955): Network error: Client connection negotiation failed: client connection to 127.6.133.124:36955: connect: Connection refused (error 111)
I20260601 13:37:21.724550  8292 raft_consensus.cc:515] T 00000000000000000000000000000000 P 3432ebc6c9f34cf1989d7cd6a964f2ea [term 2 FOLLOWER]: Starting leader election with config: opid_index: -1 OBSOLETE_local: false peers { permanent_uuid: "ad86a89625eb4565be81da6c80012b33" member_type: VOTER last_known_addr { host: "127.6.133.126" port: 45197 } } peers { permanent_uuid: "3432ebc6c9f34cf1989d7cd6a964f2ea" member_type: VOTER last_known_addr { host: "127.6.133.125" port: 37715 } } peers { permanent_uuid: "25d79066a2d34899b110480b014ef269" member_type: VOTER last_known_addr { host: "127.6.133.124" port: 36955 } }
I20260601 13:37:21.724550  8291 raft_consensus.cc:515] T 00000000000000000000000000000000 P ad86a89625eb4565be81da6c80012b33 [term 2 FOLLOWER]: Starting leader election with config: opid_index: -1 OBSOLETE_local: false peers { permanent_uuid: "ad86a89625eb4565be81da6c80012b33" member_type: VOTER last_known_addr { host: "127.6.133.126" port: 45197 } } peers { permanent_uuid: "3432ebc6c9f34cf1989d7cd6a964f2ea" member_type: VOTER last_known_addr { host: "127.6.133.125" port: 37715 } } peers { permanent_uuid: "25d79066a2d34899b110480b014ef269" member_type: VOTER last_known_addr { host: "127.6.133.124" port: 36955 } }
I20260601 13:37:21.724985  8291 leader_election.cc:290] T 00000000000000000000000000000000 P ad86a89625eb4565be81da6c80012b33 [CANDIDATE]: Term 2 election: Requested vote from peers 3432ebc6c9f34cf1989d7cd6a964f2ea (127.6.133.125:37715), 25d79066a2d34899b110480b014ef269 (127.6.133.124:36955)
I20260601 13:37:21.724985  8292 leader_election.cc:290] T 00000000000000000000000000000000 P 3432ebc6c9f34cf1989d7cd6a964f2ea [CANDIDATE]: Term 2 election: Requested vote from peers ad86a89625eb4565be81da6c80012b33 (127.6.133.126:45197), 25d79066a2d34899b110480b014ef269 (127.6.133.124:36955)
I20260601 13:37:21.725260  7855 tablet_service.cc:1917] Received RequestConsensusVote() RPC: tablet_id: "00000000000000000000000000000000" candidate_uuid: "ad86a89625eb4565be81da6c80012b33" candidate_term: 2 candidate_status { last_received { term: 1 index: 9 } } ignore_live_leader: false dest_uuid: "3432ebc6c9f34cf1989d7cd6a964f2ea"
I20260601 13:37:21.725337  7789 tablet_service.cc:1917] Received RequestConsensusVote() RPC: tablet_id: "00000000000000000000000000000000" candidate_uuid: "3432ebc6c9f34cf1989d7cd6a964f2ea" candidate_term: 2 candidate_status { last_received { term: 1 index: 9 } } ignore_live_leader: false dest_uuid: "ad86a89625eb4565be81da6c80012b33"
I20260601 13:37:21.725440  7855 raft_consensus.cc:2393] T 00000000000000000000000000000000 P 3432ebc6c9f34cf1989d7cd6a964f2ea [term 2 FOLLOWER]: Leader election vote request: Denying vote to candidate ad86a89625eb4565be81da6c80012b33 in current term 2: Already voted for candidate 3432ebc6c9f34cf1989d7cd6a964f2ea in this term.
I20260601 13:37:21.725452  7789 raft_consensus.cc:2393] T 00000000000000000000000000000000 P ad86a89625eb4565be81da6c80012b33 [term 2 FOLLOWER]: Leader election vote request: Denying vote to candidate 3432ebc6c9f34cf1989d7cd6a964f2ea in current term 2: Already voted for candidate ad86a89625eb4565be81da6c80012b33 in this term.
W20260601 13:37:21.726148  7765 leader_election.cc:336] T 00000000000000000000000000000000 P ad86a89625eb4565be81da6c80012b33 [CANDIDATE]: Term 2 election: RPC error from VoteRequest() call to peer 25d79066a2d34899b110480b014ef269 (127.6.133.124:36955): Network error: Client connection negotiation failed: client connection to 127.6.133.124:36955: connect: Connection refused (error 111)
I20260601 13:37:21.726212  7765 leader_election.cc:304] T 00000000000000000000000000000000 P ad86a89625eb4565be81da6c80012b33 [CANDIDATE]: Term 2 election: Election decided. Result: candidate lost. Election summary: received 3 responses out of 3 voters: 1 yes votes; 2 no votes. yes voters: ad86a89625eb4565be81da6c80012b33; no voters: 25d79066a2d34899b110480b014ef269, 3432ebc6c9f34cf1989d7cd6a964f2ea
W20260601 13:37:21.726269  7830 leader_election.cc:336] T 00000000000000000000000000000000 P 3432ebc6c9f34cf1989d7cd6a964f2ea [CANDIDATE]: Term 2 election: RPC error from VoteRequest() call to peer 25d79066a2d34899b110480b014ef269 (127.6.133.124:36955): Network error: Client connection negotiation failed: client connection to 127.6.133.124:36955: connect: Connection refused (error 111)
I20260601 13:37:21.726352  7830 leader_election.cc:304] T 00000000000000000000000000000000 P 3432ebc6c9f34cf1989d7cd6a964f2ea [CANDIDATE]: Term 2 election: Election decided. Result: candidate lost. Election summary: received 3 responses out of 3 voters: 1 yes votes; 2 no votes. yes voters: 3432ebc6c9f34cf1989d7cd6a964f2ea; no voters: 25d79066a2d34899b110480b014ef269, ad86a89625eb4565be81da6c80012b33
I20260601 13:37:21.726441  8291 raft_consensus.cc:2749] T 00000000000000000000000000000000 P ad86a89625eb4565be81da6c80012b33 [term 2 FOLLOWER]: Leader election lost for term 2. Reason: could not achieve majority
I20260601 13:37:21.726516  8292 raft_consensus.cc:2749] T 00000000000000000000000000000000 P 3432ebc6c9f34cf1989d7cd6a964f2ea [term 2 FOLLOWER]: Leader election lost for term 2. Reason: could not achieve majority
I20260601 13:37:23.771198  8305 raft_consensus.cc:493] T 00000000000000000000000000000000 P ad86a89625eb4565be81da6c80012b33 [term 2 FOLLOWER]: Starting pre-election (no leader contacted us within the election timeout)
I20260601 13:37:23.771395  8305 raft_consensus.cc:515] T 00000000000000000000000000000000 P ad86a89625eb4565be81da6c80012b33 [term 2 FOLLOWER]: Starting pre-election with config: opid_index: -1 OBSOLETE_local: false peers { permanent_uuid: "ad86a89625eb4565be81da6c80012b33" member_type: VOTER last_known_addr { host: "127.6.133.126" port: 45197 } } peers { permanent_uuid: "3432ebc6c9f34cf1989d7cd6a964f2ea" member_type: VOTER last_known_addr { host: "127.6.133.125" port: 37715 } } peers { permanent_uuid: "25d79066a2d34899b110480b014ef269" member_type: VOTER last_known_addr { host: "127.6.133.124" port: 36955 } }
I20260601 13:37:23.771936  8305 leader_election.cc:290] T 00000000000000000000000000000000 P ad86a89625eb4565be81da6c80012b33 [CANDIDATE]: Term 3 pre-election: Requested pre-vote from peers 3432ebc6c9f34cf1989d7cd6a964f2ea (127.6.133.125:37715), 25d79066a2d34899b110480b014ef269 (127.6.133.124:36955)
I20260601 13:37:23.772444  7855 tablet_service.cc:1917] Received RequestConsensusVote() RPC: tablet_id: "00000000000000000000000000000000" candidate_uuid: "ad86a89625eb4565be81da6c80012b33" candidate_term: 3 candidate_status { last_received { term: 1 index: 9 } } ignore_live_leader: false dest_uuid: "3432ebc6c9f34cf1989d7cd6a964f2ea" is_pre_election: true
W20260601 13:37:23.772539  7765 proxy.cc:239] Call had error, refreshing address and retrying: Network error: Client connection negotiation failed: client connection to 127.6.133.124:36955: connect: Connection refused (error 111) [suppressed 10 similar messages]
I20260601 13:37:23.772570  7855 raft_consensus.cc:2468] T 00000000000000000000000000000000 P 3432ebc6c9f34cf1989d7cd6a964f2ea [term 2 FOLLOWER]: Leader pre-election vote request: Granting yes vote for candidate ad86a89625eb4565be81da6c80012b33 in term 2.
I20260601 13:37:23.773001  7764 leader_election.cc:304] T 00000000000000000000000000000000 P ad86a89625eb4565be81da6c80012b33 [CANDIDATE]: Term 3 pre-election: Election decided. Result: candidate won. Election summary: received 2 responses out of 3 voters: 2 yes votes; 0 no votes. yes voters: 3432ebc6c9f34cf1989d7cd6a964f2ea, ad86a89625eb4565be81da6c80012b33; no voters: 
I20260601 13:37:23.773244  8305 raft_consensus.cc:2804] T 00000000000000000000000000000000 P ad86a89625eb4565be81da6c80012b33 [term 2 FOLLOWER]: Leader pre-election won for term 3
I20260601 13:37:23.773322  8305 raft_consensus.cc:493] T 00000000000000000000000000000000 P ad86a89625eb4565be81da6c80012b33 [term 2 FOLLOWER]: Starting leader election (no leader contacted us within the election timeout)
I20260601 13:37:23.773358  8305 raft_consensus.cc:3060] T 00000000000000000000000000000000 P ad86a89625eb4565be81da6c80012b33 [term 2 FOLLOWER]: Advancing to term 3
W20260601 13:37:23.773367  7765 leader_election.cc:336] T 00000000000000000000000000000000 P ad86a89625eb4565be81da6c80012b33 [CANDIDATE]: Term 3 pre-election: RPC error from VoteRequest() call to peer 25d79066a2d34899b110480b014ef269 (127.6.133.124:36955): Network error: Client connection negotiation failed: client connection to 127.6.133.124:36955: connect: Connection refused (error 111)
I20260601 13:37:23.774621  8305 raft_consensus.cc:515] T 00000000000000000000000000000000 P ad86a89625eb4565be81da6c80012b33 [term 3 FOLLOWER]: Starting leader election with config: opid_index: -1 OBSOLETE_local: false peers { permanent_uuid: "ad86a89625eb4565be81da6c80012b33" member_type: VOTER last_known_addr { host: "127.6.133.126" port: 45197 } } peers { permanent_uuid: "3432ebc6c9f34cf1989d7cd6a964f2ea" member_type: VOTER last_known_addr { host: "127.6.133.125" port: 37715 } } peers { permanent_uuid: "25d79066a2d34899b110480b014ef269" member_type: VOTER last_known_addr { host: "127.6.133.124" port: 36955 } }
I20260601 13:37:23.774983  8305 leader_election.cc:290] T 00000000000000000000000000000000 P ad86a89625eb4565be81da6c80012b33 [CANDIDATE]: Term 3 election: Requested vote from peers 3432ebc6c9f34cf1989d7cd6a964f2ea (127.6.133.125:37715), 25d79066a2d34899b110480b014ef269 (127.6.133.124:36955)
I20260601 13:37:23.775283  7855 tablet_service.cc:1917] Received RequestConsensusVote() RPC: tablet_id: "00000000000000000000000000000000" candidate_uuid: "ad86a89625eb4565be81da6c80012b33" candidate_term: 3 candidate_status { last_received { term: 1 index: 9 } } ignore_live_leader: false dest_uuid: "3432ebc6c9f34cf1989d7cd6a964f2ea"
I20260601 13:37:23.775417  7855 raft_consensus.cc:3060] T 00000000000000000000000000000000 P 3432ebc6c9f34cf1989d7cd6a964f2ea [term 2 FOLLOWER]: Advancing to term 3
W20260601 13:37:23.776000  7765 leader_election.cc:336] T 00000000000000000000000000000000 P ad86a89625eb4565be81da6c80012b33 [CANDIDATE]: Term 3 election: RPC error from VoteRequest() call to peer 25d79066a2d34899b110480b014ef269 (127.6.133.124:36955): Network error: Client connection negotiation failed: client connection to 127.6.133.124:36955: connect: Connection refused (error 111)
I20260601 13:37:23.776485  7855 raft_consensus.cc:2468] T 00000000000000000000000000000000 P 3432ebc6c9f34cf1989d7cd6a964f2ea [term 3 FOLLOWER]: Leader election vote request: Granting yes vote for candidate ad86a89625eb4565be81da6c80012b33 in term 3.
I20260601 13:37:23.776760  7764 leader_election.cc:304] T 00000000000000000000000000000000 P ad86a89625eb4565be81da6c80012b33 [CANDIDATE]: Term 3 election: Election decided. Result: candidate won. Election summary: received 3 responses out of 3 voters: 2 yes votes; 1 no votes. yes voters: 3432ebc6c9f34cf1989d7cd6a964f2ea, ad86a89625eb4565be81da6c80012b33; no voters: 25d79066a2d34899b110480b014ef269
I20260601 13:37:23.776916  8305 raft_consensus.cc:2804] T 00000000000000000000000000000000 P ad86a89625eb4565be81da6c80012b33 [term 3 FOLLOWER]: Leader election won for term 3
I20260601 13:37:23.777074  8305 raft_consensus.cc:697] T 00000000000000000000000000000000 P ad86a89625eb4565be81da6c80012b33 [term 3 LEADER]: Becoming Leader. State: Replica: ad86a89625eb4565be81da6c80012b33, State: Running, Role: LEADER
I20260601 13:37:23.777209  8305 consensus_queue.cc:237] T 00000000000000000000000000000000 P ad86a89625eb4565be81da6c80012b33 [LEADER]: Queue going to LEADER mode. State: All replicated index: 0, Majority replicated index: 9, Committed index: 9, Last appended: 1.9, Last appended by leader: 9, Current term: 3, Majority size: 2, State: 0, Mode: LEADER, active raft config: opid_index: -1 OBSOLETE_local: false peers { permanent_uuid: "ad86a89625eb4565be81da6c80012b33" member_type: VOTER last_known_addr { host: "127.6.133.126" port: 45197 } } peers { permanent_uuid: "3432ebc6c9f34cf1989d7cd6a964f2ea" member_type: VOTER last_known_addr { host: "127.6.133.125" port: 37715 } } peers { permanent_uuid: "25d79066a2d34899b110480b014ef269" member_type: VOTER last_known_addr { host: "127.6.133.124" port: 36955 } }
I20260601 13:37:23.777874  8308 sys_catalog.cc:455] T 00000000000000000000000000000000 P ad86a89625eb4565be81da6c80012b33 [sys.catalog]: SysCatalogTable state changed. Reason: New leader ad86a89625eb4565be81da6c80012b33. Latest consensus state: current_term: 3 leader_uuid: "ad86a89625eb4565be81da6c80012b33" committed_config { opid_index: -1 OBSOLETE_local: false peers { permanent_uuid: "ad86a89625eb4565be81da6c80012b33" member_type: VOTER last_known_addr { host: "127.6.133.126" port: 45197 } } peers { permanent_uuid: "3432ebc6c9f34cf1989d7cd6a964f2ea" member_type: VOTER last_known_addr { host: "127.6.133.125" port: 37715 } } peers { permanent_uuid: "25d79066a2d34899b110480b014ef269" member_type: VOTER last_known_addr { host: "127.6.133.124" port: 36955 } } }
I20260601 13:37:23.778007  8308 sys_catalog.cc:458] T 00000000000000000000000000000000 P ad86a89625eb4565be81da6c80012b33 [sys.catalog]: This master's current role is: LEADER
I20260601 13:37:23.778317  8310 catalog_manager.cc:1510] Loading table and tablet metadata into memory...
I20260601 13:37:23.779309  8310 catalog_manager.cc:679] Loaded metadata for table test-workload [id=102aec5705a04f88b5ecb7c777c943a0]
I20260601 13:37:23.779968  8310 tablet_loader.cc:96] loaded metadata for tablet 31544f37a3cd4d38944a9cb284a02ce5 (table test-workload [id=102aec5705a04f88b5ecb7c777c943a0])
I20260601 13:37:23.780172  8310 tablet_loader.cc:96] loaded metadata for tablet d665f996d31140bab9484ac8b4ffa47f (table test-workload [id=102aec5705a04f88b5ecb7c777c943a0])
I20260601 13:37:23.780339  8310 tablet_loader.cc:96] loaded metadata for tablet df2444a3460344afa9181d780b9bab66 (table test-workload [id=102aec5705a04f88b5ecb7c777c943a0])
I20260601 13:37:23.780432  8310 catalog_manager.cc:1519] Initializing Kudu cluster ID...
I20260601 13:37:23.780799  8310 catalog_manager.cc:1294] Loaded cluster ID: 3f93e629c50d42db9dabccab75b253b8
I20260601 13:37:23.780848  8310 catalog_manager.cc:1530] Initializing Kudu internal certificate authority...
I20260601 13:37:23.781360  8310 catalog_manager.cc:1539] Loading token signing keys...
I20260601 13:37:23.781778  8310 catalog_manager.cc:6080] T 00000000000000000000000000000000 P ad86a89625eb4565be81da6c80012b33: Loaded TSK: 0
I20260601 13:37:23.782204  8310 catalog_manager.cc:1549] Initializing in-progress tserver states...
I20260601 13:37:23.975773  7988 auto_leader_rebalancer.cc:140] leader rebalance for table test-workload
I20260601 13:37:23.975948  7988 auto_leader_rebalancer.cc:451] All tables' leader rebalancing finished this round
I20260601 13:37:23.994920  6677 tablet_server.cc:179] TabletServer@127.6.133.65:0 shutting down...
I20260601 13:37:23.999351  6677 ts_tablet_manager.cc:1507] Shutting down tablet manager...
I20260601 13:37:23.999570  6677 tablet_replica.cc:333] T 31544f37a3cd4d38944a9cb284a02ce5 P cc509514e11a439b96ab893b397b1b83: stopping tablet replica
I20260601 13:37:23.999696  6677 raft_consensus.cc:2243] T 31544f37a3cd4d38944a9cb284a02ce5 P cc509514e11a439b96ab893b397b1b83 [term 1 LEADER]: Raft consensus shutting down.
I20260601 13:37:23.999809  6677 raft_consensus.cc:2272] T 31544f37a3cd4d38944a9cb284a02ce5 P cc509514e11a439b96ab893b397b1b83 [term 1 FOLLOWER]: Raft consensus is shut down!
I20260601 13:37:24.012593  6677 tablet_server.cc:196] TabletServer@127.6.133.65:0 shutdown complete.
I20260601 13:37:24.014667  6677 tablet_server.cc:179] TabletServer@127.6.133.66:0 shutting down...
I20260601 13:37:24.019055  6677 ts_tablet_manager.cc:1507] Shutting down tablet manager...
I20260601 13:37:24.019274  6677 tablet_replica.cc:333] T df2444a3460344afa9181d780b9bab66 P 00ab31439f9747a98eb3c6b10eae24a7: stopping tablet replica
I20260601 13:37:24.019388  6677 raft_consensus.cc:2243] T df2444a3460344afa9181d780b9bab66 P 00ab31439f9747a98eb3c6b10eae24a7 [term 1 LEADER]: Raft consensus shutting down.
I20260601 13:37:24.019515  6677 raft_consensus.cc:2272] T df2444a3460344afa9181d780b9bab66 P 00ab31439f9747a98eb3c6b10eae24a7 [term 1 FOLLOWER]: Raft consensus is shut down!
I20260601 13:37:24.032371  6677 tablet_server.cc:196] TabletServer@127.6.133.66:0 shutdown complete.
I20260601 13:37:24.035013  6677 tablet_server.cc:179] TabletServer@127.6.133.67:0 shutting down...
I20260601 13:37:24.039098  6677 ts_tablet_manager.cc:1507] Shutting down tablet manager...
I20260601 13:37:24.039353  6677 tablet_replica.cc:333] T d665f996d31140bab9484ac8b4ffa47f P 7b071977a86c438cac1aea53e85f0449: stopping tablet replica
I20260601 13:37:24.039486  6677 raft_consensus.cc:2243] T d665f996d31140bab9484ac8b4ffa47f P 7b071977a86c438cac1aea53e85f0449 [term 1 LEADER]: Raft consensus shutting down.
I20260601 13:37:24.039631  6677 raft_consensus.cc:2272] T d665f996d31140bab9484ac8b4ffa47f P 7b071977a86c438cac1aea53e85f0449 [term 1 FOLLOWER]: Raft consensus is shut down!
I20260601 13:37:24.052453  6677 tablet_server.cc:196] TabletServer@127.6.133.67:0 shutdown complete.
I20260601 13:37:24.054726  6677 master.cc:562] Master@127.6.133.126:45197 shutting down...
I20260601 13:37:24.058308  6677 raft_consensus.cc:2243] T 00000000000000000000000000000000 P ad86a89625eb4565be81da6c80012b33 [term 3 LEADER]: Raft consensus shutting down.
I20260601 13:37:24.058487  6677 pending_rounds.cc:70] T 00000000000000000000000000000000 P ad86a89625eb4565be81da6c80012b33: Trying to abort 1 pending ops.
I20260601 13:37:24.058521  6677 pending_rounds.cc:77] T 00000000000000000000000000000000 P ad86a89625eb4565be81da6c80012b33: Aborting op as it isn't in flight: id { term: 3 index: 10 } timestamp: 7292194995312963584 op_type: NO_OP noop_request { }
I20260601 13:37:24.058585  6677 raft_consensus.cc:2889] T 00000000000000000000000000000000 P ad86a89625eb4565be81da6c80012b33 [term 3 LEADER]: NO_OP replication failed: Aborted: Op aborted
I20260601 13:37:24.058630  6677 raft_consensus.cc:2272] T 00000000000000000000000000000000 P ad86a89625eb4565be81da6c80012b33 [term 3 FOLLOWER]: Raft consensus is shut down!
I20260601 13:37:24.058732  6677 tablet_replica.cc:333] T 00000000000000000000000000000000 P ad86a89625eb4565be81da6c80012b33: stopping tablet replica
I20260601 13:37:24.061592  6677 master.cc:584] Master@127.6.133.126:45197 shutdown complete.
I20260601 13:37:24.063977  6677 master.cc:562] Master@127.6.133.125:37715 shutting down...
I20260601 13:37:24.067592  6677 raft_consensus.cc:2243] T 00000000000000000000000000000000 P 3432ebc6c9f34cf1989d7cd6a964f2ea [term 3 FOLLOWER]: Raft consensus shutting down.
I20260601 13:37:24.067791  6677 raft_consensus.cc:2272] T 00000000000000000000000000000000 P 3432ebc6c9f34cf1989d7cd6a964f2ea [term 3 FOLLOWER]: Raft consensus is shut down!
I20260601 13:37:24.067853  6677 tablet_replica.cc:333] T 00000000000000000000000000000000 P 3432ebc6c9f34cf1989d7cd6a964f2ea: stopping tablet replica
I20260601 13:37:24.080825  6677 master.cc:584] Master@127.6.133.125:37715 shutdown complete.
[       OK ] AutoRebalancerTest.NextLeaderResumesAutoRebalancing (6240 ms)
[ RUN      ] AutoRebalancerTest.MovesScheduledIfAddTserver
I20260601 13:37:24.088632  6677 internal_mini_cluster.cc:156] Creating distributed mini masters. Addrs: 127.6.133.126:45133
I20260601 13:37:24.089061  6677 file_cache.cc:492] Constructed file cache file cache with capacity 419430
W20260601 13:37:24.090999  8311 instance_detector.cc:116] could not retrieve AWS instance metadata: Network error: curl error: HTTP response code said error: The requested URL returned error: 404
W20260601 13:37:24.091039  8314 instance_detector.cc:116] could not retrieve OpenStack instance metadata: Network error: curl error: HTTP response code said error: The requested URL returned error: 404
I20260601 13:37:24.091135  6677 server_base.cc:1061] running on GCE node
W20260601 13:37:24.091041  8312 instance_detector.cc:116] could not retrieve Azure instance metadata: Network error: curl error: HTTP response code said error: The requested URL returned error: 404
I20260601 13:37:24.091439  6677 hybrid_clock.cc:584] initializing the hybrid clock with 'system_unsync' time source
W20260601 13:37:24.091481  6677 system_unsync_time.cc:38] NTP support is disabled. Clock error bounds will not be accurate. This configuration is not suitable for distributed clusters.
I20260601 13:37:24.091497  6677 hybrid_clock.cc:648] HybridClock initialized: now 1780321044091497 us; error 0 us; skew 500 ppm
I20260601 13:37:24.092406  6677 webserver.cc:533] Webserver started at http://127.6.133.126:41229/ using document root <none> and password file <none>
I20260601 13:37:24.092569  6677 fs_manager.cc:362] Metadata directory not provided
I20260601 13:37:24.092618  6677 fs_manager.cc:368] Using write-ahead log directory (fs_wal_dir) as metadata directory
I20260601 13:37:24.092685  6677 server_base.cc:909] This appears to be a new deployment of Kudu; creating new FS layout
I20260601 13:37:24.093241  6677 fs_manager.cc:1068] Generated new instance metadata in path /tmp/dist-test-taskCkguqy/test-tmp/auto_rebalancer-test.0.AutoRebalancerTest.MovesScheduledIfAddTserver.1780321027592637-6677-0/minicluster-data/master-0-root/instance:
uuid: "b88b8eeecad040cbaa4d430252e872c7"
format_stamp: "Formatted at 2026-06-01 13:37:24 on dist-test-slave-zp1n"
I20260601 13:37:24.094888  6677 fs_manager.cc:696] Time spent creating directory manager: real 0.001s	user 0.000s	sys 0.001s
I20260601 13:37:24.095921  8319 log_block_manager.cc:4031] Time spent loading block containers with low live blocks: real 0.000s	user 0.000s	sys 0.000s
I20260601 13:37:24.096252  6677 fs_manager.cc:730] Time spent opening block manager: real 0.001s	user 0.000s	sys 0.001s
I20260601 13:37:24.096319  6677 fs_manager.cc:647] Opened local filesystem: /tmp/dist-test-taskCkguqy/test-tmp/auto_rebalancer-test.0.AutoRebalancerTest.MovesScheduledIfAddTserver.1780321027592637-6677-0/minicluster-data/master-0-root
uuid: "b88b8eeecad040cbaa4d430252e872c7"
format_stamp: "Formatted at 2026-06-01 13:37:24 on dist-test-slave-zp1n"
I20260601 13:37:24.096395  6677 fs_report.cc:389] FS layout report
--------------------
wal directory: /tmp/dist-test-taskCkguqy/test-tmp/auto_rebalancer-test.0.AutoRebalancerTest.MovesScheduledIfAddTserver.1780321027592637-6677-0/minicluster-data/master-0-root
metadata directory: /tmp/dist-test-taskCkguqy/test-tmp/auto_rebalancer-test.0.AutoRebalancerTest.MovesScheduledIfAddTserver.1780321027592637-6677-0/minicluster-data/master-0-root
1 data directories: /tmp/dist-test-taskCkguqy/test-tmp/auto_rebalancer-test.0.AutoRebalancerTest.MovesScheduledIfAddTserver.1780321027592637-6677-0/minicluster-data/master-0-root/data
Total live blocks: 0
Total live bytes: 0
Total live bytes (after alignment): 0
Total number of LBM containers: 0 (0 full)
Did not check for missing blocks
Did not check for orphaned blocks
Total full LBM containers with extra space: 0 (0 repaired)
Total full LBM container extra space in bytes: 0 (0 repaired)
Total incomplete LBM containers: 0 (0 repaired)
Total LBM partial records: 0 (0 repaired)
Total corrupted LBM metadata records in RocksDB: 0 (0 repaired)
I20260601 13:37:24.123804  6677 rpc_server.cc:225] running with OpenSSL 1.1.1  11 Sep 2018
I20260601 13:37:24.124326  6677 kserver.cc:163] Server-wide thread pool size limit: 3276
I20260601 13:37:24.128995  6677 rpc_server.cc:307] RPC server started. Bound to: 127.6.133.126:45133
I20260601 13:37:24.131893  8371 acceptor_pool.cc:272] collecting diagnostics on the listening RPC socket 127.6.133.126:45133 every 8 connection(s)
I20260601 13:37:24.132385  8372 data_dirs.cc:400] Could only allocate 1 dirs of requested 3 for tablet 00000000000000000000000000000000. 1 dirs total, 0 dirs full, 0 dirs failed
I20260601 13:37:24.134105  8372 tablet_bootstrap.cc:492] T 00000000000000000000000000000000 P b88b8eeecad040cbaa4d430252e872c7: Bootstrap starting.
I20260601 13:37:24.134836  8372 tablet_bootstrap.cc:654] T 00000000000000000000000000000000 P b88b8eeecad040cbaa4d430252e872c7: Neither blocks nor log segments found. Creating new log.
I20260601 13:37:24.135977  8372 tablet_bootstrap.cc:492] T 00000000000000000000000000000000 P b88b8eeecad040cbaa4d430252e872c7: No bootstrap required, opened a new log
I20260601 13:37:24.136358  8372 raft_consensus.cc:359] T 00000000000000000000000000000000 P b88b8eeecad040cbaa4d430252e872c7 [term 0 FOLLOWER]: Replica starting. Triggering 0 pending ops. Active config: opid_index: -1 OBSOLETE_local: true peers { permanent_uuid: "b88b8eeecad040cbaa4d430252e872c7" member_type: VOTER }
I20260601 13:37:24.136446  8372 raft_consensus.cc:385] T 00000000000000000000000000000000 P b88b8eeecad040cbaa4d430252e872c7 [term 0 FOLLOWER]: Consensus starting up: Expiring failure detector timer to make a prompt election more likely
I20260601 13:37:24.136466  8372 raft_consensus.cc:740] T 00000000000000000000000000000000 P b88b8eeecad040cbaa4d430252e872c7 [term 0 FOLLOWER]: Becoming Follower/Learner. State: Replica: b88b8eeecad040cbaa4d430252e872c7, State: Initialized, Role: FOLLOWER
I20260601 13:37:24.136574  8372 consensus_queue.cc:260] T 00000000000000000000000000000000 P b88b8eeecad040cbaa4d430252e872c7 [NON_LEADER]: Queue going to NON_LEADER mode. State: All replicated index: 0, Majority replicated index: 0, Committed index: 0, Last appended: 0.0, Last appended by leader: 0, Current term: 0, Majority size: -1, State: 0, Mode: NON_LEADER, active raft config: opid_index: -1 OBSOLETE_local: true peers { permanent_uuid: "b88b8eeecad040cbaa4d430252e872c7" member_type: VOTER }
I20260601 13:37:24.136636  8372 raft_consensus.cc:399] T 00000000000000000000000000000000 P b88b8eeecad040cbaa4d430252e872c7 [term 0 FOLLOWER]: Only one voter in the Raft config. Triggering election immediately
I20260601 13:37:24.136656  8372 raft_consensus.cc:493] T 00000000000000000000000000000000 P b88b8eeecad040cbaa4d430252e872c7 [term 0 FOLLOWER]: Starting leader election (initial election of a single-replica configuration)
I20260601 13:37:24.136703  8372 raft_consensus.cc:3060] T 00000000000000000000000000000000 P b88b8eeecad040cbaa4d430252e872c7 [term 0 FOLLOWER]: Advancing to term 1
I20260601 13:37:24.137336  8372 raft_consensus.cc:515] T 00000000000000000000000000000000 P b88b8eeecad040cbaa4d430252e872c7 [term 1 FOLLOWER]: Starting leader election with config: opid_index: -1 OBSOLETE_local: true peers { permanent_uuid: "b88b8eeecad040cbaa4d430252e872c7" member_type: VOTER }
I20260601 13:37:24.137488  8372 leader_election.cc:304] T 00000000000000000000000000000000 P b88b8eeecad040cbaa4d430252e872c7 [CANDIDATE]: Term 1 election: Election decided. Result: candidate won. Election summary: received 1 responses out of 1 voters: 1 yes votes; 0 no votes. yes voters: b88b8eeecad040cbaa4d430252e872c7; no voters: 
I20260601 13:37:24.137665  8372 leader_election.cc:290] T 00000000000000000000000000000000 P b88b8eeecad040cbaa4d430252e872c7 [CANDIDATE]: Term 1 election: Requested vote from peers 
I20260601 13:37:24.137876  8375 raft_consensus.cc:2804] T 00000000000000000000000000000000 P b88b8eeecad040cbaa4d430252e872c7 [term 1 FOLLOWER]: Leader election won for term 1
I20260601 13:37:24.138049  8372 sys_catalog.cc:565] T 00000000000000000000000000000000 P b88b8eeecad040cbaa4d430252e872c7 [sys.catalog]: configured and running, proceeding with master startup.
I20260601 13:37:24.138173  8375 raft_consensus.cc:697] T 00000000000000000000000000000000 P b88b8eeecad040cbaa4d430252e872c7 [term 1 LEADER]: Becoming Leader. State: Replica: b88b8eeecad040cbaa4d430252e872c7, State: Running, Role: LEADER
I20260601 13:37:24.138343  8375 consensus_queue.cc:237] T 00000000000000000000000000000000 P b88b8eeecad040cbaa4d430252e872c7 [LEADER]: Queue going to LEADER mode. State: All replicated index: 0, Majority replicated index: 0, Committed index: 0, Last appended: 0.0, Last appended by leader: 0, Current term: 1, Majority size: 1, State: 0, Mode: LEADER, active raft config: opid_index: -1 OBSOLETE_local: true peers { permanent_uuid: "b88b8eeecad040cbaa4d430252e872c7" member_type: VOTER }
I20260601 13:37:24.138849  8376 sys_catalog.cc:455] T 00000000000000000000000000000000 P b88b8eeecad040cbaa4d430252e872c7 [sys.catalog]: SysCatalogTable state changed. Reason: RaftConsensus started. Latest consensus state: current_term: 1 leader_uuid: "b88b8eeecad040cbaa4d430252e872c7" committed_config { opid_index: -1 OBSOLETE_local: true peers { permanent_uuid: "b88b8eeecad040cbaa4d430252e872c7" member_type: VOTER } }
I20260601 13:37:24.138895  8377 sys_catalog.cc:455] T 00000000000000000000000000000000 P b88b8eeecad040cbaa4d430252e872c7 [sys.catalog]: SysCatalogTable state changed. Reason: New leader b88b8eeecad040cbaa4d430252e872c7. Latest consensus state: current_term: 1 leader_uuid: "b88b8eeecad040cbaa4d430252e872c7" committed_config { opid_index: -1 OBSOLETE_local: true peers { permanent_uuid: "b88b8eeecad040cbaa4d430252e872c7" member_type: VOTER } }
I20260601 13:37:24.138974  8376 sys_catalog.cc:458] T 00000000000000000000000000000000 P b88b8eeecad040cbaa4d430252e872c7 [sys.catalog]: This master's current role is: LEADER
I20260601 13:37:24.138990  8377 sys_catalog.cc:458] T 00000000000000000000000000000000 P b88b8eeecad040cbaa4d430252e872c7 [sys.catalog]: This master's current role is: LEADER
I20260601 13:37:24.139269  8384 catalog_manager.cc:1510] Loading table and tablet metadata into memory...
I20260601 13:37:24.140280  8384 catalog_manager.cc:1519] Initializing Kudu cluster ID...
I20260601 13:37:24.140580  6677 internal_mini_cluster.cc:184] Waiting to initialize catalog manager on master 0
I20260601 13:37:24.142336  8384 catalog_manager.cc:1382] Generated new cluster ID: 75afaa5de5bd43d2a0212d5b7bcf54a4
I20260601 13:37:24.142405  8384 catalog_manager.cc:1530] Initializing Kudu internal certificate authority...
I20260601 13:37:24.161705  8384 catalog_manager.cc:1405] Generated new certificate authority record
I20260601 13:37:24.162393  8384 catalog_manager.cc:1539] Loading token signing keys...
I20260601 13:37:24.175235  8384 catalog_manager.cc:6069] T 00000000000000000000000000000000 P b88b8eeecad040cbaa4d430252e872c7: Generated new TSK 0
I20260601 13:37:24.175534  8384 catalog_manager.cc:1549] Initializing in-progress tserver states...
I20260601 13:37:24.205845  6677 file_cache.cc:492] Constructed file cache file cache with capacity 419430
W20260601 13:37:24.208093  8394 instance_detector.cc:116] could not retrieve Azure instance metadata: Network error: curl error: HTTP response code said error: The requested URL returned error: 404
W20260601 13:37:24.208338  8393 instance_detector.cc:116] could not retrieve AWS instance metadata: Network error: curl error: HTTP response code said error: The requested URL returned error: 404
I20260601 13:37:24.208389  6677 server_base.cc:1061] running on GCE node
W20260601 13:37:24.208199  8396 instance_detector.cc:116] could not retrieve OpenStack instance metadata: Network error: curl error: HTTP response code said error: The requested URL returned error: 404
I20260601 13:37:24.208738  6677 hybrid_clock.cc:584] initializing the hybrid clock with 'system_unsync' time source
W20260601 13:37:24.208791  6677 system_unsync_time.cc:38] NTP support is disabled. Clock error bounds will not be accurate. This configuration is not suitable for distributed clusters.
I20260601 13:37:24.208806  6677 hybrid_clock.cc:648] HybridClock initialized: now 1780321044208806 us; error 0 us; skew 500 ppm
I20260601 13:37:24.209717  6677 webserver.cc:533] Webserver started at http://127.6.133.65:33489/ using document root <none> and password file <none>
I20260601 13:37:24.209856  6677 fs_manager.cc:362] Metadata directory not provided
I20260601 13:37:24.209918  6677 fs_manager.cc:368] Using write-ahead log directory (fs_wal_dir) as metadata directory
I20260601 13:37:24.209981  6677 server_base.cc:909] This appears to be a new deployment of Kudu; creating new FS layout
I20260601 13:37:24.210376  6677 fs_manager.cc:1068] Generated new instance metadata in path /tmp/dist-test-taskCkguqy/test-tmp/auto_rebalancer-test.0.AutoRebalancerTest.MovesScheduledIfAddTserver.1780321027592637-6677-0/minicluster-data/ts-0-root/instance:
uuid: "825f9f32308c4077be3f745356188e24"
format_stamp: "Formatted at 2026-06-01 13:37:24 on dist-test-slave-zp1n"
I20260601 13:37:24.211877  6677 fs_manager.cc:696] Time spent creating directory manager: real 0.001s	user 0.002s	sys 0.000s
I20260601 13:37:24.213004  8401 log_block_manager.cc:4031] Time spent loading block containers with low live blocks: real 0.000s	user 0.000s	sys 0.000s
I20260601 13:37:24.213338  6677 fs_manager.cc:730] Time spent opening block manager: real 0.001s	user 0.001s	sys 0.000s
I20260601 13:37:24.213440  6677 fs_manager.cc:647] Opened local filesystem: /tmp/dist-test-taskCkguqy/test-tmp/auto_rebalancer-test.0.AutoRebalancerTest.MovesScheduledIfAddTserver.1780321027592637-6677-0/minicluster-data/ts-0-root
uuid: "825f9f32308c4077be3f745356188e24"
format_stamp: "Formatted at 2026-06-01 13:37:24 on dist-test-slave-zp1n"
I20260601 13:37:24.213510  6677 fs_report.cc:389] FS layout report
--------------------
wal directory: /tmp/dist-test-taskCkguqy/test-tmp/auto_rebalancer-test.0.AutoRebalancerTest.MovesScheduledIfAddTserver.1780321027592637-6677-0/minicluster-data/ts-0-root
metadata directory: /tmp/dist-test-taskCkguqy/test-tmp/auto_rebalancer-test.0.AutoRebalancerTest.MovesScheduledIfAddTserver.1780321027592637-6677-0/minicluster-data/ts-0-root
1 data directories: /tmp/dist-test-taskCkguqy/test-tmp/auto_rebalancer-test.0.AutoRebalancerTest.MovesScheduledIfAddTserver.1780321027592637-6677-0/minicluster-data/ts-0-root/data
Total live blocks: 0
Total live bytes: 0
Total live bytes (after alignment): 0
Total number of LBM containers: 0 (0 full)
Did not check for missing blocks
Did not check for orphaned blocks
Total full LBM containers with extra space: 0 (0 repaired)
Total full LBM container extra space in bytes: 0 (0 repaired)
Total incomplete LBM containers: 0 (0 repaired)
Total LBM partial records: 0 (0 repaired)
Total corrupted LBM metadata records in RocksDB: 0 (0 repaired)
I20260601 13:37:24.226420  6677 rpc_server.cc:225] running with OpenSSL 1.1.1  11 Sep 2018
I20260601 13:37:24.226848  6677 kserver.cc:163] Server-wide thread pool size limit: 3276
I20260601 13:37:24.227156  6677 txn_system_client.cc:432] TxnSystemClient initialization is disabled...
I20260601 13:37:24.227695  6677 ts_tablet_manager.cc:585] Loaded tablet metadata (0 total tablets, 0 live tablets)
I20260601 13:37:24.227741  6677 ts_tablet_manager.cc:531] Time spent load tablet metadata: real 0.000s	user 0.000s	sys 0.000s
I20260601 13:37:24.227787  6677 ts_tablet_manager.cc:616] Registered 0 tablets
I20260601 13:37:24.227819  6677 ts_tablet_manager.cc:595] Time spent register tablets: real 0.000s	user 0.000s	sys 0.000s
I20260601 13:37:24.232481  6677 rpc_server.cc:307] RPC server started. Bound to: 127.6.133.65:42629
I20260601 13:37:24.232610  8464 acceptor_pool.cc:272] collecting diagnostics on the listening RPC socket 127.6.133.65:42629 every 8 connection(s)
I20260601 13:37:24.233441  6677 file_cache.cc:492] Constructed file cache file cache with capacity 419430
W20260601 13:37:24.235337  8469 instance_detector.cc:116] could not retrieve AWS instance metadata: Network error: curl error: HTTP response code said error: The requested URL returned error: 404
W20260601 13:37:24.235489  8470 instance_detector.cc:116] could not retrieve Azure instance metadata: Network error: curl error: HTTP response code said error: The requested URL returned error: 404
W20260601 13:37:24.235575  8472 instance_detector.cc:116] could not retrieve OpenStack instance metadata: Network error: curl error: HTTP response code said error: The requested URL returned error: 404
I20260601 13:37:24.236238  6677 server_base.cc:1061] running on GCE node
I20260601 13:37:24.236434  6677 hybrid_clock.cc:584] initializing the hybrid clock with 'system_unsync' time source
W20260601 13:37:24.236486  6677 system_unsync_time.cc:38] NTP support is disabled. Clock error bounds will not be accurate. This configuration is not suitable for distributed clusters.
I20260601 13:37:24.236505  6677 hybrid_clock.cc:648] HybridClock initialized: now 1780321044236504 us; error 0 us; skew 500 ppm
I20260601 13:37:24.237475  6677 webserver.cc:533] Webserver started at http://127.6.133.66:33435/ using document root <none> and password file <none>
I20260601 13:37:24.237636  6677 fs_manager.cc:362] Metadata directory not provided
I20260601 13:37:24.237701  6677 fs_manager.cc:368] Using write-ahead log directory (fs_wal_dir) as metadata directory
I20260601 13:37:24.237787  6677 server_base.cc:909] This appears to be a new deployment of Kudu; creating new FS layout
I20260601 13:37:24.238250  6677 fs_manager.cc:1068] Generated new instance metadata in path /tmp/dist-test-taskCkguqy/test-tmp/auto_rebalancer-test.0.AutoRebalancerTest.MovesScheduledIfAddTserver.1780321027592637-6677-0/minicluster-data/ts-1-root/instance:
uuid: "dcc18698a04c429cb663b47d9c93b33b"
format_stamp: "Formatted at 2026-06-01 13:37:24 on dist-test-slave-zp1n"
I20260601 13:37:24.238696  8465 heartbeater.cc:344] Connected to a master server at 127.6.133.126:45133
I20260601 13:37:24.238807  8465 heartbeater.cc:461] Registering TS with master...
I20260601 13:37:24.239089  8465 heartbeater.cc:507] Master 127.6.133.126:45133 requested a full tablet report, sending...
I20260601 13:37:24.239861  8336 ts_manager.cc:194] Registered new tserver with Master: 825f9f32308c4077be3f745356188e24 (127.6.133.65:42629)
I20260601 13:37:24.240207  6677 fs_manager.cc:696] Time spent creating directory manager: real 0.002s	user 0.000s	sys 0.002s
I20260601 13:37:24.240839  8336 master_service.cc:502] Signed X509 certificate for tserver {username='slave'} at 127.0.0.1:48718
I20260601 13:37:24.241482  8477 log_block_manager.cc:4031] Time spent loading block containers with low live blocks: real 0.000s	user 0.000s	sys 0.000s
I20260601 13:37:24.241812  6677 fs_manager.cc:730] Time spent opening block manager: real 0.001s	user 0.000s	sys 0.001s
I20260601 13:37:24.241907  6677 fs_manager.cc:647] Opened local filesystem: /tmp/dist-test-taskCkguqy/test-tmp/auto_rebalancer-test.0.AutoRebalancerTest.MovesScheduledIfAddTserver.1780321027592637-6677-0/minicluster-data/ts-1-root
uuid: "dcc18698a04c429cb663b47d9c93b33b"
format_stamp: "Formatted at 2026-06-01 13:37:24 on dist-test-slave-zp1n"
I20260601 13:37:24.241999  6677 fs_report.cc:389] FS layout report
--------------------
wal directory: /tmp/dist-test-taskCkguqy/test-tmp/auto_rebalancer-test.0.AutoRebalancerTest.MovesScheduledIfAddTserver.1780321027592637-6677-0/minicluster-data/ts-1-root
metadata directory: /tmp/dist-test-taskCkguqy/test-tmp/auto_rebalancer-test.0.AutoRebalancerTest.MovesScheduledIfAddTserver.1780321027592637-6677-0/minicluster-data/ts-1-root
1 data directories: /tmp/dist-test-taskCkguqy/test-tmp/auto_rebalancer-test.0.AutoRebalancerTest.MovesScheduledIfAddTserver.1780321027592637-6677-0/minicluster-data/ts-1-root/data
Total live blocks: 0
Total live bytes: 0
Total live bytes (after alignment): 0
Total number of LBM containers: 0 (0 full)
Did not check for missing blocks
Did not check for orphaned blocks
Total full LBM containers with extra space: 0 (0 repaired)
Total full LBM container extra space in bytes: 0 (0 repaired)
Total incomplete LBM containers: 0 (0 repaired)
Total LBM partial records: 0 (0 repaired)
Total corrupted LBM metadata records in RocksDB: 0 (0 repaired)
I20260601 13:37:24.264104  6677 rpc_server.cc:225] running with OpenSSL 1.1.1  11 Sep 2018
I20260601 13:37:24.264652  6677 kserver.cc:163] Server-wide thread pool size limit: 3276
I20260601 13:37:24.264994  6677 txn_system_client.cc:432] TxnSystemClient initialization is disabled...
I20260601 13:37:24.265594  6677 ts_tablet_manager.cc:585] Loaded tablet metadata (0 total tablets, 0 live tablets)
I20260601 13:37:24.265638  6677 ts_tablet_manager.cc:531] Time spent load tablet metadata: real 0.000s	user 0.000s	sys 0.000s
I20260601 13:37:24.265683  6677 ts_tablet_manager.cc:616] Registered 0 tablets
I20260601 13:37:24.265710  6677 ts_tablet_manager.cc:595] Time spent register tablets: real 0.000s	user 0.000s	sys 0.000s
I20260601 13:37:24.270421  6677 rpc_server.cc:307] RPC server started. Bound to: 127.6.133.66:33689
I20260601 13:37:24.270490  8540 acceptor_pool.cc:272] collecting diagnostics on the listening RPC socket 127.6.133.66:33689 every 8 connection(s)
I20260601 13:37:24.271395  6677 file_cache.cc:492] Constructed file cache file cache with capacity 419430
W20260601 13:37:24.273808  8547 instance_detector.cc:116] could not retrieve OpenStack instance metadata: Network error: curl error: HTTP response code said error: The requested URL returned error: 404
W20260601 13:37:24.273836  8545 instance_detector.cc:116] could not retrieve Azure instance metadata: Network error: curl error: HTTP response code said error: The requested URL returned error: 404
W20260601 13:37:24.274088  8544 instance_detector.cc:116] could not retrieve AWS instance metadata: Network error: curl error: HTTP response code said error: The requested URL returned error: 404
I20260601 13:37:24.274757  6677 server_base.cc:1061] running on GCE node
I20260601 13:37:24.274933  6677 hybrid_clock.cc:584] initializing the hybrid clock with 'system_unsync' time source
W20260601 13:37:24.274984  6677 system_unsync_time.cc:38] NTP support is disabled. Clock error bounds will not be accurate. This configuration is not suitable for distributed clusters.
I20260601 13:37:24.275007  6677 hybrid_clock.cc:648] HybridClock initialized: now 1780321044275006 us; error 0 us; skew 500 ppm
I20260601 13:37:24.276062  6677 webserver.cc:533] Webserver started at http://127.6.133.67:42547/ using document root <none> and password file <none>
I20260601 13:37:24.276263  6677 fs_manager.cc:362] Metadata directory not provided
I20260601 13:37:24.276335  6677 fs_manager.cc:368] Using write-ahead log directory (fs_wal_dir) as metadata directory
I20260601 13:37:24.276304  8541 heartbeater.cc:344] Connected to a master server at 127.6.133.126:45133
I20260601 13:37:24.276439  6677 server_base.cc:909] This appears to be a new deployment of Kudu; creating new FS layout
I20260601 13:37:24.276461  8541 heartbeater.cc:461] Registering TS with master...
I20260601 13:37:24.276736  8541 heartbeater.cc:507] Master 127.6.133.126:45133 requested a full tablet report, sending...
I20260601 13:37:24.276908  6677 fs_manager.cc:1068] Generated new instance metadata in path /tmp/dist-test-taskCkguqy/test-tmp/auto_rebalancer-test.0.AutoRebalancerTest.MovesScheduledIfAddTserver.1780321027592637-6677-0/minicluster-data/ts-2-root/instance:
uuid: "8c13c8ec378f41e49fe9c44e97e56fc2"
format_stamp: "Formatted at 2026-06-01 13:37:24 on dist-test-slave-zp1n"
I20260601 13:37:24.277516  8336 ts_manager.cc:194] Registered new tserver with Master: dcc18698a04c429cb663b47d9c93b33b (127.6.133.66:33689)
I20260601 13:37:24.278079  8336 master_service.cc:502] Signed X509 certificate for tserver {username='slave'} at 127.0.0.1:48722
I20260601 13:37:24.278707  6677 fs_manager.cc:696] Time spent creating directory manager: real 0.002s	user 0.000s	sys 0.002s
I20260601 13:37:24.279855  8552 log_block_manager.cc:4031] Time spent loading block containers with low live blocks: real 0.000s	user 0.000s	sys 0.000s
I20260601 13:37:24.280179  6677 fs_manager.cc:730] Time spent opening block manager: real 0.001s	user 0.000s	sys 0.001s
I20260601 13:37:24.280257  6677 fs_manager.cc:647] Opened local filesystem: /tmp/dist-test-taskCkguqy/test-tmp/auto_rebalancer-test.0.AutoRebalancerTest.MovesScheduledIfAddTserver.1780321027592637-6677-0/minicluster-data/ts-2-root
uuid: "8c13c8ec378f41e49fe9c44e97e56fc2"
format_stamp: "Formatted at 2026-06-01 13:37:24 on dist-test-slave-zp1n"
I20260601 13:37:24.280337  6677 fs_report.cc:389] FS layout report
--------------------
wal directory: /tmp/dist-test-taskCkguqy/test-tmp/auto_rebalancer-test.0.AutoRebalancerTest.MovesScheduledIfAddTserver.1780321027592637-6677-0/minicluster-data/ts-2-root
metadata directory: /tmp/dist-test-taskCkguqy/test-tmp/auto_rebalancer-test.0.AutoRebalancerTest.MovesScheduledIfAddTserver.1780321027592637-6677-0/minicluster-data/ts-2-root
1 data directories: /tmp/dist-test-taskCkguqy/test-tmp/auto_rebalancer-test.0.AutoRebalancerTest.MovesScheduledIfAddTserver.1780321027592637-6677-0/minicluster-data/ts-2-root/data
Total live blocks: 0
Total live bytes: 0
Total live bytes (after alignment): 0
Total number of LBM containers: 0 (0 full)
Did not check for missing blocks
Did not check for orphaned blocks
Total full LBM containers with extra space: 0 (0 repaired)
Total full LBM container extra space in bytes: 0 (0 repaired)
Total incomplete LBM containers: 0 (0 repaired)
Total LBM partial records: 0 (0 repaired)
Total corrupted LBM metadata records in RocksDB: 0 (0 repaired)
I20260601 13:37:24.316856  6677 rpc_server.cc:225] running with OpenSSL 1.1.1  11 Sep 2018
I20260601 13:37:24.317451  6677 kserver.cc:163] Server-wide thread pool size limit: 3276
I20260601 13:37:24.317814  6677 txn_system_client.cc:432] TxnSystemClient initialization is disabled...
I20260601 13:37:24.318337  6677 ts_tablet_manager.cc:585] Loaded tablet metadata (0 total tablets, 0 live tablets)
I20260601 13:37:24.318378  6677 ts_tablet_manager.cc:531] Time spent load tablet metadata: real 0.000s	user 0.000s	sys 0.000s
I20260601 13:37:24.318423  6677 ts_tablet_manager.cc:616] Registered 0 tablets
I20260601 13:37:24.318449  6677 ts_tablet_manager.cc:595] Time spent register tablets: real 0.000s	user 0.000s	sys 0.000s
I20260601 13:37:24.323773  6677 rpc_server.cc:307] RPC server started. Bound to: 127.6.133.67:45865
I20260601 13:37:24.323871  8615 acceptor_pool.cc:272] collecting diagnostics on the listening RPC socket 127.6.133.67:45865 every 8 connection(s)
I20260601 13:37:24.329164  8616 heartbeater.cc:344] Connected to a master server at 127.6.133.126:45133
I20260601 13:37:24.329272  8616 heartbeater.cc:461] Registering TS with master...
I20260601 13:37:24.329536  8616 heartbeater.cc:507] Master 127.6.133.126:45133 requested a full tablet report, sending...
I20260601 13:37:24.330307  8336 ts_manager.cc:194] Registered new tserver with Master: 8c13c8ec378f41e49fe9c44e97e56fc2 (127.6.133.67:45865)
I20260601 13:37:24.331012  8336 master_service.cc:502] Signed X509 certificate for tserver {username='slave'} at 127.0.0.1:48730
I20260601 13:37:24.331250  6677 internal_mini_cluster.cc:371] 3 TS(s) registered with all masters after 0.006803567s
I20260601 13:37:25.241966  8465 heartbeater.cc:499] Master 127.6.133.126:45133 was elected leader, sending a full tablet report...
I20260601 13:37:25.279088  8541 heartbeater.cc:499] Master 127.6.133.126:45133 was elected leader, sending a full tablet report...
I20260601 13:37:25.332123  8616 heartbeater.cc:499] Master 127.6.133.126:45133 was elected leader, sending a full tablet report...
I20260601 13:37:25.371088  8336 catalog_manager.cc:2282] Servicing CreateTable request from {username='slave'} at 127.0.0.1:53022:
name: "test-workload"
schema {
  columns {
    name: "key"
    type: INT32
    is_key: true
    is_nullable: false
    encoding: AUTO_ENCODING
    compression: DEFAULT_COMPRESSION
    cfile_block_size: 0
    immutable: false
  }
  columns {
    name: "int_val"
    type: INT32
    is_key: false
    is_nullable: false
    encoding: AUTO_ENCODING
    compression: DEFAULT_COMPRESSION
    cfile_block_size: 0
    immutable: false
  }
  columns {
    name: "string_val"
    type: STRING
    is_key: false
    is_nullable: true
    encoding: AUTO_ENCODING
    compression: DEFAULT_COMPRESSION
    cfile_block_size: 0
    immutable: false
  }
}
num_replicas: 3
split_rows_range_bounds {
  rows: "\004\001\000\377\377\377?""\004\001\000\377\377\377?"
  indirect_data: """"
}
partition_schema {
  range_schema {
    columns {
      name: "key"
    }
  }
}
W20260601 13:37:25.371759  8336 catalog_manager.cc:7076] The number of live tablet servers is not enough to re-replicate a tablet replica of the newly created table test-workload in case of a server failure: 4 tablet servers would be needed, 3 are available. Consider bringing up more tablet servers.
I20260601 13:37:25.383854  8505 tablet_service.cc:1511] Processing CreateTablet for tablet e10efa710d64440194a3d2f3b6f3de24 (DEFAULT_TABLE table=test-workload [id=5e455953d3dc4e8795283f9f85885914]), partition=RANGE (key) PARTITION VALUES < 1073741823
I20260601 13:37:25.383919  8504 tablet_service.cc:1511] Processing CreateTablet for tablet a8bec3ea4b424c7d9a15a3bce278da34 (DEFAULT_TABLE table=test-workload [id=5e455953d3dc4e8795283f9f85885914]), partition=RANGE (key) PARTITION 1073741823 <= VALUES
