I20260601 13:38:03.203284  8933 raft_consensus.cc:399] T 00000000000000000000000000000000 P 926e48768f5d42d297f4eb9af3267074 [term 0 FOLLOWER]: Only one voter in the Raft config. Triggering election immediately
I20260601 13:38:03.203313  8933 raft_consensus.cc:493] T 00000000000000000000000000000000 P 926e48768f5d42d297f4eb9af3267074 [term 0 FOLLOWER]: Starting leader election (initial election of a single-replica configuration)
I20260601 13:38:03.203358  8933 raft_consensus.cc:3060] T 00000000000000000000000000000000 P 926e48768f5d42d297f4eb9af3267074 [term 0 FOLLOWER]: Advancing to term 1
I20260601 13:38:03.204022  8933 raft_consensus.cc:515] T 00000000000000000000000000000000 P 926e48768f5d42d297f4eb9af3267074 [term 1 FOLLOWER]: Starting leader election with config: opid_index: -1 OBSOLETE_local: true peers { permanent_uuid: "926e48768f5d42d297f4eb9af3267074" member_type: VOTER }
I20260601 13:38:03.204141  8933 leader_election.cc:304] T 00000000000000000000000000000000 P 926e48768f5d42d297f4eb9af3267074 [CANDIDATE]: Term 1 election: Election decided. Result: candidate won. Election summary: received 1 responses out of 1 voters: 1 yes votes; 0 no votes. yes voters: 926e48768f5d42d297f4eb9af3267074; no voters: 
I20260601 13:38:03.204339  8933 leader_election.cc:290] T 00000000000000000000000000000000 P 926e48768f5d42d297f4eb9af3267074 [CANDIDATE]: Term 1 election: Requested vote from peers 
I20260601 13:38:03.204497  8936 raft_consensus.cc:2804] T 00000000000000000000000000000000 P 926e48768f5d42d297f4eb9af3267074 [term 1 FOLLOWER]: Leader election won for term 1
I20260601 13:38:03.204733  8936 raft_consensus.cc:697] T 00000000000000000000000000000000 P 926e48768f5d42d297f4eb9af3267074 [term 1 LEADER]: Becoming Leader. State: Replica: 926e48768f5d42d297f4eb9af3267074, State: Running, Role: LEADER
I20260601 13:38:03.204900  8936 consensus_queue.cc:237] T 00000000000000000000000000000000 P 926e48768f5d42d297f4eb9af3267074 [LEADER]: Queue going to LEADER mode. State: All replicated index: 0, Majority replicated index: 0, Committed index: 0, Last appended: 0.0, Last appended by leader: 0, Current term: 1, Majority size: 1, State: 0, Mode: LEADER, active raft config: opid_index: -1 OBSOLETE_local: true peers { permanent_uuid: "926e48768f5d42d297f4eb9af3267074" member_type: VOTER }
I20260601 13:38:03.205004  8933 sys_catalog.cc:565] T 00000000000000000000000000000000 P 926e48768f5d42d297f4eb9af3267074 [sys.catalog]: configured and running, proceeding with master startup.
I20260601 13:38:03.205443  8937 sys_catalog.cc:455] T 00000000000000000000000000000000 P 926e48768f5d42d297f4eb9af3267074 [sys.catalog]: SysCatalogTable state changed. Reason: RaftConsensus started. Latest consensus state: current_term: 1 leader_uuid: "926e48768f5d42d297f4eb9af3267074" committed_config { opid_index: -1 OBSOLETE_local: true peers { permanent_uuid: "926e48768f5d42d297f4eb9af3267074" member_type: VOTER } }
I20260601 13:38:03.205533  8937 sys_catalog.cc:458] T 00000000000000000000000000000000 P 926e48768f5d42d297f4eb9af3267074 [sys.catalog]: This master's current role is: LEADER
I20260601 13:38:03.205487  8938 sys_catalog.cc:455] T 00000000000000000000000000000000 P 926e48768f5d42d297f4eb9af3267074 [sys.catalog]: SysCatalogTable state changed. Reason: New leader 926e48768f5d42d297f4eb9af3267074. Latest consensus state: current_term: 1 leader_uuid: "926e48768f5d42d297f4eb9af3267074" committed_config { opid_index: -1 OBSOLETE_local: true peers { permanent_uuid: "926e48768f5d42d297f4eb9af3267074" member_type: VOTER } }
I20260601 13:38:03.205709  8938 sys_catalog.cc:458] T 00000000000000000000000000000000 P 926e48768f5d42d297f4eb9af3267074 [sys.catalog]: This master's current role is: LEADER
I20260601 13:38:03.206296  8940 catalog_manager.cc:1510] Loading table and tablet metadata into memory...
I20260601 13:38:03.207182  8940 catalog_manager.cc:1519] Initializing Kudu cluster ID...
I20260601 13:38:03.207408  6677 internal_mini_cluster.cc:184] Waiting to initialize catalog manager on master 0
I20260601 13:38:03.209345  8940 catalog_manager.cc:1382] Generated new cluster ID: ff6493883a1e412f9e44a12975039571
I20260601 13:38:03.209448  8940 catalog_manager.cc:1530] Initializing Kudu internal certificate authority...
I20260601 13:38:03.229583  8940 catalog_manager.cc:1405] Generated new certificate authority record
I20260601 13:38:03.230222  8940 catalog_manager.cc:1539] Loading token signing keys...
I20260601 13:38:03.234779  8940 catalog_manager.cc:6069] T 00000000000000000000000000000000 P 926e48768f5d42d297f4eb9af3267074: Generated new TSK 0
I20260601 13:38:03.234956  8940 catalog_manager.cc:1549] Initializing in-progress tserver states...
I20260601 13:38:03.239745  6677 file_cache.cc:492] Constructed file cache file cache with capacity 419430
W20260601 13:38:03.242432  8957 instance_detector.cc:116] could not retrieve OpenStack instance metadata: Network error: curl error: HTTP response code said error: The requested URL returned error: 404
W20260601 13:38:03.242441  8955 instance_detector.cc:116] could not retrieve Azure instance metadata: Network error: curl error: HTTP response code said error: The requested URL returned error: 404
I20260601 13:38:03.242496  6677 server_base.cc:1061] running on GCE node
W20260601 13:38:03.242532  8954 instance_detector.cc:116] could not retrieve AWS instance metadata: Network error: curl error: HTTP response code said error: The requested URL returned error: 404
I20260601 13:38:03.242916  6677 hybrid_clock.cc:584] initializing the hybrid clock with 'system_unsync' time source
W20260601 13:38:03.242965  6677 system_unsync_time.cc:38] NTP support is disabled. Clock error bounds will not be accurate. This configuration is not suitable for distributed clusters.
I20260601 13:38:03.242981  6677 hybrid_clock.cc:648] HybridClock initialized: now 1780321083242981 us; error 0 us; skew 500 ppm
I20260601 13:38:03.243913  6677 webserver.cc:533] Webserver started at http://127.6.133.65:39365/ using document root <none> and password file <none>
I20260601 13:38:03.244088  6677 fs_manager.cc:362] Metadata directory not provided
I20260601 13:38:03.244141  6677 fs_manager.cc:368] Using write-ahead log directory (fs_wal_dir) as metadata directory
I20260601 13:38:03.244210  6677 server_base.cc:909] This appears to be a new deployment of Kudu; creating new FS layout
I20260601 13:38:03.244618  6677 fs_manager.cc:1068] Generated new instance metadata in path /tmp/dist-test-taskCkguqy/test-tmp/auto_rebalancer-test.0.AutoRebalancerTest.NoReplicaMovesIfNoTablets.1780321027592637-6677-0/minicluster-data/ts-0-root/instance:
uuid: "f8cb4fd4e04a418da0c7ad33af087344"
format_stamp: "Formatted at 2026-06-01 13:38:03 on dist-test-slave-zp1n"
I20260601 13:38:03.246240  6677 fs_manager.cc:696] Time spent creating directory manager: real 0.001s	user 0.000s	sys 0.002s
I20260601 13:38:03.247254  8962 log_block_manager.cc:4031] Time spent loading block containers with low live blocks: real 0.000s	user 0.000s	sys 0.000s
I20260601 13:38:03.247538  6677 fs_manager.cc:730] Time spent opening block manager: real 0.001s	user 0.000s	sys 0.001s
I20260601 13:38:03.247605  6677 fs_manager.cc:647] Opened local filesystem: /tmp/dist-test-taskCkguqy/test-tmp/auto_rebalancer-test.0.AutoRebalancerTest.NoReplicaMovesIfNoTablets.1780321027592637-6677-0/minicluster-data/ts-0-root
uuid: "f8cb4fd4e04a418da0c7ad33af087344"
format_stamp: "Formatted at 2026-06-01 13:38:03 on dist-test-slave-zp1n"
I20260601 13:38:03.247681  6677 fs_report.cc:389] FS layout report
--------------------
wal directory: /tmp/dist-test-taskCkguqy/test-tmp/auto_rebalancer-test.0.AutoRebalancerTest.NoReplicaMovesIfNoTablets.1780321027592637-6677-0/minicluster-data/ts-0-root
metadata directory: /tmp/dist-test-taskCkguqy/test-tmp/auto_rebalancer-test.0.AutoRebalancerTest.NoReplicaMovesIfNoTablets.1780321027592637-6677-0/minicluster-data/ts-0-root
1 data directories: /tmp/dist-test-taskCkguqy/test-tmp/auto_rebalancer-test.0.AutoRebalancerTest.NoReplicaMovesIfNoTablets.1780321027592637-6677-0/minicluster-data/ts-0-root/data
Total live blocks: 0
Total live bytes: 0
Total live bytes (after alignment): 0
Total number of LBM containers: 0 (0 full)
Did not check for missing blocks
Did not check for orphaned blocks
Total full LBM containers with extra space: 0 (0 repaired)
Total full LBM container extra space in bytes: 0 (0 repaired)
Total incomplete LBM containers: 0 (0 repaired)
Total LBM partial records: 0 (0 repaired)
Total corrupted LBM metadata records in RocksDB: 0 (0 repaired)
I20260601 13:38:03.260207  6677 rpc_server.cc:225] running with OpenSSL 1.1.1  11 Sep 2018
I20260601 13:38:03.260663  6677 kserver.cc:163] Server-wide thread pool size limit: 3276
I20260601 13:38:03.260977  6677 txn_system_client.cc:432] TxnSystemClient initialization is disabled...
I20260601 13:38:03.261584  6677 ts_tablet_manager.cc:585] Loaded tablet metadata (0 total tablets, 0 live tablets)
I20260601 13:38:03.261627  6677 ts_tablet_manager.cc:531] Time spent load tablet metadata: real 0.000s	user 0.000s	sys 0.000s
I20260601 13:38:03.261659  6677 ts_tablet_manager.cc:616] Registered 0 tablets
I20260601 13:38:03.261688  6677 ts_tablet_manager.cc:595] Time spent register tablets: real 0.000s	user 0.000s	sys 0.000s
I20260601 13:38:03.266453  6677 rpc_server.cc:307] RPC server started. Bound to: 127.6.133.65:39417
I20260601 13:38:03.266649  9025 acceptor_pool.cc:272] collecting diagnostics on the listening RPC socket 127.6.133.65:39417 every 8 connection(s)
I20260601 13:38:03.267498  6677 file_cache.cc:492] Constructed file cache file cache with capacity 419430
W20260601 13:38:03.269748  9030 instance_detector.cc:116] could not retrieve AWS instance metadata: Network error: curl error: HTTP response code said error: The requested URL returned error: 404
W20260601 13:38:03.269721  9031 instance_detector.cc:116] could not retrieve Azure instance metadata: Network error: curl error: HTTP response code said error: The requested URL returned error: 404
W20260601 13:38:03.269698  9033 instance_detector.cc:116] could not retrieve OpenStack instance metadata: Network error: curl error: HTTP response code said error: The requested URL returned error: 404
I20260601 13:38:03.270270  6677 server_base.cc:1061] running on GCE node
I20260601 13:38:03.270867  6677 hybrid_clock.cc:584] initializing the hybrid clock with 'system_unsync' time source
W20260601 13:38:03.270929  6677 system_unsync_time.cc:38] NTP support is disabled. Clock error bounds will not be accurate. This configuration is not suitable for distributed clusters.
I20260601 13:38:03.270959  6677 hybrid_clock.cc:648] HybridClock initialized: now 1780321083270959 us; error 0 us; skew 500 ppm
I20260601 13:38:03.272042  6677 webserver.cc:533] Webserver started at http://127.6.133.66:44327/ using document root <none> and password file <none>
I20260601 13:38:03.272200  6677 fs_manager.cc:362] Metadata directory not provided
I20260601 13:38:03.272245  6677 fs_manager.cc:368] Using write-ahead log directory (fs_wal_dir) as metadata directory
I20260601 13:38:03.272310  6677 server_base.cc:909] This appears to be a new deployment of Kudu; creating new FS layout
I20260601 13:38:03.272708  6677 fs_manager.cc:1068] Generated new instance metadata in path /tmp/dist-test-taskCkguqy/test-tmp/auto_rebalancer-test.0.AutoRebalancerTest.NoReplicaMovesIfNoTablets.1780321027592637-6677-0/minicluster-data/ts-1-root/instance:
uuid: "47abcf9287174f0baff15fa616e2e687"
format_stamp: "Formatted at 2026-06-01 13:38:03 on dist-test-slave-zp1n"
I20260601 13:38:03.274545  6677 fs_manager.cc:696] Time spent creating directory manager: real 0.001s	user 0.002s	sys 0.000s
I20260601 13:38:03.275650  9038 log_block_manager.cc:4031] Time spent loading block containers with low live blocks: real 0.000s	user 0.000s	sys 0.000s
I20260601 13:38:03.276039  6677 fs_manager.cc:730] Time spent opening block manager: real 0.001s	user 0.001s	sys 0.000s
I20260601 13:38:03.276124  6677 fs_manager.cc:647] Opened local filesystem: /tmp/dist-test-taskCkguqy/test-tmp/auto_rebalancer-test.0.AutoRebalancerTest.NoReplicaMovesIfNoTablets.1780321027592637-6677-0/minicluster-data/ts-1-root
uuid: "47abcf9287174f0baff15fa616e2e687"
format_stamp: "Formatted at 2026-06-01 13:38:03 on dist-test-slave-zp1n"
I20260601 13:38:03.276226  6677 fs_report.cc:389] FS layout report
--------------------
wal directory: /tmp/dist-test-taskCkguqy/test-tmp/auto_rebalancer-test.0.AutoRebalancerTest.NoReplicaMovesIfNoTablets.1780321027592637-6677-0/minicluster-data/ts-1-root
metadata directory: /tmp/dist-test-taskCkguqy/test-tmp/auto_rebalancer-test.0.AutoRebalancerTest.NoReplicaMovesIfNoTablets.1780321027592637-6677-0/minicluster-data/ts-1-root
1 data directories: /tmp/dist-test-taskCkguqy/test-tmp/auto_rebalancer-test.0.AutoRebalancerTest.NoReplicaMovesIfNoTablets.1780321027592637-6677-0/minicluster-data/ts-1-root/data
Total live blocks: 0
Total live bytes: 0
Total live bytes (after alignment): 0
Total number of LBM containers: 0 (0 full)
Did not check for missing blocks
Did not check for orphaned blocks
Total full LBM containers with extra space: 0 (0 repaired)
Total full LBM container extra space in bytes: 0 (0 repaired)
Total incomplete LBM containers: 0 (0 repaired)
Total LBM partial records: 0 (0 repaired)
Total corrupted LBM metadata records in RocksDB: 0 (0 repaired)
I20260601 13:38:03.276436  9026 heartbeater.cc:344] Connected to a master server at 127.6.133.126:33035
I20260601 13:38:03.276537  9026 heartbeater.cc:461] Registering TS with master...
I20260601 13:38:03.276815  9026 heartbeater.cc:507] Master 127.6.133.126:33035 requested a full tablet report, sending...
I20260601 13:38:03.277606  8897 ts_manager.cc:194] Registered new tserver with Master: f8cb4fd4e04a418da0c7ad33af087344 (127.6.133.65:39417)
I20260601 13:38:03.278424  8897 master_service.cc:502] Signed X509 certificate for tserver {username='slave'} at 127.0.0.1:44346
I20260601 13:38:03.287016  6677 rpc_server.cc:225] running with OpenSSL 1.1.1  11 Sep 2018
I20260601 13:38:03.287374  6677 kserver.cc:163] Server-wide thread pool size limit: 3276
I20260601 13:38:03.287647  6677 txn_system_client.cc:432] TxnSystemClient initialization is disabled...
I20260601 13:38:03.288121  6677 ts_tablet_manager.cc:585] Loaded tablet metadata (0 total tablets, 0 live tablets)
I20260601 13:38:03.288162  6677 ts_tablet_manager.cc:531] Time spent load tablet metadata: real 0.000s	user 0.000s	sys 0.000s
I20260601 13:38:03.288193  6677 ts_tablet_manager.cc:616] Registered 0 tablets
I20260601 13:38:03.288226  6677 ts_tablet_manager.cc:595] Time spent register tablets: real 0.000s	user 0.000s	sys 0.000s
I20260601 13:38:03.292366  6677 rpc_server.cc:307] RPC server started. Bound to: 127.6.133.66:38221
I20260601 13:38:03.292449  9101 acceptor_pool.cc:272] collecting diagnostics on the listening RPC socket 127.6.133.66:38221 every 8 connection(s)
I20260601 13:38:03.293167  6677 file_cache.cc:492] Constructed file cache file cache with capacity 419430
W20260601 13:38:03.295083  9105 instance_detector.cc:116] could not retrieve AWS instance metadata: Network error: curl error: HTTP response code said error: The requested URL returned error: 404
W20260601 13:38:03.295176  9108 instance_detector.cc:116] could not retrieve OpenStack instance metadata: Network error: curl error: HTTP response code said error: The requested URL returned error: 404
W20260601 13:38:03.295183  9106 instance_detector.cc:116] could not retrieve Azure instance metadata: Network error: curl error: HTTP response code said error: The requested URL returned error: 404
I20260601 13:38:03.295632  6677 server_base.cc:1061] running on GCE node
I20260601 13:38:03.295831  6677 hybrid_clock.cc:584] initializing the hybrid clock with 'system_unsync' time source
W20260601 13:38:03.295868  6677 system_unsync_time.cc:38] NTP support is disabled. Clock error bounds will not be accurate. This configuration is not suitable for distributed clusters.
I20260601 13:38:03.295887  6677 hybrid_clock.cc:648] HybridClock initialized: now 1780321083295887 us; error 0 us; skew 500 ppm
I20260601 13:38:03.296990  6677 webserver.cc:533] Webserver started at http://127.6.133.67:36577/ using document root <none> and password file <none>
I20260601 13:38:03.297184  6677 fs_manager.cc:362] Metadata directory not provided
I20260601 13:38:03.297255  6677 fs_manager.cc:368] Using write-ahead log directory (fs_wal_dir) as metadata directory
I20260601 13:38:03.297340  6677 server_base.cc:909] This appears to be a new deployment of Kudu; creating new FS layout
I20260601 13:38:03.297894  6677 fs_manager.cc:1068] Generated new instance metadata in path /tmp/dist-test-taskCkguqy/test-tmp/auto_rebalancer-test.0.AutoRebalancerTest.NoReplicaMovesIfNoTablets.1780321027592637-6677-0/minicluster-data/ts-2-root/instance:
uuid: "585630dde9d24891a05ea0121050e730"
format_stamp: "Formatted at 2026-06-01 13:38:03 on dist-test-slave-zp1n"
I20260601 13:38:03.298206  9102 heartbeater.cc:344] Connected to a master server at 127.6.133.126:33035
I20260601 13:38:03.298316  9102 heartbeater.cc:461] Registering TS with master...
I20260601 13:38:03.298525  9102 heartbeater.cc:507] Master 127.6.133.126:33035 requested a full tablet report, sending...
I20260601 13:38:03.299229  8897 ts_manager.cc:194] Registered new tserver with Master: 47abcf9287174f0baff15fa616e2e687 (127.6.133.66:38221)
I20260601 13:38:03.299695  6677 fs_manager.cc:696] Time spent creating directory manager: real 0.002s	user 0.002s	sys 0.000s
I20260601 13:38:03.299968  8897 master_service.cc:502] Signed X509 certificate for tserver {username='slave'} at 127.0.0.1:44348
I20260601 13:38:03.300908  9113 log_block_manager.cc:4031] Time spent loading block containers with low live blocks: real 0.000s	user 0.000s	sys 0.000s
I20260601 13:38:03.301187  6677 fs_manager.cc:730] Time spent opening block manager: real 0.001s	user 0.001s	sys 0.000s
I20260601 13:38:03.301258  6677 fs_manager.cc:647] Opened local filesystem: /tmp/dist-test-taskCkguqy/test-tmp/auto_rebalancer-test.0.AutoRebalancerTest.NoReplicaMovesIfNoTablets.1780321027592637-6677-0/minicluster-data/ts-2-root
uuid: "585630dde9d24891a05ea0121050e730"
format_stamp: "Formatted at 2026-06-01 13:38:03 on dist-test-slave-zp1n"
I20260601 13:38:03.301335  6677 fs_report.cc:389] FS layout report
--------------------
wal directory: /tmp/dist-test-taskCkguqy/test-tmp/auto_rebalancer-test.0.AutoRebalancerTest.NoReplicaMovesIfNoTablets.1780321027592637-6677-0/minicluster-data/ts-2-root
metadata directory: /tmp/dist-test-taskCkguqy/test-tmp/auto_rebalancer-test.0.AutoRebalancerTest.NoReplicaMovesIfNoTablets.1780321027592637-6677-0/minicluster-data/ts-2-root
1 data directories: /tmp/dist-test-taskCkguqy/test-tmp/auto_rebalancer-test.0.AutoRebalancerTest.NoReplicaMovesIfNoTablets.1780321027592637-6677-0/minicluster-data/ts-2-root/data
Total live blocks: 0
Total live bytes: 0
Total live bytes (after alignment): 0
Total number of LBM containers: 0 (0 full)
Did not check for missing blocks
Did not check for orphaned blocks
Total full LBM containers with extra space: 0 (0 repaired)
Total full LBM container extra space in bytes: 0 (0 repaired)
Total incomplete LBM containers: 0 (0 repaired)
Total LBM partial records: 0 (0 repaired)
Total corrupted LBM metadata records in RocksDB: 0 (0 repaired)
I20260601 13:38:03.307235  6677 rpc_server.cc:225] running with OpenSSL 1.1.1  11 Sep 2018
I20260601 13:38:03.307664  6677 kserver.cc:163] Server-wide thread pool size limit: 3276
I20260601 13:38:03.307968  6677 txn_system_client.cc:432] TxnSystemClient initialization is disabled...
I20260601 13:38:03.308457  6677 ts_tablet_manager.cc:585] Loaded tablet metadata (0 total tablets, 0 live tablets)
I20260601 13:38:03.308496  6677 ts_tablet_manager.cc:531] Time spent load tablet metadata: real 0.000s	user 0.000s	sys 0.000s
I20260601 13:38:03.308535  6677 ts_tablet_manager.cc:616] Registered 0 tablets
I20260601 13:38:03.308563  6677 ts_tablet_manager.cc:595] Time spent register tablets: real 0.000s	user 0.000s	sys 0.000s
I20260601 13:38:03.313755  6677 rpc_server.cc:307] RPC server started. Bound to: 127.6.133.67:45367
I20260601 13:38:03.313841  9176 acceptor_pool.cc:272] collecting diagnostics on the listening RPC socket 127.6.133.67:45367 every 8 connection(s)
I20260601 13:38:03.318395  9177 heartbeater.cc:344] Connected to a master server at 127.6.133.126:33035
I20260601 13:38:03.318540  9177 heartbeater.cc:461] Registering TS with master...
I20260601 13:38:03.318761  9177 heartbeater.cc:507] Master 127.6.133.126:33035 requested a full tablet report, sending...
I20260601 13:38:03.319377  8897 ts_manager.cc:194] Registered new tserver with Master: 585630dde9d24891a05ea0121050e730 (127.6.133.67:45367)
I20260601 13:38:03.319806  6677 internal_mini_cluster.cc:371] 3 TS(s) registered with all masters after 0.005598271s
I20260601 13:38:03.319864  8897 master_service.cc:502] Signed X509 certificate for tserver {username='slave'} at 127.0.0.1:44350
I20260601 13:38:04.279455  9026 heartbeater.cc:499] Master 127.6.133.126:33035 was elected leader, sending a full tablet report...
I20260601 13:38:04.300995  9102 heartbeater.cc:499] Master 127.6.133.126:33035 was elected leader, sending a full tablet report...
I20260601 13:38:04.320770  9177 heartbeater.cc:499] Master 127.6.133.126:33035 was elected leader, sending a full tablet report...
I20260601 13:38:05.207099  8951 auto_leader_rebalancer.cc:451] All tables' leader rebalancing finished this round
I20260601 13:38:07.207520  8951 auto_leader_rebalancer.cc:451] All tables' leader rebalancing finished this round
I20260601 13:38:09.207942  8951 auto_leader_rebalancer.cc:451] All tables' leader rebalancing finished this round
I20260601 13:38:11.208405  8951 auto_leader_rebalancer.cc:451] All tables' leader rebalancing finished this round
I20260601 13:38:13.208864  8951 auto_leader_rebalancer.cc:451] All tables' leader rebalancing finished this round
I20260601 13:38:15.209314  8951 auto_leader_rebalancer.cc:451] All tables' leader rebalancing finished this round
I20260601 13:38:15.399761  6677 tablet_server.cc:179] TabletServer@127.6.133.65:0 shutting down...
I20260601 13:38:15.403795  6677 ts_tablet_manager.cc:1507] Shutting down tablet manager...
I20260601 13:38:15.416416  6677 tablet_server.cc:196] TabletServer@127.6.133.65:0 shutdown complete.
I20260601 13:38:15.419255  6677 tablet_server.cc:179] TabletServer@127.6.133.66:0 shutting down...
I20260601 13:38:15.423228  6677 ts_tablet_manager.cc:1507] Shutting down tablet manager...
I20260601 13:38:15.435397  6677 tablet_server.cc:196] TabletServer@127.6.133.66:0 shutdown complete.
I20260601 13:38:15.437597  6677 tablet_server.cc:179] TabletServer@127.6.133.67:0 shutting down...
I20260601 13:38:15.440999  6677 ts_tablet_manager.cc:1507] Shutting down tablet manager...
I20260601 13:38:15.452948  6677 tablet_server.cc:196] TabletServer@127.6.133.67:0 shutdown complete.
I20260601 13:38:15.455186  6677 master.cc:562] Master@127.6.133.126:33035 shutting down...
I20260601 13:38:15.458366  6677 raft_consensus.cc:2243] T 00000000000000000000000000000000 P 926e48768f5d42d297f4eb9af3267074 [term 1 LEADER]: Raft consensus shutting down.
I20260601 13:38:15.458555  6677 raft_consensus.cc:2272] T 00000000000000000000000000000000 P 926e48768f5d42d297f4eb9af3267074 [term 1 FOLLOWER]: Raft consensus is shut down!
I20260601 13:38:15.458611  6677 tablet_replica.cc:333] T 00000000000000000000000000000000 P 926e48768f5d42d297f4eb9af3267074: stopping tablet replica
I20260601 13:38:15.471028  6677 master.cc:584] Master@127.6.133.126:33035 shutdown complete.
[       OK ] AutoRebalancerTest.NoReplicaMovesIfNoTablets (12305 ms)
[ RUN      ] AutoRebalancerTest.RangeAwareBuildClusterInfoGroupsByRange
I20260601 13:38:15.477200  6677 internal_mini_cluster.cc:156] Creating distributed mini masters. Addrs: 127.6.133.126:43631
I20260601 13:38:15.477656  6677 file_cache.cc:492] Constructed file cache file cache with capacity 419430
W20260601 13:38:15.479494  9182 instance_detector.cc:116] could not retrieve Azure instance metadata: Network error: curl error: HTTP response code said error: The requested URL returned error: 404
W20260601 13:38:15.479506  9184 instance_detector.cc:116] could not retrieve OpenStack instance metadata: Network error: curl error: HTTP response code said error: The requested URL returned error: 404
I20260601 13:38:15.479538  6677 server_base.cc:1061] running on GCE node
W20260601 13:38:15.479506  9181 instance_detector.cc:116] could not retrieve AWS instance metadata: Network error: curl error: HTTP response code said error: The requested URL returned error: 404
I20260601 13:38:15.479967  6677 hybrid_clock.cc:584] initializing the hybrid clock with 'system_unsync' time source
W20260601 13:38:15.480015  6677 system_unsync_time.cc:38] NTP support is disabled. Clock error bounds will not be accurate. This configuration is not suitable for distributed clusters.
I20260601 13:38:15.480031  6677 hybrid_clock.cc:648] HybridClock initialized: now 1780321095480030 us; error 0 us; skew 500 ppm
I20260601 13:38:15.480890  6677 webserver.cc:533] Webserver started at http://127.6.133.126:44287/ using document root <none> and password file <none>
I20260601 13:38:15.481051  6677 fs_manager.cc:362] Metadata directory not provided
I20260601 13:38:15.481101  6677 fs_manager.cc:368] Using write-ahead log directory (fs_wal_dir) as metadata directory
I20260601 13:38:15.481184  6677 server_base.cc:909] This appears to be a new deployment of Kudu; creating new FS layout
I20260601 13:38:15.481643  6677 fs_manager.cc:1068] Generated new instance metadata in path /tmp/dist-test-taskCkguqy/test-tmp/auto_rebalancer-test.0.AutoRebalancerTest.RangeAwareBuildClusterInfoGroupsByRange.1780321027592637-6677-0/minicluster-data/master-0-root/instance:
uuid: "166ea933e4cd4e3bad2b30d6bdf142a8"
format_stamp: "Formatted at 2026-06-01 13:38:15 on dist-test-slave-zp1n"
I20260601 13:38:15.483044  6677 fs_manager.cc:696] Time spent creating directory manager: real 0.001s	user 0.001s	sys 0.000s
I20260601 13:38:15.483933  9189 log_block_manager.cc:4031] Time spent loading block containers with low live blocks: real 0.000s	user 0.000s	sys 0.000s
I20260601 13:38:15.484202  6677 fs_manager.cc:730] Time spent opening block manager: real 0.001s	user 0.001s	sys 0.000s
I20260601 13:38:15.484264  6677 fs_manager.cc:647] Opened local filesystem: /tmp/dist-test-taskCkguqy/test-tmp/auto_rebalancer-test.0.AutoRebalancerTest.RangeAwareBuildClusterInfoGroupsByRange.1780321027592637-6677-0/minicluster-data/master-0-root
uuid: "166ea933e4cd4e3bad2b30d6bdf142a8"
format_stamp: "Formatted at 2026-06-01 13:38:15 on dist-test-slave-zp1n"
I20260601 13:38:15.484345  6677 fs_report.cc:389] FS layout report
--------------------
wal directory: /tmp/dist-test-taskCkguqy/test-tmp/auto_rebalancer-test.0.AutoRebalancerTest.RangeAwareBuildClusterInfoGroupsByRange.1780321027592637-6677-0/minicluster-data/master-0-root
metadata directory: /tmp/dist-test-taskCkguqy/test-tmp/auto_rebalancer-test.0.AutoRebalancerTest.RangeAwareBuildClusterInfoGroupsByRange.1780321027592637-6677-0/minicluster-data/master-0-root
1 data directories: /tmp/dist-test-taskCkguqy/test-tmp/auto_rebalancer-test.0.AutoRebalancerTest.RangeAwareBuildClusterInfoGroupsByRange.1780321027592637-6677-0/minicluster-data/master-0-root/data
Total live blocks: 0
Total live bytes: 0
Total live bytes (after alignment): 0
Total number of LBM containers: 0 (0 full)
Did not check for missing blocks
Did not check for orphaned blocks
Total full LBM containers with extra space: 0 (0 repaired)
Total full LBM container extra space in bytes: 0 (0 repaired)
Total incomplete LBM containers: 0 (0 repaired)
Total LBM partial records: 0 (0 repaired)
Total corrupted LBM metadata records in RocksDB: 0 (0 repaired)
I20260601 13:38:15.491394  6677 rpc_server.cc:225] running with OpenSSL 1.1.1  11 Sep 2018
I20260601 13:38:15.491681  6677 kserver.cc:163] Server-wide thread pool size limit: 3276
I20260601 13:38:15.495749  6677 rpc_server.cc:307] RPC server started. Bound to: 127.6.133.126:43631
I20260601 13:38:15.497177  9241 acceptor_pool.cc:272] collecting diagnostics on the listening RPC socket 127.6.133.126:43631 every 8 connection(s)
I20260601 13:38:15.497761  9242 data_dirs.cc:400] Could only allocate 1 dirs of requested 3 for tablet 00000000000000000000000000000000. 1 dirs total, 0 dirs full, 0 dirs failed
I20260601 13:38:15.499817  9242 tablet_bootstrap.cc:492] T 00000000000000000000000000000000 P 166ea933e4cd4e3bad2b30d6bdf142a8: Bootstrap starting.
I20260601 13:38:15.500700  9242 tablet_bootstrap.cc:654] T 00000000000000000000000000000000 P 166ea933e4cd4e3bad2b30d6bdf142a8: Neither blocks nor log segments found. Creating new log.
I20260601 13:38:15.501863  9242 tablet_bootstrap.cc:492] T 00000000000000000000000000000000 P 166ea933e4cd4e3bad2b30d6bdf142a8: No bootstrap required, opened a new log
I20260601 13:38:15.502305  9242 raft_consensus.cc:359] T 00000000000000000000000000000000 P 166ea933e4cd4e3bad2b30d6bdf142a8 [term 0 FOLLOWER]: Replica starting. Triggering 0 pending ops. Active config: opid_index: -1 OBSOLETE_local: true peers { permanent_uuid: "166ea933e4cd4e3bad2b30d6bdf142a8" member_type: VOTER }
I20260601 13:38:15.502404  9242 raft_consensus.cc:385] T 00000000000000000000000000000000 P 166ea933e4cd4e3bad2b30d6bdf142a8 [term 0 FOLLOWER]: Consensus starting up: Expiring failure detector timer to make a prompt election more likely
I20260601 13:38:15.502466  9242 raft_consensus.cc:740] T 00000000000000000000000000000000 P 166ea933e4cd4e3bad2b30d6bdf142a8 [term 0 FOLLOWER]: Becoming Follower/Learner. State: Replica: 166ea933e4cd4e3bad2b30d6bdf142a8, State: Initialized, Role: FOLLOWER
I20260601 13:38:15.502626  9242 consensus_queue.cc:260] T 00000000000000000000000000000000 P 166ea933e4cd4e3bad2b30d6bdf142a8 [NON_LEADER]: Queue going to NON_LEADER mode. State: All replicated index: 0, Majority replicated index: 0, Committed index: 0, Last appended: 0.0, Last appended by leader: 0, Current term: 0, Majority size: -1, State: 0, Mode: NON_LEADER, active raft config: opid_index: -1 OBSOLETE_local: true peers { permanent_uuid: "166ea933e4cd4e3bad2b30d6bdf142a8" member_type: VOTER }
I20260601 13:38:15.502710  9242 raft_consensus.cc:399] T 00000000000000000000000000000000 P 166ea933e4cd4e3bad2b30d6bdf142a8 [term 0 FOLLOWER]: Only one voter in the Raft config. Triggering election immediately
I20260601 13:38:15.502749  9242 raft_consensus.cc:493] T 00000000000000000000000000000000 P 166ea933e4cd4e3bad2b30d6bdf142a8 [term 0 FOLLOWER]: Starting leader election (initial election of a single-replica configuration)
I20260601 13:38:15.502801  9242 raft_consensus.cc:3060] T 00000000000000000000000000000000 P 166ea933e4cd4e3bad2b30d6bdf142a8 [term 0 FOLLOWER]: Advancing to term 1
I20260601 13:38:15.503592  9242 raft_consensus.cc:515] T 00000000000000000000000000000000 P 166ea933e4cd4e3bad2b30d6bdf142a8 [term 1 FOLLOWER]: Starting leader election with config: opid_index: -1 OBSOLETE_local: true peers { permanent_uuid: "166ea933e4cd4e3bad2b30d6bdf142a8" member_type: VOTER }
I20260601 13:38:15.503713  9242 leader_election.cc:304] T 00000000000000000000000000000000 P 166ea933e4cd4e3bad2b30d6bdf142a8 [CANDIDATE]: Term 1 election: Election decided. Result: candidate won. Election summary: received 1 responses out of 1 voters: 1 yes votes; 0 no votes. yes voters: 166ea933e4cd4e3bad2b30d6bdf142a8; no voters: 
I20260601 13:38:15.503916  9242 leader_election.cc:290] T 00000000000000000000000000000000 P 166ea933e4cd4e3bad2b30d6bdf142a8 [CANDIDATE]: Term 1 election: Requested vote from peers 
I20260601 13:38:15.504035  9245 raft_consensus.cc:2804] T 00000000000000000000000000000000 P 166ea933e4cd4e3bad2b30d6bdf142a8 [term 1 FOLLOWER]: Leader election won for term 1
I20260601 13:38:15.504246  9245 raft_consensus.cc:697] T 00000000000000000000000000000000 P 166ea933e4cd4e3bad2b30d6bdf142a8 [term 1 LEADER]: Becoming Leader. State: Replica: 166ea933e4cd4e3bad2b30d6bdf142a8, State: Running, Role: LEADER
I20260601 13:38:15.504441  9242 sys_catalog.cc:565] T 00000000000000000000000000000000 P 166ea933e4cd4e3bad2b30d6bdf142a8 [sys.catalog]: configured and running, proceeding with master startup.
I20260601 13:38:15.504412  9245 consensus_queue.cc:237] T 00000000000000000000000000000000 P 166ea933e4cd4e3bad2b30d6bdf142a8 [LEADER]: Queue going to LEADER mode. State: All replicated index: 0, Majority replicated index: 0, Committed index: 0, Last appended: 0.0, Last appended by leader: 0, Current term: 1, Majority size: 1, State: 0, Mode: LEADER, active raft config: opid_index: -1 OBSOLETE_local: true peers { permanent_uuid: "166ea933e4cd4e3bad2b30d6bdf142a8" member_type: VOTER }
I20260601 13:38:15.504896  9246 sys_catalog.cc:455] T 00000000000000000000000000000000 P 166ea933e4cd4e3bad2b30d6bdf142a8 [sys.catalog]: SysCatalogTable state changed. Reason: RaftConsensus started. Latest consensus state: current_term: 1 leader_uuid: "166ea933e4cd4e3bad2b30d6bdf142a8" committed_config { opid_index: -1 OBSOLETE_local: true peers { permanent_uuid: "166ea933e4cd4e3bad2b30d6bdf142a8" member_type: VOTER } }
I20260601 13:38:15.504928  9247 sys_catalog.cc:455] T 00000000000000000000000000000000 P 166ea933e4cd4e3bad2b30d6bdf142a8 [sys.catalog]: SysCatalogTable state changed. Reason: New leader 166ea933e4cd4e3bad2b30d6bdf142a8. Latest consensus state: current_term: 1 leader_uuid: "166ea933e4cd4e3bad2b30d6bdf142a8" committed_config { opid_index: -1 OBSOLETE_local: true peers { permanent_uuid: "166ea933e4cd4e3bad2b30d6bdf142a8" member_type: VOTER } }
I20260601 13:38:15.505069  9246 sys_catalog.cc:458] T 00000000000000000000000000000000 P 166ea933e4cd4e3bad2b30d6bdf142a8 [sys.catalog]: This master's current role is: LEADER
I20260601 13:38:15.505146  9247 sys_catalog.cc:458] T 00000000000000000000000000000000 P 166ea933e4cd4e3bad2b30d6bdf142a8 [sys.catalog]: This master's current role is: LEADER
I20260601 13:38:15.505750  9251 catalog_manager.cc:1510] Loading table and tablet metadata into memory...
I20260601 13:38:15.506515  9251 catalog_manager.cc:1519] Initializing Kudu cluster ID...
I20260601 13:38:15.506705  6677 internal_mini_cluster.cc:184] Waiting to initialize catalog manager on master 0
I20260601 13:38:15.508512  9251 catalog_manager.cc:1382] Generated new cluster ID: 553a989f362a4ed5b92d99a02f1c9097
I20260601 13:38:15.508572  9251 catalog_manager.cc:1530] Initializing Kudu internal certificate authority...
I20260601 13:38:15.519129  9251 catalog_manager.cc:1405] Generated new certificate authority record
I20260601 13:38:15.519811  9251 catalog_manager.cc:1539] Loading token signing keys...
I20260601 13:38:15.533046  9251 catalog_manager.cc:6069] T 00000000000000000000000000000000 P 166ea933e4cd4e3bad2b30d6bdf142a8: Generated new TSK 0
I20260601 13:38:15.533295  9251 catalog_manager.cc:1549] Initializing in-progress tserver states...
I20260601 13:38:15.538849  6677 file_cache.cc:492] Constructed file cache file cache with capacity 419430
W20260601 13:38:15.540903  9266 instance_detector.cc:116] could not retrieve OpenStack instance metadata: Network error: curl error: HTTP response code said error: The requested URL returned error: 404
W20260601 13:38:15.541006  9263 instance_detector.cc:116] could not retrieve AWS instance metadata: Network error: curl error: HTTP response code said error: The requested URL returned error: 404
I20260601 13:38:15.541093  6677 server_base.cc:1061] running on GCE node
W20260601 13:38:15.541193  9264 instance_detector.cc:116] could not retrieve Azure instance metadata: Network error: curl error: HTTP response code said error: The requested URL returned error: 404
I20260601 13:38:15.541461  6677 hybrid_clock.cc:584] initializing the hybrid clock with 'system_unsync' time source
W20260601 13:38:15.541522  6677 system_unsync_time.cc:38] NTP support is disabled. Clock error bounds will not be accurate. This configuration is not suitable for distributed clusters.
I20260601 13:38:15.541538  6677 hybrid_clock.cc:648] HybridClock initialized: now 1780321095541537 us; error 0 us; skew 500 ppm
I20260601 13:38:15.542325  6677 webserver.cc:533] Webserver started at http://127.6.133.65:46115/ using document root <none> and password file <none>
I20260601 13:38:15.542455  6677 fs_manager.cc:362] Metadata directory not provided
I20260601 13:38:15.542500  6677 fs_manager.cc:368] Using write-ahead log directory (fs_wal_dir) as metadata directory
I20260601 13:38:15.542555  6677 server_base.cc:909] This appears to be a new deployment of Kudu; creating new FS layout
I20260601 13:38:15.542901  6677 fs_manager.cc:1068] Generated new instance metadata in path /tmp/dist-test-taskCkguqy/test-tmp/auto_rebalancer-test.0.AutoRebalancerTest.RangeAwareBuildClusterInfoGroupsByRange.1780321027592637-6677-0/minicluster-data/ts-0-root/instance:
uuid: "8819d3ab25004a3382c24535a1e82d2f"
format_stamp: "Formatted at 2026-06-01 13:38:15 on dist-test-slave-zp1n"
I20260601 13:38:15.544255  6677 fs_manager.cc:696] Time spent creating directory manager: real 0.001s	user 0.002s	sys 0.000s
I20260601 13:38:15.545135  9271 log_block_manager.cc:4031] Time spent loading block containers with low live blocks: real 0.000s	user 0.000s	sys 0.000s
I20260601 13:38:15.545441  6677 fs_manager.cc:730] Time spent opening block manager: real 0.001s	user 0.001s	sys 0.000s
I20260601 13:38:15.545511  6677 fs_manager.cc:647] Opened local filesystem: /tmp/dist-test-taskCkguqy/test-tmp/auto_rebalancer-test.0.AutoRebalancerTest.RangeAwareBuildClusterInfoGroupsByRange.1780321027592637-6677-0/minicluster-data/ts-0-root
uuid: "8819d3ab25004a3382c24535a1e82d2f"
format_stamp: "Formatted at 2026-06-01 13:38:15 on dist-test-slave-zp1n"
I20260601 13:38:15.545573  6677 fs_report.cc:389] FS layout report
--------------------
wal directory: /tmp/dist-test-taskCkguqy/test-tmp/auto_rebalancer-test.0.AutoRebalancerTest.RangeAwareBuildClusterInfoGroupsByRange.1780321027592637-6677-0/minicluster-data/ts-0-root
metadata directory: /tmp/dist-test-taskCkguqy/test-tmp/auto_rebalancer-test.0.AutoRebalancerTest.RangeAwareBuildClusterInfoGroupsByRange.1780321027592637-6677-0/minicluster-data/ts-0-root
1 data directories: /tmp/dist-test-taskCkguqy/test-tmp/auto_rebalancer-test.0.AutoRebalancerTest.RangeAwareBuildClusterInfoGroupsByRange.1780321027592637-6677-0/minicluster-data/ts-0-root/data
Total live blocks: 0
Total live bytes: 0
Total live bytes (after alignment): 0
Total number of LBM containers: 0 (0 full)
Did not check for missing blocks
Did not check for orphaned blocks
Total full LBM containers with extra space: 0 (0 repaired)
Total full LBM container extra space in bytes: 0 (0 repaired)
Total incomplete LBM containers: 0 (0 repaired)
Total LBM partial records: 0 (0 repaired)
Total corrupted LBM metadata records in RocksDB: 0 (0 repaired)
I20260601 13:38:15.558024  6677 rpc_server.cc:225] running with OpenSSL 1.1.1  11 Sep 2018
I20260601 13:38:15.558387  6677 kserver.cc:163] Server-wide thread pool size limit: 3276
I20260601 13:38:15.558657  6677 txn_system_client.cc:432] TxnSystemClient initialization is disabled...
I20260601 13:38:15.559098  6677 ts_tablet_manager.cc:585] Loaded tablet metadata (0 total tablets, 0 live tablets)
I20260601 13:38:15.559139  6677 ts_tablet_manager.cc:531] Time spent load tablet metadata: real 0.000s	user 0.000s	sys 0.000s
I20260601 13:38:15.559170  6677 ts_tablet_manager.cc:616] Registered 0 tablets
I20260601 13:38:15.559203  6677 ts_tablet_manager.cc:595] Time spent register tablets: real 0.000s	user 0.000s	sys 0.000s
I20260601 13:38:15.563411  6677 rpc_server.cc:307] RPC server started. Bound to: 127.6.133.65:41571
I20260601 13:38:15.563457  9334 acceptor_pool.cc:272] collecting diagnostics on the listening RPC socket 127.6.133.65:41571 every 8 connection(s)
I20260601 13:38:15.564177  6677 file_cache.cc:492] Constructed file cache file cache with capacity 419430
W20260601 13:38:15.565917  9339 instance_detector.cc:116] could not retrieve AWS instance metadata: Network error: curl error: HTTP response code said error: The requested URL returned error: 404
W20260601 13:38:15.566018  9340 instance_detector.cc:116] could not retrieve Azure instance metadata: Network error: curl error: HTTP response code said error: The requested URL returned error: 404
I20260601 13:38:15.566052  6677 server_base.cc:1061] running on GCE node
W20260601 13:38:15.566284  9342 instance_detector.cc:116] could not retrieve OpenStack instance metadata: Network error: curl error: HTTP response code said error: The requested URL returned error: 404
I20260601 13:38:15.566515  6677 hybrid_clock.cc:584] initializing the hybrid clock with 'system_unsync' time source
W20260601 13:38:15.566563  6677 system_unsync_time.cc:38] NTP support is disabled. Clock error bounds will not be accurate. This configuration is not suitable for distributed clusters.
I20260601 13:38:15.566577  6677 hybrid_clock.cc:648] HybridClock initialized: now 1780321095566577 us; error 0 us; skew 500 ppm
I20260601 13:38:15.567593  6677 webserver.cc:533] Webserver started at http://127.6.133.66:35493/ using document root <none> and password file <none>
I20260601 13:38:15.567767  6677 fs_manager.cc:362] Metadata directory not provided
I20260601 13:38:15.567816  6677 fs_manager.cc:368] Using write-ahead log directory (fs_wal_dir) as metadata directory
I20260601 13:38:15.567879  6677 server_base.cc:909] This appears to be a new deployment of Kudu; creating new FS layout
I20260601 13:38:15.568284  6677 fs_manager.cc:1068] Generated new instance metadata in path /tmp/dist-test-taskCkguqy/test-tmp/auto_rebalancer-test.0.AutoRebalancerTest.RangeAwareBuildClusterInfoGroupsByRange.1780321027592637-6677-0/minicluster-data/ts-1-root/instance:
uuid: "28169a6dd8ba4a8ea4233a65c69d14e7"
format_stamp: "Formatted at 2026-06-01 13:38:15 on dist-test-slave-zp1n"
I20260601 13:38:15.569540  9335 heartbeater.cc:344] Connected to a master server at 127.6.133.126:43631
I20260601 13:38:15.569669  9335 heartbeater.cc:461] Registering TS with master...
I20260601 13:38:15.569864  6677 fs_manager.cc:696] Time spent creating directory manager: real 0.001s	user 0.002s	sys 0.000s
I20260601 13:38:15.569932  9335 heartbeater.cc:507] Master 127.6.133.126:43631 requested a full tablet report, sending...
I20260601 13:38:15.570618  9206 ts_manager.cc:194] Registered new tserver with Master: 8819d3ab25004a3382c24535a1e82d2f (127.6.133.65:41571)
I20260601 13:38:15.570847  9347 log_block_manager.cc:4031] Time spent loading block containers with low live blocks: real 0.000s	user 0.000s	sys 0.000s
I20260601 13:38:15.571106  6677 fs_manager.cc:730] Time spent opening block manager: real 0.001s	user 0.001s	sys 0.000s
I20260601 13:38:15.571174  6677 fs_manager.cc:647] Opened local filesystem: /tmp/dist-test-taskCkguqy/test-tmp/auto_rebalancer-test.0.AutoRebalancerTest.RangeAwareBuildClusterInfoGroupsByRange.1780321027592637-6677-0/minicluster-data/ts-1-root
uuid: "28169a6dd8ba4a8ea4233a65c69d14e7"
format_stamp: "Formatted at 2026-06-01 13:38:15 on dist-test-slave-zp1n"
I20260601 13:38:15.571235  6677 fs_report.cc:389] FS layout report
--------------------
wal directory: /tmp/dist-test-taskCkguqy/test-tmp/auto_rebalancer-test.0.AutoRebalancerTest.RangeAwareBuildClusterInfoGroupsByRange.1780321027592637-6677-0/minicluster-data/ts-1-root
metadata directory: /tmp/dist-test-taskCkguqy/test-tmp/auto_rebalancer-test.0.AutoRebalancerTest.RangeAwareBuildClusterInfoGroupsByRange.1780321027592637-6677-0/minicluster-data/ts-1-root
1 data directories: /tmp/dist-test-taskCkguqy/test-tmp/auto_rebalancer-test.0.AutoRebalancerTest.RangeAwareBuildClusterInfoGroupsByRange.1780321027592637-6677-0/minicluster-data/ts-1-root/data
Total live blocks: 0
Total live bytes: 0
Total live bytes (after alignment): 0
Total number of LBM containers: 0 (0 full)
Did not check for missing blocks
Did not check for orphaned blocks
Total full LBM containers with extra space: 0 (0 repaired)
Total full LBM container extra space in bytes: 0 (0 repaired)
Total incomplete LBM containers: 0 (0 repaired)
Total LBM partial records: 0 (0 repaired)
Total corrupted LBM metadata records in RocksDB: 0 (0 repaired)
I20260601 13:38:15.571589  9206 master_service.cc:502] Signed X509 certificate for tserver {username='slave'} at 127.0.0.1:32794
I20260601 13:38:15.579192  6677 rpc_server.cc:225] running with OpenSSL 1.1.1  11 Sep 2018
I20260601 13:38:15.579519  6677 kserver.cc:163] Server-wide thread pool size limit: 3276
I20260601 13:38:15.579766  6677 txn_system_client.cc:432] TxnSystemClient initialization is disabled...
I20260601 13:38:15.580188  6677 ts_tablet_manager.cc:585] Loaded tablet metadata (0 total tablets, 0 live tablets)
I20260601 13:38:15.580225  6677 ts_tablet_manager.cc:531] Time spent load tablet metadata: real 0.000s	user 0.000s	sys 0.000s
I20260601 13:38:15.580260  6677 ts_tablet_manager.cc:616] Registered 0 tablets
I20260601 13:38:15.580287  6677 ts_tablet_manager.cc:595] Time spent register tablets: real 0.000s	user 0.000s	sys 0.000s
I20260601 13:38:15.584508  6677 rpc_server.cc:307] RPC server started. Bound to: 127.6.133.66:42069
I20260601 13:38:15.584611  9410 acceptor_pool.cc:272] collecting diagnostics on the listening RPC socket 127.6.133.66:42069 every 8 connection(s)
I20260601 13:38:15.585304  6677 file_cache.cc:492] Constructed file cache file cache with capacity 419430
W20260601 13:38:15.587253  9417 instance_detector.cc:116] could not retrieve OpenStack instance metadata: Network error: curl error: HTTP response code said error: The requested URL returned error: 404
W20260601 13:38:15.587270  9414 instance_detector.cc:116] could not retrieve AWS instance metadata: Network error: curl error: HTTP response code said error: The requested URL returned error: 404
I20260601 13:38:15.587378  6677 server_base.cc:1061] running on GCE node
W20260601 13:38:15.587282  9415 instance_detector.cc:116] could not retrieve Azure instance metadata: Network error: curl error: HTTP response code said error: The requested URL returned error: 404
I20260601 13:38:15.588127  6677 hybrid_clock.cc:584] initializing the hybrid clock with 'system_unsync' time source
W20260601 13:38:15.588191  6677 system_unsync_time.cc:38] NTP support is disabled. Clock error bounds will not be accurate. This configuration is not suitable for distributed clusters.
I20260601 13:38:15.588212  6677 hybrid_clock.cc:648] HybridClock initialized: now 1780321095588211 us; error 0 us; skew 500 ppm
I20260601 13:38:15.589437  6677 webserver.cc:533] Webserver started at http://127.6.133.67:44823/ using document root <none> and password file <none>
I20260601 13:38:15.589628  6677 fs_manager.cc:362] Metadata directory not provided
I20260601 13:38:15.589694  6677 fs_manager.cc:368] Using write-ahead log directory (fs_wal_dir) as metadata directory
I20260601 13:38:15.589771  6677 server_base.cc:909] This appears to be a new deployment of Kudu; creating new FS layout
I20260601 13:38:15.590088  9411 heartbeater.cc:344] Connected to a master server at 127.6.133.126:43631
I20260601 13:38:15.590209  9411 heartbeater.cc:461] Registering TS with master...
I20260601 13:38:15.590215  6677 fs_manager.cc:1068] Generated new instance metadata in path /tmp/dist-test-taskCkguqy/test-tmp/auto_rebalancer-test.0.AutoRebalancerTest.RangeAwareBuildClusterInfoGroupsByRange.1780321027592637-6677-0/minicluster-data/ts-2-root/instance:
uuid: "557222e916a3410daf9b66adde105240"
format_stamp: "Formatted at 2026-06-01 13:38:15 on dist-test-slave-zp1n"
I20260601 13:38:15.590476  9411 heartbeater.cc:507] Master 127.6.133.126:43631 requested a full tablet report, sending...
I20260601 13:38:15.591111  9206 ts_manager.cc:194] Registered new tserver with Master: 28169a6dd8ba4a8ea4233a65c69d14e7 (127.6.133.66:42069)
I20260601 13:38:15.591728  9206 master_service.cc:502] Signed X509 certificate for tserver {username='slave'} at 127.0.0.1:32798
I20260601 13:38:15.591831  6677 fs_manager.cc:696] Time spent creating directory manager: real 0.001s	user 0.001s	sys 0.000s
I20260601 13:38:15.592864  9422 log_block_manager.cc:4031] Time spent loading block containers with low live blocks: real 0.000s	user 0.000s	sys 0.000s
I20260601 13:38:15.593122  6677 fs_manager.cc:730] Time spent opening block manager: real 0.001s	user 0.001s	sys 0.000s
I20260601 13:38:15.593190  6677 fs_manager.cc:647] Opened local filesystem: /tmp/dist-test-taskCkguqy/test-tmp/auto_rebalancer-test.0.AutoRebalancerTest.RangeAwareBuildClusterInfoGroupsByRange.1780321027592637-6677-0/minicluster-data/ts-2-root
uuid: "557222e916a3410daf9b66adde105240"
format_stamp: "Formatted at 2026-06-01 13:38:15 on dist-test-slave-zp1n"
I20260601 13:38:15.593263  6677 fs_report.cc:389] FS layout report
--------------------
wal directory: /tmp/dist-test-taskCkguqy/test-tmp/auto_rebalancer-test.0.AutoRebalancerTest.RangeAwareBuildClusterInfoGroupsByRange.1780321027592637-6677-0/minicluster-data/ts-2-root
metadata directory: /tmp/dist-test-taskCkguqy/test-tmp/auto_rebalancer-test.0.AutoRebalancerTest.RangeAwareBuildClusterInfoGroupsByRange.1780321027592637-6677-0/minicluster-data/ts-2-root
1 data directories: /tmp/dist-test-taskCkguqy/test-tmp/auto_rebalancer-test.0.AutoRebalancerTest.RangeAwareBuildClusterInfoGroupsByRange.1780321027592637-6677-0/minicluster-data/ts-2-root/data
Total live blocks: 0
Total live bytes: 0
Total live bytes (after alignment): 0
Total number of LBM containers: 0 (0 full)
Did not check for missing blocks
Did not check for orphaned blocks
Total full LBM containers with extra space: 0 (0 repaired)
Total full LBM container extra space in bytes: 0 (0 repaired)
Total incomplete LBM containers: 0 (0 repaired)
Total LBM partial records: 0 (0 repaired)
Total corrupted LBM metadata records in RocksDB: 0 (0 repaired)
I20260601 13:38:15.604653  6677 rpc_server.cc:225] running with OpenSSL 1.1.1  11 Sep 2018
