I20260601 13:38:18.002400  3465 leader_election.cc:290] T 7662396d6b3148568df02e0b4f754457 P 58a67b666a314c71ae9e073e5c5d5340 [CANDIDATE]: Term 1 pre-election: Requested pre-vote from peers ceefd2e127354b9dbb981dea34dc62eb (127.31.253.130:46277), 8200d7ca970f41fc9630a355b04265c8 (127.31.253.131:36413)
I20260601 13:38:18.002451  3459 tablet_bootstrap.cc:654] T 02f6009e5e784ced85afae3db3b5f7ac P 8200d7ca970f41fc9630a355b04265c8: Neither blocks nor log segments found. Creating new log.
I20260601 13:38:17.999823  3410 tablet_service.cc:1917] Received RequestConsensusVote() RPC: tablet_id: "391ac5432abe4ce386475f1211b06634" candidate_uuid: "ceefd2e127354b9dbb981dea34dc62eb" candidate_term: 1 candidate_status { last_received { term: 0 index: 0 } } ignore_live_leader: false dest_uuid: "8200d7ca970f41fc9630a355b04265c8"
I20260601 13:38:18.002614  3410 raft_consensus.cc:3060] T 391ac5432abe4ce386475f1211b06634 P 8200d7ca970f41fc9630a355b04265c8 [term 0 FOLLOWER]: Advancing to term 1
I20260601 13:38:18.002921  3460 raft_consensus.cc:2804] T 391ac5432abe4ce386475f1211b06634 P ceefd2e127354b9dbb981dea34dc62eb [term 1 FOLLOWER]: Leader election won for term 1
I20260601 13:38:18.003130  3460 raft_consensus.cc:697] T 391ac5432abe4ce386475f1211b06634 P ceefd2e127354b9dbb981dea34dc62eb [term 1 LEADER]: Becoming Leader. State: Replica: ceefd2e127354b9dbb981dea34dc62eb, State: Running, Role: LEADER
I20260601 13:38:18.003276  3460 consensus_queue.cc:237] T 391ac5432abe4ce386475f1211b06634 P ceefd2e127354b9dbb981dea34dc62eb [LEADER]: Queue going to LEADER mode. State: All replicated index: 0, Majority replicated index: 0, Committed index: 0, Last appended: 0.0, Last appended by leader: 0, Current term: 1, Majority size: 2, State: 0, Mode: LEADER, active raft config: opid_index: -1 OBSOLETE_local: false peers { permanent_uuid: "58a67b666a314c71ae9e073e5c5d5340" member_type: VOTER last_known_addr { host: "127.31.253.129" port: 38869 } } peers { permanent_uuid: "ceefd2e127354b9dbb981dea34dc62eb" member_type: VOTER last_known_addr { host: "127.31.253.130" port: 46277 } } peers { permanent_uuid: "8200d7ca970f41fc9630a355b04265c8" member_type: VOTER last_known_addr { host: "127.31.253.131" port: 36413 } }
I20260601 13:38:18.003640  3410 raft_consensus.cc:2468] T 391ac5432abe4ce386475f1211b06634 P 8200d7ca970f41fc9630a355b04265c8 [term 1 FOLLOWER]: Leader election vote request: Granting yes vote for candidate ceefd2e127354b9dbb981dea34dc62eb in term 1.
I20260601 13:38:18.004886  3459 tablet_bootstrap.cc:492] T 02f6009e5e784ced85afae3db3b5f7ac P 8200d7ca970f41fc9630a355b04265c8: No bootstrap required, opened a new log
I20260601 13:38:18.004984  3459 ts_tablet_manager.cc:1403] T 02f6009e5e784ced85afae3db3b5f7ac P 8200d7ca970f41fc9630a355b04265c8: Time spent bootstrapping tablet: real 0.004s	user 0.002s	sys 0.000s
I20260601 13:38:18.004985  3153 catalog_manager.cc:5696] T 391ac5432abe4ce386475f1211b06634 P ceefd2e127354b9dbb981dea34dc62eb reported cstate change: term changed from 0 to 1, leader changed from <none> to ceefd2e127354b9dbb981dea34dc62eb (127.31.253.130). New cstate: current_term: 1 leader_uuid: "ceefd2e127354b9dbb981dea34dc62eb" committed_config { opid_index: -1 OBSOLETE_local: false peers { permanent_uuid: "58a67b666a314c71ae9e073e5c5d5340" member_type: VOTER last_known_addr { host: "127.31.253.129" port: 38869 } health_report { overall_health: UNKNOWN } } peers { permanent_uuid: "ceefd2e127354b9dbb981dea34dc62eb" member_type: VOTER last_known_addr { host: "127.31.253.130" port: 46277 } health_report { overall_health: HEALTHY } } peers { permanent_uuid: "8200d7ca970f41fc9630a355b04265c8" member_type: VOTER last_known_addr { host: "127.31.253.131" port: 36413 } health_report { overall_health: UNKNOWN } } }
I20260601 13:38:18.005306  3458 tablet_bootstrap.cc:492] T 15334977bed44912930afa8d7dd05efc P 58a67b666a314c71ae9e073e5c5d5340: No bootstrap required, opened a new log
I20260601 13:38:18.005388  3458 ts_tablet_manager.cc:1403] T 15334977bed44912930afa8d7dd05efc P 58a67b666a314c71ae9e073e5c5d5340: Time spent bootstrapping tablet: real 0.005s	user 0.002s	sys 0.000s
I20260601 13:38:18.005460  3459 raft_consensus.cc:359] T 02f6009e5e784ced85afae3db3b5f7ac P 8200d7ca970f41fc9630a355b04265c8 [term 0 FOLLOWER]: Replica starting. Triggering 0 pending ops. Active config: opid_index: -1 OBSOLETE_local: false peers { permanent_uuid: "ceefd2e127354b9dbb981dea34dc62eb" member_type: VOTER last_known_addr { host: "127.31.253.130" port: 46277 } } peers { permanent_uuid: "58a67b666a314c71ae9e073e5c5d5340" member_type: VOTER last_known_addr { host: "127.31.253.129" port: 38869 } } peers { permanent_uuid: "8200d7ca970f41fc9630a355b04265c8" member_type: VOTER last_known_addr { host: "127.31.253.131" port: 36413 } }
I20260601 13:38:18.005551  3459 raft_consensus.cc:385] T 02f6009e5e784ced85afae3db3b5f7ac P 8200d7ca970f41fc9630a355b04265c8 [term 0 FOLLOWER]: Consensus starting up: Expiring failure detector timer to make a prompt election more likely
I20260601 13:38:18.005580  3459 raft_consensus.cc:740] T 02f6009e5e784ced85afae3db3b5f7ac P 8200d7ca970f41fc9630a355b04265c8 [term 0 FOLLOWER]: Becoming Follower/Learner. State: Replica: 8200d7ca970f41fc9630a355b04265c8, State: Initialized, Role: FOLLOWER
I20260601 13:38:18.005714  3459 consensus_queue.cc:260] T 02f6009e5e784ced85afae3db3b5f7ac P 8200d7ca970f41fc9630a355b04265c8 [NON_LEADER]: Queue going to NON_LEADER mode. State: All replicated index: 0, Majority replicated index: 0, Committed index: 0, Last appended: 0.0, Last appended by leader: 0, Current term: 0, Majority size: -1, State: 0, Mode: NON_LEADER, active raft config: opid_index: -1 OBSOLETE_local: false peers { permanent_uuid: "ceefd2e127354b9dbb981dea34dc62eb" member_type: VOTER last_known_addr { host: "127.31.253.130" port: 46277 } } peers { permanent_uuid: "58a67b666a314c71ae9e073e5c5d5340" member_type: VOTER last_known_addr { host: "127.31.253.129" port: 38869 } } peers { permanent_uuid: "8200d7ca970f41fc9630a355b04265c8" member_type: VOTER last_known_addr { host: "127.31.253.131" port: 36413 } }
I20260601 13:38:18.005808  3458 raft_consensus.cc:359] T 15334977bed44912930afa8d7dd05efc P 58a67b666a314c71ae9e073e5c5d5340 [term 0 FOLLOWER]: Replica starting. Triggering 0 pending ops. Active config: opid_index: -1 OBSOLETE_local: false peers { permanent_uuid: "ceefd2e127354b9dbb981dea34dc62eb" member_type: VOTER last_known_addr { host: "127.31.253.130" port: 46277 } } peers { permanent_uuid: "8200d7ca970f41fc9630a355b04265c8" member_type: VOTER last_known_addr { host: "127.31.253.131" port: 36413 } } peers { permanent_uuid: "58a67b666a314c71ae9e073e5c5d5340" member_type: VOTER last_known_addr { host: "127.31.253.129" port: 38869 } }
I20260601 13:38:18.005882  3458 raft_consensus.cc:385] T 15334977bed44912930afa8d7dd05efc P 58a67b666a314c71ae9e073e5c5d5340 [term 0 FOLLOWER]: Consensus starting up: Expiring failure detector timer to make a prompt election more likely
I20260601 13:38:18.005913  3458 raft_consensus.cc:740] T 15334977bed44912930afa8d7dd05efc P 58a67b666a314c71ae9e073e5c5d5340 [term 0 FOLLOWER]: Becoming Follower/Learner. State: Replica: 58a67b666a314c71ae9e073e5c5d5340, State: Initialized, Role: FOLLOWER
I20260601 13:38:18.006014  3458 consensus_queue.cc:260] T 15334977bed44912930afa8d7dd05efc P 58a67b666a314c71ae9e073e5c5d5340 [NON_LEADER]: Queue going to NON_LEADER mode. State: All replicated index: 0, Majority replicated index: 0, Committed index: 0, Last appended: 0.0, Last appended by leader: 0, Current term: 0, Majority size: -1, State: 0, Mode: NON_LEADER, active raft config: opid_index: -1 OBSOLETE_local: false peers { permanent_uuid: "ceefd2e127354b9dbb981dea34dc62eb" member_type: VOTER last_known_addr { host: "127.31.253.130" port: 46277 } } peers { permanent_uuid: "8200d7ca970f41fc9630a355b04265c8" member_type: VOTER last_known_addr { host: "127.31.253.131" port: 36413 } } peers { permanent_uuid: "58a67b666a314c71ae9e073e5c5d5340" member_type: VOTER last_known_addr { host: "127.31.253.129" port: 38869 } }
I20260601 13:38:18.006306  3458 ts_tablet_manager.cc:1434] T 15334977bed44912930afa8d7dd05efc P 58a67b666a314c71ae9e073e5c5d5340: Time spent starting tablet: real 0.001s	user 0.001s	sys 0.000s
I20260601 13:38:18.006007  3459 ts_tablet_manager.cc:1434] T 02f6009e5e784ced85afae3db3b5f7ac P 8200d7ca970f41fc9630a355b04265c8: Time spent starting tablet: real 0.001s	user 0.001s	sys 0.000s
I20260601 13:38:18.006524  3459 tablet_bootstrap.cc:492] T 9181e2fa386c4c9eab39aab50685a848 P 8200d7ca970f41fc9630a355b04265c8: Bootstrap starting.
I20260601 13:38:18.007654  3459 tablet_bootstrap.cc:654] T 9181e2fa386c4c9eab39aab50685a848 P 8200d7ca970f41fc9630a355b04265c8: Neither blocks nor log segments found. Creating new log.
I20260601 13:38:18.009090  3459 tablet_bootstrap.cc:492] T 9181e2fa386c4c9eab39aab50685a848 P 8200d7ca970f41fc9630a355b04265c8: No bootstrap required, opened a new log
I20260601 13:38:18.009172  3459 ts_tablet_manager.cc:1403] T 9181e2fa386c4c9eab39aab50685a848 P 8200d7ca970f41fc9630a355b04265c8: Time spent bootstrapping tablet: real 0.003s	user 0.002s	sys 0.000s
I20260601 13:38:18.009565  3459 raft_consensus.cc:359] T 9181e2fa386c4c9eab39aab50685a848 P 8200d7ca970f41fc9630a355b04265c8 [term 0 FOLLOWER]: Replica starting. Triggering 0 pending ops. Active config: opid_index: -1 OBSOLETE_local: false peers { permanent_uuid: "58a67b666a314c71ae9e073e5c5d5340" member_type: VOTER last_known_addr { host: "127.31.253.129" port: 38869 } } peers { permanent_uuid: "ceefd2e127354b9dbb981dea34dc62eb" member_type: VOTER last_known_addr { host: "127.31.253.130" port: 46277 } } peers { permanent_uuid: "8200d7ca970f41fc9630a355b04265c8" member_type: VOTER last_known_addr { host: "127.31.253.131" port: 36413 } }
I20260601 13:38:18.009675  3459 raft_consensus.cc:385] T 9181e2fa386c4c9eab39aab50685a848 P 8200d7ca970f41fc9630a355b04265c8 [term 0 FOLLOWER]: Consensus starting up: Expiring failure detector timer to make a prompt election more likely
I20260601 13:38:18.009721  3459 raft_consensus.cc:740] T 9181e2fa386c4c9eab39aab50685a848 P 8200d7ca970f41fc9630a355b04265c8 [term 0 FOLLOWER]: Becoming Follower/Learner. State: Replica: 8200d7ca970f41fc9630a355b04265c8, State: Initialized, Role: FOLLOWER
I20260601 13:38:18.009856  3459 consensus_queue.cc:260] T 9181e2fa386c4c9eab39aab50685a848 P 8200d7ca970f41fc9630a355b04265c8 [NON_LEADER]: Queue going to NON_LEADER mode. State: All replicated index: 0, Majority replicated index: 0, Committed index: 0, Last appended: 0.0, Last appended by leader: 0, Current term: 0, Majority size: -1, State: 0, Mode: NON_LEADER, active raft config: opid_index: -1 OBSOLETE_local: false peers { permanent_uuid: "58a67b666a314c71ae9e073e5c5d5340" member_type: VOTER last_known_addr { host: "127.31.253.129" port: 38869 } } peers { permanent_uuid: "ceefd2e127354b9dbb981dea34dc62eb" member_type: VOTER last_known_addr { host: "127.31.253.130" port: 46277 } } peers { permanent_uuid: "8200d7ca970f41fc9630a355b04265c8" member_type: VOTER last_known_addr { host: "127.31.253.131" port: 36413 } }
I20260601 13:38:18.010138  3459 ts_tablet_manager.cc:1434] T 9181e2fa386c4c9eab39aab50685a848 P 8200d7ca970f41fc9630a355b04265c8: Time spent starting tablet: real 0.001s	user 0.000s	sys 0.000s
I20260601 13:38:18.011751  3335 tablet_service.cc:1917] Received RequestConsensusVote() RPC: tablet_id: "7662396d6b3148568df02e0b4f754457" candidate_uuid: "58a67b666a314c71ae9e073e5c5d5340" candidate_term: 1 candidate_status { last_received { term: 0 index: 0 } } ignore_live_leader: false dest_uuid: "ceefd2e127354b9dbb981dea34dc62eb" is_pre_election: true
I20260601 13:38:18.011902  3335 raft_consensus.cc:2468] T 7662396d6b3148568df02e0b4f754457 P ceefd2e127354b9dbb981dea34dc62eb [term 0 FOLLOWER]: Leader pre-election vote request: Granting yes vote for candidate 58a67b666a314c71ae9e073e5c5d5340 in term 0.
I20260601 13:38:18.012147  3410 tablet_service.cc:1917] Received RequestConsensusVote() RPC: tablet_id: "7662396d6b3148568df02e0b4f754457" candidate_uuid: "58a67b666a314c71ae9e073e5c5d5340" candidate_term: 1 candidate_status { last_received { term: 0 index: 0 } } ignore_live_leader: false dest_uuid: "8200d7ca970f41fc9630a355b04265c8" is_pre_election: true
I20260601 13:38:18.012199  3223 leader_election.cc:304] T 7662396d6b3148568df02e0b4f754457 P 58a67b666a314c71ae9e073e5c5d5340 [CANDIDATE]: Term 1 pre-election: Election decided. Result: candidate won. Election summary: received 2 responses out of 3 voters: 2 yes votes; 0 no votes. yes voters: 58a67b666a314c71ae9e073e5c5d5340, ceefd2e127354b9dbb981dea34dc62eb; no voters: 
I20260601 13:38:18.012276  3410 raft_consensus.cc:2468] T 7662396d6b3148568df02e0b4f754457 P 8200d7ca970f41fc9630a355b04265c8 [term 0 FOLLOWER]: Leader pre-election vote request: Granting yes vote for candidate 58a67b666a314c71ae9e073e5c5d5340 in term 0.
I20260601 13:38:18.012439  3485 raft_consensus.cc:2804] T 7662396d6b3148568df02e0b4f754457 P 58a67b666a314c71ae9e073e5c5d5340 [term 0 FOLLOWER]: Leader pre-election won for term 1
I20260601 13:38:18.012490  3485 raft_consensus.cc:493] T 7662396d6b3148568df02e0b4f754457 P 58a67b666a314c71ae9e073e5c5d5340 [term 0 FOLLOWER]: Starting leader election (no leader contacted us within the election timeout)
I20260601 13:38:18.012550  3485 raft_consensus.cc:3060] T 7662396d6b3148568df02e0b4f754457 P 58a67b666a314c71ae9e073e5c5d5340 [term 0 FOLLOWER]: Advancing to term 1
I20260601 13:38:18.013375  3485 raft_consensus.cc:515] T 7662396d6b3148568df02e0b4f754457 P 58a67b666a314c71ae9e073e5c5d5340 [term 1 FOLLOWER]: Starting leader election with config: opid_index: -1 OBSOLETE_local: false peers { permanent_uuid: "ceefd2e127354b9dbb981dea34dc62eb" member_type: VOTER last_known_addr { host: "127.31.253.130" port: 46277 } } peers { permanent_uuid: "58a67b666a314c71ae9e073e5c5d5340" member_type: VOTER last_known_addr { host: "127.31.253.129" port: 38869 } } peers { permanent_uuid: "8200d7ca970f41fc9630a355b04265c8" member_type: VOTER last_known_addr { host: "127.31.253.131" port: 36413 } }
I20260601 13:38:18.013721  3485 leader_election.cc:290] T 7662396d6b3148568df02e0b4f754457 P 58a67b666a314c71ae9e073e5c5d5340 [CANDIDATE]: Term 1 election: Requested vote from peers ceefd2e127354b9dbb981dea34dc62eb (127.31.253.130:46277), 8200d7ca970f41fc9630a355b04265c8 (127.31.253.131:36413)
I20260601 13:38:18.014045  3335 tablet_service.cc:1917] Received RequestConsensusVote() RPC: tablet_id: "7662396d6b3148568df02e0b4f754457" candidate_uuid: "58a67b666a314c71ae9e073e5c5d5340" candidate_term: 1 candidate_status { last_received { term: 0 index: 0 } } ignore_live_leader: false dest_uuid: "ceefd2e127354b9dbb981dea34dc62eb"
I20260601 13:38:18.014093  3410 tablet_service.cc:1917] Received RequestConsensusVote() RPC: tablet_id: "7662396d6b3148568df02e0b4f754457" candidate_uuid: "58a67b666a314c71ae9e073e5c5d5340" candidate_term: 1 candidate_status { last_received { term: 0 index: 0 } } ignore_live_leader: false dest_uuid: "8200d7ca970f41fc9630a355b04265c8"
I20260601 13:38:18.014175  3335 raft_consensus.cc:3060] T 7662396d6b3148568df02e0b4f754457 P ceefd2e127354b9dbb981dea34dc62eb [term 0 FOLLOWER]: Advancing to term 1
I20260601 13:38:18.014205  3410 raft_consensus.cc:3060] T 7662396d6b3148568df02e0b4f754457 P 8200d7ca970f41fc9630a355b04265c8 [term 0 FOLLOWER]: Advancing to term 1
I20260601 13:38:18.014969  3335 raft_consensus.cc:2468] T 7662396d6b3148568df02e0b4f754457 P ceefd2e127354b9dbb981dea34dc62eb [term 1 FOLLOWER]: Leader election vote request: Granting yes vote for candidate 58a67b666a314c71ae9e073e5c5d5340 in term 1.
I20260601 13:38:18.015007  3410 raft_consensus.cc:2468] T 7662396d6b3148568df02e0b4f754457 P 8200d7ca970f41fc9630a355b04265c8 [term 1 FOLLOWER]: Leader election vote request: Granting yes vote for candidate 58a67b666a314c71ae9e073e5c5d5340 in term 1.
I20260601 13:38:18.015326  3223 leader_election.cc:304] T 7662396d6b3148568df02e0b4f754457 P 58a67b666a314c71ae9e073e5c5d5340 [CANDIDATE]: Term 1 election: Election decided. Result: candidate won. Election summary: received 2 responses out of 3 voters: 2 yes votes; 0 no votes. yes voters: 58a67b666a314c71ae9e073e5c5d5340, 8200d7ca970f41fc9630a355b04265c8; no voters: 
I20260601 13:38:18.015501  3485 raft_consensus.cc:2804] T 7662396d6b3148568df02e0b4f754457 P 58a67b666a314c71ae9e073e5c5d5340 [term 1 FOLLOWER]: Leader election won for term 1
I20260601 13:38:18.015609  3485 raft_consensus.cc:697] T 7662396d6b3148568df02e0b4f754457 P 58a67b666a314c71ae9e073e5c5d5340 [term 1 LEADER]: Becoming Leader. State: Replica: 58a67b666a314c71ae9e073e5c5d5340, State: Running, Role: LEADER
I20260601 13:38:18.015743  3485 consensus_queue.cc:237] T 7662396d6b3148568df02e0b4f754457 P 58a67b666a314c71ae9e073e5c5d5340 [LEADER]: Queue going to LEADER mode. State: All replicated index: 0, Majority replicated index: 0, Committed index: 0, Last appended: 0.0, Last appended by leader: 0, Current term: 1, Majority size: 2, State: 0, Mode: LEADER, active raft config: opid_index: -1 OBSOLETE_local: false peers { permanent_uuid: "ceefd2e127354b9dbb981dea34dc62eb" member_type: VOTER last_known_addr { host: "127.31.253.130" port: 46277 } } peers { permanent_uuid: "58a67b666a314c71ae9e073e5c5d5340" member_type: VOTER last_known_addr { host: "127.31.253.129" port: 38869 } } peers { permanent_uuid: "8200d7ca970f41fc9630a355b04265c8" member_type: VOTER last_known_addr { host: "127.31.253.131" port: 36413 } }
I20260601 13:38:18.017277  3156 catalog_manager.cc:5696] T 7662396d6b3148568df02e0b4f754457 P 58a67b666a314c71ae9e073e5c5d5340 reported cstate change: term changed from 0 to 1, leader changed from <none> to 58a67b666a314c71ae9e073e5c5d5340 (127.31.253.129). New cstate: current_term: 1 leader_uuid: "58a67b666a314c71ae9e073e5c5d5340" committed_config { opid_index: -1 OBSOLETE_local: false peers { permanent_uuid: "ceefd2e127354b9dbb981dea34dc62eb" member_type: VOTER last_known_addr { host: "127.31.253.130" port: 46277 } health_report { overall_health: UNKNOWN } } peers { permanent_uuid: "58a67b666a314c71ae9e073e5c5d5340" member_type: VOTER last_known_addr { host: "127.31.253.129" port: 38869 } health_report { overall_health: HEALTHY } } peers { permanent_uuid: "8200d7ca970f41fc9630a355b04265c8" member_type: VOTER last_known_addr { host: "127.31.253.131" port: 36413 } health_report { overall_health: UNKNOWN } } }
I20260601 13:38:18.057557  3489 raft_consensus.cc:493] T 6d1dcab2ddb9453f824e9480eb5f4086 P ceefd2e127354b9dbb981dea34dc62eb [term 0 FOLLOWER]: Starting pre-election (no leader contacted us within the election timeout)
I20260601 13:38:18.057777  3489 raft_consensus.cc:515] T 6d1dcab2ddb9453f824e9480eb5f4086 P ceefd2e127354b9dbb981dea34dc62eb [term 0 FOLLOWER]: Starting pre-election with config: opid_index: -1 OBSOLETE_local: false peers { permanent_uuid: "58a67b666a314c71ae9e073e5c5d5340" member_type: VOTER last_known_addr { host: "127.31.253.129" port: 38869 } } peers { permanent_uuid: "ceefd2e127354b9dbb981dea34dc62eb" member_type: VOTER last_known_addr { host: "127.31.253.130" port: 46277 } } peers { permanent_uuid: "8200d7ca970f41fc9630a355b04265c8" member_type: VOTER last_known_addr { host: "127.31.253.131" port: 36413 } }
I20260601 13:38:18.057782  3485 raft_consensus.cc:493] T 6d1dcab2ddb9453f824e9480eb5f4086 P 58a67b666a314c71ae9e073e5c5d5340 [term 0 FOLLOWER]: Starting pre-election (no leader contacted us within the election timeout)
I20260601 13:38:18.058079  3485 raft_consensus.cc:515] T 6d1dcab2ddb9453f824e9480eb5f4086 P 58a67b666a314c71ae9e073e5c5d5340 [term 0 FOLLOWER]: Starting pre-election with config: opid_index: -1 OBSOLETE_local: false peers { permanent_uuid: "58a67b666a314c71ae9e073e5c5d5340" member_type: VOTER last_known_addr { host: "127.31.253.129" port: 38869 } } peers { permanent_uuid: "ceefd2e127354b9dbb981dea34dc62eb" member_type: VOTER last_known_addr { host: "127.31.253.130" port: 46277 } } peers { permanent_uuid: "8200d7ca970f41fc9630a355b04265c8" member_type: VOTER last_known_addr { host: "127.31.253.131" port: 36413 } }
I20260601 13:38:18.058422  3489 leader_election.cc:290] T 6d1dcab2ddb9453f824e9480eb5f4086 P ceefd2e127354b9dbb981dea34dc62eb [CANDIDATE]: Term 1 pre-election: Requested pre-vote from peers 58a67b666a314c71ae9e073e5c5d5340 (127.31.253.129:38869), 8200d7ca970f41fc9630a355b04265c8 (127.31.253.131:36413)
I20260601 13:38:18.058892  3485 leader_election.cc:290] T 6d1dcab2ddb9453f824e9480eb5f4086 P 58a67b666a314c71ae9e073e5c5d5340 [CANDIDATE]: Term 1 pre-election: Requested pre-vote from peers ceefd2e127354b9dbb981dea34dc62eb (127.31.253.130:46277), 8200d7ca970f41fc9630a355b04265c8 (127.31.253.131:36413)
I20260601 13:38:18.058802  3410 tablet_service.cc:1917] Received RequestConsensusVote() RPC: tablet_id: "6d1dcab2ddb9453f824e9480eb5f4086" candidate_uuid: "ceefd2e127354b9dbb981dea34dc62eb" candidate_term: 1 candidate_status { last_received { term: 0 index: 0 } } ignore_live_leader: false dest_uuid: "8200d7ca970f41fc9630a355b04265c8" is_pre_election: true
I20260601 13:38:18.058801  3335 tablet_service.cc:1917] Received RequestConsensusVote() RPC: tablet_id: "6d1dcab2ddb9453f824e9480eb5f4086" candidate_uuid: "58a67b666a314c71ae9e073e5c5d5340" candidate_term: 1 candidate_status { last_received { term: 0 index: 0 } } ignore_live_leader: false dest_uuid: "ceefd2e127354b9dbb981dea34dc62eb" is_pre_election: true
I20260601 13:38:18.058801  3259 tablet_service.cc:1917] Received RequestConsensusVote() RPC: tablet_id: "6d1dcab2ddb9453f824e9480eb5f4086" candidate_uuid: "ceefd2e127354b9dbb981dea34dc62eb" candidate_term: 1 candidate_status { last_received { term: 0 index: 0 } } ignore_live_leader: false dest_uuid: "58a67b666a314c71ae9e073e5c5d5340" is_pre_election: true
I20260601 13:38:18.059005  3410 raft_consensus.cc:2468] T 6d1dcab2ddb9453f824e9480eb5f4086 P 8200d7ca970f41fc9630a355b04265c8 [term 0 FOLLOWER]: Leader pre-election vote request: Granting yes vote for candidate ceefd2e127354b9dbb981dea34dc62eb in term 0.
I20260601 13:38:18.059005  3335 raft_consensus.cc:2468] T 6d1dcab2ddb9453f824e9480eb5f4086 P ceefd2e127354b9dbb981dea34dc62eb [term 0 FOLLOWER]: Leader pre-election vote request: Granting yes vote for candidate 58a67b666a314c71ae9e073e5c5d5340 in term 0.
I20260601 13:38:18.059062  3259 raft_consensus.cc:2468] T 6d1dcab2ddb9453f824e9480eb5f4086 P 58a67b666a314c71ae9e073e5c5d5340 [term 0 FOLLOWER]: Leader pre-election vote request: Granting yes vote for candidate ceefd2e127354b9dbb981dea34dc62eb in term 0.
I20260601 13:38:18.059098  3409 tablet_service.cc:1917] Received RequestConsensusVote() RPC: tablet_id: "6d1dcab2ddb9453f824e9480eb5f4086" candidate_uuid: "58a67b666a314c71ae9e073e5c5d5340" candidate_term: 1 candidate_status { last_received { term: 0 index: 0 } } ignore_live_leader: false dest_uuid: "8200d7ca970f41fc9630a355b04265c8" is_pre_election: true
I20260601 13:38:18.059312  3299 leader_election.cc:304] T 6d1dcab2ddb9453f824e9480eb5f4086 P ceefd2e127354b9dbb981dea34dc62eb [CANDIDATE]: Term 1 pre-election: Election decided. Result: candidate won. Election summary: received 2 responses out of 3 voters: 2 yes votes; 0 no votes. yes voters: 8200d7ca970f41fc9630a355b04265c8, ceefd2e127354b9dbb981dea34dc62eb; no voters: 
I20260601 13:38:18.059317  3409 raft_consensus.cc:2468] T 6d1dcab2ddb9453f824e9480eb5f4086 P 8200d7ca970f41fc9630a355b04265c8 [term 0 FOLLOWER]: Leader pre-election vote request: Granting yes vote for candidate 58a67b666a314c71ae9e073e5c5d5340 in term 0.
I20260601 13:38:18.059407  3223 leader_election.cc:304] T 6d1dcab2ddb9453f824e9480eb5f4086 P 58a67b666a314c71ae9e073e5c5d5340 [CANDIDATE]: Term 1 pre-election: Election decided. Result: candidate won. Election summary: received 2 responses out of 3 voters: 2 yes votes; 0 no votes. yes voters: 58a67b666a314c71ae9e073e5c5d5340, ceefd2e127354b9dbb981dea34dc62eb; no voters: 
I20260601 13:38:18.059516  3489 raft_consensus.cc:2804] T 6d1dcab2ddb9453f824e9480eb5f4086 P ceefd2e127354b9dbb981dea34dc62eb [term 0 FOLLOWER]: Leader pre-election won for term 1
I20260601 13:38:18.059568  3465 raft_consensus.cc:2804] T 6d1dcab2ddb9453f824e9480eb5f4086 P 58a67b666a314c71ae9e073e5c5d5340 [term 0 FOLLOWER]: Leader pre-election won for term 1
I20260601 13:38:18.059578  3489 raft_consensus.cc:493] T 6d1dcab2ddb9453f824e9480eb5f4086 P ceefd2e127354b9dbb981dea34dc62eb [term 0 FOLLOWER]: Starting leader election (no leader contacted us within the election timeout)
I20260601 13:38:18.059679  3489 raft_consensus.cc:3060] T 6d1dcab2ddb9453f824e9480eb5f4086 P ceefd2e127354b9dbb981dea34dc62eb [term 0 FOLLOWER]: Advancing to term 1
I20260601 13:38:18.059626  3465 raft_consensus.cc:493] T 6d1dcab2ddb9453f824e9480eb5f4086 P 58a67b666a314c71ae9e073e5c5d5340 [term 0 FOLLOWER]: Starting leader election (no leader contacted us within the election timeout)
I20260601 13:38:18.059741  3465 raft_consensus.cc:3060] T 6d1dcab2ddb9453f824e9480eb5f4086 P 58a67b666a314c71ae9e073e5c5d5340 [term 0 FOLLOWER]: Advancing to term 1
I20260601 13:38:18.060595  3489 raft_consensus.cc:515] T 6d1dcab2ddb9453f824e9480eb5f4086 P ceefd2e127354b9dbb981dea34dc62eb [term 1 FOLLOWER]: Starting leader election with config: opid_index: -1 OBSOLETE_local: false peers { permanent_uuid: "58a67b666a314c71ae9e073e5c5d5340" member_type: VOTER last_known_addr { host: "127.31.253.129" port: 38869 } } peers { permanent_uuid: "ceefd2e127354b9dbb981dea34dc62eb" member_type: VOTER last_known_addr { host: "127.31.253.130" port: 46277 } } peers { permanent_uuid: "8200d7ca970f41fc9630a355b04265c8" member_type: VOTER last_known_addr { host: "127.31.253.131" port: 36413 } }
I20260601 13:38:18.060603  3465 raft_consensus.cc:515] T 6d1dcab2ddb9453f824e9480eb5f4086 P 58a67b666a314c71ae9e073e5c5d5340 [term 1 FOLLOWER]: Starting leader election with config: opid_index: -1 OBSOLETE_local: false peers { permanent_uuid: "58a67b666a314c71ae9e073e5c5d5340" member_type: VOTER last_known_addr { host: "127.31.253.129" port: 38869 } } peers { permanent_uuid: "ceefd2e127354b9dbb981dea34dc62eb" member_type: VOTER last_known_addr { host: "127.31.253.130" port: 46277 } } peers { permanent_uuid: "8200d7ca970f41fc9630a355b04265c8" member_type: VOTER last_known_addr { host: "127.31.253.131" port: 36413 } }
I20260601 13:38:18.061002  3465 leader_election.cc:290] T 6d1dcab2ddb9453f824e9480eb5f4086 P 58a67b666a314c71ae9e073e5c5d5340 [CANDIDATE]: Term 1 election: Requested vote from peers ceefd2e127354b9dbb981dea34dc62eb (127.31.253.130:46277), 8200d7ca970f41fc9630a355b04265c8 (127.31.253.131:36413)
I20260601 13:38:18.061220  3335 tablet_service.cc:1917] Received RequestConsensusVote() RPC: tablet_id: "6d1dcab2ddb9453f824e9480eb5f4086" candidate_uuid: "58a67b666a314c71ae9e073e5c5d5340" candidate_term: 1 candidate_status { last_received { term: 0 index: 0 } } ignore_live_leader: false dest_uuid: "ceefd2e127354b9dbb981dea34dc62eb"
I20260601 13:38:18.061266  3410 tablet_service.cc:1917] Received RequestConsensusVote() RPC: tablet_id: "6d1dcab2ddb9453f824e9480eb5f4086" candidate_uuid: "58a67b666a314c71ae9e073e5c5d5340" candidate_term: 1 candidate_status { last_received { term: 0 index: 0 } } ignore_live_leader: false dest_uuid: "8200d7ca970f41fc9630a355b04265c8"
I20260601 13:38:18.061224  3409 tablet_service.cc:1917] Received RequestConsensusVote() RPC: tablet_id: "6d1dcab2ddb9453f824e9480eb5f4086" candidate_uuid: "ceefd2e127354b9dbb981dea34dc62eb" candidate_term: 1 candidate_status { last_received { term: 0 index: 0 } } ignore_live_leader: false dest_uuid: "8200d7ca970f41fc9630a355b04265c8"
I20260601 13:38:18.061334  3410 raft_consensus.cc:3060] T 6d1dcab2ddb9453f824e9480eb5f4086 P 8200d7ca970f41fc9630a355b04265c8 [term 0 FOLLOWER]: Advancing to term 1
I20260601 13:38:18.061290  3259 tablet_service.cc:1917] Received RequestConsensusVote() RPC: tablet_id: "6d1dcab2ddb9453f824e9480eb5f4086" candidate_uuid: "ceefd2e127354b9dbb981dea34dc62eb" candidate_term: 1 candidate_status { last_received { term: 0 index: 0 } } ignore_live_leader: false dest_uuid: "58a67b666a314c71ae9e073e5c5d5340"
I20260601 13:38:18.061369  3335 raft_consensus.cc:2393] T 6d1dcab2ddb9453f824e9480eb5f4086 P ceefd2e127354b9dbb981dea34dc62eb [term 1 FOLLOWER]: Leader election vote request: Denying vote to candidate 58a67b666a314c71ae9e073e5c5d5340 in current term 1: Already voted for candidate ceefd2e127354b9dbb981dea34dc62eb in this term.
I20260601 13:38:18.061465  3259 raft_consensus.cc:2393] T 6d1dcab2ddb9453f824e9480eb5f4086 P 58a67b666a314c71ae9e073e5c5d5340 [term 1 FOLLOWER]: Leader election vote request: Denying vote to candidate ceefd2e127354b9dbb981dea34dc62eb in current term 1: Already voted for candidate 58a67b666a314c71ae9e073e5c5d5340 in this term.
I20260601 13:38:18.061722  3300 leader_election.cc:304] T 6d1dcab2ddb9453f824e9480eb5f4086 P ceefd2e127354b9dbb981dea34dc62eb [CANDIDATE]: Term 1 election: Election decided. Result: candidate lost. Election summary: received 3 responses out of 3 voters: 1 yes votes; 2 no votes. yes voters: ceefd2e127354b9dbb981dea34dc62eb; no voters: 58a67b666a314c71ae9e073e5c5d5340, 8200d7ca970f41fc9630a355b04265c8
I20260601 13:38:18.061869  3460 raft_consensus.cc:2749] T 6d1dcab2ddb9453f824e9480eb5f4086 P ceefd2e127354b9dbb981dea34dc62eb [term 1 FOLLOWER]: Leader election lost for term 1. Reason: could not achieve majority
I20260601 13:38:18.062400  3410 raft_consensus.cc:2468] T 6d1dcab2ddb9453f824e9480eb5f4086 P 8200d7ca970f41fc9630a355b04265c8 [term 1 FOLLOWER]: Leader election vote request: Granting yes vote for candidate 58a67b666a314c71ae9e073e5c5d5340 in term 1.
I20260601 13:38:18.062561  3489 leader_election.cc:290] T 6d1dcab2ddb9453f824e9480eb5f4086 P ceefd2e127354b9dbb981dea34dc62eb [CANDIDATE]: Term 1 election: Requested vote from peers 58a67b666a314c71ae9e073e5c5d5340 (127.31.253.129:38869), 8200d7ca970f41fc9630a355b04265c8 (127.31.253.131:36413)
I20260601 13:38:18.062729  3223 leader_election.cc:304] T 6d1dcab2ddb9453f824e9480eb5f4086 P 58a67b666a314c71ae9e073e5c5d5340 [CANDIDATE]: Term 1 election: Election decided. Result: candidate won. Election summary: received 3 responses out of 3 voters: 2 yes votes; 1 no votes. yes voters: 58a67b666a314c71ae9e073e5c5d5340, 8200d7ca970f41fc9630a355b04265c8; no voters: ceefd2e127354b9dbb981dea34dc62eb
I20260601 13:38:18.062916  3465 raft_consensus.cc:2804] T 6d1dcab2ddb9453f824e9480eb5f4086 P 58a67b666a314c71ae9e073e5c5d5340 [term 1 FOLLOWER]: Leader election won for term 1
I20260601 13:38:18.063072  3465 raft_consensus.cc:697] T 6d1dcab2ddb9453f824e9480eb5f4086 P 58a67b666a314c71ae9e073e5c5d5340 [term 1 LEADER]: Becoming Leader. State: Replica: 58a67b666a314c71ae9e073e5c5d5340, State: Running, Role: LEADER
I20260601 13:38:18.063246  3465 consensus_queue.cc:237] T 6d1dcab2ddb9453f824e9480eb5f4086 P 58a67b666a314c71ae9e073e5c5d5340 [LEADER]: Queue going to LEADER mode. State: All replicated index: 0, Majority replicated index: 0, Committed index: 0, Last appended: 0.0, Last appended by leader: 0, Current term: 1, Majority size: 2, State: 0, Mode: LEADER, active raft config: opid_index: -1 OBSOLETE_local: false peers { permanent_uuid: "58a67b666a314c71ae9e073e5c5d5340" member_type: VOTER last_known_addr { host: "127.31.253.129" port: 38869 } } peers { permanent_uuid: "ceefd2e127354b9dbb981dea34dc62eb" member_type: VOTER last_known_addr { host: "127.31.253.130" port: 46277 } } peers { permanent_uuid: "8200d7ca970f41fc9630a355b04265c8" member_type: VOTER last_known_addr { host: "127.31.253.131" port: 36413 } }
I20260601 13:38:18.065006  3156 catalog_manager.cc:5696] T 6d1dcab2ddb9453f824e9480eb5f4086 P 58a67b666a314c71ae9e073e5c5d5340 reported cstate change: term changed from 0 to 1, leader changed from <none> to 58a67b666a314c71ae9e073e5c5d5340 (127.31.253.129). New cstate: current_term: 1 leader_uuid: "58a67b666a314c71ae9e073e5c5d5340" committed_config { opid_index: -1 OBSOLETE_local: false peers { permanent_uuid: "58a67b666a314c71ae9e073e5c5d5340" member_type: VOTER last_known_addr { host: "127.31.253.129" port: 38869 } health_report { overall_health: HEALTHY } } peers { permanent_uuid: "ceefd2e127354b9dbb981dea34dc62eb" member_type: VOTER last_known_addr { host: "127.31.253.130" port: 46277 } health_report { overall_health: UNKNOWN } } peers { permanent_uuid: "8200d7ca970f41fc9630a355b04265c8" member_type: VOTER last_known_addr { host: "127.31.253.131" port: 36413 } health_report { overall_health: UNKNOWN } } }
I20260601 13:38:18.093384  3465 raft_consensus.cc:493] T 15334977bed44912930afa8d7dd05efc P 58a67b666a314c71ae9e073e5c5d5340 [term 0 FOLLOWER]: Starting pre-election (no leader contacted us within the election timeout)
I20260601 13:38:18.093516  3465 raft_consensus.cc:515] T 15334977bed44912930afa8d7dd05efc P 58a67b666a314c71ae9e073e5c5d5340 [term 0 FOLLOWER]: Starting pre-election with config: opid_index: -1 OBSOLETE_local: false peers { permanent_uuid: "ceefd2e127354b9dbb981dea34dc62eb" member_type: VOTER last_known_addr { host: "127.31.253.130" port: 46277 } } peers { permanent_uuid: "8200d7ca970f41fc9630a355b04265c8" member_type: VOTER last_known_addr { host: "127.31.253.131" port: 36413 } } peers { permanent_uuid: "58a67b666a314c71ae9e073e5c5d5340" member_type: VOTER last_known_addr { host: "127.31.253.129" port: 38869 } }
I20260601 13:38:18.093919  3465 leader_election.cc:290] T 15334977bed44912930afa8d7dd05efc P 58a67b666a314c71ae9e073e5c5d5340 [CANDIDATE]: Term 1 pre-election: Requested pre-vote from peers ceefd2e127354b9dbb981dea34dc62eb (127.31.253.130:46277), 8200d7ca970f41fc9630a355b04265c8 (127.31.253.131:36413)
I20260601 13:38:18.094339  3335 tablet_service.cc:1917] Received RequestConsensusVote() RPC: tablet_id: "15334977bed44912930afa8d7dd05efc" candidate_uuid: "58a67b666a314c71ae9e073e5c5d5340" candidate_term: 1 candidate_status { last_received { term: 0 index: 0 } } ignore_live_leader: false dest_uuid: "ceefd2e127354b9dbb981dea34dc62eb" is_pre_election: true
I20260601 13:38:18.094339  3410 tablet_service.cc:1917] Received RequestConsensusVote() RPC: tablet_id: "15334977bed44912930afa8d7dd05efc" candidate_uuid: "58a67b666a314c71ae9e073e5c5d5340" candidate_term: 1 candidate_status { last_received { term: 0 index: 0 } } ignore_live_leader: false dest_uuid: "8200d7ca970f41fc9630a355b04265c8" is_pre_election: true
I20260601 13:38:18.094506  3410 raft_consensus.cc:2468] T 15334977bed44912930afa8d7dd05efc P 8200d7ca970f41fc9630a355b04265c8 [term 0 FOLLOWER]: Leader pre-election vote request: Granting yes vote for candidate 58a67b666a314c71ae9e073e5c5d5340 in term 0.
I20260601 13:38:18.094506  3335 raft_consensus.cc:2468] T 15334977bed44912930afa8d7dd05efc P ceefd2e127354b9dbb981dea34dc62eb [term 0 FOLLOWER]: Leader pre-election vote request: Granting yes vote for candidate 58a67b666a314c71ae9e073e5c5d5340 in term 0.
I20260601 13:38:18.094924  3223 leader_election.cc:304] T 15334977bed44912930afa8d7dd05efc P 58a67b666a314c71ae9e073e5c5d5340 [CANDIDATE]: Term 1 pre-election: Election decided. Result: candidate won. Election summary: received 2 responses out of 3 voters: 2 yes votes; 0 no votes. yes voters: 58a67b666a314c71ae9e073e5c5d5340, ceefd2e127354b9dbb981dea34dc62eb; no voters: 
I20260601 13:38:18.095110  3465 raft_consensus.cc:2804] T 15334977bed44912930afa8d7dd05efc P 58a67b666a314c71ae9e073e5c5d5340 [term 0 FOLLOWER]: Leader pre-election won for term 1
I20260601 13:38:18.095170  3465 raft_consensus.cc:493] T 15334977bed44912930afa8d7dd05efc P 58a67b666a314c71ae9e073e5c5d5340 [term 0 FOLLOWER]: Starting leader election (no leader contacted us within the election timeout)
I20260601 13:38:18.095212  3465 raft_consensus.cc:3060] T 15334977bed44912930afa8d7dd05efc P 58a67b666a314c71ae9e073e5c5d5340 [term 0 FOLLOWER]: Advancing to term 1
I20260601 13:38:18.096067  3465 raft_consensus.cc:515] T 15334977bed44912930afa8d7dd05efc P 58a67b666a314c71ae9e073e5c5d5340 [term 1 FOLLOWER]: Starting leader election with config: opid_index: -1 OBSOLETE_local: false peers { permanent_uuid: "ceefd2e127354b9dbb981dea34dc62eb" member_type: VOTER last_known_addr { host: "127.31.253.130" port: 46277 } } peers { permanent_uuid: "8200d7ca970f41fc9630a355b04265c8" member_type: VOTER last_known_addr { host: "127.31.253.131" port: 36413 } } peers { permanent_uuid: "58a67b666a314c71ae9e073e5c5d5340" member_type: VOTER last_known_addr { host: "127.31.253.129" port: 38869 } }
I20260601 13:38:18.096391  3465 leader_election.cc:290] T 15334977bed44912930afa8d7dd05efc P 58a67b666a314c71ae9e073e5c5d5340 [CANDIDATE]: Term 1 election: Requested vote from peers ceefd2e127354b9dbb981dea34dc62eb (127.31.253.130:46277), 8200d7ca970f41fc9630a355b04265c8 (127.31.253.131:36413)
I20260601 13:38:18.096735  3335 tablet_service.cc:1917] Received RequestConsensusVote() RPC: tablet_id: "15334977bed44912930afa8d7dd05efc" candidate_uuid: "58a67b666a314c71ae9e073e5c5d5340" candidate_term: 1 candidate_status { last_received { term: 0 index: 0 } } ignore_live_leader: false dest_uuid: "ceefd2e127354b9dbb981dea34dc62eb"
I20260601 13:38:18.096863  3335 raft_consensus.cc:3060] T 15334977bed44912930afa8d7dd05efc P ceefd2e127354b9dbb981dea34dc62eb [term 0 FOLLOWER]: Advancing to term 1
I20260601 13:38:18.096777  3410 tablet_service.cc:1917] Received RequestConsensusVote() RPC: tablet_id: "15334977bed44912930afa8d7dd05efc" candidate_uuid: "58a67b666a314c71ae9e073e5c5d5340" candidate_term: 1 candidate_status { last_received { term: 0 index: 0 } } ignore_live_leader: false dest_uuid: "8200d7ca970f41fc9630a355b04265c8"
I20260601 13:38:18.096967  3410 raft_consensus.cc:3060] T 15334977bed44912930afa8d7dd05efc P 8200d7ca970f41fc9630a355b04265c8 [term 0 FOLLOWER]: Advancing to term 1
I20260601 13:38:18.097683  3335 raft_consensus.cc:2468] T 15334977bed44912930afa8d7dd05efc P ceefd2e127354b9dbb981dea34dc62eb [term 1 FOLLOWER]: Leader election vote request: Granting yes vote for candidate 58a67b666a314c71ae9e073e5c5d5340 in term 1.
I20260601 13:38:18.097770  3410 raft_consensus.cc:2468] T 15334977bed44912930afa8d7dd05efc P 8200d7ca970f41fc9630a355b04265c8 [term 1 FOLLOWER]: Leader election vote request: Granting yes vote for candidate 58a67b666a314c71ae9e073e5c5d5340 in term 1.
I20260601 13:38:18.097988  3223 leader_election.cc:304] T 15334977bed44912930afa8d7dd05efc P 58a67b666a314c71ae9e073e5c5d5340 [CANDIDATE]: Term 1 election: Election decided. Result: candidate won. Election summary: received 2 responses out of 3 voters: 2 yes votes; 0 no votes. yes voters: 58a67b666a314c71ae9e073e5c5d5340, ceefd2e127354b9dbb981dea34dc62eb; no voters: 
I20260601 13:38:18.098148  3465 raft_consensus.cc:2804] T 15334977bed44912930afa8d7dd05efc P 58a67b666a314c71ae9e073e5c5d5340 [term 1 FOLLOWER]: Leader election won for term 1
I20260601 13:38:18.098239  3465 raft_consensus.cc:697] T 15334977bed44912930afa8d7dd05efc P 58a67b666a314c71ae9e073e5c5d5340 [term 1 LEADER]: Becoming Leader. State: Replica: 58a67b666a314c71ae9e073e5c5d5340, State: Running, Role: LEADER
I20260601 13:38:18.098433  3465 consensus_queue.cc:237] T 15334977bed44912930afa8d7dd05efc P 58a67b666a314c71ae9e073e5c5d5340 [LEADER]: Queue going to LEADER mode. State: All replicated index: 0, Majority replicated index: 0, Committed index: 0, Last appended: 0.0, Last appended by leader: 0, Current term: 1, Majority size: 2, State: 0, Mode: LEADER, active raft config: opid_index: -1 OBSOLETE_local: false peers { permanent_uuid: "ceefd2e127354b9dbb981dea34dc62eb" member_type: VOTER last_known_addr { host: "127.31.253.130" port: 46277 } } peers { permanent_uuid: "8200d7ca970f41fc9630a355b04265c8" member_type: VOTER last_known_addr { host: "127.31.253.131" port: 36413 } } peers { permanent_uuid: "58a67b666a314c71ae9e073e5c5d5340" member_type: VOTER last_known_addr { host: "127.31.253.129" port: 38869 } }
I20260601 13:38:18.100083  3156 catalog_manager.cc:5696] T 15334977bed44912930afa8d7dd05efc P 58a67b666a314c71ae9e073e5c5d5340 reported cstate change: term changed from 0 to 1, leader changed from <none> to 58a67b666a314c71ae9e073e5c5d5340 (127.31.253.129). New cstate: current_term: 1 leader_uuid: "58a67b666a314c71ae9e073e5c5d5340" committed_config { opid_index: -1 OBSOLETE_local: false peers { permanent_uuid: "ceefd2e127354b9dbb981dea34dc62eb" member_type: VOTER last_known_addr { host: "127.31.253.130" port: 46277 } health_report { overall_health: UNKNOWN } } peers { permanent_uuid: "8200d7ca970f41fc9630a355b04265c8" member_type: VOTER last_known_addr { host: "127.31.253.131" port: 36413 } health_report { overall_health: UNKNOWN } } peers { permanent_uuid: "58a67b666a314c71ae9e073e5c5d5340" member_type: VOTER last_known_addr { host: "127.31.253.129" port: 38869 } health_report { overall_health: HEALTHY } } }
I20260601 13:38:18.118055  3470 raft_consensus.cc:493] T 57fafd1a1e054087acbf7d7456c63a09 P 8200d7ca970f41fc9630a355b04265c8 [term 0 FOLLOWER]: Starting pre-election (no leader contacted us within the election timeout)
I20260601 13:38:18.118240  3470 raft_consensus.cc:515] T 57fafd1a1e054087acbf7d7456c63a09 P 8200d7ca970f41fc9630a355b04265c8 [term 0 FOLLOWER]: Starting pre-election with config: opid_index: -1 OBSOLETE_local: false peers { permanent_uuid: "58a67b666a314c71ae9e073e5c5d5340" member_type: VOTER last_known_addr { host: "127.31.253.129" port: 38869 } } peers { permanent_uuid: "ceefd2e127354b9dbb981dea34dc62eb" member_type: VOTER last_known_addr { host: "127.31.253.130" port: 46277 } } peers { permanent_uuid: "8200d7ca970f41fc9630a355b04265c8" member_type: VOTER last_known_addr { host: "127.31.253.131" port: 36413 } }
I20260601 13:38:18.118834  3470 leader_election.cc:290] T 57fafd1a1e054087acbf7d7456c63a09 P 8200d7ca970f41fc9630a355b04265c8 [CANDIDATE]: Term 1 pre-election: Requested pre-vote from peers 58a67b666a314c71ae9e073e5c5d5340 (127.31.253.129:38869), ceefd2e127354b9dbb981dea34dc62eb (127.31.253.130:46277)
I20260601 13:38:18.123723  3259 tablet_service.cc:1917] Received RequestConsensusVote() RPC: tablet_id: "57fafd1a1e054087acbf7d7456c63a09" candidate_uuid: "8200d7ca970f41fc9630a355b04265c8" candidate_term: 1 candidate_status { last_received { term: 0 index: 0 } } ignore_live_leader: false dest_uuid: "58a67b666a314c71ae9e073e5c5d5340" is_pre_election: true
I20260601 13:38:18.123723  3335 tablet_service.cc:1917] Received RequestConsensusVote() RPC: tablet_id: "57fafd1a1e054087acbf7d7456c63a09" candidate_uuid: "8200d7ca970f41fc9630a355b04265c8" candidate_term: 1 candidate_status { last_received { term: 0 index: 0 } } ignore_live_leader: false dest_uuid: "ceefd2e127354b9dbb981dea34dc62eb" is_pre_election: true
I20260601 13:38:18.123929  3259 raft_consensus.cc:2468] T 57fafd1a1e054087acbf7d7456c63a09 P 58a67b666a314c71ae9e073e5c5d5340 [term 0 FOLLOWER]: Leader pre-election vote request: Granting yes vote for candidate 8200d7ca970f41fc9630a355b04265c8 in term 0.
I20260601 13:38:18.123978  3335 raft_consensus.cc:2468] T 57fafd1a1e054087acbf7d7456c63a09 P ceefd2e127354b9dbb981dea34dc62eb [term 0 FOLLOWER]: Leader pre-election vote request: Granting yes vote for candidate 8200d7ca970f41fc9630a355b04265c8 in term 0.
I20260601 13:38:18.124363  3375 leader_election.cc:304] T 57fafd1a1e054087acbf7d7456c63a09 P 8200d7ca970f41fc9630a355b04265c8 [CANDIDATE]: Term 1 pre-election: Election decided. Result: candidate won. Election summary: received 2 responses out of 3 voters: 2 yes votes; 0 no votes. yes voters: 58a67b666a314c71ae9e073e5c5d5340, 8200d7ca970f41fc9630a355b04265c8; no voters: 
I20260601 13:38:18.124576  3470 raft_consensus.cc:2804] T 57fafd1a1e054087acbf7d7456c63a09 P 8200d7ca970f41fc9630a355b04265c8 [term 0 FOLLOWER]: Leader pre-election won for term 1
I20260601 13:38:18.124658  3470 raft_consensus.cc:493] T 57fafd1a1e054087acbf7d7456c63a09 P 8200d7ca970f41fc9630a355b04265c8 [term 0 FOLLOWER]: Starting leader election (no leader contacted us within the election timeout)
I20260601 13:38:18.124712  3470 raft_consensus.cc:3060] T 57fafd1a1e054087acbf7d7456c63a09 P 8200d7ca970f41fc9630a355b04265c8 [term 0 FOLLOWER]: Advancing to term 1
I20260601 13:38:18.125599  3470 raft_consensus.cc:515] T 57fafd1a1e054087acbf7d7456c63a09 P 8200d7ca970f41fc9630a355b04265c8 [term 1 FOLLOWER]: Starting leader election with config: opid_index: -1 OBSOLETE_local: false peers { permanent_uuid: "58a67b666a314c71ae9e073e5c5d5340" member_type: VOTER last_known_addr { host: "127.31.253.129" port: 38869 } } peers { permanent_uuid: "ceefd2e127354b9dbb981dea34dc62eb" member_type: VOTER last_known_addr { host: "127.31.253.130" port: 46277 } } peers { permanent_uuid: "8200d7ca970f41fc9630a355b04265c8" member_type: VOTER last_known_addr { host: "127.31.253.131" port: 36413 } }
I20260601 13:38:18.125990  3470 leader_election.cc:290] T 57fafd1a1e054087acbf7d7456c63a09 P 8200d7ca970f41fc9630a355b04265c8 [CANDIDATE]: Term 1 election: Requested vote from peers 58a67b666a314c71ae9e073e5c5d5340 (127.31.253.129:38869), ceefd2e127354b9dbb981dea34dc62eb (127.31.253.130:46277)
I20260601 13:38:18.126407  3335 tablet_service.cc:1917] Received RequestConsensusVote() RPC: tablet_id: "57fafd1a1e054087acbf7d7456c63a09" candidate_uuid: "8200d7ca970f41fc9630a355b04265c8" candidate_term: 1 candidate_status { last_received { term: 0 index: 0 } } ignore_live_leader: false dest_uuid: "ceefd2e127354b9dbb981dea34dc62eb"
I20260601 13:38:18.126436  3259 tablet_service.cc:1917] Received RequestConsensusVote() RPC: tablet_id: "57fafd1a1e054087acbf7d7456c63a09" candidate_uuid: "8200d7ca970f41fc9630a355b04265c8" candidate_term: 1 candidate_status { last_received { term: 0 index: 0 } } ignore_live_leader: false dest_uuid: "58a67b666a314c71ae9e073e5c5d5340"
I20260601 13:38:18.126519  3335 raft_consensus.cc:3060] T 57fafd1a1e054087acbf7d7456c63a09 P ceefd2e127354b9dbb981dea34dc62eb [term 0 FOLLOWER]: Advancing to term 1
I20260601 13:38:18.126574  3259 raft_consensus.cc:3060] T 57fafd1a1e054087acbf7d7456c63a09 P 58a67b666a314c71ae9e073e5c5d5340 [term 0 FOLLOWER]: Advancing to term 1
I20260601 13:38:18.127410  3335 raft_consensus.cc:2468] T 57fafd1a1e054087acbf7d7456c63a09 P ceefd2e127354b9dbb981dea34dc62eb [term 1 FOLLOWER]: Leader election vote request: Granting yes vote for candidate 8200d7ca970f41fc9630a355b04265c8 in term 1.
I20260601 13:38:18.127414  3259 raft_consensus.cc:2468] T 57fafd1a1e054087acbf7d7456c63a09 P 58a67b666a314c71ae9e073e5c5d5340 [term 1 FOLLOWER]: Leader election vote request: Granting yes vote for candidate 8200d7ca970f41fc9630a355b04265c8 in term 1.
I20260601 13:38:18.127789  3374 leader_election.cc:304] T 57fafd1a1e054087acbf7d7456c63a09 P 8200d7ca970f41fc9630a355b04265c8 [CANDIDATE]: Term 1 election: Election decided. Result: candidate won. Election summary: received 2 responses out of 3 voters: 2 yes votes; 0 no votes. yes voters: 8200d7ca970f41fc9630a355b04265c8, ceefd2e127354b9dbb981dea34dc62eb; no voters: 
I20260601 13:38:18.127967  3470 raft_consensus.cc:2804] T 57fafd1a1e054087acbf7d7456c63a09 P 8200d7ca970f41fc9630a355b04265c8 [term 1 FOLLOWER]: Leader election won for term 1
I20260601 13:38:18.128238  3470 raft_consensus.cc:697] T 57fafd1a1e054087acbf7d7456c63a09 P 8200d7ca970f41fc9630a355b04265c8 [term 1 LEADER]: Becoming Leader. State: Replica: 8200d7ca970f41fc9630a355b04265c8, State: Running, Role: LEADER
I20260601 13:38:18.128418  3470 consensus_queue.cc:237] T 57fafd1a1e054087acbf7d7456c63a09 P 8200d7ca970f41fc9630a355b04265c8 [LEADER]: Queue going to LEADER mode. State: All replicated index: 0, Majority replicated index: 0, Committed index: 0, Last appended: 0.0, Last appended by leader: 0, Current term: 1, Majority size: 2, State: 0, Mode: LEADER, active raft config: opid_index: -1 OBSOLETE_local: false peers { permanent_uuid: "58a67b666a314c71ae9e073e5c5d5340" member_type: VOTER last_known_addr { host: "127.31.253.129" port: 38869 } } peers { permanent_uuid: "ceefd2e127354b9dbb981dea34dc62eb" member_type: VOTER last_known_addr { host: "127.31.253.130" port: 46277 } } peers { permanent_uuid: "8200d7ca970f41fc9630a355b04265c8" member_type: VOTER last_known_addr { host: "127.31.253.131" port: 36413 } }
I20260601 13:38:18.129952  3156 catalog_manager.cc:5696] T 57fafd1a1e054087acbf7d7456c63a09 P 8200d7ca970f41fc9630a355b04265c8 reported cstate change: term changed from 0 to 1, leader changed from <none> to 8200d7ca970f41fc9630a355b04265c8 (127.31.253.131). New cstate: current_term: 1 leader_uuid: "8200d7ca970f41fc9630a355b04265c8" committed_config { opid_index: -1 OBSOLETE_local: false peers { permanent_uuid: "58a67b666a314c71ae9e073e5c5d5340" member_type: VOTER last_known_addr { host: "127.31.253.129" port: 38869 } health_report { overall_health: UNKNOWN } } peers { permanent_uuid: "ceefd2e127354b9dbb981dea34dc62eb" member_type: VOTER last_known_addr { host: "127.31.253.130" port: 46277 } health_report { overall_health: UNKNOWN } } peers { permanent_uuid: "8200d7ca970f41fc9630a355b04265c8" member_type: VOTER last_known_addr { host: "127.31.253.131" port: 36413 } health_report { overall_health: HEALTHY } } }
I20260601 13:38:18.238286  3470 raft_consensus.cc:493] T 02f6009e5e784ced85afae3db3b5f7ac P 8200d7ca970f41fc9630a355b04265c8 [term 0 FOLLOWER]: Starting pre-election (no leader contacted us within the election timeout)
I20260601 13:38:18.238484  3470 raft_consensus.cc:515] T 02f6009e5e784ced85afae3db3b5f7ac P 8200d7ca970f41fc9630a355b04265c8 [term 0 FOLLOWER]: Starting pre-election with config: opid_index: -1 OBSOLETE_local: false peers { permanent_uuid: "ceefd2e127354b9dbb981dea34dc62eb" member_type: VOTER last_known_addr { host: "127.31.253.130" port: 46277 } } peers { permanent_uuid: "58a67b666a314c71ae9e073e5c5d5340" member_type: VOTER last_known_addr { host: "127.31.253.129" port: 38869 } } peers { permanent_uuid: "8200d7ca970f41fc9630a355b04265c8" member_type: VOTER last_known_addr { host: "127.31.253.131" port: 36413 } }
