I20260601 13:38:05.767968  9759 raft_consensus.cc:385] T 8afbbe168c9044dc96a50712a8c06270 P 7df9d227f5674100975ed06413cb97ed [term 0 FOLLOWER]: Consensus starting up: Expiring failure detector timer to make a prompt election more likely
I20260601 13:38:05.767998  9759 raft_consensus.cc:740] T 8afbbe168c9044dc96a50712a8c06270 P 7df9d227f5674100975ed06413cb97ed [term 0 FOLLOWER]: Becoming Follower/Learner. State: Replica: 7df9d227f5674100975ed06413cb97ed, State: Initialized, Role: FOLLOWER
I20260601 13:38:05.767992  9757 raft_consensus.cc:359] T f3943d55c7b34c9b88338242bb029835 P 38894eeb346f4d3e8214f981be454e66 [term 0 FOLLOWER]: Replica starting. Triggering 0 pending ops. Active config: opid_index: -1 OBSOLETE_local: false peers { permanent_uuid: "521cdcec067a40f8b2e2b21b0729d28c" member_type: VOTER last_known_addr { host: "127.6.106.129" port: 44477 } } peers { permanent_uuid: "38894eeb346f4d3e8214f981be454e66" member_type: VOTER last_known_addr { host: "127.6.106.130" port: 36491 } } peers { permanent_uuid: "7df9d227f5674100975ed06413cb97ed" member_type: VOTER last_known_addr { host: "127.6.106.131" port: 35655 } }
I20260601 13:38:05.767992  9758 raft_consensus.cc:359] T 8afbbe168c9044dc96a50712a8c06270 P 521cdcec067a40f8b2e2b21b0729d28c [term 0 FOLLOWER]: Replica starting. Triggering 0 pending ops. Active config: opid_index: -1 OBSOLETE_local: false peers { permanent_uuid: "521cdcec067a40f8b2e2b21b0729d28c" member_type: VOTER last_known_addr { host: "127.6.106.129" port: 44477 } } peers { permanent_uuid: "38894eeb346f4d3e8214f981be454e66" member_type: VOTER last_known_addr { host: "127.6.106.130" port: 36491 } } peers { permanent_uuid: "7df9d227f5674100975ed06413cb97ed" member_type: VOTER last_known_addr { host: "127.6.106.131" port: 35655 } }
I20260601 13:38:05.768167  9757 raft_consensus.cc:385] T f3943d55c7b34c9b88338242bb029835 P 38894eeb346f4d3e8214f981be454e66 [term 0 FOLLOWER]: Consensus starting up: Expiring failure detector timer to make a prompt election more likely
I20260601 13:38:05.768129  9759 consensus_queue.cc:260] T 8afbbe168c9044dc96a50712a8c06270 P 7df9d227f5674100975ed06413cb97ed [NON_LEADER]: Queue going to NON_LEADER mode. State: All replicated index: 0, Majority replicated index: 0, Committed index: 0, Last appended: 0.0, Last appended by leader: 0, Current term: 0, Majority size: -1, State: 0, Mode: NON_LEADER, active raft config: opid_index: -1 OBSOLETE_local: false peers { permanent_uuid: "521cdcec067a40f8b2e2b21b0729d28c" member_type: VOTER last_known_addr { host: "127.6.106.129" port: 44477 } } peers { permanent_uuid: "38894eeb346f4d3e8214f981be454e66" member_type: VOTER last_known_addr { host: "127.6.106.130" port: 36491 } } peers { permanent_uuid: "7df9d227f5674100975ed06413cb97ed" member_type: VOTER last_known_addr { host: "127.6.106.131" port: 35655 } }
I20260601 13:38:05.768194  9758 raft_consensus.cc:385] T 8afbbe168c9044dc96a50712a8c06270 P 521cdcec067a40f8b2e2b21b0729d28c [term 0 FOLLOWER]: Consensus starting up: Expiring failure detector timer to make a prompt election more likely
I20260601 13:38:05.768251  9757 raft_consensus.cc:740] T f3943d55c7b34c9b88338242bb029835 P 38894eeb346f4d3e8214f981be454e66 [term 0 FOLLOWER]: Becoming Follower/Learner. State: Replica: 38894eeb346f4d3e8214f981be454e66, State: Initialized, Role: FOLLOWER
I20260601 13:38:05.768318  9758 raft_consensus.cc:740] T 8afbbe168c9044dc96a50712a8c06270 P 521cdcec067a40f8b2e2b21b0729d28c [term 0 FOLLOWER]: Becoming Follower/Learner. State: Replica: 521cdcec067a40f8b2e2b21b0729d28c, State: Initialized, Role: FOLLOWER
I20260601 13:38:05.768496  9757 consensus_queue.cc:260] T f3943d55c7b34c9b88338242bb029835 P 38894eeb346f4d3e8214f981be454e66 [NON_LEADER]: Queue going to NON_LEADER mode. State: All replicated index: 0, Majority replicated index: 0, Committed index: 0, Last appended: 0.0, Last appended by leader: 0, Current term: 0, Majority size: -1, State: 0, Mode: NON_LEADER, active raft config: opid_index: -1 OBSOLETE_local: false peers { permanent_uuid: "521cdcec067a40f8b2e2b21b0729d28c" member_type: VOTER last_known_addr { host: "127.6.106.129" port: 44477 } } peers { permanent_uuid: "38894eeb346f4d3e8214f981be454e66" member_type: VOTER last_known_addr { host: "127.6.106.130" port: 36491 } } peers { permanent_uuid: "7df9d227f5674100975ed06413cb97ed" member_type: VOTER last_known_addr { host: "127.6.106.131" port: 35655 } }
I20260601 13:38:05.768628  9759 ts_tablet_manager.cc:1434] T 8afbbe168c9044dc96a50712a8c06270 P 7df9d227f5674100975ed06413cb97ed: Time spent starting tablet: real 0.001s	user 0.001s	sys 0.000s
I20260601 13:38:05.768836  9759 tablet_bootstrap.cc:492] T 8bdd70b1709d43e5b5cdd0590b666401 P 7df9d227f5674100975ed06413cb97ed: Bootstrap starting.
I20260601 13:38:05.768929  9757 ts_tablet_manager.cc:1434] T f3943d55c7b34c9b88338242bb029835 P 38894eeb346f4d3e8214f981be454e66: Time spent starting tablet: real 0.001s	user 0.001s	sys 0.000s
I20260601 13:38:05.768533  9758 consensus_queue.cc:260] T 8afbbe168c9044dc96a50712a8c06270 P 521cdcec067a40f8b2e2b21b0729d28c [NON_LEADER]: Queue going to NON_LEADER mode. State: All replicated index: 0, Majority replicated index: 0, Committed index: 0, Last appended: 0.0, Last appended by leader: 0, Current term: 0, Majority size: -1, State: 0, Mode: NON_LEADER, active raft config: opid_index: -1 OBSOLETE_local: false peers { permanent_uuid: "521cdcec067a40f8b2e2b21b0729d28c" member_type: VOTER last_known_addr { host: "127.6.106.129" port: 44477 } } peers { permanent_uuid: "38894eeb346f4d3e8214f981be454e66" member_type: VOTER last_known_addr { host: "127.6.106.130" port: 36491 } } peers { permanent_uuid: "7df9d227f5674100975ed06413cb97ed" member_type: VOTER last_known_addr { host: "127.6.106.131" port: 35655 } }
I20260601 13:38:05.769181  9757 tablet_bootstrap.cc:492] T e5f5c1c6daf640328d77f406a69b8921 P 38894eeb346f4d3e8214f981be454e66: Bootstrap starting.
I20260601 13:38:05.769338  9758 ts_tablet_manager.cc:1434] T 8afbbe168c9044dc96a50712a8c06270 P 521cdcec067a40f8b2e2b21b0729d28c: Time spent starting tablet: real 0.002s	user 0.001s	sys 0.000s
I20260601 13:38:05.769832  9758 tablet_bootstrap.cc:492] T 47412300b49741f5bdfb8dd67bd99f21 P 521cdcec067a40f8b2e2b21b0729d28c: Bootstrap starting.
I20260601 13:38:05.769863  9759 tablet_bootstrap.cc:654] T 8bdd70b1709d43e5b5cdd0590b666401 P 7df9d227f5674100975ed06413cb97ed: Neither blocks nor log segments found. Creating new log.
I20260601 13:38:05.770936  9758 tablet_bootstrap.cc:654] T 47412300b49741f5bdfb8dd67bd99f21 P 521cdcec067a40f8b2e2b21b0729d28c: Neither blocks nor log segments found. Creating new log.
I20260601 13:38:05.771031  9757 tablet_bootstrap.cc:654] T e5f5c1c6daf640328d77f406a69b8921 P 38894eeb346f4d3e8214f981be454e66: Neither blocks nor log segments found. Creating new log.
I20260601 13:38:05.772709  9757 tablet_bootstrap.cc:492] T e5f5c1c6daf640328d77f406a69b8921 P 38894eeb346f4d3e8214f981be454e66: No bootstrap required, opened a new log
I20260601 13:38:05.772795  9757 ts_tablet_manager.cc:1403] T e5f5c1c6daf640328d77f406a69b8921 P 38894eeb346f4d3e8214f981be454e66: Time spent bootstrapping tablet: real 0.004s	user 0.001s	sys 0.002s
I20260601 13:38:05.773231  9758 tablet_bootstrap.cc:492] T 47412300b49741f5bdfb8dd67bd99f21 P 521cdcec067a40f8b2e2b21b0729d28c: No bootstrap required, opened a new log
I20260601 13:38:05.773330  9758 ts_tablet_manager.cc:1403] T 47412300b49741f5bdfb8dd67bd99f21 P 521cdcec067a40f8b2e2b21b0729d28c: Time spent bootstrapping tablet: real 0.004s	user 0.002s	sys 0.000s
I20260601 13:38:05.773232  9757 raft_consensus.cc:359] T e5f5c1c6daf640328d77f406a69b8921 P 38894eeb346f4d3e8214f981be454e66 [term 0 FOLLOWER]: Replica starting. Triggering 0 pending ops. Active config: opid_index: -1 OBSOLETE_local: false peers { permanent_uuid: "521cdcec067a40f8b2e2b21b0729d28c" member_type: VOTER last_known_addr { host: "127.6.106.129" port: 44477 } } peers { permanent_uuid: "38894eeb346f4d3e8214f981be454e66" member_type: VOTER last_known_addr { host: "127.6.106.130" port: 36491 } } peers { permanent_uuid: "7df9d227f5674100975ed06413cb97ed" member_type: VOTER last_known_addr { host: "127.6.106.131" port: 35655 } }
I20260601 13:38:05.773409  9757 raft_consensus.cc:385] T e5f5c1c6daf640328d77f406a69b8921 P 38894eeb346f4d3e8214f981be454e66 [term 0 FOLLOWER]: Consensus starting up: Expiring failure detector timer to make a prompt election more likely
I20260601 13:38:05.773447  9757 raft_consensus.cc:740] T e5f5c1c6daf640328d77f406a69b8921 P 38894eeb346f4d3e8214f981be454e66 [term 0 FOLLOWER]: Becoming Follower/Learner. State: Replica: 38894eeb346f4d3e8214f981be454e66, State: Initialized, Role: FOLLOWER
I20260601 13:38:05.773564  9757 consensus_queue.cc:260] T e5f5c1c6daf640328d77f406a69b8921 P 38894eeb346f4d3e8214f981be454e66 [NON_LEADER]: Queue going to NON_LEADER mode. State: All replicated index: 0, Majority replicated index: 0, Committed index: 0, Last appended: 0.0, Last appended by leader: 0, Current term: 0, Majority size: -1, State: 0, Mode: NON_LEADER, active raft config: opid_index: -1 OBSOLETE_local: false peers { permanent_uuid: "521cdcec067a40f8b2e2b21b0729d28c" member_type: VOTER last_known_addr { host: "127.6.106.129" port: 44477 } } peers { permanent_uuid: "38894eeb346f4d3e8214f981be454e66" member_type: VOTER last_known_addr { host: "127.6.106.130" port: 36491 } } peers { permanent_uuid: "7df9d227f5674100975ed06413cb97ed" member_type: VOTER last_known_addr { host: "127.6.106.131" port: 35655 } }
I20260601 13:38:05.773759  9758 raft_consensus.cc:359] T 47412300b49741f5bdfb8dd67bd99f21 P 521cdcec067a40f8b2e2b21b0729d28c [term 0 FOLLOWER]: Replica starting. Triggering 0 pending ops. Active config: opid_index: -1 OBSOLETE_local: false peers { permanent_uuid: "38894eeb346f4d3e8214f981be454e66" member_type: VOTER last_known_addr { host: "127.6.106.130" port: 36491 } } peers { permanent_uuid: "521cdcec067a40f8b2e2b21b0729d28c" member_type: VOTER last_known_addr { host: "127.6.106.129" port: 44477 } } peers { permanent_uuid: "7df9d227f5674100975ed06413cb97ed" member_type: VOTER last_known_addr { host: "127.6.106.131" port: 35655 } }
I20260601 13:38:05.773849  9758 raft_consensus.cc:385] T 47412300b49741f5bdfb8dd67bd99f21 P 521cdcec067a40f8b2e2b21b0729d28c [term 0 FOLLOWER]: Consensus starting up: Expiring failure detector timer to make a prompt election more likely
I20260601 13:38:05.773870  9758 raft_consensus.cc:740] T 47412300b49741f5bdfb8dd67bd99f21 P 521cdcec067a40f8b2e2b21b0729d28c [term 0 FOLLOWER]: Becoming Follower/Learner. State: Replica: 521cdcec067a40f8b2e2b21b0729d28c, State: Initialized, Role: FOLLOWER
I20260601 13:38:05.773983  9758 consensus_queue.cc:260] T 47412300b49741f5bdfb8dd67bd99f21 P 521cdcec067a40f8b2e2b21b0729d28c [NON_LEADER]: Queue going to NON_LEADER mode. State: All replicated index: 0, Majority replicated index: 0, Committed index: 0, Last appended: 0.0, Last appended by leader: 0, Current term: 0, Majority size: -1, State: 0, Mode: NON_LEADER, active raft config: opid_index: -1 OBSOLETE_local: false peers { permanent_uuid: "38894eeb346f4d3e8214f981be454e66" member_type: VOTER last_known_addr { host: "127.6.106.130" port: 36491 } } peers { permanent_uuid: "521cdcec067a40f8b2e2b21b0729d28c" member_type: VOTER last_known_addr { host: "127.6.106.129" port: 44477 } } peers { permanent_uuid: "7df9d227f5674100975ed06413cb97ed" member_type: VOTER last_known_addr { host: "127.6.106.131" port: 35655 } }
I20260601 13:38:05.773802  9757 ts_tablet_manager.cc:1434] T e5f5c1c6daf640328d77f406a69b8921 P 38894eeb346f4d3e8214f981be454e66: Time spent starting tablet: real 0.001s	user 0.000s	sys 0.001s
I20260601 13:38:05.774277  9757 tablet_bootstrap.cc:492] T 30b5e862e8134be8bcdfbe8392d91ea8 P 38894eeb346f4d3e8214f981be454e66: Bootstrap starting.
I20260601 13:38:05.774299  9758 ts_tablet_manager.cc:1434] T 47412300b49741f5bdfb8dd67bd99f21 P 521cdcec067a40f8b2e2b21b0729d28c: Time spent starting tablet: real 0.001s	user 0.001s	sys 0.000s
I20260601 13:38:05.774466  9758 tablet_bootstrap.cc:492] T f3943d55c7b34c9b88338242bb029835 P 521cdcec067a40f8b2e2b21b0729d28c: Bootstrap starting.
I20260601 13:38:05.775466  9758 tablet_bootstrap.cc:654] T f3943d55c7b34c9b88338242bb029835 P 521cdcec067a40f8b2e2b21b0729d28c: Neither blocks nor log segments found. Creating new log.
I20260601 13:38:05.775816  9757 tablet_bootstrap.cc:654] T 30b5e862e8134be8bcdfbe8392d91ea8 P 38894eeb346f4d3e8214f981be454e66: Neither blocks nor log segments found. Creating new log.
I20260601 13:38:05.776852  9758 tablet_bootstrap.cc:492] T f3943d55c7b34c9b88338242bb029835 P 521cdcec067a40f8b2e2b21b0729d28c: No bootstrap required, opened a new log
I20260601 13:38:05.776983  9758 ts_tablet_manager.cc:1403] T f3943d55c7b34c9b88338242bb029835 P 521cdcec067a40f8b2e2b21b0729d28c: Time spent bootstrapping tablet: real 0.003s	user 0.002s	sys 0.000s
I20260601 13:38:05.777033  9757 tablet_bootstrap.cc:492] T 30b5e862e8134be8bcdfbe8392d91ea8 P 38894eeb346f4d3e8214f981be454e66: No bootstrap required, opened a new log
I20260601 13:38:05.777122  9757 ts_tablet_manager.cc:1403] T 30b5e862e8134be8bcdfbe8392d91ea8 P 38894eeb346f4d3e8214f981be454e66: Time spent bootstrapping tablet: real 0.003s	user 0.000s	sys 0.002s
I20260601 13:38:05.777508  9757 raft_consensus.cc:359] T 30b5e862e8134be8bcdfbe8392d91ea8 P 38894eeb346f4d3e8214f981be454e66 [term 0 FOLLOWER]: Replica starting. Triggering 0 pending ops. Active config: opid_index: -1 OBSOLETE_local: false peers { permanent_uuid: "521cdcec067a40f8b2e2b21b0729d28c" member_type: VOTER last_known_addr { host: "127.6.106.129" port: 44477 } } peers { permanent_uuid: "38894eeb346f4d3e8214f981be454e66" member_type: VOTER last_known_addr { host: "127.6.106.130" port: 36491 } } peers { permanent_uuid: "7df9d227f5674100975ed06413cb97ed" member_type: VOTER last_known_addr { host: "127.6.106.131" port: 35655 } }
I20260601 13:38:05.777454  9758 raft_consensus.cc:359] T f3943d55c7b34c9b88338242bb029835 P 521cdcec067a40f8b2e2b21b0729d28c [term 0 FOLLOWER]: Replica starting. Triggering 0 pending ops. Active config: opid_index: -1 OBSOLETE_local: false peers { permanent_uuid: "521cdcec067a40f8b2e2b21b0729d28c" member_type: VOTER last_known_addr { host: "127.6.106.129" port: 44477 } } peers { permanent_uuid: "38894eeb346f4d3e8214f981be454e66" member_type: VOTER last_known_addr { host: "127.6.106.130" port: 36491 } } peers { permanent_uuid: "7df9d227f5674100975ed06413cb97ed" member_type: VOTER last_known_addr { host: "127.6.106.131" port: 35655 } }
I20260601 13:38:05.777604  9757 raft_consensus.cc:385] T 30b5e862e8134be8bcdfbe8392d91ea8 P 38894eeb346f4d3e8214f981be454e66 [term 0 FOLLOWER]: Consensus starting up: Expiring failure detector timer to make a prompt election more likely
I20260601 13:38:05.777637  9758 raft_consensus.cc:385] T f3943d55c7b34c9b88338242bb029835 P 521cdcec067a40f8b2e2b21b0729d28c [term 0 FOLLOWER]: Consensus starting up: Expiring failure detector timer to make a prompt election more likely
I20260601 13:38:05.777643  9757 raft_consensus.cc:740] T 30b5e862e8134be8bcdfbe8392d91ea8 P 38894eeb346f4d3e8214f981be454e66 [term 0 FOLLOWER]: Becoming Follower/Learner. State: Replica: 38894eeb346f4d3e8214f981be454e66, State: Initialized, Role: FOLLOWER
I20260601 13:38:05.777719  9758 raft_consensus.cc:740] T f3943d55c7b34c9b88338242bb029835 P 521cdcec067a40f8b2e2b21b0729d28c [term 0 FOLLOWER]: Becoming Follower/Learner. State: Replica: 521cdcec067a40f8b2e2b21b0729d28c, State: Initialized, Role: FOLLOWER
I20260601 13:38:05.777856  9757 consensus_queue.cc:260] T 30b5e862e8134be8bcdfbe8392d91ea8 P 38894eeb346f4d3e8214f981be454e66 [NON_LEADER]: Queue going to NON_LEADER mode. State: All replicated index: 0, Majority replicated index: 0, Committed index: 0, Last appended: 0.0, Last appended by leader: 0, Current term: 0, Majority size: -1, State: 0, Mode: NON_LEADER, active raft config: opid_index: -1 OBSOLETE_local: false peers { permanent_uuid: "521cdcec067a40f8b2e2b21b0729d28c" member_type: VOTER last_known_addr { host: "127.6.106.129" port: 44477 } } peers { permanent_uuid: "38894eeb346f4d3e8214f981be454e66" member_type: VOTER last_known_addr { host: "127.6.106.130" port: 36491 } } peers { permanent_uuid: "7df9d227f5674100975ed06413cb97ed" member_type: VOTER last_known_addr { host: "127.6.106.131" port: 35655 } }
I20260601 13:38:05.777894  9758 consensus_queue.cc:260] T f3943d55c7b34c9b88338242bb029835 P 521cdcec067a40f8b2e2b21b0729d28c [NON_LEADER]: Queue going to NON_LEADER mode. State: All replicated index: 0, Majority replicated index: 0, Committed index: 0, Last appended: 0.0, Last appended by leader: 0, Current term: 0, Majority size: -1, State: 0, Mode: NON_LEADER, active raft config: opid_index: -1 OBSOLETE_local: false peers { permanent_uuid: "521cdcec067a40f8b2e2b21b0729d28c" member_type: VOTER last_known_addr { host: "127.6.106.129" port: 44477 } } peers { permanent_uuid: "38894eeb346f4d3e8214f981be454e66" member_type: VOTER last_known_addr { host: "127.6.106.130" port: 36491 } } peers { permanent_uuid: "7df9d227f5674100975ed06413cb97ed" member_type: VOTER last_known_addr { host: "127.6.106.131" port: 35655 } }
I20260601 13:38:05.777984  9759 tablet_bootstrap.cc:492] T 8bdd70b1709d43e5b5cdd0590b666401 P 7df9d227f5674100975ed06413cb97ed: No bootstrap required, opened a new log
I20260601 13:38:05.778119  9757 ts_tablet_manager.cc:1434] T 30b5e862e8134be8bcdfbe8392d91ea8 P 38894eeb346f4d3e8214f981be454e66: Time spent starting tablet: real 0.001s	user 0.000s	sys 0.001s
I20260601 13:38:05.778213  9758 ts_tablet_manager.cc:1434] T f3943d55c7b34c9b88338242bb029835 P 521cdcec067a40f8b2e2b21b0729d28c: Time spent starting tablet: real 0.001s	user 0.001s	sys 0.000s
I20260601 13:38:05.778136  9759 ts_tablet_manager.cc:1403] T 8bdd70b1709d43e5b5cdd0590b666401 P 7df9d227f5674100975ed06413cb97ed: Time spent bootstrapping tablet: real 0.009s	user 0.002s	sys 0.000s
I20260601 13:38:05.778376  9757 tablet_bootstrap.cc:492] T 0547b844b2c84f089db0d665256062af P 38894eeb346f4d3e8214f981be454e66: Bootstrap starting.
I20260601 13:38:05.778762  9759 raft_consensus.cc:359] T 8bdd70b1709d43e5b5cdd0590b666401 P 7df9d227f5674100975ed06413cb97ed [term 0 FOLLOWER]: Replica starting. Triggering 0 pending ops. Active config: opid_index: -1 OBSOLETE_local: false peers { permanent_uuid: "521cdcec067a40f8b2e2b21b0729d28c" member_type: VOTER last_known_addr { host: "127.6.106.129" port: 44477 } } peers { permanent_uuid: "38894eeb346f4d3e8214f981be454e66" member_type: VOTER last_known_addr { host: "127.6.106.130" port: 36491 } } peers { permanent_uuid: "7df9d227f5674100975ed06413cb97ed" member_type: VOTER last_known_addr { host: "127.6.106.131" port: 35655 } }
I20260601 13:38:05.778978  9759 raft_consensus.cc:385] T 8bdd70b1709d43e5b5cdd0590b666401 P 7df9d227f5674100975ed06413cb97ed [term 0 FOLLOWER]: Consensus starting up: Expiring failure detector timer to make a prompt election more likely
I20260601 13:38:05.779042  9758 tablet_bootstrap.cc:492] T 0547b844b2c84f089db0d665256062af P 521cdcec067a40f8b2e2b21b0729d28c: Bootstrap starting.
I20260601 13:38:05.779062  9759 raft_consensus.cc:740] T 8bdd70b1709d43e5b5cdd0590b666401 P 7df9d227f5674100975ed06413cb97ed [term 0 FOLLOWER]: Becoming Follower/Learner. State: Replica: 7df9d227f5674100975ed06413cb97ed, State: Initialized, Role: FOLLOWER
I20260601 13:38:05.779279  9759 consensus_queue.cc:260] T 8bdd70b1709d43e5b5cdd0590b666401 P 7df9d227f5674100975ed06413cb97ed [NON_LEADER]: Queue going to NON_LEADER mode. State: All replicated index: 0, Majority replicated index: 0, Committed index: 0, Last appended: 0.0, Last appended by leader: 0, Current term: 0, Majority size: -1, State: 0, Mode: NON_LEADER, active raft config: opid_index: -1 OBSOLETE_local: false peers { permanent_uuid: "521cdcec067a40f8b2e2b21b0729d28c" member_type: VOTER last_known_addr { host: "127.6.106.129" port: 44477 } } peers { permanent_uuid: "38894eeb346f4d3e8214f981be454e66" member_type: VOTER last_known_addr { host: "127.6.106.130" port: 36491 } } peers { permanent_uuid: "7df9d227f5674100975ed06413cb97ed" member_type: VOTER last_known_addr { host: "127.6.106.131" port: 35655 } }
I20260601 13:38:05.779537  9757 tablet_bootstrap.cc:654] T 0547b844b2c84f089db0d665256062af P 38894eeb346f4d3e8214f981be454e66: Neither blocks nor log segments found. Creating new log.
I20260601 13:38:05.779876  9759 ts_tablet_manager.cc:1434] T 8bdd70b1709d43e5b5cdd0590b666401 P 7df9d227f5674100975ed06413cb97ed: Time spent starting tablet: real 0.002s	user 0.001s	sys 0.000s
I20260601 13:38:05.780055  9759 tablet_bootstrap.cc:492] T f3943d55c7b34c9b88338242bb029835 P 7df9d227f5674100975ed06413cb97ed: Bootstrap starting.
I20260601 13:38:05.780582  9757 tablet_bootstrap.cc:492] T 0547b844b2c84f089db0d665256062af P 38894eeb346f4d3e8214f981be454e66: No bootstrap required, opened a new log
I20260601 13:38:05.780683  9757 ts_tablet_manager.cc:1403] T 0547b844b2c84f089db0d665256062af P 38894eeb346f4d3e8214f981be454e66: Time spent bootstrapping tablet: real 0.002s	user 0.000s	sys 0.002s
I20260601 13:38:05.781021  9759 tablet_bootstrap.cc:654] T f3943d55c7b34c9b88338242bb029835 P 7df9d227f5674100975ed06413cb97ed: Neither blocks nor log segments found. Creating new log.
I20260601 13:38:05.781031  9757 raft_consensus.cc:359] T 0547b844b2c84f089db0d665256062af P 38894eeb346f4d3e8214f981be454e66 [term 0 FOLLOWER]: Replica starting. Triggering 0 pending ops. Active config: opid_index: -1 OBSOLETE_local: false peers { permanent_uuid: "521cdcec067a40f8b2e2b21b0729d28c" member_type: VOTER last_known_addr { host: "127.6.106.129" port: 44477 } } peers { permanent_uuid: "38894eeb346f4d3e8214f981be454e66" member_type: VOTER last_known_addr { host: "127.6.106.130" port: 36491 } } peers { permanent_uuid: "7df9d227f5674100975ed06413cb97ed" member_type: VOTER last_known_addr { host: "127.6.106.131" port: 35655 } }
I20260601 13:38:05.781147  9757 raft_consensus.cc:385] T 0547b844b2c84f089db0d665256062af P 38894eeb346f4d3e8214f981be454e66 [term 0 FOLLOWER]: Consensus starting up: Expiring failure detector timer to make a prompt election more likely
I20260601 13:38:05.781178  9757 raft_consensus.cc:740] T 0547b844b2c84f089db0d665256062af P 38894eeb346f4d3e8214f981be454e66 [term 0 FOLLOWER]: Becoming Follower/Learner. State: Replica: 38894eeb346f4d3e8214f981be454e66, State: Initialized, Role: FOLLOWER
I20260601 13:38:05.781287  9757 consensus_queue.cc:260] T 0547b844b2c84f089db0d665256062af P 38894eeb346f4d3e8214f981be454e66 [NON_LEADER]: Queue going to NON_LEADER mode. State: All replicated index: 0, Majority replicated index: 0, Committed index: 0, Last appended: 0.0, Last appended by leader: 0, Current term: 0, Majority size: -1, State: 0, Mode: NON_LEADER, active raft config: opid_index: -1 OBSOLETE_local: false peers { permanent_uuid: "521cdcec067a40f8b2e2b21b0729d28c" member_type: VOTER last_known_addr { host: "127.6.106.129" port: 44477 } } peers { permanent_uuid: "38894eeb346f4d3e8214f981be454e66" member_type: VOTER last_known_addr { host: "127.6.106.130" port: 36491 } } peers { permanent_uuid: "7df9d227f5674100975ed06413cb97ed" member_type: VOTER last_known_addr { host: "127.6.106.131" port: 35655 } }
I20260601 13:38:05.781493  9757 ts_tablet_manager.cc:1434] T 0547b844b2c84f089db0d665256062af P 38894eeb346f4d3e8214f981be454e66: Time spent starting tablet: real 0.001s	user 0.000s	sys 0.001s
I20260601 13:38:05.781641  9757 tablet_bootstrap.cc:492] T 47412300b49741f5bdfb8dd67bd99f21 P 38894eeb346f4d3e8214f981be454e66: Bootstrap starting.
I20260601 13:38:05.782470  9759 tablet_bootstrap.cc:492] T f3943d55c7b34c9b88338242bb029835 P 7df9d227f5674100975ed06413cb97ed: No bootstrap required, opened a new log
I20260601 13:38:05.782523  9758 tablet_bootstrap.cc:654] T 0547b844b2c84f089db0d665256062af P 521cdcec067a40f8b2e2b21b0729d28c: Neither blocks nor log segments found. Creating new log.
I20260601 13:38:05.782553  9759 ts_tablet_manager.cc:1403] T f3943d55c7b34c9b88338242bb029835 P 7df9d227f5674100975ed06413cb97ed: Time spent bootstrapping tablet: real 0.003s	user 0.002s	sys 0.000s
I20260601 13:38:05.782567  9757 tablet_bootstrap.cc:654] T 47412300b49741f5bdfb8dd67bd99f21 P 38894eeb346f4d3e8214f981be454e66: Neither blocks nor log segments found. Creating new log.
I20260601 13:38:05.783033  9759 raft_consensus.cc:359] T f3943d55c7b34c9b88338242bb029835 P 7df9d227f5674100975ed06413cb97ed [term 0 FOLLOWER]: Replica starting. Triggering 0 pending ops. Active config: opid_index: -1 OBSOLETE_local: false peers { permanent_uuid: "521cdcec067a40f8b2e2b21b0729d28c" member_type: VOTER last_known_addr { host: "127.6.106.129" port: 44477 } } peers { permanent_uuid: "38894eeb346f4d3e8214f981be454e66" member_type: VOTER last_known_addr { host: "127.6.106.130" port: 36491 } } peers { permanent_uuid: "7df9d227f5674100975ed06413cb97ed" member_type: VOTER last_known_addr { host: "127.6.106.131" port: 35655 } }
I20260601 13:38:05.783185  9759 raft_consensus.cc:385] T f3943d55c7b34c9b88338242bb029835 P 7df9d227f5674100975ed06413cb97ed [term 0 FOLLOWER]: Consensus starting up: Expiring failure detector timer to make a prompt election more likely
I20260601 13:38:05.783272  9759 raft_consensus.cc:740] T f3943d55c7b34c9b88338242bb029835 P 7df9d227f5674100975ed06413cb97ed [term 0 FOLLOWER]: Becoming Follower/Learner. State: Replica: 7df9d227f5674100975ed06413cb97ed, State: Initialized, Role: FOLLOWER
I20260601 13:38:05.783461  9759 consensus_queue.cc:260] T f3943d55c7b34c9b88338242bb029835 P 7df9d227f5674100975ed06413cb97ed [NON_LEADER]: Queue going to NON_LEADER mode. State: All replicated index: 0, Majority replicated index: 0, Committed index: 0, Last appended: 0.0, Last appended by leader: 0, Current term: 0, Majority size: -1, State: 0, Mode: NON_LEADER, active raft config: opid_index: -1 OBSOLETE_local: false peers { permanent_uuid: "521cdcec067a40f8b2e2b21b0729d28c" member_type: VOTER last_known_addr { host: "127.6.106.129" port: 44477 } } peers { permanent_uuid: "38894eeb346f4d3e8214f981be454e66" member_type: VOTER last_known_addr { host: "127.6.106.130" port: 36491 } } peers { permanent_uuid: "7df9d227f5674100975ed06413cb97ed" member_type: VOTER last_known_addr { host: "127.6.106.131" port: 35655 } }
I20260601 13:38:05.783735  9757 tablet_bootstrap.cc:492] T 47412300b49741f5bdfb8dd67bd99f21 P 38894eeb346f4d3e8214f981be454e66: No bootstrap required, opened a new log
I20260601 13:38:05.783828  9757 ts_tablet_manager.cc:1403] T 47412300b49741f5bdfb8dd67bd99f21 P 38894eeb346f4d3e8214f981be454e66: Time spent bootstrapping tablet: real 0.002s	user 0.000s	sys 0.002s
I20260601 13:38:05.783959  9759 ts_tablet_manager.cc:1434] T f3943d55c7b34c9b88338242bb029835 P 7df9d227f5674100975ed06413cb97ed: Time spent starting tablet: real 0.001s	user 0.001s	sys 0.000s
I20260601 13:38:05.784204  9759 tablet_bootstrap.cc:492] T 0547b844b2c84f089db0d665256062af P 7df9d227f5674100975ed06413cb97ed: Bootstrap starting.
I20260601 13:38:05.784317  9757 raft_consensus.cc:359] T 47412300b49741f5bdfb8dd67bd99f21 P 38894eeb346f4d3e8214f981be454e66 [term 0 FOLLOWER]: Replica starting. Triggering 0 pending ops. Active config: opid_index: -1 OBSOLETE_local: false peers { permanent_uuid: "38894eeb346f4d3e8214f981be454e66" member_type: VOTER last_known_addr { host: "127.6.106.130" port: 36491 } } peers { permanent_uuid: "521cdcec067a40f8b2e2b21b0729d28c" member_type: VOTER last_known_addr { host: "127.6.106.129" port: 44477 } } peers { permanent_uuid: "7df9d227f5674100975ed06413cb97ed" member_type: VOTER last_known_addr { host: "127.6.106.131" port: 35655 } }
I20260601 13:38:05.784416  9757 raft_consensus.cc:385] T 47412300b49741f5bdfb8dd67bd99f21 P 38894eeb346f4d3e8214f981be454e66 [term 0 FOLLOWER]: Consensus starting up: Expiring failure detector timer to make a prompt election more likely
I20260601 13:38:05.784457  9757 raft_consensus.cc:740] T 47412300b49741f5bdfb8dd67bd99f21 P 38894eeb346f4d3e8214f981be454e66 [term 0 FOLLOWER]: Becoming Follower/Learner. State: Replica: 38894eeb346f4d3e8214f981be454e66, State: Initialized, Role: FOLLOWER
I20260601 13:38:05.784566  9758 tablet_bootstrap.cc:492] T 0547b844b2c84f089db0d665256062af P 521cdcec067a40f8b2e2b21b0729d28c: No bootstrap required, opened a new log
I20260601 13:38:05.784682  9758 ts_tablet_manager.cc:1403] T 0547b844b2c84f089db0d665256062af P 521cdcec067a40f8b2e2b21b0729d28c: Time spent bootstrapping tablet: real 0.006s	user 0.000s	sys 0.002s
I20260601 13:38:05.785120  9758 raft_consensus.cc:359] T 0547b844b2c84f089db0d665256062af P 521cdcec067a40f8b2e2b21b0729d28c [term 0 FOLLOWER]: Replica starting. Triggering 0 pending ops. Active config: opid_index: -1 OBSOLETE_local: false peers { permanent_uuid: "521cdcec067a40f8b2e2b21b0729d28c" member_type: VOTER last_known_addr { host: "127.6.106.129" port: 44477 } } peers { permanent_uuid: "38894eeb346f4d3e8214f981be454e66" member_type: VOTER last_known_addr { host: "127.6.106.130" port: 36491 } } peers { permanent_uuid: "7df9d227f5674100975ed06413cb97ed" member_type: VOTER last_known_addr { host: "127.6.106.131" port: 35655 } }
I20260601 13:38:05.785238  9758 raft_consensus.cc:385] T 0547b844b2c84f089db0d665256062af P 521cdcec067a40f8b2e2b21b0729d28c [term 0 FOLLOWER]: Consensus starting up: Expiring failure detector timer to make a prompt election more likely
I20260601 13:38:05.785271  9758 raft_consensus.cc:740] T 0547b844b2c84f089db0d665256062af P 521cdcec067a40f8b2e2b21b0729d28c [term 0 FOLLOWER]: Becoming Follower/Learner. State: Replica: 521cdcec067a40f8b2e2b21b0729d28c, State: Initialized, Role: FOLLOWER
I20260601 13:38:05.785377  9758 consensus_queue.cc:260] T 0547b844b2c84f089db0d665256062af P 521cdcec067a40f8b2e2b21b0729d28c [NON_LEADER]: Queue going to NON_LEADER mode. State: All replicated index: 0, Majority replicated index: 0, Committed index: 0, Last appended: 0.0, Last appended by leader: 0, Current term: 0, Majority size: -1, State: 0, Mode: NON_LEADER, active raft config: opid_index: -1 OBSOLETE_local: false peers { permanent_uuid: "521cdcec067a40f8b2e2b21b0729d28c" member_type: VOTER last_known_addr { host: "127.6.106.129" port: 44477 } } peers { permanent_uuid: "38894eeb346f4d3e8214f981be454e66" member_type: VOTER last_known_addr { host: "127.6.106.130" port: 36491 } } peers { permanent_uuid: "7df9d227f5674100975ed06413cb97ed" member_type: VOTER last_known_addr { host: "127.6.106.131" port: 35655 } }
I20260601 13:38:05.785430  9759 tablet_bootstrap.cc:654] T 0547b844b2c84f089db0d665256062af P 7df9d227f5674100975ed06413cb97ed: Neither blocks nor log segments found. Creating new log.
I20260601 13:38:05.785616  9758 ts_tablet_manager.cc:1434] T 0547b844b2c84f089db0d665256062af P 521cdcec067a40f8b2e2b21b0729d28c: Time spent starting tablet: real 0.001s	user 0.000s	sys 0.000s
I20260601 13:38:05.785763  9758 tablet_bootstrap.cc:492] T 30b5e862e8134be8bcdfbe8392d91ea8 P 521cdcec067a40f8b2e2b21b0729d28c: Bootstrap starting.
I20260601 13:38:05.786528  9759 tablet_bootstrap.cc:492] T 0547b844b2c84f089db0d665256062af P 7df9d227f5674100975ed06413cb97ed: No bootstrap required, opened a new log
I20260601 13:38:05.786602  9759 ts_tablet_manager.cc:1403] T 0547b844b2c84f089db0d665256062af P 7df9d227f5674100975ed06413cb97ed: Time spent bootstrapping tablet: real 0.002s	user 0.002s	sys 0.000s
I20260601 13:38:05.786667  9758 tablet_bootstrap.cc:654] T 30b5e862e8134be8bcdfbe8392d91ea8 P 521cdcec067a40f8b2e2b21b0729d28c: Neither blocks nor log segments found. Creating new log.
I20260601 13:38:05.787052  9759 raft_consensus.cc:359] T 0547b844b2c84f089db0d665256062af P 7df9d227f5674100975ed06413cb97ed [term 0 FOLLOWER]: Replica starting. Triggering 0 pending ops. Active config: opid_index: -1 OBSOLETE_local: false peers { permanent_uuid: "521cdcec067a40f8b2e2b21b0729d28c" member_type: VOTER last_known_addr { host: "127.6.106.129" port: 44477 } } peers { permanent_uuid: "38894eeb346f4d3e8214f981be454e66" member_type: VOTER last_known_addr { host: "127.6.106.130" port: 36491 } } peers { permanent_uuid: "7df9d227f5674100975ed06413cb97ed" member_type: VOTER last_known_addr { host: "127.6.106.131" port: 35655 } }
I20260601 13:38:05.787150  9759 raft_consensus.cc:385] T 0547b844b2c84f089db0d665256062af P 7df9d227f5674100975ed06413cb97ed [term 0 FOLLOWER]: Consensus starting up: Expiring failure detector timer to make a prompt election more likely
I20260601 13:38:05.787184  9759 raft_consensus.cc:740] T 0547b844b2c84f089db0d665256062af P 7df9d227f5674100975ed06413cb97ed [term 0 FOLLOWER]: Becoming Follower/Learner. State: Replica: 7df9d227f5674100975ed06413cb97ed, State: Initialized, Role: FOLLOWER
I20260601 13:38:05.787292  9759 consensus_queue.cc:260] T 0547b844b2c84f089db0d665256062af P 7df9d227f5674100975ed06413cb97ed [NON_LEADER]: Queue going to NON_LEADER mode. State: All replicated index: 0, Majority replicated index: 0, Committed index: 0, Last appended: 0.0, Last appended by leader: 0, Current term: 0, Majority size: -1, State: 0, Mode: NON_LEADER, active raft config: opid_index: -1 OBSOLETE_local: false peers { permanent_uuid: "521cdcec067a40f8b2e2b21b0729d28c" member_type: VOTER last_known_addr { host: "127.6.106.129" port: 44477 } } peers { permanent_uuid: "38894eeb346f4d3e8214f981be454e66" member_type: VOTER last_known_addr { host: "127.6.106.130" port: 36491 } } peers { permanent_uuid: "7df9d227f5674100975ed06413cb97ed" member_type: VOTER last_known_addr { host: "127.6.106.131" port: 35655 } }
I20260601 13:38:05.784571  9757 consensus_queue.cc:260] T 47412300b49741f5bdfb8dd67bd99f21 P 38894eeb346f4d3e8214f981be454e66 [NON_LEADER]: Queue going to NON_LEADER mode. State: All replicated index: 0, Majority replicated index: 0, Committed index: 0, Last appended: 0.0, Last appended by leader: 0, Current term: 0, Majority size: -1, State: 0, Mode: NON_LEADER, active raft config: opid_index: -1 OBSOLETE_local: false peers { permanent_uuid: "38894eeb346f4d3e8214f981be454e66" member_type: VOTER last_known_addr { host: "127.6.106.130" port: 36491 } } peers { permanent_uuid: "521cdcec067a40f8b2e2b21b0729d28c" member_type: VOTER last_known_addr { host: "127.6.106.129" port: 44477 } } peers { permanent_uuid: "7df9d227f5674100975ed06413cb97ed" member_type: VOTER last_known_addr { host: "127.6.106.131" port: 35655 } }
I20260601 13:38:05.787541  9759 ts_tablet_manager.cc:1434] T 0547b844b2c84f089db0d665256062af P 7df9d227f5674100975ed06413cb97ed: Time spent starting tablet: real 0.001s	user 0.001s	sys 0.000s
I20260601 13:38:05.787696  9757 ts_tablet_manager.cc:1434] T 47412300b49741f5bdfb8dd67bd99f21 P 38894eeb346f4d3e8214f981be454e66: Time spent starting tablet: real 0.004s	user 0.000s	sys 0.001s
I20260601 13:38:05.787729  9759 tablet_bootstrap.cc:492] T 6cbcc656462e4ab3962622315b699d67 P 7df9d227f5674100975ed06413cb97ed: Bootstrap starting.
I20260601 13:38:05.787906  9757 tablet_bootstrap.cc:492] T 8afbbe168c9044dc96a50712a8c06270 P 38894eeb346f4d3e8214f981be454e66: Bootstrap starting.
I20260601 13:38:05.788763  9759 tablet_bootstrap.cc:654] T 6cbcc656462e4ab3962622315b699d67 P 7df9d227f5674100975ed06413cb97ed: Neither blocks nor log segments found. Creating new log.
I20260601 13:38:05.789026  9757 tablet_bootstrap.cc:654] T 8afbbe168c9044dc96a50712a8c06270 P 38894eeb346f4d3e8214f981be454e66: Neither blocks nor log segments found. Creating new log.
I20260601 13:38:05.789004  9765 raft_consensus.cc:493] T f3943d55c7b34c9b88338242bb029835 P 38894eeb346f4d3e8214f981be454e66 [term 0 FOLLOWER]: Starting pre-election (no leader contacted us within the election timeout)
I20260601 13:38:05.789101  9765 raft_consensus.cc:515] T f3943d55c7b34c9b88338242bb029835 P 38894eeb346f4d3e8214f981be454e66 [term 0 FOLLOWER]: Starting pre-election with config: opid_index: -1 OBSOLETE_local: false peers { permanent_uuid: "521cdcec067a40f8b2e2b21b0729d28c" member_type: VOTER last_known_addr { host: "127.6.106.129" port: 44477 } } peers { permanent_uuid: "38894eeb346f4d3e8214f981be454e66" member_type: VOTER last_known_addr { host: "127.6.106.130" port: 36491 } } peers { permanent_uuid: "7df9d227f5674100975ed06413cb97ed" member_type: VOTER last_known_addr { host: "127.6.106.131" port: 35655 } }
I20260601 13:38:05.789598  9765 leader_election.cc:290] T f3943d55c7b34c9b88338242bb029835 P 38894eeb346f4d3e8214f981be454e66 [CANDIDATE]: Term 1 pre-election: Requested pre-vote from peers 521cdcec067a40f8b2e2b21b0729d28c (127.6.106.129:44477), 7df9d227f5674100975ed06413cb97ed (127.6.106.131:35655)
I20260601 13:38:05.790918  9758 tablet_bootstrap.cc:492] T 30b5e862e8134be8bcdfbe8392d91ea8 P 521cdcec067a40f8b2e2b21b0729d28c: No bootstrap required, opened a new log
I20260601 13:38:05.791014  9758 ts_tablet_manager.cc:1403] T 30b5e862e8134be8bcdfbe8392d91ea8 P 521cdcec067a40f8b2e2b21b0729d28c: Time spent bootstrapping tablet: real 0.005s	user 0.001s	sys 0.001s
I20260601 13:38:05.791442  9758 raft_consensus.cc:359] T 30b5e862e8134be8bcdfbe8392d91ea8 P 521cdcec067a40f8b2e2b21b0729d28c [term 0 FOLLOWER]: Replica starting. Triggering 0 pending ops. Active config: opid_index: -1 OBSOLETE_local: false peers { permanent_uuid: "521cdcec067a40f8b2e2b21b0729d28c" member_type: VOTER last_known_addr { host: "127.6.106.129" port: 44477 } } peers { permanent_uuid: "38894eeb346f4d3e8214f981be454e66" member_type: VOTER last_known_addr { host: "127.6.106.130" port: 36491 } } peers { permanent_uuid: "7df9d227f5674100975ed06413cb97ed" member_type: VOTER last_known_addr { host: "127.6.106.131" port: 35655 } }
I20260601 13:38:05.791846  9758 raft_consensus.cc:385] T 30b5e862e8134be8bcdfbe8392d91ea8 P 521cdcec067a40f8b2e2b21b0729d28c [term 0 FOLLOWER]: Consensus starting up: Expiring failure detector timer to make a prompt election more likely
I20260601 13:38:05.791946  9758 raft_consensus.cc:740] T 30b5e862e8134be8bcdfbe8392d91ea8 P 521cdcec067a40f8b2e2b21b0729d28c [term 0 FOLLOWER]: Becoming Follower/Learner. State: Replica: 521cdcec067a40f8b2e2b21b0729d28c, State: Initialized, Role: FOLLOWER
I20260601 13:38:05.791999  9757 tablet_bootstrap.cc:492] T 8afbbe168c9044dc96a50712a8c06270 P 38894eeb346f4d3e8214f981be454e66: No bootstrap required, opened a new log
I20260601 13:38:05.792109  9757 ts_tablet_manager.cc:1403] T 8afbbe168c9044dc96a50712a8c06270 P 38894eeb346f4d3e8214f981be454e66: Time spent bootstrapping tablet: real 0.004s	user 0.000s	sys 0.001s
I20260601 13:38:05.792225  9758 consensus_queue.cc:260] T 30b5e862e8134be8bcdfbe8392d91ea8 P 521cdcec067a40f8b2e2b21b0729d28c [NON_LEADER]: Queue going to NON_LEADER mode. State: All replicated index: 0, Majority replicated index: 0, Committed index: 0, Last appended: 0.0, Last appended by leader: 0, Current term: 0, Majority size: -1, State: 0, Mode: NON_LEADER, active raft config: opid_index: -1 OBSOLETE_local: false peers { permanent_uuid: "521cdcec067a40f8b2e2b21b0729d28c" member_type: VOTER last_known_addr { host: "127.6.106.129" port: 44477 } } peers { permanent_uuid: "38894eeb346f4d3e8214f981be454e66" member_type: VOTER last_known_addr { host: "127.6.106.130" port: 36491 } } peers { permanent_uuid: "7df9d227f5674100975ed06413cb97ed" member_type: VOTER last_known_addr { host: "127.6.106.131" port: 35655 } }
I20260601 13:38:05.792510  9757 raft_consensus.cc:359] T 8afbbe168c9044dc96a50712a8c06270 P 38894eeb346f4d3e8214f981be454e66 [term 0 FOLLOWER]: Replica starting. Triggering 0 pending ops. Active config: opid_index: -1 OBSOLETE_local: false peers { permanent_uuid: "521cdcec067a40f8b2e2b21b0729d28c" member_type: VOTER last_known_addr { host: "127.6.106.129" port: 44477 } } peers { permanent_uuid: "38894eeb346f4d3e8214f981be454e66" member_type: VOTER last_known_addr { host: "127.6.106.130" port: 36491 } } peers { permanent_uuid: "7df9d227f5674100975ed06413cb97ed" member_type: VOTER last_known_addr { host: "127.6.106.131" port: 35655 } }
I20260601 13:38:05.792601  9757 raft_consensus.cc:385] T 8afbbe168c9044dc96a50712a8c06270 P 38894eeb346f4d3e8214f981be454e66 [term 0 FOLLOWER]: Consensus starting up: Expiring failure detector timer to make a prompt election more likely
I20260601 13:38:05.792627  9757 raft_consensus.cc:740] T 8afbbe168c9044dc96a50712a8c06270 P 38894eeb346f4d3e8214f981be454e66 [term 0 FOLLOWER]: Becoming Follower/Learner. State: Replica: 38894eeb346f4d3e8214f981be454e66, State: Initialized, Role: FOLLOWER
I20260601 13:38:05.792724  9757 consensus_queue.cc:260] T 8afbbe168c9044dc96a50712a8c06270 P 38894eeb346f4d3e8214f981be454e66 [NON_LEADER]: Queue going to NON_LEADER mode. State: All replicated index: 0, Majority replicated index: 0, Committed index: 0, Last appended: 0.0, Last appended by leader: 0, Current term: 0, Majority size: -1, State: 0, Mode: NON_LEADER, active raft config: opid_index: -1 OBSOLETE_local: false peers { permanent_uuid: "521cdcec067a40f8b2e2b21b0729d28c" member_type: VOTER last_known_addr { host: "127.6.106.129" port: 44477 } } peers { permanent_uuid: "38894eeb346f4d3e8214f981be454e66" member_type: VOTER last_known_addr { host: "127.6.106.130" port: 36491 } } peers { permanent_uuid: "7df9d227f5674100975ed06413cb97ed" member_type: VOTER last_known_addr { host: "127.6.106.131" port: 35655 } }
I20260601 13:38:05.792979  9757 ts_tablet_manager.cc:1434] T 8afbbe168c9044dc96a50712a8c06270 P 38894eeb346f4d3e8214f981be454e66: Time spent starting tablet: real 0.001s	user 0.000s	sys 0.001s
I20260601 13:38:05.793143  9757 tablet_bootstrap.cc:492] T 6cbcc656462e4ab3962622315b699d67 P 38894eeb346f4d3e8214f981be454e66: Bootstrap starting.
I20260601 13:38:05.793937  9758 ts_tablet_manager.cc:1434] T 30b5e862e8134be8bcdfbe8392d91ea8 P 521cdcec067a40f8b2e2b21b0729d28c: Time spent starting tablet: real 0.003s	user 0.001s	sys 0.000s
I20260601 13:38:05.794198  9757 tablet_bootstrap.cc:654] T 6cbcc656462e4ab3962622315b699d67 P 38894eeb346f4d3e8214f981be454e66: Neither blocks nor log segments found. Creating new log.
I20260601 13:38:05.795095  9710 tablet_service.cc:1917] Received RequestConsensusVote() RPC: tablet_id: "f3943d55c7b34c9b88338242bb029835" candidate_uuid: "38894eeb346f4d3e8214f981be454e66" candidate_term: 1 candidate_status { last_received { term: 0 index: 0 } } ignore_live_leader: false dest_uuid: "7df9d227f5674100975ed06413cb97ed" is_pre_election: true
I20260601 13:38:05.795209  9710 raft_consensus.cc:2468] T f3943d55c7b34c9b88338242bb029835 P 7df9d227f5674100975ed06413cb97ed [term 0 FOLLOWER]: Leader pre-election vote request: Granting yes vote for candidate 38894eeb346f4d3e8214f981be454e66 in term 0.
I20260601 13:38:05.795320  9757 tablet_bootstrap.cc:492] T 6cbcc656462e4ab3962622315b699d67 P 38894eeb346f4d3e8214f981be454e66: No bootstrap required, opened a new log
I20260601 13:38:05.795400  9757 ts_tablet_manager.cc:1403] T 6cbcc656462e4ab3962622315b699d67 P 38894eeb346f4d3e8214f981be454e66: Time spent bootstrapping tablet: real 0.002s	user 0.000s	sys 0.002s
I20260601 13:38:05.795500  9598 leader_election.cc:304] T f3943d55c7b34c9b88338242bb029835 P 38894eeb346f4d3e8214f981be454e66 [CANDIDATE]: Term 1 pre-election: Election decided. Result: candidate won. Election summary: received 2 responses out of 3 voters: 2 yes votes; 0 no votes. yes voters: 38894eeb346f4d3e8214f981be454e66, 7df9d227f5674100975ed06413cb97ed; no voters: 
I20260601 13:38:05.795539  9558 tablet_service.cc:1917] Received RequestConsensusVote() RPC: tablet_id: "f3943d55c7b34c9b88338242bb029835" candidate_uuid: "38894eeb346f4d3e8214f981be454e66" candidate_term: 1 candidate_status { last_received { term: 0 index: 0 } } ignore_live_leader: false dest_uuid: "521cdcec067a40f8b2e2b21b0729d28c" is_pre_election: true
I20260601 13:38:05.795668  9558 raft_consensus.cc:2468] T f3943d55c7b34c9b88338242bb029835 P 521cdcec067a40f8b2e2b21b0729d28c [term 0 FOLLOWER]: Leader pre-election vote request: Granting yes vote for candidate 38894eeb346f4d3e8214f981be454e66 in term 0.
I20260601 13:38:05.795675  9765 raft_consensus.cc:2804] T f3943d55c7b34c9b88338242bb029835 P 38894eeb346f4d3e8214f981be454e66 [term 0 FOLLOWER]: Leader pre-election won for term 1
I20260601 13:38:05.795787  9765 raft_consensus.cc:493] T f3943d55c7b34c9b88338242bb029835 P 38894eeb346f4d3e8214f981be454e66 [term 0 FOLLOWER]: Starting leader election (no leader contacted us within the election timeout)
I20260601 13:38:05.795828  9765 raft_consensus.cc:3060] T f3943d55c7b34c9b88338242bb029835 P 38894eeb346f4d3e8214f981be454e66 [term 0 FOLLOWER]: Advancing to term 1
I20260601 13:38:05.795850  9757 raft_consensus.cc:359] T 6cbcc656462e4ab3962622315b699d67 P 38894eeb346f4d3e8214f981be454e66 [term 0 FOLLOWER]: Replica starting. Triggering 0 pending ops. Active config: opid_index: -1 OBSOLETE_local: false peers { permanent_uuid: "38894eeb346f4d3e8214f981be454e66" member_type: VOTER last_known_addr { host: "127.6.106.130" port: 36491 } } peers { permanent_uuid: "521cdcec067a40f8b2e2b21b0729d28c" member_type: VOTER last_known_addr { host: "127.6.106.129" port: 44477 } } peers { permanent_uuid: "7df9d227f5674100975ed06413cb97ed" member_type: VOTER last_known_addr { host: "127.6.106.131" port: 35655 } }
I20260601 13:38:05.795938  9757 raft_consensus.cc:385] T 6cbcc656462e4ab3962622315b699d67 P 38894eeb346f4d3e8214f981be454e66 [term 0 FOLLOWER]: Consensus starting up: Expiring failure detector timer to make a prompt election more likely
I20260601 13:38:05.795969  9757 raft_consensus.cc:740] T 6cbcc656462e4ab3962622315b699d67 P 38894eeb346f4d3e8214f981be454e66 [term 0 FOLLOWER]: Becoming Follower/Learner. State: Replica: 38894eeb346f4d3e8214f981be454e66, State: Initialized, Role: FOLLOWER
I20260601 13:38:05.796059  9757 consensus_queue.cc:260] T 6cbcc656462e4ab3962622315b699d67 P 38894eeb346f4d3e8214f981be454e66 [NON_LEADER]: Queue going to NON_LEADER mode. State: All replicated index: 0, Majority replicated index: 0, Committed index: 0, Last appended: 0.0, Last appended by leader: 0, Current term: 0, Majority size: -1, State: 0, Mode: NON_LEADER, active raft config: opid_index: -1 OBSOLETE_local: false peers { permanent_uuid: "38894eeb346f4d3e8214f981be454e66" member_type: VOTER last_known_addr { host: "127.6.106.130" port: 36491 } } peers { permanent_uuid: "521cdcec067a40f8b2e2b21b0729d28c" member_type: VOTER last_known_addr { host: "127.6.106.129" port: 44477 } } peers { permanent_uuid: "7df9d227f5674100975ed06413cb97ed" member_type: VOTER last_known_addr { host: "127.6.106.131" port: 35655 } }
I20260601 13:38:05.796482  9757 ts_tablet_manager.cc:1434] T 6cbcc656462e4ab3962622315b699d67 P 38894eeb346f4d3e8214f981be454e66: Time spent starting tablet: real 0.001s	user 0.000s	sys 0.001s
I20260601 13:38:05.796653  9757 tablet_bootstrap.cc:492] T 8bdd70b1709d43e5b5cdd0590b666401 P 38894eeb346f4d3e8214f981be454e66: Bootstrap starting.
I20260601 13:38:05.796680  9765 raft_consensus.cc:515] T f3943d55c7b34c9b88338242bb029835 P 38894eeb346f4d3e8214f981be454e66 [term 1 FOLLOWER]: Starting leader election with config: opid_index: -1 OBSOLETE_local: false peers { permanent_uuid: "521cdcec067a40f8b2e2b21b0729d28c" member_type: VOTER last_known_addr { host: "127.6.106.129" port: 44477 } } peers { permanent_uuid: "38894eeb346f4d3e8214f981be454e66" member_type: VOTER last_known_addr { host: "127.6.106.130" port: 36491 } } peers { permanent_uuid: "7df9d227f5674100975ed06413cb97ed" member_type: VOTER last_known_addr { host: "127.6.106.131" port: 35655 } }
I20260601 13:38:05.797034  9765 leader_election.cc:290] T f3943d55c7b34c9b88338242bb029835 P 38894eeb346f4d3e8214f981be454e66 [CANDIDATE]: Term 1 election: Requested vote from peers 521cdcec067a40f8b2e2b21b0729d28c (127.6.106.129:44477), 7df9d227f5674100975ed06413cb97ed (127.6.106.131:35655)
I20260601 13:38:05.797156  9758 tablet_bootstrap.cc:492] T e5f5c1c6daf640328d77f406a69b8921 P 521cdcec067a40f8b2e2b21b0729d28c: Bootstrap starting.
I20260601 13:38:05.797449  9710 tablet_service.cc:1917] Received RequestConsensusVote() RPC: tablet_id: "f3943d55c7b34c9b88338242bb029835" candidate_uuid: "38894eeb346f4d3e8214f981be454e66" candidate_term: 1 candidate_status { last_received { term: 0 index: 0 } } ignore_live_leader: false dest_uuid: "7df9d227f5674100975ed06413cb97ed"
I20260601 13:38:05.797551  9710 raft_consensus.cc:3060] T f3943d55c7b34c9b88338242bb029835 P 7df9d227f5674100975ed06413cb97ed [term 0 FOLLOWER]: Advancing to term 1
I20260601 13:38:05.797622  9558 tablet_service.cc:1917] Received RequestConsensusVote() RPC: tablet_id: "f3943d55c7b34c9b88338242bb029835" candidate_uuid: "38894eeb346f4d3e8214f981be454e66" candidate_term: 1 candidate_status { last_received { term: 0 index: 0 } } ignore_live_leader: false dest_uuid: "521cdcec067a40f8b2e2b21b0729d28c"
I20260601 13:38:05.797678  9757 tablet_bootstrap.cc:654] T 8bdd70b1709d43e5b5cdd0590b666401 P 38894eeb346f4d3e8214f981be454e66: Neither blocks nor log segments found. Creating new log.
I20260601 13:38:05.797717  9558 raft_consensus.cc:3060] T f3943d55c7b34c9b88338242bb029835 P 521cdcec067a40f8b2e2b21b0729d28c [term 0 FOLLOWER]: Advancing to term 1
I20260601 13:38:05.798249  9758 tablet_bootstrap.cc:654] T e5f5c1c6daf640328d77f406a69b8921 P 521cdcec067a40f8b2e2b21b0729d28c: Neither blocks nor log segments found. Creating new log.
I20260601 13:38:05.798486  9710 raft_consensus.cc:2468] T f3943d55c7b34c9b88338242bb029835 P 7df9d227f5674100975ed06413cb97ed [term 1 FOLLOWER]: Leader election vote request: Granting yes vote for candidate 38894eeb346f4d3e8214f981be454e66 in term 1.
I20260601 13:38:05.796661  9759 tablet_bootstrap.cc:492] T 6cbcc656462e4ab3962622315b699d67 P 7df9d227f5674100975ed06413cb97ed: No bootstrap required, opened a new log
I20260601 13:38:05.798694  9558 raft_consensus.cc:2468] T f3943d55c7b34c9b88338242bb029835 P 521cdcec067a40f8b2e2b21b0729d28c [term 1 FOLLOWER]: Leader election vote request: Granting yes vote for candidate 38894eeb346f4d3e8214f981be454e66 in term 1.
I20260601 13:38:05.798741  9759 ts_tablet_manager.cc:1403] T 6cbcc656462e4ab3962622315b699d67 P 7df9d227f5674100975ed06413cb97ed: Time spent bootstrapping tablet: real 0.011s	user 0.002s	sys 0.000s
