I20260601 13:37:05.756009 11675 sys_catalog.cc:458] T 00000000000000000000000000000000 P a7e29059da24458d994d6525caf4e0ea [sys.catalog]: This master's current role is: LEADER
I20260601 13:37:05.756022 11683 sys_catalog.cc:458] T 00000000000000000000000000000000 P a7e29059da24458d994d6525caf4e0ea [sys.catalog]: This master's current role is: LEADER
I20260601 13:37:05.756312 11419 sys_catalog.cc:455] T 00000000000000000000000000000000 P 7a09f22e85be41c5a2efd83f197610b5 [sys.catalog]: SysCatalogTable state changed. Reason: Replicated consensus-only round. Latest consensus state: current_term: 1 leader_uuid: "a7e29059da24458d994d6525caf4e0ea" committed_config { opid_index: -1 OBSOLETE_local: false peers { permanent_uuid: "c21f36909ace40afbe78e97740d98bd4" member_type: VOTER last_known_addr { host: "127.9.233.190" port: 40579 } } peers { permanent_uuid: "7a09f22e85be41c5a2efd83f197610b5" member_type: VOTER last_known_addr { host: "127.9.233.189" port: 40833 } } peers { permanent_uuid: "a7e29059da24458d994d6525caf4e0ea" member_type: VOTER last_known_addr { host: "127.9.233.188" port: 45439 } } }
I20260601 13:37:05.756433 11419 sys_catalog.cc:458] T 00000000000000000000000000000000 P 7a09f22e85be41c5a2efd83f197610b5 [sys.catalog]: This master's current role is: FOLLOWER
I20260601 13:37:05.756676 11677 catalog_manager.cc:1382] Generated new cluster ID: 1829d63a89f841bc952651a274eba02e
I20260601 13:37:05.756752 11677 catalog_manager.cc:1530] Initializing Kudu internal certificate authority...
I20260601 13:37:05.757170 11399 sys_catalog.cc:455] T 00000000000000000000000000000000 P c21f36909ace40afbe78e97740d98bd4 [sys.catalog]: SysCatalogTable state changed. Reason: Replicated consensus-only round. Latest consensus state: current_term: 1 leader_uuid: "a7e29059da24458d994d6525caf4e0ea" committed_config { opid_index: -1 OBSOLETE_local: false peers { permanent_uuid: "c21f36909ace40afbe78e97740d98bd4" member_type: VOTER last_known_addr { host: "127.9.233.190" port: 40579 } } peers { permanent_uuid: "7a09f22e85be41c5a2efd83f197610b5" member_type: VOTER last_known_addr { host: "127.9.233.189" port: 40833 } } peers { permanent_uuid: "a7e29059da24458d994d6525caf4e0ea" member_type: VOTER last_known_addr { host: "127.9.233.188" port: 45439 } } }
I20260601 13:37:05.757320 11399 sys_catalog.cc:458] T 00000000000000000000000000000000 P c21f36909ace40afbe78e97740d98bd4 [sys.catalog]: This master's current role is: FOLLOWER
I20260601 13:37:05.765368 11677 catalog_manager.cc:1405] Generated new certificate authority record
I20260601 13:37:05.766176 11677 catalog_manager.cc:1539] Loading token signing keys...
I20260601 13:37:05.774400 11677 catalog_manager.cc:6069] T 00000000000000000000000000000000 P a7e29059da24458d994d6525caf4e0ea: Generated new TSK 0
I20260601 13:37:05.774649 11677 catalog_manager.cc:1549] Initializing in-progress tserver states...
I20260601 13:37:06.562004 11410 catalog_manager.cc:1294] Loaded cluster ID: 1829d63a89f841bc952651a274eba02e
I20260601 13:37:06.562126 11410 catalog_manager.cc:1587] T 00000000000000000000000000000000 P c21f36909ace40afbe78e97740d98bd4: loading cluster ID for follower catalog manager: success
I20260601 13:37:06.563517 11410 catalog_manager.cc:1609] T 00000000000000000000000000000000 P c21f36909ace40afbe78e97740d98bd4: acquiring CA information for follower catalog manager: success
I20260601 13:37:06.564180 11410 catalog_manager.cc:1637] T 00000000000000000000000000000000 P c21f36909ace40afbe78e97740d98bd4: importing token verification keys for follower catalog manager: success; most recent TSK sequence number 0
I20260601 13:37:06.568643 11436 catalog_manager.cc:1294] Loaded cluster ID: 1829d63a89f841bc952651a274eba02e
I20260601 13:37:06.568760 11436 catalog_manager.cc:1587] T 00000000000000000000000000000000 P 7a09f22e85be41c5a2efd83f197610b5: loading cluster ID for follower catalog manager: success
I20260601 13:37:06.569912 11436 catalog_manager.cc:1609] T 00000000000000000000000000000000 P 7a09f22e85be41c5a2efd83f197610b5: acquiring CA information for follower catalog manager: success
I20260601 13:37:06.570479 11436 catalog_manager.cc:1637] T 00000000000000000000000000000000 P 7a09f22e85be41c5a2efd83f197610b5: importing token verification keys for follower catalog manager: success; most recent TSK sequence number 0
I20260601 13:37:06.607748 11357 master_service.cc:502] Signed X509 certificate for tserver {username='slave'} at 127.0.0.1:39160
I20260601 13:37:06.653491 11357 master_service.cc:502] Signed X509 certificate for tserver {username='slave'} at 127.0.0.1:39164
I20260601 13:37:06.692461 11357 master_service.cc:502] Signed X509 certificate for tserver {username='slave'} at 127.0.0.1:39180
I20260601 13:37:07.566123 11424 auto_leader_rebalancer.cc:451] All tables' leader rebalancing finished this round
I20260601 13:37:07.608878 11509 heartbeater.cc:499] Master 127.9.233.188:45439 was elected leader, sending a full tablet report...
I20260601 13:37:07.654481 11588 heartbeater.cc:499] Master 127.9.233.188:45439 was elected leader, sending a full tablet report...
I20260601 13:37:07.693565 11667 heartbeater.cc:499] Master 127.9.233.188:45439 was elected leader, sending a full tablet report...
I20260601 13:37:07.858570 11357 catalog_manager.cc:2282] Servicing CreateTable request from {username='slave'} at 127.0.0.1:39186:
name: "test-workload"
schema {
  columns {
    name: "key"
    type: INT32
    is_key: true
    is_nullable: false
    encoding: AUTO_ENCODING
    compression: DEFAULT_COMPRESSION
    cfile_block_size: 0
    immutable: false
  }
  columns {
    name: "int_val"
    type: INT32
    is_key: false
    is_nullable: false
    encoding: AUTO_ENCODING
    compression: DEFAULT_COMPRESSION
    cfile_block_size: 0
    immutable: false
  }
  columns {
    name: "string_val"
    type: STRING
    is_key: false
    is_nullable: true
    encoding: AUTO_ENCODING
    compression: DEFAULT_COMPRESSION
    cfile_block_size: 0
    immutable: false
  }
}
num_replicas: 1
split_rows_range_bounds {
  rows: "\004\001\000\252\252\252*\004\001\000TUUU""\004\001\000\252\252\252*\004\001\000TUUU"
  indirect_data: """"
}
partition_schema {
  range_schema {
    columns {
      name: "key"
    }
  }
}
I20260601 13:37:07.875726 11473 tablet_service.cc:1511] Processing CreateTablet for tablet d310821e6ca24501bb11c9b66b3b8603 (DEFAULT_TABLE table=test-workload [id=f5404908281c43cba5f76950342b0566]), partition=RANGE (key) PARTITION VALUES < 715827882
I20260601 13:37:07.876212 11473 data_dirs.cc:400] Could only allocate 1 dirs of requested 3 for tablet d310821e6ca24501bb11c9b66b3b8603. 1 dirs total, 0 dirs full, 0 dirs failed
I20260601 13:37:07.876296 11552 tablet_service.cc:1511] Processing CreateTablet for tablet 616122b4ec20452ba9d50992b50ed6b8 (DEFAULT_TABLE table=test-workload [id=f5404908281c43cba5f76950342b0566]), partition=RANGE (key) PARTITION 715827882 <= VALUES < 1431655764
I20260601 13:37:07.876739 11552 data_dirs.cc:400] Could only allocate 1 dirs of requested 3 for tablet 616122b4ec20452ba9d50992b50ed6b8. 1 dirs total, 0 dirs full, 0 dirs failed
I20260601 13:37:07.878556 11631 tablet_service.cc:1511] Processing CreateTablet for tablet d7d2c39225344b96a643eb2555c57e7c (DEFAULT_TABLE table=test-workload [id=f5404908281c43cba5f76950342b0566]), partition=RANGE (key) PARTITION 1431655764 <= VALUES
I20260601 13:37:07.878835 11631 data_dirs.cc:400] Could only allocate 1 dirs of requested 3 for tablet d7d2c39225344b96a643eb2555c57e7c. 1 dirs total, 0 dirs full, 0 dirs failed
I20260601 13:37:07.879972 11713 tablet_bootstrap.cc:492] T d310821e6ca24501bb11c9b66b3b8603 P 0addf469c4a545469865c86d9d361d53: Bootstrap starting.
I20260601 13:37:07.880141 11714 tablet_bootstrap.cc:492] T 616122b4ec20452ba9d50992b50ed6b8 P 1acf4f9e4e7f4e7d9706f60c0ffd33e9: Bootstrap starting.
I20260601 13:37:07.881413 11715 tablet_bootstrap.cc:492] T d7d2c39225344b96a643eb2555c57e7c P 440aa2b1a52f4824b3b377177cde6fbe: Bootstrap starting.
I20260601 13:37:07.881532 11714 tablet_bootstrap.cc:654] T 616122b4ec20452ba9d50992b50ed6b8 P 1acf4f9e4e7f4e7d9706f60c0ffd33e9: Neither blocks nor log segments found. Creating new log.
I20260601 13:37:07.881532 11713 tablet_bootstrap.cc:654] T d310821e6ca24501bb11c9b66b3b8603 P 0addf469c4a545469865c86d9d361d53: Neither blocks nor log segments found. Creating new log.
I20260601 13:37:07.882619 11715 tablet_bootstrap.cc:654] T d7d2c39225344b96a643eb2555c57e7c P 440aa2b1a52f4824b3b377177cde6fbe: Neither blocks nor log segments found. Creating new log.
I20260601 13:37:07.883482 11713 tablet_bootstrap.cc:492] T d310821e6ca24501bb11c9b66b3b8603 P 0addf469c4a545469865c86d9d361d53: No bootstrap required, opened a new log
I20260601 13:37:07.883646 11713 ts_tablet_manager.cc:1403] T d310821e6ca24501bb11c9b66b3b8603 P 0addf469c4a545469865c86d9d361d53: Time spent bootstrapping tablet: real 0.004s	user 0.003s	sys 0.000s
I20260601 13:37:07.883680 11714 tablet_bootstrap.cc:492] T 616122b4ec20452ba9d50992b50ed6b8 P 1acf4f9e4e7f4e7d9706f60c0ffd33e9: No bootstrap required, opened a new log
I20260601 13:37:07.883797 11714 ts_tablet_manager.cc:1403] T 616122b4ec20452ba9d50992b50ed6b8 P 1acf4f9e4e7f4e7d9706f60c0ffd33e9: Time spent bootstrapping tablet: real 0.004s	user 0.003s	sys 0.000s
I20260601 13:37:07.884286 11713 raft_consensus.cc:359] T d310821e6ca24501bb11c9b66b3b8603 P 0addf469c4a545469865c86d9d361d53 [term 0 FOLLOWER]: Replica starting. Triggering 0 pending ops. Active config: opid_index: -1 OBSOLETE_local: true peers { permanent_uuid: "0addf469c4a545469865c86d9d361d53" member_type: VOTER last_known_addr { host: "127.9.233.129" port: 44837 } }
I20260601 13:37:07.884295 11714 raft_consensus.cc:359] T 616122b4ec20452ba9d50992b50ed6b8 P 1acf4f9e4e7f4e7d9706f60c0ffd33e9 [term 0 FOLLOWER]: Replica starting. Triggering 0 pending ops. Active config: opid_index: -1 OBSOLETE_local: true peers { permanent_uuid: "1acf4f9e4e7f4e7d9706f60c0ffd33e9" member_type: VOTER last_known_addr { host: "127.9.233.130" port: 46837 } }
I20260601 13:37:07.884449 11713 raft_consensus.cc:385] T d310821e6ca24501bb11c9b66b3b8603 P 0addf469c4a545469865c86d9d361d53 [term 0 FOLLOWER]: Consensus starting up: Expiring failure detector timer to make a prompt election more likely
I20260601 13:37:07.884538 11714 raft_consensus.cc:385] T 616122b4ec20452ba9d50992b50ed6b8 P 1acf4f9e4e7f4e7d9706f60c0ffd33e9 [term 0 FOLLOWER]: Consensus starting up: Expiring failure detector timer to make a prompt election more likely
I20260601 13:37:07.884547 11713 raft_consensus.cc:740] T d310821e6ca24501bb11c9b66b3b8603 P 0addf469c4a545469865c86d9d361d53 [term 0 FOLLOWER]: Becoming Follower/Learner. State: Replica: 0addf469c4a545469865c86d9d361d53, State: Initialized, Role: FOLLOWER
I20260601 13:37:07.884605 11714 raft_consensus.cc:740] T 616122b4ec20452ba9d50992b50ed6b8 P 1acf4f9e4e7f4e7d9706f60c0ffd33e9 [term 0 FOLLOWER]: Becoming Follower/Learner. State: Replica: 1acf4f9e4e7f4e7d9706f60c0ffd33e9, State: Initialized, Role: FOLLOWER
I20260601 13:37:07.884758 11713 consensus_queue.cc:260] T d310821e6ca24501bb11c9b66b3b8603 P 0addf469c4a545469865c86d9d361d53 [NON_LEADER]: Queue going to NON_LEADER mode. State: All replicated index: 0, Majority replicated index: 0, Committed index: 0, Last appended: 0.0, Last appended by leader: 0, Current term: 0, Majority size: -1, State: 0, Mode: NON_LEADER, active raft config: opid_index: -1 OBSOLETE_local: true peers { permanent_uuid: "0addf469c4a545469865c86d9d361d53" member_type: VOTER last_known_addr { host: "127.9.233.129" port: 44837 } }
I20260601 13:37:07.884786 11714 consensus_queue.cc:260] T 616122b4ec20452ba9d50992b50ed6b8 P 1acf4f9e4e7f4e7d9706f60c0ffd33e9 [NON_LEADER]: Queue going to NON_LEADER mode. State: All replicated index: 0, Majority replicated index: 0, Committed index: 0, Last appended: 0.0, Last appended by leader: 0, Current term: 0, Majority size: -1, State: 0, Mode: NON_LEADER, active raft config: opid_index: -1 OBSOLETE_local: true peers { permanent_uuid: "1acf4f9e4e7f4e7d9706f60c0ffd33e9" member_type: VOTER last_known_addr { host: "127.9.233.130" port: 46837 } }
I20260601 13:37:07.884855 11713 raft_consensus.cc:399] T d310821e6ca24501bb11c9b66b3b8603 P 0addf469c4a545469865c86d9d361d53 [term 0 FOLLOWER]: Only one voter in the Raft config. Triggering election immediately
I20260601 13:37:07.884876 11714 raft_consensus.cc:399] T 616122b4ec20452ba9d50992b50ed6b8 P 1acf4f9e4e7f4e7d9706f60c0ffd33e9 [term 0 FOLLOWER]: Only one voter in the Raft config. Triggering election immediately
I20260601 13:37:07.884886 11713 raft_consensus.cc:493] T d310821e6ca24501bb11c9b66b3b8603 P 0addf469c4a545469865c86d9d361d53 [term 0 FOLLOWER]: Starting leader election (initial election of a single-replica configuration)
I20260601 13:37:07.884905 11714 raft_consensus.cc:493] T 616122b4ec20452ba9d50992b50ed6b8 P 1acf4f9e4e7f4e7d9706f60c0ffd33e9 [term 0 FOLLOWER]: Starting leader election (initial election of a single-replica configuration)
I20260601 13:37:07.884927 11713 raft_consensus.cc:3060] T d310821e6ca24501bb11c9b66b3b8603 P 0addf469c4a545469865c86d9d361d53 [term 0 FOLLOWER]: Advancing to term 1
I20260601 13:37:07.884943 11714 raft_consensus.cc:3060] T 616122b4ec20452ba9d50992b50ed6b8 P 1acf4f9e4e7f4e7d9706f60c0ffd33e9 [term 0 FOLLOWER]: Advancing to term 1
I20260601 13:37:07.886036 11714 raft_consensus.cc:515] T 616122b4ec20452ba9d50992b50ed6b8 P 1acf4f9e4e7f4e7d9706f60c0ffd33e9 [term 1 FOLLOWER]: Starting leader election with config: opid_index: -1 OBSOLETE_local: true peers { permanent_uuid: "1acf4f9e4e7f4e7d9706f60c0ffd33e9" member_type: VOTER last_known_addr { host: "127.9.233.130" port: 46837 } }
I20260601 13:37:07.886126 11713 raft_consensus.cc:515] T d310821e6ca24501bb11c9b66b3b8603 P 0addf469c4a545469865c86d9d361d53 [term 1 FOLLOWER]: Starting leader election with config: opid_index: -1 OBSOLETE_local: true peers { permanent_uuid: "0addf469c4a545469865c86d9d361d53" member_type: VOTER last_known_addr { host: "127.9.233.129" port: 44837 } }
I20260601 13:37:07.886154 11714 leader_election.cc:304] T 616122b4ec20452ba9d50992b50ed6b8 P 1acf4f9e4e7f4e7d9706f60c0ffd33e9 [CANDIDATE]: Term 1 election: Election decided. Result: candidate won. Election summary: received 1 responses out of 1 voters: 1 yes votes; 0 no votes. yes voters: 1acf4f9e4e7f4e7d9706f60c0ffd33e9; no voters: 
I20260601 13:37:07.886300 11713 leader_election.cc:304] T d310821e6ca24501bb11c9b66b3b8603 P 0addf469c4a545469865c86d9d361d53 [CANDIDATE]: Term 1 election: Election decided. Result: candidate won. Election summary: received 1 responses out of 1 voters: 1 yes votes; 0 no votes. yes voters: 0addf469c4a545469865c86d9d361d53; no voters: 
I20260601 13:37:07.886490 11714 leader_election.cc:290] T 616122b4ec20452ba9d50992b50ed6b8 P 1acf4f9e4e7f4e7d9706f60c0ffd33e9 [CANDIDATE]: Term 1 election: Requested vote from peers 
I20260601 13:37:07.886516 11713 leader_election.cc:290] T d310821e6ca24501bb11c9b66b3b8603 P 0addf469c4a545469865c86d9d361d53 [CANDIDATE]: Term 1 election: Requested vote from peers 
I20260601 13:37:07.886618 11720 raft_consensus.cc:2804] T d310821e6ca24501bb11c9b66b3b8603 P 0addf469c4a545469865c86d9d361d53 [term 1 FOLLOWER]: Leader election won for term 1
I20260601 13:37:07.886618 11719 raft_consensus.cc:2804] T 616122b4ec20452ba9d50992b50ed6b8 P 1acf4f9e4e7f4e7d9706f60c0ffd33e9 [term 1 FOLLOWER]: Leader election won for term 1
I20260601 13:37:07.886896 11713 ts_tablet_manager.cc:1434] T d310821e6ca24501bb11c9b66b3b8603 P 0addf469c4a545469865c86d9d361d53: Time spent starting tablet: real 0.003s	user 0.003s	sys 0.000s
I20260601 13:37:07.886958 11714 ts_tablet_manager.cc:1434] T 616122b4ec20452ba9d50992b50ed6b8 P 1acf4f9e4e7f4e7d9706f60c0ffd33e9: Time spent starting tablet: real 0.003s	user 0.003s	sys 0.000s
I20260601 13:37:07.886896 11720 raft_consensus.cc:697] T d310821e6ca24501bb11c9b66b3b8603 P 0addf469c4a545469865c86d9d361d53 [term 1 LEADER]: Becoming Leader. State: Replica: 0addf469c4a545469865c86d9d361d53, State: Running, Role: LEADER
I20260601 13:37:07.887166 11720 consensus_queue.cc:237] T d310821e6ca24501bb11c9b66b3b8603 P 0addf469c4a545469865c86d9d361d53 [LEADER]: Queue going to LEADER mode. State: All replicated index: 0, Majority replicated index: 0, Committed index: 0, Last appended: 0.0, Last appended by leader: 0, Current term: 1, Majority size: 1, State: 0, Mode: LEADER, active raft config: opid_index: -1 OBSOLETE_local: true peers { permanent_uuid: "0addf469c4a545469865c86d9d361d53" member_type: VOTER last_known_addr { host: "127.9.233.129" port: 44837 } }
I20260601 13:37:07.886896 11719 raft_consensus.cc:697] T 616122b4ec20452ba9d50992b50ed6b8 P 1acf4f9e4e7f4e7d9706f60c0ffd33e9 [term 1 LEADER]: Becoming Leader. State: Replica: 1acf4f9e4e7f4e7d9706f60c0ffd33e9, State: Running, Role: LEADER
I20260601 13:37:07.887382 11719 consensus_queue.cc:237] T 616122b4ec20452ba9d50992b50ed6b8 P 1acf4f9e4e7f4e7d9706f60c0ffd33e9 [LEADER]: Queue going to LEADER mode. State: All replicated index: 0, Majority replicated index: 0, Committed index: 0, Last appended: 0.0, Last appended by leader: 0, Current term: 1, Majority size: 1, State: 0, Mode: LEADER, active raft config: opid_index: -1 OBSOLETE_local: true peers { permanent_uuid: "1acf4f9e4e7f4e7d9706f60c0ffd33e9" member_type: VOTER last_known_addr { host: "127.9.233.130" port: 46837 } }
I20260601 13:37:07.887698 11715 tablet_bootstrap.cc:492] T d7d2c39225344b96a643eb2555c57e7c P 440aa2b1a52f4824b3b377177cde6fbe: No bootstrap required, opened a new log
I20260601 13:37:07.887807 11715 ts_tablet_manager.cc:1403] T d7d2c39225344b96a643eb2555c57e7c P 440aa2b1a52f4824b3b377177cde6fbe: Time spent bootstrapping tablet: real 0.006s	user 0.002s	sys 0.000s
I20260601 13:37:07.888543 11715 raft_consensus.cc:359] T d7d2c39225344b96a643eb2555c57e7c P 440aa2b1a52f4824b3b377177cde6fbe [term 0 FOLLOWER]: Replica starting. Triggering 0 pending ops. Active config: opid_index: -1 OBSOLETE_local: true peers { permanent_uuid: "440aa2b1a52f4824b3b377177cde6fbe" member_type: VOTER last_known_addr { host: "127.9.233.131" port: 33419 } }
I20260601 13:37:07.888693 11715 raft_consensus.cc:385] T d7d2c39225344b96a643eb2555c57e7c P 440aa2b1a52f4824b3b377177cde6fbe [term 0 FOLLOWER]: Consensus starting up: Expiring failure detector timer to make a prompt election more likely
I20260601 13:37:07.888758 11715 raft_consensus.cc:740] T d7d2c39225344b96a643eb2555c57e7c P 440aa2b1a52f4824b3b377177cde6fbe [term 0 FOLLOWER]: Becoming Follower/Learner. State: Replica: 440aa2b1a52f4824b3b377177cde6fbe, State: Initialized, Role: FOLLOWER
I20260601 13:37:07.888917 11715 consensus_queue.cc:260] T d7d2c39225344b96a643eb2555c57e7c P 440aa2b1a52f4824b3b377177cde6fbe [NON_LEADER]: Queue going to NON_LEADER mode. State: All replicated index: 0, Majority replicated index: 0, Committed index: 0, Last appended: 0.0, Last appended by leader: 0, Current term: 0, Majority size: -1, State: 0, Mode: NON_LEADER, active raft config: opid_index: -1 OBSOLETE_local: true peers { permanent_uuid: "440aa2b1a52f4824b3b377177cde6fbe" member_type: VOTER last_known_addr { host: "127.9.233.131" port: 33419 } }
I20260601 13:37:07.889060 11715 raft_consensus.cc:399] T d7d2c39225344b96a643eb2555c57e7c P 440aa2b1a52f4824b3b377177cde6fbe [term 0 FOLLOWER]: Only one voter in the Raft config. Triggering election immediately
I20260601 13:37:07.889142 11715 raft_consensus.cc:493] T d7d2c39225344b96a643eb2555c57e7c P 440aa2b1a52f4824b3b377177cde6fbe [term 0 FOLLOWER]: Starting leader election (initial election of a single-replica configuration)
I20260601 13:37:07.889245 11715 raft_consensus.cc:3060] T d7d2c39225344b96a643eb2555c57e7c P 440aa2b1a52f4824b3b377177cde6fbe [term 0 FOLLOWER]: Advancing to term 1
I20260601 13:37:07.890585 11715 raft_consensus.cc:515] T d7d2c39225344b96a643eb2555c57e7c P 440aa2b1a52f4824b3b377177cde6fbe [term 1 FOLLOWER]: Starting leader election with config: opid_index: -1 OBSOLETE_local: true peers { permanent_uuid: "440aa2b1a52f4824b3b377177cde6fbe" member_type: VOTER last_known_addr { host: "127.9.233.131" port: 33419 } }
I20260601 13:37:07.890797 11715 leader_election.cc:304] T d7d2c39225344b96a643eb2555c57e7c P 440aa2b1a52f4824b3b377177cde6fbe [CANDIDATE]: Term 1 election: Election decided. Result: candidate won. Election summary: received 1 responses out of 1 voters: 1 yes votes; 0 no votes. yes voters: 440aa2b1a52f4824b3b377177cde6fbe; no voters: 
I20260601 13:37:07.891103 11715 leader_election.cc:290] T d7d2c39225344b96a643eb2555c57e7c P 440aa2b1a52f4824b3b377177cde6fbe [CANDIDATE]: Term 1 election: Requested vote from peers 
I20260601 13:37:07.891634 11715 ts_tablet_manager.cc:1434] T d7d2c39225344b96a643eb2555c57e7c P 440aa2b1a52f4824b3b377177cde6fbe: Time spent starting tablet: real 0.004s	user 0.003s	sys 0.000s
I20260601 13:37:07.893826 11357 catalog_manager.cc:5696] T d310821e6ca24501bb11c9b66b3b8603 P 0addf469c4a545469865c86d9d361d53 reported cstate change: term changed from 0 to 1, leader changed from <none> to 0addf469c4a545469865c86d9d361d53 (127.9.233.129). New cstate: current_term: 1 leader_uuid: "0addf469c4a545469865c86d9d361d53" committed_config { opid_index: -1 OBSOLETE_local: true peers { permanent_uuid: "0addf469c4a545469865c86d9d361d53" member_type: VOTER last_known_addr { host: "127.9.233.129" port: 44837 } health_report { overall_health: HEALTHY } } }
I20260601 13:37:07.889130 11356 catalog_manager.cc:5696] T 616122b4ec20452ba9d50992b50ed6b8 P 1acf4f9e4e7f4e7d9706f60c0ffd33e9 reported cstate change: term changed from 0 to 1, leader changed from <none> to 1acf4f9e4e7f4e7d9706f60c0ffd33e9 (127.9.233.130). New cstate: current_term: 1 leader_uuid: "1acf4f9e4e7f4e7d9706f60c0ffd33e9" committed_config { opid_index: -1 OBSOLETE_local: true peers { permanent_uuid: "1acf4f9e4e7f4e7d9706f60c0ffd33e9" member_type: VOTER last_known_addr { host: "127.9.233.130" port: 46837 } health_report { overall_health: HEALTHY } } }
I20260601 13:37:07.897837 11727 raft_consensus.cc:2804] T d7d2c39225344b96a643eb2555c57e7c P 440aa2b1a52f4824b3b377177cde6fbe [term 1 FOLLOWER]: Leader election won for term 1
I20260601 13:37:07.898545 11727 raft_consensus.cc:697] T d7d2c39225344b96a643eb2555c57e7c P 440aa2b1a52f4824b3b377177cde6fbe [term 1 LEADER]: Becoming Leader. State: Replica: 440aa2b1a52f4824b3b377177cde6fbe, State: Running, Role: LEADER
I20260601 13:37:07.899802 11727 consensus_queue.cc:237] T d7d2c39225344b96a643eb2555c57e7c P 440aa2b1a52f4824b3b377177cde6fbe [LEADER]: Queue going to LEADER mode. State: All replicated index: 0, Majority replicated index: 0, Committed index: 0, Last appended: 0.0, Last appended by leader: 0, Current term: 1, Majority size: 1, State: 0, Mode: LEADER, active raft config: opid_index: -1 OBSOLETE_local: true peers { permanent_uuid: "440aa2b1a52f4824b3b377177cde6fbe" member_type: VOTER last_known_addr { host: "127.9.233.131" port: 33419 } }
I20260601 13:37:07.901994 11357 catalog_manager.cc:5696] T d7d2c39225344b96a643eb2555c57e7c P 440aa2b1a52f4824b3b377177cde6fbe reported cstate change: term changed from 0 to 1, leader changed from <none> to 440aa2b1a52f4824b3b377177cde6fbe (127.9.233.131). New cstate: current_term: 1 leader_uuid: "440aa2b1a52f4824b3b377177cde6fbe" committed_config { opid_index: -1 OBSOLETE_local: true peers { permanent_uuid: "440aa2b1a52f4824b3b377177cde6fbe" member_type: VOTER last_known_addr { host: "127.9.233.131" port: 33419 } health_report { overall_health: HEALTHY } } }
I20260601 13:37:07.914894 10150 master.cc:562] Master@127.9.233.188:45439 shutting down...
I20260601 13:37:07.918810 10150 raft_consensus.cc:2243] T 00000000000000000000000000000000 P a7e29059da24458d994d6525caf4e0ea [term 1 LEADER]: Raft consensus shutting down.
I20260601 13:37:07.919157 10150 raft_consensus.cc:2272] T 00000000000000000000000000000000 P a7e29059da24458d994d6525caf4e0ea [term 1 FOLLOWER]: Raft consensus is shut down!
I20260601 13:37:07.919234 10150 tablet_replica.cc:333] T 00000000000000000000000000000000 P a7e29059da24458d994d6525caf4e0ea: stopping tablet replica
I20260601 13:37:07.935005 10150 master.cc:584] Master@127.9.233.188:45439 shutdown complete.
W20260601 13:37:08.902711 11509 heartbeater.cc:646] Failed to heartbeat to 127.9.233.188:45439 (0 consecutive failures): Network error: Failed to send heartbeat to master: Client connection negotiation failed: client connection to 127.9.233.188:45439: connect: Connection refused (error 111)
I20260601 13:37:09.407415 11737 raft_consensus.cc:493] T 00000000000000000000000000000000 P 7a09f22e85be41c5a2efd83f197610b5 [term 1 FOLLOWER]: Starting pre-election (detected failure of leader a7e29059da24458d994d6525caf4e0ea)
I20260601 13:37:09.407701 11737 raft_consensus.cc:515] T 00000000000000000000000000000000 P 7a09f22e85be41c5a2efd83f197610b5 [term 1 FOLLOWER]: Starting pre-election with config: opid_index: -1 OBSOLETE_local: false peers { permanent_uuid: "c21f36909ace40afbe78e97740d98bd4" member_type: VOTER last_known_addr { host: "127.9.233.190" port: 40579 } } peers { permanent_uuid: "7a09f22e85be41c5a2efd83f197610b5" member_type: VOTER last_known_addr { host: "127.9.233.189" port: 40833 } } peers { permanent_uuid: "a7e29059da24458d994d6525caf4e0ea" member_type: VOTER last_known_addr { host: "127.9.233.188" port: 45439 } }
I20260601 13:37:09.408020 11738 raft_consensus.cc:493] T 00000000000000000000000000000000 P c21f36909ace40afbe78e97740d98bd4 [term 1 FOLLOWER]: Starting pre-election (detected failure of leader a7e29059da24458d994d6525caf4e0ea)
I20260601 13:37:09.408224 11738 raft_consensus.cc:515] T 00000000000000000000000000000000 P c21f36909ace40afbe78e97740d98bd4 [term 1 FOLLOWER]: Starting pre-election with config: opid_index: -1 OBSOLETE_local: false peers { permanent_uuid: "c21f36909ace40afbe78e97740d98bd4" member_type: VOTER last_known_addr { host: "127.9.233.190" port: 40579 } } peers { permanent_uuid: "7a09f22e85be41c5a2efd83f197610b5" member_type: VOTER last_known_addr { host: "127.9.233.189" port: 40833 } } peers { permanent_uuid: "a7e29059da24458d994d6525caf4e0ea" member_type: VOTER last_known_addr { host: "127.9.233.188" port: 45439 } }
I20260601 13:37:09.408558 11737 leader_election.cc:290] T 00000000000000000000000000000000 P 7a09f22e85be41c5a2efd83f197610b5 [CANDIDATE]: Term 2 pre-election: Requested pre-vote from peers c21f36909ace40afbe78e97740d98bd4 (127.9.233.190:40579), a7e29059da24458d994d6525caf4e0ea (127.9.233.188:45439)
I20260601 13:37:09.408831 11738 leader_election.cc:290] T 00000000000000000000000000000000 P c21f36909ace40afbe78e97740d98bd4 [CANDIDATE]: Term 2 pre-election: Requested pre-vote from peers 7a09f22e85be41c5a2efd83f197610b5 (127.9.233.189:40833), a7e29059da24458d994d6525caf4e0ea (127.9.233.188:45439)
I20260601 13:37:09.409125 11235 tablet_service.cc:1917] Received RequestConsensusVote() RPC: tablet_id: "00000000000000000000000000000000" candidate_uuid: "7a09f22e85be41c5a2efd83f197610b5" candidate_term: 2 candidate_status { last_received { term: 1 index: 9 } } ignore_live_leader: false dest_uuid: "c21f36909ace40afbe78e97740d98bd4" is_pre_election: true
I20260601 13:37:09.409389 11301 tablet_service.cc:1917] Received RequestConsensusVote() RPC: tablet_id: "00000000000000000000000000000000" candidate_uuid: "c21f36909ace40afbe78e97740d98bd4" candidate_term: 2 candidate_status { last_received { term: 1 index: 9 } } ignore_live_leader: false dest_uuid: "7a09f22e85be41c5a2efd83f197610b5" is_pre_election: true
I20260601 13:37:09.409421 11235 raft_consensus.cc:2468] T 00000000000000000000000000000000 P c21f36909ace40afbe78e97740d98bd4 [term 1 FOLLOWER]: Leader pre-election vote request: Granting yes vote for candidate 7a09f22e85be41c5a2efd83f197610b5 in term 1.
I20260601 13:37:09.409518 11301 raft_consensus.cc:2468] T 00000000000000000000000000000000 P 7a09f22e85be41c5a2efd83f197610b5 [term 1 FOLLOWER]: Leader pre-election vote request: Granting yes vote for candidate c21f36909ace40afbe78e97740d98bd4 in term 1.
I20260601 13:37:09.409898 11276 leader_election.cc:304] T 00000000000000000000000000000000 P 7a09f22e85be41c5a2efd83f197610b5 [CANDIDATE]: Term 2 pre-election: Election decided. Result: candidate won. Election summary: received 2 responses out of 3 voters: 2 yes votes; 0 no votes. yes voters: 7a09f22e85be41c5a2efd83f197610b5, c21f36909ace40afbe78e97740d98bd4; no voters: 
I20260601 13:37:09.409910 11209 leader_election.cc:304] T 00000000000000000000000000000000 P c21f36909ace40afbe78e97740d98bd4 [CANDIDATE]: Term 2 pre-election: Election decided. Result: candidate won. Election summary: received 2 responses out of 3 voters: 2 yes votes; 0 no votes. yes voters: 7a09f22e85be41c5a2efd83f197610b5, c21f36909ace40afbe78e97740d98bd4; no voters: 
I20260601 13:37:09.410145 11737 raft_consensus.cc:2804] T 00000000000000000000000000000000 P 7a09f22e85be41c5a2efd83f197610b5 [term 1 FOLLOWER]: Leader pre-election won for term 2
I20260601 13:37:09.410202 11737 raft_consensus.cc:493] T 00000000000000000000000000000000 P 7a09f22e85be41c5a2efd83f197610b5 [term 1 FOLLOWER]: Starting leader election (detected failure of leader a7e29059da24458d994d6525caf4e0ea)
I20260601 13:37:09.410274 11737 raft_consensus.cc:3060] T 00000000000000000000000000000000 P 7a09f22e85be41c5a2efd83f197610b5 [term 1 FOLLOWER]: Advancing to term 2
I20260601 13:37:09.410290 11738 raft_consensus.cc:2804] T 00000000000000000000000000000000 P c21f36909ace40afbe78e97740d98bd4 [term 1 FOLLOWER]: Leader pre-election won for term 2
I20260601 13:37:09.410358 11738 raft_consensus.cc:493] T 00000000000000000000000000000000 P c21f36909ace40afbe78e97740d98bd4 [term 1 FOLLOWER]: Starting leader election (detected failure of leader a7e29059da24458d994d6525caf4e0ea)
I20260601 13:37:09.410419 11738 raft_consensus.cc:3060] T 00000000000000000000000000000000 P c21f36909ace40afbe78e97740d98bd4 [term 1 FOLLOWER]: Advancing to term 2
W20260601 13:37:09.410955 11275 leader_election.cc:336] T 00000000000000000000000000000000 P 7a09f22e85be41c5a2efd83f197610b5 [CANDIDATE]: Term 2 pre-election: RPC error from VoteRequest() call to peer a7e29059da24458d994d6525caf4e0ea (127.9.233.188:45439): Network error: Client connection negotiation failed: client connection to 127.9.233.188:45439: connect: Connection refused (error 111)
W20260601 13:37:09.411273 11210 leader_election.cc:336] T 00000000000000000000000000000000 P c21f36909ace40afbe78e97740d98bd4 [CANDIDATE]: Term 2 pre-election: RPC error from VoteRequest() call to peer a7e29059da24458d994d6525caf4e0ea (127.9.233.188:45439): Network error: Client connection negotiation failed: client connection to 127.9.233.188:45439: connect: Connection refused (error 111)
I20260601 13:37:09.411918 11737 raft_consensus.cc:515] T 00000000000000000000000000000000 P 7a09f22e85be41c5a2efd83f197610b5 [term 2 FOLLOWER]: Starting leader election with config: opid_index: -1 OBSOLETE_local: false peers { permanent_uuid: "c21f36909ace40afbe78e97740d98bd4" member_type: VOTER last_known_addr { host: "127.9.233.190" port: 40579 } } peers { permanent_uuid: "7a09f22e85be41c5a2efd83f197610b5" member_type: VOTER last_known_addr { host: "127.9.233.189" port: 40833 } } peers { permanent_uuid: "a7e29059da24458d994d6525caf4e0ea" member_type: VOTER last_known_addr { host: "127.9.233.188" port: 45439 } }
I20260601 13:37:09.411973 11738 raft_consensus.cc:515] T 00000000000000000000000000000000 P c21f36909ace40afbe78e97740d98bd4 [term 2 FOLLOWER]: Starting leader election with config: opid_index: -1 OBSOLETE_local: false peers { permanent_uuid: "c21f36909ace40afbe78e97740d98bd4" member_type: VOTER last_known_addr { host: "127.9.233.190" port: 40579 } } peers { permanent_uuid: "7a09f22e85be41c5a2efd83f197610b5" member_type: VOTER last_known_addr { host: "127.9.233.189" port: 40833 } } peers { permanent_uuid: "a7e29059da24458d994d6525caf4e0ea" member_type: VOTER last_known_addr { host: "127.9.233.188" port: 45439 } }
I20260601 13:37:09.412356 11737 leader_election.cc:290] T 00000000000000000000000000000000 P 7a09f22e85be41c5a2efd83f197610b5 [CANDIDATE]: Term 2 election: Requested vote from peers c21f36909ace40afbe78e97740d98bd4 (127.9.233.190:40579), a7e29059da24458d994d6525caf4e0ea (127.9.233.188:45439)
I20260601 13:37:09.412606 11738 leader_election.cc:290] T 00000000000000000000000000000000 P c21f36909ace40afbe78e97740d98bd4 [CANDIDATE]: Term 2 election: Requested vote from peers 7a09f22e85be41c5a2efd83f197610b5 (127.9.233.189:40833), a7e29059da24458d994d6525caf4e0ea (127.9.233.188:45439)
I20260601 13:37:09.412644 11301 tablet_service.cc:1917] Received RequestConsensusVote() RPC: tablet_id: "00000000000000000000000000000000" candidate_uuid: "c21f36909ace40afbe78e97740d98bd4" candidate_term: 2 candidate_status { last_received { term: 1 index: 9 } } ignore_live_leader: false dest_uuid: "7a09f22e85be41c5a2efd83f197610b5"
I20260601 13:37:09.412822 11301 raft_consensus.cc:2393] T 00000000000000000000000000000000 P 7a09f22e85be41c5a2efd83f197610b5 [term 2 FOLLOWER]: Leader election vote request: Denying vote to candidate c21f36909ace40afbe78e97740d98bd4 in current term 2: Already voted for candidate 7a09f22e85be41c5a2efd83f197610b5 in this term.
I20260601 13:37:09.412675 11235 tablet_service.cc:1917] Received RequestConsensusVote() RPC: tablet_id: "00000000000000000000000000000000" candidate_uuid: "7a09f22e85be41c5a2efd83f197610b5" candidate_term: 2 candidate_status { last_received { term: 1 index: 9 } } ignore_live_leader: false dest_uuid: "c21f36909ace40afbe78e97740d98bd4"
I20260601 13:37:09.412953 11235 raft_consensus.cc:2393] T 00000000000000000000000000000000 P c21f36909ace40afbe78e97740d98bd4 [term 2 FOLLOWER]: Leader election vote request: Denying vote to candidate 7a09f22e85be41c5a2efd83f197610b5 in current term 2: Already voted for candidate c21f36909ace40afbe78e97740d98bd4 in this term.
W20260601 13:37:09.413714 11210 leader_election.cc:336] T 00000000000000000000000000000000 P c21f36909ace40afbe78e97740d98bd4 [CANDIDATE]: Term 2 election: RPC error from VoteRequest() call to peer a7e29059da24458d994d6525caf4e0ea (127.9.233.188:45439): Network error: Client connection negotiation failed: client connection to 127.9.233.188:45439: connect: Connection refused (error 111)
I20260601 13:37:09.413794 11210 leader_election.cc:304] T 00000000000000000000000000000000 P c21f36909ace40afbe78e97740d98bd4 [CANDIDATE]: Term 2 election: Election decided. Result: candidate lost. Election summary: received 3 responses out of 3 voters: 1 yes votes; 2 no votes. yes voters: c21f36909ace40afbe78e97740d98bd4; no voters: 7a09f22e85be41c5a2efd83f197610b5, a7e29059da24458d994d6525caf4e0ea
I20260601 13:37:09.413932 11738 raft_consensus.cc:2749] T 00000000000000000000000000000000 P c21f36909ace40afbe78e97740d98bd4 [term 2 FOLLOWER]: Leader election lost for term 2. Reason: could not achieve majority
W20260601 13:37:09.413970 11275 leader_election.cc:336] T 00000000000000000000000000000000 P 7a09f22e85be41c5a2efd83f197610b5 [CANDIDATE]: Term 2 election: RPC error from VoteRequest() call to peer a7e29059da24458d994d6525caf4e0ea (127.9.233.188:45439): Network error: Client connection negotiation failed: client connection to 127.9.233.188:45439: connect: Connection refused (error 111)
I20260601 13:37:09.414063 11275 leader_election.cc:304] T 00000000000000000000000000000000 P 7a09f22e85be41c5a2efd83f197610b5 [CANDIDATE]: Term 2 election: Election decided. Result: candidate lost. Election summary: received 3 responses out of 3 voters: 1 yes votes; 2 no votes. yes voters: 7a09f22e85be41c5a2efd83f197610b5; no voters: a7e29059da24458d994d6525caf4e0ea, c21f36909ace40afbe78e97740d98bd4
I20260601 13:37:09.414225 11737 raft_consensus.cc:2749] T 00000000000000000000000000000000 P 7a09f22e85be41c5a2efd83f197610b5 [term 2 FOLLOWER]: Leader election lost for term 2. Reason: could not achieve majority
I20260601 13:37:10.992913 11749 raft_consensus.cc:493] T 00000000000000000000000000000000 P 7a09f22e85be41c5a2efd83f197610b5 [term 2 FOLLOWER]: Starting pre-election (no leader contacted us within the election timeout)
I20260601 13:37:10.993134 11749 raft_consensus.cc:515] T 00000000000000000000000000000000 P 7a09f22e85be41c5a2efd83f197610b5 [term 2 FOLLOWER]: Starting pre-election with config: opid_index: -1 OBSOLETE_local: false peers { permanent_uuid: "c21f36909ace40afbe78e97740d98bd4" member_type: VOTER last_known_addr { host: "127.9.233.190" port: 40579 } } peers { permanent_uuid: "7a09f22e85be41c5a2efd83f197610b5" member_type: VOTER last_known_addr { host: "127.9.233.189" port: 40833 } } peers { permanent_uuid: "a7e29059da24458d994d6525caf4e0ea" member_type: VOTER last_known_addr { host: "127.9.233.188" port: 45439 } }
I20260601 13:37:10.993721 11749 leader_election.cc:290] T 00000000000000000000000000000000 P 7a09f22e85be41c5a2efd83f197610b5 [CANDIDATE]: Term 3 pre-election: Requested pre-vote from peers c21f36909ace40afbe78e97740d98bd4 (127.9.233.190:40579), a7e29059da24458d994d6525caf4e0ea (127.9.233.188:45439)
I20260601 13:37:10.994328 11235 tablet_service.cc:1917] Received RequestConsensusVote() RPC: tablet_id: "00000000000000000000000000000000" candidate_uuid: "7a09f22e85be41c5a2efd83f197610b5" candidate_term: 3 candidate_status { last_received { term: 1 index: 9 } } ignore_live_leader: false dest_uuid: "c21f36909ace40afbe78e97740d98bd4" is_pre_election: true
I20260601 13:37:10.994578 11235 raft_consensus.cc:2468] T 00000000000000000000000000000000 P c21f36909ace40afbe78e97740d98bd4 [term 2 FOLLOWER]: Leader pre-election vote request: Granting yes vote for candidate 7a09f22e85be41c5a2efd83f197610b5 in term 2.
W20260601 13:37:10.994638 11275 proxy.cc:239] Call had error, refreshing address and retrying: Network error: Client connection negotiation failed: client connection to 127.9.233.188:45439: connect: Connection refused (error 111) [suppressed 5 similar messages]
I20260601 13:37:10.994985 11276 leader_election.cc:304] T 00000000000000000000000000000000 P 7a09f22e85be41c5a2efd83f197610b5 [CANDIDATE]: Term 3 pre-election: Election decided. Result: candidate won. Election summary: received 2 responses out of 3 voters: 2 yes votes; 0 no votes. yes voters: 7a09f22e85be41c5a2efd83f197610b5, c21f36909ace40afbe78e97740d98bd4; no voters: 
I20260601 13:37:10.995186 11749 raft_consensus.cc:2804] T 00000000000000000000000000000000 P 7a09f22e85be41c5a2efd83f197610b5 [term 2 FOLLOWER]: Leader pre-election won for term 3
I20260601 13:37:10.995265 11749 raft_consensus.cc:493] T 00000000000000000000000000000000 P 7a09f22e85be41c5a2efd83f197610b5 [term 2 FOLLOWER]: Starting leader election (no leader contacted us within the election timeout)
I20260601 13:37:10.995321 11749 raft_consensus.cc:3060] T 00000000000000000000000000000000 P 7a09f22e85be41c5a2efd83f197610b5 [term 2 FOLLOWER]: Advancing to term 3
W20260601 13:37:10.995677 11275 leader_election.cc:336] T 00000000000000000000000000000000 P 7a09f22e85be41c5a2efd83f197610b5 [CANDIDATE]: Term 3 pre-election: RPC error from VoteRequest() call to peer a7e29059da24458d994d6525caf4e0ea (127.9.233.188:45439): Network error: Client connection negotiation failed: client connection to 127.9.233.188:45439: connect: Connection refused (error 111)
I20260601 13:37:10.996441 11749 raft_consensus.cc:515] T 00000000000000000000000000000000 P 7a09f22e85be41c5a2efd83f197610b5 [term 3 FOLLOWER]: Starting leader election with config: opid_index: -1 OBSOLETE_local: false peers { permanent_uuid: "c21f36909ace40afbe78e97740d98bd4" member_type: VOTER last_known_addr { host: "127.9.233.190" port: 40579 } } peers { permanent_uuid: "7a09f22e85be41c5a2efd83f197610b5" member_type: VOTER last_known_addr { host: "127.9.233.189" port: 40833 } } peers { permanent_uuid: "a7e29059da24458d994d6525caf4e0ea" member_type: VOTER last_known_addr { host: "127.9.233.188" port: 45439 } }
I20260601 13:37:10.996881 11749 leader_election.cc:290] T 00000000000000000000000000000000 P 7a09f22e85be41c5a2efd83f197610b5 [CANDIDATE]: Term 3 election: Requested vote from peers c21f36909ace40afbe78e97740d98bd4 (127.9.233.190:40579), a7e29059da24458d994d6525caf4e0ea (127.9.233.188:45439)
I20260601 13:37:10.997256 11235 tablet_service.cc:1917] Received RequestConsensusVote() RPC: tablet_id: "00000000000000000000000000000000" candidate_uuid: "7a09f22e85be41c5a2efd83f197610b5" candidate_term: 3 candidate_status { last_received { term: 1 index: 9 } } ignore_live_leader: false dest_uuid: "c21f36909ace40afbe78e97740d98bd4"
I20260601 13:37:10.997380 11235 raft_consensus.cc:3060] T 00000000000000000000000000000000 P c21f36909ace40afbe78e97740d98bd4 [term 2 FOLLOWER]: Advancing to term 3
W20260601 13:37:10.998132 11275 leader_election.cc:336] T 00000000000000000000000000000000 P 7a09f22e85be41c5a2efd83f197610b5 [CANDIDATE]: Term 3 election: RPC error from VoteRequest() call to peer a7e29059da24458d994d6525caf4e0ea (127.9.233.188:45439): Network error: Client connection negotiation failed: client connection to 127.9.233.188:45439: connect: Connection refused (error 111)
I20260601 13:37:10.998394 11235 raft_consensus.cc:2468] T 00000000000000000000000000000000 P c21f36909ace40afbe78e97740d98bd4 [term 3 FOLLOWER]: Leader election vote request: Granting yes vote for candidate 7a09f22e85be41c5a2efd83f197610b5 in term 3.
I20260601 13:37:10.998909 11276 leader_election.cc:304] T 00000000000000000000000000000000 P 7a09f22e85be41c5a2efd83f197610b5 [CANDIDATE]: Term 3 election: Election decided. Result: candidate won. Election summary: received 3 responses out of 3 voters: 2 yes votes; 1 no votes. yes voters: 7a09f22e85be41c5a2efd83f197610b5, c21f36909ace40afbe78e97740d98bd4; no voters: a7e29059da24458d994d6525caf4e0ea
I20260601 13:37:10.999368 11749 raft_consensus.cc:2804] T 00000000000000000000000000000000 P 7a09f22e85be41c5a2efd83f197610b5 [term 3 FOLLOWER]: Leader election won for term 3
I20260601 13:37:10.999770 11749 raft_consensus.cc:697] T 00000000000000000000000000000000 P 7a09f22e85be41c5a2efd83f197610b5 [term 3 LEADER]: Becoming Leader. State: Replica: 7a09f22e85be41c5a2efd83f197610b5, State: Running, Role: LEADER
I20260601 13:37:10.999979 11749 consensus_queue.cc:237] T 00000000000000000000000000000000 P 7a09f22e85be41c5a2efd83f197610b5 [LEADER]: Queue going to LEADER mode. State: All replicated index: 0, Majority replicated index: 9, Committed index: 9, Last appended: 1.9, Last appended by leader: 9, Current term: 3, Majority size: 2, State: 0, Mode: LEADER, active raft config: opid_index: -1 OBSOLETE_local: false peers { permanent_uuid: "c21f36909ace40afbe78e97740d98bd4" member_type: VOTER last_known_addr { host: "127.9.233.190" port: 40579 } } peers { permanent_uuid: "7a09f22e85be41c5a2efd83f197610b5" member_type: VOTER last_known_addr { host: "127.9.233.189" port: 40833 } } peers { permanent_uuid: "a7e29059da24458d994d6525caf4e0ea" member_type: VOTER last_known_addr { host: "127.9.233.188" port: 45439 } }
I20260601 13:37:11.001302 11752 sys_catalog.cc:455] T 00000000000000000000000000000000 P 7a09f22e85be41c5a2efd83f197610b5 [sys.catalog]: SysCatalogTable state changed. Reason: New leader 7a09f22e85be41c5a2efd83f197610b5. Latest consensus state: current_term: 3 leader_uuid: "7a09f22e85be41c5a2efd83f197610b5" committed_config { opid_index: -1 OBSOLETE_local: false peers { permanent_uuid: "c21f36909ace40afbe78e97740d98bd4" member_type: VOTER last_known_addr { host: "127.9.233.190" port: 40579 } } peers { permanent_uuid: "7a09f22e85be41c5a2efd83f197610b5" member_type: VOTER last_known_addr { host: "127.9.233.189" port: 40833 } } peers { permanent_uuid: "a7e29059da24458d994d6525caf4e0ea" member_type: VOTER last_known_addr { host: "127.9.233.188" port: 45439 } } }
I20260601 13:37:11.001516 11752 sys_catalog.cc:458] T 00000000000000000000000000000000 P 7a09f22e85be41c5a2efd83f197610b5 [sys.catalog]: This master's current role is: LEADER
I20260601 13:37:11.001955 11754 catalog_manager.cc:1510] Loading table and tablet metadata into memory...
I20260601 13:37:11.003360 11754 catalog_manager.cc:679] Loaded metadata for table test-workload [id=f5404908281c43cba5f76950342b0566]
I20260601 13:37:11.004334 11754 tablet_loader.cc:96] loaded metadata for tablet 616122b4ec20452ba9d50992b50ed6b8 (table test-workload [id=f5404908281c43cba5f76950342b0566])
I20260601 13:37:11.004599 11754 tablet_loader.cc:96] loaded metadata for tablet d310821e6ca24501bb11c9b66b3b8603 (table test-workload [id=f5404908281c43cba5f76950342b0566])
I20260601 13:37:11.004907 11754 tablet_loader.cc:96] loaded metadata for tablet d7d2c39225344b96a643eb2555c57e7c (table test-workload [id=f5404908281c43cba5f76950342b0566])
I20260601 13:37:11.005080 11754 catalog_manager.cc:1519] Initializing Kudu cluster ID...
I20260601 13:37:11.005558 11754 catalog_manager.cc:1294] Loaded cluster ID: 1829d63a89f841bc952651a274eba02e
I20260601 13:37:11.005628 11754 catalog_manager.cc:1530] Initializing Kudu internal certificate authority...
I20260601 13:37:11.006345 11754 catalog_manager.cc:1539] Loading token signing keys...
I20260601 13:37:11.006767 11754 catalog_manager.cc:6080] T 00000000000000000000000000000000 P 7a09f22e85be41c5a2efd83f197610b5: Loaded TSK: 0
I20260601 13:37:11.007314 11754 catalog_manager.cc:1549] Initializing in-progress tserver states...
W20260601 13:37:11.440654 11275 consensus_peers.cc:597] T 00000000000000000000000000000000 P 7a09f22e85be41c5a2efd83f197610b5 -> Peer a7e29059da24458d994d6525caf4e0ea (127.9.233.188:45439): Couldn't send request to peer a7e29059da24458d994d6525caf4e0ea. Status: Network error: Client connection negotiation failed: client connection to 127.9.233.188:45439: connect: Connection refused (error 111). This is attempt 1: this message will repeat every 5th retry.
I20260601 13:37:11.568099 11435 auto_leader_rebalancer.cc:140] leader rebalance for table test-workload
I20260601 13:37:11.568284 11435 auto_leader_rebalancer.cc:451] All tables' leader rebalancing finished this round
I20260601 13:37:11.580476 10150 tablet_server.cc:179] TabletServer@127.9.233.129:0 shutting down...
I20260601 13:37:11.582938 11235 raft_consensus.cc:1275] T 00000000000000000000000000000000 P c21f36909ace40afbe78e97740d98bd4 [term 3 FOLLOWER]: Refusing update from remote peer 7a09f22e85be41c5a2efd83f197610b5: Log matching property violated. Preceding OpId in replica: term: 1 index: 9. Preceding OpId from leader: term: 3 index: 10. (index mismatch)
I20260601 13:37:11.583640 11752 consensus_queue.cc:1048] T 00000000000000000000000000000000 P 7a09f22e85be41c5a2efd83f197610b5 [LEADER]: Connected to new peer: Peer: permanent_uuid: "c21f36909ace40afbe78e97740d98bd4" member_type: VOTER last_known_addr { host: "127.9.233.190" port: 40579 }, Status: LMP_MISMATCH, Last received: 0.0, Next index: 10, Last known committed idx: 9, Time since last communication: 0.000s
I20260601 13:37:11.586335 11755 sys_catalog.cc:455] T 00000000000000000000000000000000 P c21f36909ace40afbe78e97740d98bd4 [sys.catalog]: SysCatalogTable state changed. Reason: New leader 7a09f22e85be41c5a2efd83f197610b5. Latest consensus state: current_term: 3 leader_uuid: "7a09f22e85be41c5a2efd83f197610b5" committed_config { opid_index: -1 OBSOLETE_local: false peers { permanent_uuid: "c21f36909ace40afbe78e97740d98bd4" member_type: VOTER last_known_addr { host: "127.9.233.190" port: 40579 } } peers { permanent_uuid: "7a09f22e85be41c5a2efd83f197610b5" member_type: VOTER last_known_addr { host: "127.9.233.189" port: 40833 } } peers { permanent_uuid: "a7e29059da24458d994d6525caf4e0ea" member_type: VOTER last_known_addr { host: "127.9.233.188" port: 45439 } } }
I20260601 13:37:11.586597 11755 sys_catalog.cc:458] T 00000000000000000000000000000000 P c21f36909ace40afbe78e97740d98bd4 [sys.catalog]: This master's current role is: FOLLOWER
I20260601 13:37:11.588522 10150 ts_tablet_manager.cc:1507] Shutting down tablet manager...
I20260601 13:37:11.588704 11757 sys_catalog.cc:455] T 00000000000000000000000000000000 P 7a09f22e85be41c5a2efd83f197610b5 [sys.catalog]: SysCatalogTable state changed. Reason: Peer health change. Latest consensus state: current_term: 3 leader_uuid: "7a09f22e85be41c5a2efd83f197610b5" committed_config { opid_index: -1 OBSOLETE_local: false peers { permanent_uuid: "c21f36909ace40afbe78e97740d98bd4" member_type: VOTER last_known_addr { host: "127.9.233.190" port: 40579 } } peers { permanent_uuid: "7a09f22e85be41c5a2efd83f197610b5" member_type: VOTER last_known_addr { host: "127.9.233.189" port: 40833 } } peers { permanent_uuid: "a7e29059da24458d994d6525caf4e0ea" member_type: VOTER last_known_addr { host: "127.9.233.188" port: 45439 } } }
I20260601 13:37:11.588831 11757 sys_catalog.cc:458] T 00000000000000000000000000000000 P 7a09f22e85be41c5a2efd83f197610b5 [sys.catalog]: This master's current role is: LEADER
I20260601 13:37:11.588958 10150 tablet_replica.cc:333] T d310821e6ca24501bb11c9b66b3b8603 P 0addf469c4a545469865c86d9d361d53: stopping tablet replica
I20260601 13:37:11.589140 10150 raft_consensus.cc:2243] T d310821e6ca24501bb11c9b66b3b8603 P 0addf469c4a545469865c86d9d361d53 [term 1 LEADER]: Raft consensus shutting down.
I20260601 13:37:11.589270 10150 raft_consensus.cc:2272] T d310821e6ca24501bb11c9b66b3b8603 P 0addf469c4a545469865c86d9d361d53 [term 1 FOLLOWER]: Raft consensus is shut down!
I20260601 13:37:11.589562 11755 sys_catalog.cc:455] T 00000000000000000000000000000000 P c21f36909ace40afbe78e97740d98bd4 [sys.catalog]: SysCatalogTable state changed. Reason: Replicated consensus-only round. Latest consensus state: current_term: 3 leader_uuid: "7a09f22e85be41c5a2efd83f197610b5" committed_config { opid_index: -1 OBSOLETE_local: false peers { permanent_uuid: "c21f36909ace40afbe78e97740d98bd4" member_type: VOTER last_known_addr { host: "127.9.233.190" port: 40579 } } peers { permanent_uuid: "7a09f22e85be41c5a2efd83f197610b5" member_type: VOTER last_known_addr { host: "127.9.233.189" port: 40833 } } peers { permanent_uuid: "a7e29059da24458d994d6525caf4e0ea" member_type: VOTER last_known_addr { host: "127.9.233.188" port: 45439 } } }
