I20260601 13:38:37.610169   850 leader_election.cc:304] T b70d2fe6697c43ccbf2b7c56803edd68 P 42412472a07a4bc981aa61bc48017532 [CANDIDATE]: Term 1 pre-election: Election decided. Result: candidate won. Election summary: received 3 responses out of 3 voters: 3 yes votes; 0 no votes. yes voters: 42412472a07a4bc981aa61bc48017532, dc42bf1ca48e43eb9bf7dc9a890d2d42, e668744a82084bcb84da0f56a138fb11; no voters: 
I20260601 13:38:37.610358  1014 raft_consensus.cc:2804] T b70d2fe6697c43ccbf2b7c56803edd68 P 42412472a07a4bc981aa61bc48017532 [term 0 FOLLOWER]: Leader pre-election won for term 1
I20260601 13:38:37.610432  1014 raft_consensus.cc:493] T b70d2fe6697c43ccbf2b7c56803edd68 P 42412472a07a4bc981aa61bc48017532 [term 0 FOLLOWER]: Starting leader election (no leader contacted us within the election timeout)
I20260601 13:38:37.610491  1014 raft_consensus.cc:3060] T b70d2fe6697c43ccbf2b7c56803edd68 P 42412472a07a4bc981aa61bc48017532 [term 0 FOLLOWER]: Advancing to term 1
I20260601 13:38:37.611385  1014 raft_consensus.cc:515] T b70d2fe6697c43ccbf2b7c56803edd68 P 42412472a07a4bc981aa61bc48017532 [term 1 FOLLOWER]: Starting leader election with config: opid_index: -1 OBSOLETE_local: false peers { permanent_uuid: "dc42bf1ca48e43eb9bf7dc9a890d2d42" member_type: VOTER last_known_addr { host: "127.28.45.1" port: 39465 } } peers { permanent_uuid: "42412472a07a4bc981aa61bc48017532" member_type: VOTER last_known_addr { host: "127.28.45.2" port: 45943 } } peers { permanent_uuid: "e668744a82084bcb84da0f56a138fb11" member_type: VOTER last_known_addr { host: "127.28.45.3" port: 38387 } }
I20260601 13:38:37.611720  1014 leader_election.cc:290] T b70d2fe6697c43ccbf2b7c56803edd68 P 42412472a07a4bc981aa61bc48017532 [CANDIDATE]: Term 1 election: Requested vote from peers dc42bf1ca48e43eb9bf7dc9a890d2d42 (127.28.45.1:39465), e668744a82084bcb84da0f56a138fb11 (127.28.45.3:38387)
I20260601 13:38:37.612023   808 tablet_service.cc:1917] Received RequestConsensusVote() RPC: tablet_id: "b70d2fe6697c43ccbf2b7c56803edd68" candidate_uuid: "42412472a07a4bc981aa61bc48017532" candidate_term: 1 candidate_status { last_received { term: 0 index: 0 } } ignore_live_leader: false dest_uuid: "dc42bf1ca48e43eb9bf7dc9a890d2d42"
I20260601 13:38:37.612113   808 raft_consensus.cc:3060] T b70d2fe6697c43ccbf2b7c56803edd68 P dc42bf1ca48e43eb9bf7dc9a890d2d42 [term 0 FOLLOWER]: Advancing to term 1
I20260601 13:38:37.612807   808 raft_consensus.cc:2468] T b70d2fe6697c43ccbf2b7c56803edd68 P dc42bf1ca48e43eb9bf7dc9a890d2d42 [term 1 FOLLOWER]: Leader election vote request: Granting yes vote for candidate 42412472a07a4bc981aa61bc48017532 in term 1.
I20260601 13:38:37.613059   960 tablet_service.cc:1917] Received RequestConsensusVote() RPC: tablet_id: "b70d2fe6697c43ccbf2b7c56803edd68" candidate_uuid: "42412472a07a4bc981aa61bc48017532" candidate_term: 1 candidate_status { last_received { term: 0 index: 0 } } ignore_live_leader: false dest_uuid: "e668744a82084bcb84da0f56a138fb11"
I20260601 13:38:37.613116   850 leader_election.cc:304] T b70d2fe6697c43ccbf2b7c56803edd68 P 42412472a07a4bc981aa61bc48017532 [CANDIDATE]: Term 1 election: Election decided. Result: candidate won. Election summary: received 2 responses out of 3 voters: 2 yes votes; 0 no votes. yes voters: 42412472a07a4bc981aa61bc48017532, dc42bf1ca48e43eb9bf7dc9a890d2d42; no voters: 
I20260601 13:38:37.613158   960 raft_consensus.cc:3060] T b70d2fe6697c43ccbf2b7c56803edd68 P e668744a82084bcb84da0f56a138fb11 [term 0 FOLLOWER]: Advancing to term 1
I20260601 13:38:37.613265  1014 raft_consensus.cc:2804] T b70d2fe6697c43ccbf2b7c56803edd68 P 42412472a07a4bc981aa61bc48017532 [term 1 FOLLOWER]: Leader election won for term 1
I20260601 13:38:37.613363  1014 raft_consensus.cc:697] T b70d2fe6697c43ccbf2b7c56803edd68 P 42412472a07a4bc981aa61bc48017532 [term 1 LEADER]: Becoming Leader. State: Replica: 42412472a07a4bc981aa61bc48017532, State: Running, Role: LEADER
I20260601 13:38:37.613497  1014 consensus_queue.cc:237] T b70d2fe6697c43ccbf2b7c56803edd68 P 42412472a07a4bc981aa61bc48017532 [LEADER]: Queue going to LEADER mode. State: All replicated index: 0, Majority replicated index: 0, Committed index: 0, Last appended: 0.0, Last appended by leader: 0, Current term: 1, Majority size: 2, State: 0, Mode: LEADER, active raft config: opid_index: -1 OBSOLETE_local: false peers { permanent_uuid: "dc42bf1ca48e43eb9bf7dc9a890d2d42" member_type: VOTER last_known_addr { host: "127.28.45.1" port: 39465 } } peers { permanent_uuid: "42412472a07a4bc981aa61bc48017532" member_type: VOTER last_known_addr { host: "127.28.45.2" port: 45943 } } peers { permanent_uuid: "e668744a82084bcb84da0f56a138fb11" member_type: VOTER last_known_addr { host: "127.28.45.3" port: 38387 } }
I20260601 13:38:37.614099   960 raft_consensus.cc:2468] T b70d2fe6697c43ccbf2b7c56803edd68 P e668744a82084bcb84da0f56a138fb11 [term 1 FOLLOWER]: Leader election vote request: Granting yes vote for candidate 42412472a07a4bc981aa61bc48017532 in term 1.
I20260601 13:38:37.615408   704 catalog_manager.cc:5696] T b70d2fe6697c43ccbf2b7c56803edd68 P 42412472a07a4bc981aa61bc48017532 reported cstate change: term changed from 0 to 1, leader changed from <none> to 42412472a07a4bc981aa61bc48017532 (127.28.45.2). New cstate: current_term: 1 leader_uuid: "42412472a07a4bc981aa61bc48017532" committed_config { opid_index: -1 OBSOLETE_local: false peers { permanent_uuid: "dc42bf1ca48e43eb9bf7dc9a890d2d42" member_type: VOTER last_known_addr { host: "127.28.45.1" port: 39465 } health_report { overall_health: UNKNOWN } } peers { permanent_uuid: "42412472a07a4bc981aa61bc48017532" member_type: VOTER last_known_addr { host: "127.28.45.2" port: 45943 } health_report { overall_health: HEALTHY } } peers { permanent_uuid: "e668744a82084bcb84da0f56a138fb11" member_type: VOTER last_known_addr { host: "127.28.45.3" port: 38387 } health_report { overall_health: UNKNOWN } } }
I20260601 13:38:37.706588  1016 raft_consensus.cc:493] T 414d8a882a9c4f2d8e7b9079dfddc1ea P e668744a82084bcb84da0f56a138fb11 [term 0 FOLLOWER]: Starting pre-election (no leader contacted us within the election timeout)
I20260601 13:38:37.706924  1016 raft_consensus.cc:515] T 414d8a882a9c4f2d8e7b9079dfddc1ea P e668744a82084bcb84da0f56a138fb11 [term 0 FOLLOWER]: Starting pre-election with config: opid_index: -1 OBSOLETE_local: false peers { permanent_uuid: "dc42bf1ca48e43eb9bf7dc9a890d2d42" member_type: VOTER last_known_addr { host: "127.28.45.1" port: 39465 } } peers { permanent_uuid: "42412472a07a4bc981aa61bc48017532" member_type: VOTER last_known_addr { host: "127.28.45.2" port: 45943 } } peers { permanent_uuid: "e668744a82084bcb84da0f56a138fb11" member_type: VOTER last_known_addr { host: "127.28.45.3" port: 38387 } }
I20260601 13:38:37.707597  1016 leader_election.cc:290] T 414d8a882a9c4f2d8e7b9079dfddc1ea P e668744a82084bcb84da0f56a138fb11 [CANDIDATE]: Term 1 pre-election: Requested pre-vote from peers dc42bf1ca48e43eb9bf7dc9a890d2d42 (127.28.45.1:39465), 42412472a07a4bc981aa61bc48017532 (127.28.45.2:45943)
I20260601 13:38:37.708153   808 tablet_service.cc:1917] Received RequestConsensusVote() RPC: tablet_id: "414d8a882a9c4f2d8e7b9079dfddc1ea" candidate_uuid: "e668744a82084bcb84da0f56a138fb11" candidate_term: 1 candidate_status { last_received { term: 0 index: 0 } } ignore_live_leader: false dest_uuid: "dc42bf1ca48e43eb9bf7dc9a890d2d42" is_pre_election: true
I20260601 13:38:37.708189   885 tablet_service.cc:1917] Received RequestConsensusVote() RPC: tablet_id: "414d8a882a9c4f2d8e7b9079dfddc1ea" candidate_uuid: "e668744a82084bcb84da0f56a138fb11" candidate_term: 1 candidate_status { last_received { term: 0 index: 0 } } ignore_live_leader: false dest_uuid: "42412472a07a4bc981aa61bc48017532" is_pre_election: true
I20260601 13:38:37.708273   808 raft_consensus.cc:2468] T 414d8a882a9c4f2d8e7b9079dfddc1ea P dc42bf1ca48e43eb9bf7dc9a890d2d42 [term 0 FOLLOWER]: Leader pre-election vote request: Granting yes vote for candidate e668744a82084bcb84da0f56a138fb11 in term 0.
I20260601 13:38:37.708446   885 raft_consensus.cc:2468] T 414d8a882a9c4f2d8e7b9079dfddc1ea P 42412472a07a4bc981aa61bc48017532 [term 0 FOLLOWER]: Leader pre-election vote request: Granting yes vote for candidate e668744a82084bcb84da0f56a138fb11 in term 0.
I20260601 13:38:37.708675   926 leader_election.cc:304] T 414d8a882a9c4f2d8e7b9079dfddc1ea P e668744a82084bcb84da0f56a138fb11 [CANDIDATE]: Term 1 pre-election: Election decided. Result: candidate won. Election summary: received 2 responses out of 3 voters: 2 yes votes; 0 no votes. yes voters: dc42bf1ca48e43eb9bf7dc9a890d2d42, e668744a82084bcb84da0f56a138fb11; no voters: 
I20260601 13:38:37.708925  1016 raft_consensus.cc:2804] T 414d8a882a9c4f2d8e7b9079dfddc1ea P e668744a82084bcb84da0f56a138fb11 [term 0 FOLLOWER]: Leader pre-election won for term 1
I20260601 13:38:37.709007  1016 raft_consensus.cc:493] T 414d8a882a9c4f2d8e7b9079dfddc1ea P e668744a82084bcb84da0f56a138fb11 [term 0 FOLLOWER]: Starting leader election (no leader contacted us within the election timeout)
I20260601 13:38:37.709064  1016 raft_consensus.cc:3060] T 414d8a882a9c4f2d8e7b9079dfddc1ea P e668744a82084bcb84da0f56a138fb11 [term 0 FOLLOWER]: Advancing to term 1
I20260601 13:38:37.709913  1016 raft_consensus.cc:515] T 414d8a882a9c4f2d8e7b9079dfddc1ea P e668744a82084bcb84da0f56a138fb11 [term 1 FOLLOWER]: Starting leader election with config: opid_index: -1 OBSOLETE_local: false peers { permanent_uuid: "dc42bf1ca48e43eb9bf7dc9a890d2d42" member_type: VOTER last_known_addr { host: "127.28.45.1" port: 39465 } } peers { permanent_uuid: "42412472a07a4bc981aa61bc48017532" member_type: VOTER last_known_addr { host: "127.28.45.2" port: 45943 } } peers { permanent_uuid: "e668744a82084bcb84da0f56a138fb11" member_type: VOTER last_known_addr { host: "127.28.45.3" port: 38387 } }
I20260601 13:38:37.710429  1016 leader_election.cc:290] T 414d8a882a9c4f2d8e7b9079dfddc1ea P e668744a82084bcb84da0f56a138fb11 [CANDIDATE]: Term 1 election: Requested vote from peers dc42bf1ca48e43eb9bf7dc9a890d2d42 (127.28.45.1:39465), 42412472a07a4bc981aa61bc48017532 (127.28.45.2:45943)
I20260601 13:38:37.710817   808 tablet_service.cc:1917] Received RequestConsensusVote() RPC: tablet_id: "414d8a882a9c4f2d8e7b9079dfddc1ea" candidate_uuid: "e668744a82084bcb84da0f56a138fb11" candidate_term: 1 candidate_status { last_received { term: 0 index: 0 } } ignore_live_leader: false dest_uuid: "dc42bf1ca48e43eb9bf7dc9a890d2d42"
I20260601 13:38:37.710847   885 tablet_service.cc:1917] Received RequestConsensusVote() RPC: tablet_id: "414d8a882a9c4f2d8e7b9079dfddc1ea" candidate_uuid: "e668744a82084bcb84da0f56a138fb11" candidate_term: 1 candidate_status { last_received { term: 0 index: 0 } } ignore_live_leader: false dest_uuid: "42412472a07a4bc981aa61bc48017532"
I20260601 13:38:37.710917   808 raft_consensus.cc:3060] T 414d8a882a9c4f2d8e7b9079dfddc1ea P dc42bf1ca48e43eb9bf7dc9a890d2d42 [term 0 FOLLOWER]: Advancing to term 1
I20260601 13:38:37.711009   885 raft_consensus.cc:3060] T 414d8a882a9c4f2d8e7b9079dfddc1ea P 42412472a07a4bc981aa61bc48017532 [term 0 FOLLOWER]: Advancing to term 1
I20260601 13:38:37.711820   885 raft_consensus.cc:2468] T 414d8a882a9c4f2d8e7b9079dfddc1ea P 42412472a07a4bc981aa61bc48017532 [term 1 FOLLOWER]: Leader election vote request: Granting yes vote for candidate e668744a82084bcb84da0f56a138fb11 in term 1.
I20260601 13:38:37.711966   808 raft_consensus.cc:2468] T 414d8a882a9c4f2d8e7b9079dfddc1ea P dc42bf1ca48e43eb9bf7dc9a890d2d42 [term 1 FOLLOWER]: Leader election vote request: Granting yes vote for candidate e668744a82084bcb84da0f56a138fb11 in term 1.
I20260601 13:38:37.712117   923 leader_election.cc:304] T 414d8a882a9c4f2d8e7b9079dfddc1ea P e668744a82084bcb84da0f56a138fb11 [CANDIDATE]: Term 1 election: Election decided. Result: candidate won. Election summary: received 2 responses out of 3 voters: 2 yes votes; 0 no votes. yes voters: 42412472a07a4bc981aa61bc48017532, e668744a82084bcb84da0f56a138fb11; no voters: 
I20260601 13:38:37.712324  1016 raft_consensus.cc:2804] T 414d8a882a9c4f2d8e7b9079dfddc1ea P e668744a82084bcb84da0f56a138fb11 [term 1 FOLLOWER]: Leader election won for term 1
I20260601 13:38:37.712414  1016 raft_consensus.cc:697] T 414d8a882a9c4f2d8e7b9079dfddc1ea P e668744a82084bcb84da0f56a138fb11 [term 1 LEADER]: Becoming Leader. State: Replica: e668744a82084bcb84da0f56a138fb11, State: Running, Role: LEADER
I20260601 13:38:37.712558  1016 consensus_queue.cc:237] T 414d8a882a9c4f2d8e7b9079dfddc1ea P e668744a82084bcb84da0f56a138fb11 [LEADER]: Queue going to LEADER mode. State: All replicated index: 0, Majority replicated index: 0, Committed index: 0, Last appended: 0.0, Last appended by leader: 0, Current term: 1, Majority size: 2, State: 0, Mode: LEADER, active raft config: opid_index: -1 OBSOLETE_local: false peers { permanent_uuid: "dc42bf1ca48e43eb9bf7dc9a890d2d42" member_type: VOTER last_known_addr { host: "127.28.45.1" port: 39465 } } peers { permanent_uuid: "42412472a07a4bc981aa61bc48017532" member_type: VOTER last_known_addr { host: "127.28.45.2" port: 45943 } } peers { permanent_uuid: "e668744a82084bcb84da0f56a138fb11" member_type: VOTER last_known_addr { host: "127.28.45.3" port: 38387 } }
I20260601 13:38:37.714237   704 catalog_manager.cc:5696] T 414d8a882a9c4f2d8e7b9079dfddc1ea P e668744a82084bcb84da0f56a138fb11 reported cstate change: term changed from 0 to 1, leader changed from <none> to e668744a82084bcb84da0f56a138fb11 (127.28.45.3). New cstate: current_term: 1 leader_uuid: "e668744a82084bcb84da0f56a138fb11" committed_config { opid_index: -1 OBSOLETE_local: false peers { permanent_uuid: "dc42bf1ca48e43eb9bf7dc9a890d2d42" member_type: VOTER last_known_addr { host: "127.28.45.1" port: 39465 } health_report { overall_health: UNKNOWN } } peers { permanent_uuid: "42412472a07a4bc981aa61bc48017532" member_type: VOTER last_known_addr { host: "127.28.45.2" port: 45943 } health_report { overall_health: UNKNOWN } } peers { permanent_uuid: "e668744a82084bcb84da0f56a138fb11" member_type: VOTER last_known_addr { host: "127.28.45.3" port: 38387 } health_report { overall_health: HEALTHY } } }
I20260601 13:38:37.774802   808 raft_consensus.cc:1275] T 8962391fc25e4df18825e45c25dec9fa P dc42bf1ca48e43eb9bf7dc9a890d2d42 [term 1 FOLLOWER]: Refusing update from remote peer 42412472a07a4bc981aa61bc48017532: Log matching property violated. Preceding OpId in replica: term: 0 index: 0. Preceding OpId from leader: term: 1 index: 2. (index mismatch)
I20260601 13:38:37.775472   960 raft_consensus.cc:1275] T 8962391fc25e4df18825e45c25dec9fa P e668744a82084bcb84da0f56a138fb11 [term 1 FOLLOWER]: Refusing update from remote peer 42412472a07a4bc981aa61bc48017532: Log matching property violated. Preceding OpId in replica: term: 0 index: 0. Preceding OpId from leader: term: 1 index: 2. (index mismatch)
I20260601 13:38:37.776608   885 raft_consensus.cc:1275] T 78708dcab42440c1ab650207a43577b1 P 42412472a07a4bc981aa61bc48017532 [term 1 FOLLOWER]: Refusing update from remote peer e668744a82084bcb84da0f56a138fb11: Log matching property violated. Preceding OpId in replica: term: 0 index: 0. Preceding OpId from leader: term: 1 index: 2. (index mismatch)
I20260601 13:38:37.777068  1016 consensus_queue.cc:1048] T 78708dcab42440c1ab650207a43577b1 P e668744a82084bcb84da0f56a138fb11 [LEADER]: Connected to new peer: Peer: permanent_uuid: "42412472a07a4bc981aa61bc48017532" member_type: VOTER last_known_addr { host: "127.28.45.2" port: 45943 }, Status: LMP_MISMATCH, Last received: 0.0, Next index: 1, Last known committed idx: 0, Time since last communication: 0.000s
I20260601 13:38:37.779241   885 raft_consensus.cc:1275] T 873bd6f1117443edb56392a6be3c93b7 P 42412472a07a4bc981aa61bc48017532 [term 1 FOLLOWER]: Refusing update from remote peer e668744a82084bcb84da0f56a138fb11: Log matching property violated. Preceding OpId in replica: term: 0 index: 0. Preceding OpId from leader: term: 1 index: 2. (index mismatch)
I20260601 13:38:37.779625  1016 consensus_queue.cc:1048] T 873bd6f1117443edb56392a6be3c93b7 P e668744a82084bcb84da0f56a138fb11 [LEADER]: Connected to new peer: Peer: permanent_uuid: "42412472a07a4bc981aa61bc48017532" member_type: VOTER last_known_addr { host: "127.28.45.2" port: 45943 }, Status: LMP_MISMATCH, Last received: 0.0, Next index: 1, Last known committed idx: 0, Time since last communication: 0.000s
I20260601 13:38:37.780406   807 raft_consensus.cc:1275] T 873bd6f1117443edb56392a6be3c93b7 P dc42bf1ca48e43eb9bf7dc9a890d2d42 [term 1 FOLLOWER]: Refusing update from remote peer e668744a82084bcb84da0f56a138fb11: Log matching property violated. Preceding OpId in replica: term: 0 index: 0. Preceding OpId from leader: term: 1 index: 2. (index mismatch)
I20260601 13:38:37.780532   808 raft_consensus.cc:1275] T 78708dcab42440c1ab650207a43577b1 P dc42bf1ca48e43eb9bf7dc9a890d2d42 [term 1 FOLLOWER]: Refusing update from remote peer e668744a82084bcb84da0f56a138fb11: Log matching property violated. Preceding OpId in replica: term: 0 index: 0. Preceding OpId from leader: term: 1 index: 2. (index mismatch)
I20260601 13:38:37.780786  1016 consensus_queue.cc:1048] T 873bd6f1117443edb56392a6be3c93b7 P e668744a82084bcb84da0f56a138fb11 [LEADER]: Connected to new peer: Peer: permanent_uuid: "dc42bf1ca48e43eb9bf7dc9a890d2d42" member_type: VOTER last_known_addr { host: "127.28.45.1" port: 39465 }, Status: LMP_MISMATCH, Last received: 0.0, Next index: 1, Last known committed idx: 0, Time since last communication: 0.000s
I20260601 13:38:37.781002  1055 consensus_queue.cc:1048] T 78708dcab42440c1ab650207a43577b1 P e668744a82084bcb84da0f56a138fb11 [LEADER]: Connected to new peer: Peer: permanent_uuid: "dc42bf1ca48e43eb9bf7dc9a890d2d42" member_type: VOTER last_known_addr { host: "127.28.45.1" port: 39465 }, Status: LMP_MISMATCH, Last received: 0.0, Next index: 1, Last known committed idx: 0, Time since last communication: 0.000s
I20260601 13:38:37.782318   883 raft_consensus.cc:1275] T 414d8a882a9c4f2d8e7b9079dfddc1ea P 42412472a07a4bc981aa61bc48017532 [term 1 FOLLOWER]: Refusing update from remote peer e668744a82084bcb84da0f56a138fb11: Log matching property violated. Preceding OpId in replica: term: 0 index: 0. Preceding OpId from leader: term: 1 index: 2. (index mismatch)
I20260601 13:38:37.783300   806 raft_consensus.cc:1275] T 414d8a882a9c4f2d8e7b9079dfddc1ea P dc42bf1ca48e43eb9bf7dc9a890d2d42 [term 1 FOLLOWER]: Refusing update from remote peer e668744a82084bcb84da0f56a138fb11: Log matching property violated. Preceding OpId in replica: term: 0 index: 0. Preceding OpId from leader: term: 1 index: 2. (index mismatch)
I20260601 13:38:37.783703  1016 consensus_queue.cc:1048] T 414d8a882a9c4f2d8e7b9079dfddc1ea P e668744a82084bcb84da0f56a138fb11 [LEADER]: Connected to new peer: Peer: permanent_uuid: "42412472a07a4bc981aa61bc48017532" member_type: VOTER last_known_addr { host: "127.28.45.2" port: 45943 }, Status: LMP_MISMATCH, Last received: 0.0, Next index: 1, Last known committed idx: 0, Time since last communication: 0.000s
I20260601 13:38:37.784034  1016 consensus_queue.cc:1048] T 414d8a882a9c4f2d8e7b9079dfddc1ea P e668744a82084bcb84da0f56a138fb11 [LEADER]: Connected to new peer: Peer: permanent_uuid: "dc42bf1ca48e43eb9bf7dc9a890d2d42" member_type: VOTER last_known_addr { host: "127.28.45.1" port: 39465 }, Status: LMP_MISMATCH, Last received: 0.0, Next index: 1, Last known committed idx: 0, Time since last communication: 0.000s
I20260601 13:38:37.784451  1014 consensus_queue.cc:1048] T 8962391fc25e4df18825e45c25dec9fa P 42412472a07a4bc981aa61bc48017532 [LEADER]: Connected to new peer: Peer: permanent_uuid: "dc42bf1ca48e43eb9bf7dc9a890d2d42" member_type: VOTER last_known_addr { host: "127.28.45.1" port: 39465 }, Status: LMP_MISMATCH, Last received: 0.0, Next index: 1, Last known committed idx: 0, Time since last communication: 0.000s
I20260601 13:38:37.787295   960 raft_consensus.cc:1275] T b70d2fe6697c43ccbf2b7c56803edd68 P e668744a82084bcb84da0f56a138fb11 [term 1 FOLLOWER]: Refusing update from remote peer 42412472a07a4bc981aa61bc48017532: Log matching property violated. Preceding OpId in replica: term: 0 index: 0. Preceding OpId from leader: term: 1 index: 2. (index mismatch)
I20260601 13:38:37.787308   959 raft_consensus.cc:1275] T 805a1e4d0a104905b6069ae123c2648f P e668744a82084bcb84da0f56a138fb11 [term 1 FOLLOWER]: Refusing update from remote peer 42412472a07a4bc981aa61bc48017532: Log matching property violated. Preceding OpId in replica: term: 0 index: 0. Preceding OpId from leader: term: 1 index: 2. (index mismatch)
I20260601 13:38:37.787767  1061 consensus_queue.cc:1048] T 8962391fc25e4df18825e45c25dec9fa P 42412472a07a4bc981aa61bc48017532 [LEADER]: Connected to new peer: Peer: permanent_uuid: "e668744a82084bcb84da0f56a138fb11" member_type: VOTER last_known_addr { host: "127.28.45.3" port: 38387 }, Status: LMP_MISMATCH, Last received: 0.0, Next index: 1, Last known committed idx: 0, Time since last communication: 0.000s
I20260601 13:38:37.787942   804 raft_consensus.cc:1275] T 805a1e4d0a104905b6069ae123c2648f P dc42bf1ca48e43eb9bf7dc9a890d2d42 [term 1 FOLLOWER]: Refusing update from remote peer 42412472a07a4bc981aa61bc48017532: Log matching property violated. Preceding OpId in replica: term: 0 index: 0. Preceding OpId from leader: term: 1 index: 2. (index mismatch)
I20260601 13:38:37.788336  1061 consensus_queue.cc:1048] T 805a1e4d0a104905b6069ae123c2648f P 42412472a07a4bc981aa61bc48017532 [LEADER]: Connected to new peer: Peer: permanent_uuid: "dc42bf1ca48e43eb9bf7dc9a890d2d42" member_type: VOTER last_known_addr { host: "127.28.45.1" port: 39465 }, Status: LMP_MISMATCH, Last received: 0.0, Next index: 1, Last known committed idx: 0, Time since last communication: 0.000s
I20260601 13:38:37.790046   807 raft_consensus.cc:1275] T b70d2fe6697c43ccbf2b7c56803edd68 P dc42bf1ca48e43eb9bf7dc9a890d2d42 [term 1 FOLLOWER]: Refusing update from remote peer 42412472a07a4bc981aa61bc48017532: Log matching property violated. Preceding OpId in replica: term: 0 index: 0. Preceding OpId from leader: term: 1 index: 2. (index mismatch)
I20260601 13:38:37.790746  1014 consensus_queue.cc:1048] T b70d2fe6697c43ccbf2b7c56803edd68 P 42412472a07a4bc981aa61bc48017532 [LEADER]: Connected to new peer: Peer: permanent_uuid: "dc42bf1ca48e43eb9bf7dc9a890d2d42" member_type: VOTER last_known_addr { host: "127.28.45.1" port: 39465 }, Status: LMP_MISMATCH, Last received: 0.0, Next index: 1, Last known committed idx: 0, Time since last communication: 0.000s
I20260601 13:38:37.792187   958 raft_consensus.cc:1275] T 0b5b82a97bbd40d0b0ded7c0e4dc8525 P e668744a82084bcb84da0f56a138fb11 [term 1 FOLLOWER]: Refusing update from remote peer 42412472a07a4bc981aa61bc48017532: Log matching property violated. Preceding OpId in replica: term: 0 index: 0. Preceding OpId from leader: term: 1 index: 2. (index mismatch)
I20260601 13:38:37.793119   959 raft_consensus.cc:1275] T 149daa9c3c374cd29cd6404e4897cdc3 P e668744a82084bcb84da0f56a138fb11 [term 1 FOLLOWER]: Refusing update from remote peer dc42bf1ca48e43eb9bf7dc9a890d2d42: Log matching property violated. Preceding OpId in replica: term: 0 index: 0. Preceding OpId from leader: term: 1 index: 2. (index mismatch)
I20260601 13:38:37.793794  1061 consensus_queue.cc:1048] T b70d2fe6697c43ccbf2b7c56803edd68 P 42412472a07a4bc981aa61bc48017532 [LEADER]: Connected to new peer: Peer: permanent_uuid: "e668744a82084bcb84da0f56a138fb11" member_type: VOTER last_known_addr { host: "127.28.45.3" port: 38387 }, Status: LMP_MISMATCH, Last received: 0.0, Next index: 1, Last known committed idx: 0, Time since last communication: 0.000s
I20260601 13:38:37.794152  1061 consensus_queue.cc:1048] T 805a1e4d0a104905b6069ae123c2648f P 42412472a07a4bc981aa61bc48017532 [LEADER]: Connected to new peer: Peer: permanent_uuid: "e668744a82084bcb84da0f56a138fb11" member_type: VOTER last_known_addr { host: "127.28.45.3" port: 38387 }, Status: LMP_MISMATCH, Last received: 0.0, Next index: 1, Last known committed idx: 0, Time since last communication: 0.000s
I20260601 13:38:37.794469  1061 consensus_queue.cc:1048] T 0b5b82a97bbd40d0b0ded7c0e4dc8525 P 42412472a07a4bc981aa61bc48017532 [LEADER]: Connected to new peer: Peer: permanent_uuid: "e668744a82084bcb84da0f56a138fb11" member_type: VOTER last_known_addr { host: "127.28.45.3" port: 38387 }, Status: LMP_MISMATCH, Last received: 0.0, Next index: 1, Last known committed idx: 0, Time since last communication: 0.000s
I20260601 13:38:37.795313   807 raft_consensus.cc:1275] T 0b5b82a97bbd40d0b0ded7c0e4dc8525 P dc42bf1ca48e43eb9bf7dc9a890d2d42 [term 1 FOLLOWER]: Refusing update from remote peer 42412472a07a4bc981aa61bc48017532: Log matching property violated. Preceding OpId in replica: term: 0 index: 0. Preceding OpId from leader: term: 1 index: 2. (index mismatch)
I20260601 13:38:37.796108   882 raft_consensus.cc:1275] T 149daa9c3c374cd29cd6404e4897cdc3 P 42412472a07a4bc981aa61bc48017532 [term 1 FOLLOWER]: Refusing update from remote peer dc42bf1ca48e43eb9bf7dc9a890d2d42: Log matching property violated. Preceding OpId in replica: term: 0 index: 0. Preceding OpId from leader: term: 1 index: 2. (index mismatch)
I20260601 13:38:37.798049  1051 consensus_queue.cc:1048] T 149daa9c3c374cd29cd6404e4897cdc3 P dc42bf1ca48e43eb9bf7dc9a890d2d42 [LEADER]: Connected to new peer: Peer: permanent_uuid: "42412472a07a4bc981aa61bc48017532" member_type: VOTER last_known_addr { host: "127.28.45.2" port: 45943 }, Status: LMP_MISMATCH, Last received: 0.0, Next index: 1, Last known committed idx: 0, Time since last communication: 0.000s
I20260601 13:38:37.799118   881 raft_consensus.cc:1275] T 1c35258a3cdd4240bb638ae9fe0450f1 P 42412472a07a4bc981aa61bc48017532 [term 1 FOLLOWER]: Refusing update from remote peer dc42bf1ca48e43eb9bf7dc9a890d2d42: Log matching property violated. Preceding OpId in replica: term: 0 index: 0. Preceding OpId from leader: term: 1 index: 3. (index mismatch)
I20260601 13:38:37.800247  1013 consensus_queue.cc:1048] T 149daa9c3c374cd29cd6404e4897cdc3 P dc42bf1ca48e43eb9bf7dc9a890d2d42 [LEADER]: Connected to new peer: Peer: permanent_uuid: "e668744a82084bcb84da0f56a138fb11" member_type: VOTER last_known_addr { host: "127.28.45.3" port: 38387 }, Status: LMP_MISMATCH, Last received: 0.0, Next index: 1, Last known committed idx: 0, Time since last communication: 0.000s
I20260601 13:38:37.800346   959 raft_consensus.cc:1275] T 1c35258a3cdd4240bb638ae9fe0450f1 P e668744a82084bcb84da0f56a138fb11 [term 1 FOLLOWER]: Refusing update from remote peer dc42bf1ca48e43eb9bf7dc9a890d2d42: Log matching property violated. Preceding OpId in replica: term: 0 index: 0. Preceding OpId from leader: term: 1 index: 2. (index mismatch)
I20260601 13:38:37.800868  1013 consensus_queue.cc:1048] T 1c35258a3cdd4240bb638ae9fe0450f1 P dc42bf1ca48e43eb9bf7dc9a890d2d42 [LEADER]: Connected to new peer: Peer: permanent_uuid: "42412472a07a4bc981aa61bc48017532" member_type: VOTER last_known_addr { host: "127.28.45.2" port: 45943 }, Status: LMP_MISMATCH, Last received: 0.0, Next index: 1, Last known committed idx: 0, Time since last communication: 0.000s
I20260601 13:38:37.801011   881 raft_consensus.cc:1275] T a3b7b5e70a444767809b2b6184136d14 P 42412472a07a4bc981aa61bc48017532 [term 1 FOLLOWER]: Refusing update from remote peer dc42bf1ca48e43eb9bf7dc9a890d2d42: Log matching property violated. Preceding OpId in replica: term: 0 index: 0. Preceding OpId from leader: term: 1 index: 2. (index mismatch)
I20260601 13:38:37.802492  1051 consensus_queue.cc:1048] T a3b7b5e70a444767809b2b6184136d14 P dc42bf1ca48e43eb9bf7dc9a890d2d42 [LEADER]: Connected to new peer: Peer: permanent_uuid: "42412472a07a4bc981aa61bc48017532" member_type: VOTER last_known_addr { host: "127.28.45.2" port: 45943 }, Status: LMP_MISMATCH, Last received: 0.0, Next index: 1, Last known committed idx: 0, Time since last communication: 0.000s
I20260601 13:38:37.803048   958 raft_consensus.cc:1275] T a3b7b5e70a444767809b2b6184136d14 P e668744a82084bcb84da0f56a138fb11 [term 1 FOLLOWER]: Refusing update from remote peer dc42bf1ca48e43eb9bf7dc9a890d2d42: Log matching property violated. Preceding OpId in replica: term: 0 index: 0. Preceding OpId from leader: term: 1 index: 2. (index mismatch)
I20260601 13:38:37.804648  1013 consensus_queue.cc:1048] T 1c35258a3cdd4240bb638ae9fe0450f1 P dc42bf1ca48e43eb9bf7dc9a890d2d42 [LEADER]: Connected to new peer: Peer: permanent_uuid: "e668744a82084bcb84da0f56a138fb11" member_type: VOTER last_known_addr { host: "127.28.45.3" port: 38387 }, Status: LMP_MISMATCH, Last received: 0.0, Next index: 1, Last known committed idx: 0, Time since last communication: 0.000s
I20260601 13:38:37.804968  1013 consensus_queue.cc:1048] T a3b7b5e70a444767809b2b6184136d14 P dc42bf1ca48e43eb9bf7dc9a890d2d42 [LEADER]: Connected to new peer: Peer: permanent_uuid: "e668744a82084bcb84da0f56a138fb11" member_type: VOTER last_known_addr { host: "127.28.45.3" port: 38387 }, Status: LMP_MISMATCH, Last received: 0.0, Next index: 1, Last known committed idx: 0, Time since last communication: 0.000s
I20260601 13:38:37.805249  1014 consensus_queue.cc:1048] T 0b5b82a97bbd40d0b0ded7c0e4dc8525 P 42412472a07a4bc981aa61bc48017532 [LEADER]: Connected to new peer: Peer: permanent_uuid: "dc42bf1ca48e43eb9bf7dc9a890d2d42" member_type: VOTER last_known_addr { host: "127.28.45.1" port: 39465 }, Status: LMP_MISMATCH, Last received: 0.0, Next index: 1, Last known committed idx: 0, Time since last communication: 0.000s
I20260601 13:38:37.810892   879 raft_consensus.cc:1275] T 00494988eca446c493880ac8a1326cef P 42412472a07a4bc981aa61bc48017532 [term 1 FOLLOWER]: Refusing update from remote peer dc42bf1ca48e43eb9bf7dc9a890d2d42: Log matching property violated. Preceding OpId in replica: term: 0 index: 0. Preceding OpId from leader: term: 1 index: 4. (index mismatch)
I20260601 13:38:37.811229   954 raft_consensus.cc:1275] T 00494988eca446c493880ac8a1326cef P e668744a82084bcb84da0f56a138fb11 [term 1 FOLLOWER]: Refusing update from remote peer dc42bf1ca48e43eb9bf7dc9a890d2d42: Log matching property violated. Preceding OpId in replica: term: 0 index: 0. Preceding OpId from leader: term: 1 index: 4. (index mismatch)
I20260601 13:38:37.811633  1051 consensus_queue.cc:1048] T 00494988eca446c493880ac8a1326cef P dc42bf1ca48e43eb9bf7dc9a890d2d42 [LEADER]: Connected to new peer: Peer: permanent_uuid: "42412472a07a4bc981aa61bc48017532" member_type: VOTER last_known_addr { host: "127.28.45.2" port: 45943 }, Status: LMP_MISMATCH, Last received: 0.0, Next index: 1, Last known committed idx: 0, Time since last communication: 0.000s
I20260601 13:38:37.812454  1089 mvcc.cc:204] Tried to move back new op lower bound from 7292195298500091904 to 7292195296917090304. Current Snapshot: MvccSnapshot[applied={T|T < 7292195298462093312}]
I20260601 13:38:37.818743  1114 consensus_queue.cc:1048] T 00494988eca446c493880ac8a1326cef P dc42bf1ca48e43eb9bf7dc9a890d2d42 [LEADER]: Connected to new peer: Peer: permanent_uuid: "e668744a82084bcb84da0f56a138fb11" member_type: VOTER last_known_addr { host: "127.28.45.3" port: 38387 }, Status: LMP_MISMATCH, Last received: 0.0, Next index: 1, Last known committed idx: 0, Time since last communication: 0.000s
I20260601 13:38:37.830050   954 raft_consensus.cc:1275] T 1d8a731fba8747338ba73b059ebc49cd P e668744a82084bcb84da0f56a138fb11 [term 1 FOLLOWER]: Refusing update from remote peer dc42bf1ca48e43eb9bf7dc9a890d2d42: Log matching property violated. Preceding OpId in replica: term: 0 index: 0. Preceding OpId from leader: term: 1 index: 3. (index mismatch)
I20260601 13:38:37.830273   884 raft_consensus.cc:1275] T 1d8a731fba8747338ba73b059ebc49cd P 42412472a07a4bc981aa61bc48017532 [term 1 FOLLOWER]: Refusing update from remote peer dc42bf1ca48e43eb9bf7dc9a890d2d42: Log matching property violated. Preceding OpId in replica: term: 0 index: 0. Preceding OpId from leader: term: 1 index: 3. (index mismatch)
I20260601 13:38:37.830746  1051 consensus_queue.cc:1048] T 1d8a731fba8747338ba73b059ebc49cd P dc42bf1ca48e43eb9bf7dc9a890d2d42 [LEADER]: Connected to new peer: Peer: permanent_uuid: "42412472a07a4bc981aa61bc48017532" member_type: VOTER last_known_addr { host: "127.28.45.2" port: 45943 }, Status: LMP_MISMATCH, Last received: 0.0, Next index: 1, Last known committed idx: 0, Time since last communication: 0.000s
I20260601 13:38:37.831106  1114 consensus_queue.cc:1048] T 1d8a731fba8747338ba73b059ebc49cd P dc42bf1ca48e43eb9bf7dc9a890d2d42 [LEADER]: Connected to new peer: Peer: permanent_uuid: "e668744a82084bcb84da0f56a138fb11" member_type: VOTER last_known_addr { host: "127.28.45.3" port: 38387 }, Status: LMP_MISMATCH, Last received: 0.0, Next index: 1, Last known committed idx: 0, Time since last communication: 0.000s
I20260601 13:38:37.835614  1078 mvcc.cc:204] Tried to move back new op lower bound from 7292195298475102208 to 7292195297055322112. Current Snapshot: MvccSnapshot[applied={T|T < 7292195298444234752}]
I20260601 13:38:37.862531  1099 mvcc.cc:204] Tried to move back new op lower bound from 7292195298548129792 to 7292195296974757888. Current Snapshot: MvccSnapshot[applied={T|T < 7292195298548129792 or (T in {7292195298548129792})}]
I20260601 13:38:38.353308 28852 file_cache.cc:492] Constructed file cache file cache with capacity 419430
W20260601 13:38:38.355615  1153 instance_detector.cc:116] could not retrieve OpenStack instance metadata: Network error: curl error: HTTP response code said error: The requested URL returned error: 404
W20260601 13:38:38.355611  1150 instance_detector.cc:116] could not retrieve AWS instance metadata: Network error: curl error: HTTP response code said error: The requested URL returned error: 404
W20260601 13:38:38.356653  1151 instance_detector.cc:116] could not retrieve Azure instance metadata: Network error: curl error: HTTP response code said error: The requested URL returned error: 404
I20260601 13:38:38.356766 28852 server_base.cc:1061] running on GCE node
I20260601 13:38:38.357054 28852 hybrid_clock.cc:584] initializing the hybrid clock with 'system_unsync' time source
W20260601 13:38:38.357100 28852 system_unsync_time.cc:38] NTP support is disabled. Clock error bounds will not be accurate. This configuration is not suitable for distributed clusters.
I20260601 13:38:38.357116 28852 hybrid_clock.cc:648] HybridClock initialized: now 1780321118357117 us; error 0 us; skew 500 ppm
I20260601 13:38:38.359983 28852 webserver.cc:533] Webserver started at http://127.28.45.4:45953/ using document root <none> and password file <none>
I20260601 13:38:38.360178 28852 fs_manager.cc:362] Metadata directory not provided
I20260601 13:38:38.360241 28852 fs_manager.cc:368] Using write-ahead log directory (fs_wal_dir) as metadata directory
I20260601 13:38:38.360325 28852 server_base.cc:909] This appears to be a new deployment of Kudu; creating new FS layout
I20260601 13:38:38.360776 28852 fs_manager.cc:1068] Generated new instance metadata in path /tmp/dist-test-task1k_A4X/test-tmp/auto_rebalancer-test.0.AutoRebalancerTest.TestMaxMovesPerServer.1780321014034116-28852-0/minicluster-data/ts-3-root/instance:
uuid: "81f024168c794af09e913c4b268b96eb"
format_stamp: "Formatted at 2026-06-01 13:38:38 on dist-test-slave-02xz"
I20260601 13:38:38.363716 28852 fs_manager.cc:696] Time spent creating directory manager: real 0.003s	user 0.002s	sys 0.001s
I20260601 13:38:38.364737  1158 log_block_manager.cc:4031] Time spent loading block containers with low live blocks: real 0.000s	user 0.000s	sys 0.000s
I20260601 13:38:38.365047 28852 fs_manager.cc:730] Time spent opening block manager: real 0.001s	user 0.001s	sys 0.000s
I20260601 13:38:38.365115 28852 fs_manager.cc:647] Opened local filesystem: /tmp/dist-test-task1k_A4X/test-tmp/auto_rebalancer-test.0.AutoRebalancerTest.TestMaxMovesPerServer.1780321014034116-28852-0/minicluster-data/ts-3-root
uuid: "81f024168c794af09e913c4b268b96eb"
format_stamp: "Formatted at 2026-06-01 13:38:38 on dist-test-slave-02xz"
I20260601 13:38:38.365207 28852 fs_report.cc:389] FS layout report
--------------------
wal directory: /tmp/dist-test-task1k_A4X/test-tmp/auto_rebalancer-test.0.AutoRebalancerTest.TestMaxMovesPerServer.1780321014034116-28852-0/minicluster-data/ts-3-root
metadata directory: /tmp/dist-test-task1k_A4X/test-tmp/auto_rebalancer-test.0.AutoRebalancerTest.TestMaxMovesPerServer.1780321014034116-28852-0/minicluster-data/ts-3-root
1 data directories: /tmp/dist-test-task1k_A4X/test-tmp/auto_rebalancer-test.0.AutoRebalancerTest.TestMaxMovesPerServer.1780321014034116-28852-0/minicluster-data/ts-3-root/data
Total live blocks: 0
Total live bytes: 0
Total live bytes (after alignment): 0
Total number of LBM containers: 0 (0 full)
Did not check for missing blocks
Did not check for orphaned blocks
Total full LBM containers with extra space: 0 (0 repaired)
Total full LBM container extra space in bytes: 0 (0 repaired)
Total incomplete LBM containers: 0 (0 repaired)
Total LBM partial records: 0 (0 repaired)
Total corrupted LBM metadata records in RocksDB: 0 (0 repaired)
I20260601 13:38:38.376611 28852 rpc_server.cc:225] running with OpenSSL 1.1.1  11 Sep 2018
I20260601 13:38:38.377034 28852 kserver.cc:163] Server-wide thread pool size limit: 3276
I20260601 13:38:38.377360 28852 txn_system_client.cc:432] TxnSystemClient initialization is disabled...
I20260601 13:38:38.377883 28852 ts_tablet_manager.cc:585] Loaded tablet metadata (0 total tablets, 0 live tablets)
I20260601 13:38:38.377928 28852 ts_tablet_manager.cc:531] Time spent load tablet metadata: real 0.000s	user 0.000s	sys 0.000s
I20260601 13:38:38.377959 28852 ts_tablet_manager.cc:616] Registered 0 tablets
I20260601 13:38:38.378024 28852 ts_tablet_manager.cc:595] Time spent register tablets: real 0.000s	user 0.000s	sys 0.000s
I20260601 13:38:38.383015 28852 rpc_server.cc:307] RPC server started. Bound to: 127.28.45.4:43171
I20260601 13:38:38.383143  1221 acceptor_pool.cc:272] collecting diagnostics on the listening RPC socket 127.28.45.4:43171 every 8 connection(s)
I20260601 13:38:38.383989 28852 file_cache.cc:492] Constructed file cache file cache with capacity 419430
W20260601 13:38:38.386487  1227 instance_detector.cc:116] could not retrieve Azure instance metadata: Network error: curl error: HTTP response code said error: The requested URL returned error: 404
W20260601 13:38:38.386505  1229 instance_detector.cc:116] could not retrieve OpenStack instance metadata: Network error: curl error: HTTP response code said error: The requested URL returned error: 404
W20260601 13:38:38.386858  1226 instance_detector.cc:116] could not retrieve AWS instance metadata: Network error: curl error: HTTP response code said error: The requested URL returned error: 404
I20260601 13:38:38.388157 28852 server_base.cc:1061] running on GCE node
I20260601 13:38:38.388363 28852 hybrid_clock.cc:584] initializing the hybrid clock with 'system_unsync' time source
W20260601 13:38:38.388407 28852 system_unsync_time.cc:38] NTP support is disabled. Clock error bounds will not be accurate. This configuration is not suitable for distributed clusters.
I20260601 13:38:38.388423 28852 hybrid_clock.cc:648] HybridClock initialized: now 1780321118388423 us; error 0 us; skew 500 ppm
I20260601 13:38:38.389299 28852 webserver.cc:533] Webserver started at http://127.28.45.5:37991/ using document root <none> and password file <none>
I20260601 13:38:38.389485 28852 fs_manager.cc:362] Metadata directory not provided
I20260601 13:38:38.389546 28852 fs_manager.cc:368] Using write-ahead log directory (fs_wal_dir) as metadata directory
I20260601 13:38:38.389642 28852 server_base.cc:909] This appears to be a new deployment of Kudu; creating new FS layout
I20260601 13:38:38.390040 28852 fs_manager.cc:1068] Generated new instance metadata in path /tmp/dist-test-task1k_A4X/test-tmp/auto_rebalancer-test.0.AutoRebalancerTest.TestMaxMovesPerServer.1780321014034116-28852-0/minicluster-data/ts-4-root/instance:
uuid: "ad7629243f5142fab7ec2f5b507b36d3"
format_stamp: "Formatted at 2026-06-01 13:38:38 on dist-test-slave-02xz"
I20260601 13:38:38.391664  1222 heartbeater.cc:344] Connected to a master server at 127.28.45.62:40501
I20260601 13:38:38.391783  1222 heartbeater.cc:461] Registering TS with master...
I20260601 13:38:38.391970 28852 fs_manager.cc:696] Time spent creating directory manager: real 0.002s	user 0.002s	sys 0.000s
I20260601 13:38:38.392021  1222 heartbeater.cc:507] Master 127.28.45.62:40501 requested a full tablet report, sending...
I20260601 13:38:38.392824   702 ts_manager.cc:194] Registered new tserver with Master: 81f024168c794af09e913c4b268b96eb (127.28.45.4:43171)
I20260601 13:38:38.393455  1234 log_block_manager.cc:4031] Time spent loading block containers with low live blocks: real 0.000s	user 0.000s	sys 0.000s
I20260601 13:38:38.393674   702 master_service.cc:502] Signed X509 certificate for tserver {username='slave'} at 127.0.0.1:47036
I20260601 13:38:38.393783 28852 fs_manager.cc:730] Time spent opening block manager: real 0.001s	user 0.001s	sys 0.000s
I20260601 13:38:38.393850 28852 fs_manager.cc:647] Opened local filesystem: /tmp/dist-test-task1k_A4X/test-tmp/auto_rebalancer-test.0.AutoRebalancerTest.TestMaxMovesPerServer.1780321014034116-28852-0/minicluster-data/ts-4-root
uuid: "ad7629243f5142fab7ec2f5b507b36d3"
format_stamp: "Formatted at 2026-06-01 13:38:38 on dist-test-slave-02xz"
I20260601 13:38:38.393949 28852 fs_report.cc:389] FS layout report
--------------------
wal directory: /tmp/dist-test-task1k_A4X/test-tmp/auto_rebalancer-test.0.AutoRebalancerTest.TestMaxMovesPerServer.1780321014034116-28852-0/minicluster-data/ts-4-root
metadata directory: /tmp/dist-test-task1k_A4X/test-tmp/auto_rebalancer-test.0.AutoRebalancerTest.TestMaxMovesPerServer.1780321014034116-28852-0/minicluster-data/ts-4-root
1 data directories: /tmp/dist-test-task1k_A4X/test-tmp/auto_rebalancer-test.0.AutoRebalancerTest.TestMaxMovesPerServer.1780321014034116-28852-0/minicluster-data/ts-4-root/data
Total live blocks: 0
Total live bytes: 0
Total live bytes (after alignment): 0
Total number of LBM containers: 0 (0 full)
Did not check for missing blocks
Did not check for orphaned blocks
Total full LBM containers with extra space: 0 (0 repaired)
Total full LBM container extra space in bytes: 0 (0 repaired)
Total incomplete LBM containers: 0 (0 repaired)
Total LBM partial records: 0 (0 repaired)
Total corrupted LBM metadata records in RocksDB: 0 (0 repaired)
I20260601 13:38:38.404946 28852 rpc_server.cc:225] running with OpenSSL 1.1.1  11 Sep 2018
I20260601 13:38:38.405390 28852 kserver.cc:163] Server-wide thread pool size limit: 3276
I20260601 13:38:38.405669 28852 txn_system_client.cc:432] TxnSystemClient initialization is disabled...
I20260601 13:38:38.406231 28852 ts_tablet_manager.cc:585] Loaded tablet metadata (0 total tablets, 0 live tablets)
I20260601 13:38:38.406271 28852 ts_tablet_manager.cc:531] Time spent load tablet metadata: real 0.000s	user 0.000s	sys 0.000s
I20260601 13:38:38.406332 28852 ts_tablet_manager.cc:616] Registered 0 tablets
I20260601 13:38:38.406375 28852 ts_tablet_manager.cc:595] Time spent register tablets: real 0.000s	user 0.000s	sys 0.000s
I20260601 13:38:38.412541 28852 rpc_server.cc:307] RPC server started. Bound to: 127.28.45.5:33319
I20260601 13:38:38.412707  1297 acceptor_pool.cc:272] collecting diagnostics on the listening RPC socket 127.28.45.5:33319 every 8 connection(s)
I20260601 13:38:38.413751 28852 file_cache.cc:492] Constructed file cache file cache with capacity 419430
W20260601 13:38:38.416265  1304 instance_detector.cc:116] could not retrieve OpenStack instance metadata: Network error: curl error: HTTP response code said error: The requested URL returned error: 404
W20260601 13:38:38.416235  1302 instance_detector.cc:116] could not retrieve Azure instance metadata: Network error: curl error: HTTP response code said error: The requested URL returned error: 404
W20260601 13:38:38.416209  1301 instance_detector.cc:116] could not retrieve AWS instance metadata: Network error: curl error: HTTP response code said error: The requested URL returned error: 404
I20260601 13:38:38.416638 28852 server_base.cc:1061] running on GCE node
I20260601 13:38:38.416857 28852 hybrid_clock.cc:584] initializing the hybrid clock with 'system_unsync' time source
W20260601 13:38:38.416900 28852 system_unsync_time.cc:38] NTP support is disabled. Clock error bounds will not be accurate. This configuration is not suitable for distributed clusters.
I20260601 13:38:38.416917 28852 hybrid_clock.cc:648] HybridClock initialized: now 1780321118416917 us; error 0 us; skew 500 ppm
I20260601 13:38:38.418283 28852 webserver.cc:533] Webserver started at http://127.28.45.6:33513/ using document root <none> and password file <none>
I20260601 13:38:38.418455 28852 fs_manager.cc:362] Metadata directory not provided
I20260601 13:38:38.418526 28852 fs_manager.cc:368] Using write-ahead log directory (fs_wal_dir) as metadata directory
I20260601 13:38:38.418628 28852 server_base.cc:909] This appears to be a new deployment of Kudu; creating new FS layout
I20260601 13:38:38.418726  1298 heartbeater.cc:344] Connected to a master server at 127.28.45.62:40501
I20260601 13:38:38.418823  1298 heartbeater.cc:461] Registering TS with master...
I20260601 13:38:38.419076  1298 heartbeater.cc:507] Master 127.28.45.62:40501 requested a full tablet report, sending...
I20260601 13:38:38.419137 28852 fs_manager.cc:1068] Generated new instance metadata in path /tmp/dist-test-task1k_A4X/test-tmp/auto_rebalancer-test.0.AutoRebalancerTest.TestMaxMovesPerServer.1780321014034116-28852-0/minicluster-data/ts-5-root/instance:
uuid: "a2aad6a3c0354d959ae21d9570d3a5bf"
format_stamp: "Formatted at 2026-06-01 13:38:38 on dist-test-slave-02xz"
I20260601 13:38:38.419894   702 ts_manager.cc:194] Registered new tserver with Master: ad7629243f5142fab7ec2f5b507b36d3 (127.28.45.5:33319)
I20260601 13:38:38.420662   702 master_service.cc:502] Signed X509 certificate for tserver {username='slave'} at 127.0.0.1:47042
I20260601 13:38:38.420871 28852 fs_manager.cc:696] Time spent creating directory manager: real 0.002s	user 0.002s	sys 0.000s
I20260601 13:38:38.422111  1309 log_block_manager.cc:4031] Time spent loading block containers with low live blocks: real 0.000s	user 0.000s	sys 0.000s
I20260601 13:38:38.422439 28852 fs_manager.cc:730] Time spent opening block manager: real 0.001s	user 0.001s	sys 0.000s
I20260601 13:38:38.422528 28852 fs_manager.cc:647] Opened local filesystem: /tmp/dist-test-task1k_A4X/test-tmp/auto_rebalancer-test.0.AutoRebalancerTest.TestMaxMovesPerServer.1780321014034116-28852-0/minicluster-data/ts-5-root
uuid: "a2aad6a3c0354d959ae21d9570d3a5bf"
format_stamp: "Formatted at 2026-06-01 13:38:38 on dist-test-slave-02xz"
I20260601 13:38:38.422626 28852 fs_report.cc:389] FS layout report
--------------------
wal directory: /tmp/dist-test-task1k_A4X/test-tmp/auto_rebalancer-test.0.AutoRebalancerTest.TestMaxMovesPerServer.1780321014034116-28852-0/minicluster-data/ts-5-root
metadata directory: /tmp/dist-test-task1k_A4X/test-tmp/auto_rebalancer-test.0.AutoRebalancerTest.TestMaxMovesPerServer.1780321014034116-28852-0/minicluster-data/ts-5-root
1 data directories: /tmp/dist-test-task1k_A4X/test-tmp/auto_rebalancer-test.0.AutoRebalancerTest.TestMaxMovesPerServer.1780321014034116-28852-0/minicluster-data/ts-5-root/data
Total live blocks: 0
Total live bytes: 0
Total live bytes (after alignment): 0
Total number of LBM containers: 0 (0 full)
Did not check for missing blocks
Did not check for orphaned blocks
Total full LBM containers with extra space: 0 (0 repaired)
Total full LBM container extra space in bytes: 0 (0 repaired)
Total incomplete LBM containers: 0 (0 repaired)
Total LBM partial records: 0 (0 repaired)
Total corrupted LBM metadata records in RocksDB: 0 (0 repaired)
I20260601 13:38:38.434801 28852 rpc_server.cc:225] running with OpenSSL 1.1.1  11 Sep 2018
I20260601 13:38:38.435209 28852 kserver.cc:163] Server-wide thread pool size limit: 3276
I20260601 13:38:38.435501 28852 txn_system_client.cc:432] TxnSystemClient initialization is disabled...
I20260601 13:38:38.435986 28852 ts_tablet_manager.cc:585] Loaded tablet metadata (0 total tablets, 0 live tablets)
I20260601 13:38:38.436051 28852 ts_tablet_manager.cc:531] Time spent load tablet metadata: real 0.000s	user 0.000s	sys 0.000s
I20260601 13:38:38.436111 28852 ts_tablet_manager.cc:616] Registered 0 tablets
I20260601 13:38:38.436147 28852 ts_tablet_manager.cc:595] Time spent register tablets: real 0.000s	user 0.000s	sys 0.000s
I20260601 13:38:38.441442 28852 rpc_server.cc:307] RPC server started. Bound to: 127.28.45.6:34563
I20260601 13:38:38.441787  1372 acceptor_pool.cc:272] collecting diagnostics on the listening RPC socket 127.28.45.6:34563 every 8 connection(s)
I20260601 13:38:38.446921  1373 heartbeater.cc:344] Connected to a master server at 127.28.45.62:40501
I20260601 13:38:38.447038  1373 heartbeater.cc:461] Registering TS with master...
I20260601 13:38:38.447314  1373 heartbeater.cc:507] Master 127.28.45.62:40501 requested a full tablet report, sending...
I20260601 13:38:38.448060   702 ts_manager.cc:194] Registered new tserver with Master: a2aad6a3c0354d959ae21d9570d3a5bf (127.28.45.6:34563)
I20260601 13:38:38.448753   702 master_service.cc:502] Signed X509 certificate for tserver {username='slave'} at 127.0.0.1:47054
