I20260601 13:36:56.555778  7699 raft_consensus.cc:740] T 2de258632ae44520a1ca7d56df8005bc P a7b7628492844697bf4e83d25ec052b4 [term 0 FOLLOWER]: Becoming Follower/Learner. State: Replica: a7b7628492844697bf4e83d25ec052b4, State: Initialized, Role: FOLLOWER
I20260601 13:36:56.555792  7708 raft_consensus.cc:2804] T 01336884b7d44e188d985087ee344d30 P a7b7628492844697bf4e83d25ec052b4 [term 0 FOLLOWER]: Leader pre-election won for term 1
I20260601 13:36:56.555840  7708 raft_consensus.cc:493] T 01336884b7d44e188d985087ee344d30 P a7b7628492844697bf4e83d25ec052b4 [term 0 FOLLOWER]: Starting leader election (no leader contacted us within the election timeout)
I20260601 13:36:56.555888  7708 raft_consensus.cc:3060] T 01336884b7d44e188d985087ee344d30 P a7b7628492844697bf4e83d25ec052b4 [term 0 FOLLOWER]: Advancing to term 1
I20260601 13:36:56.555913  7699 consensus_queue.cc:260] T 2de258632ae44520a1ca7d56df8005bc P a7b7628492844697bf4e83d25ec052b4 [NON_LEADER]: Queue going to NON_LEADER mode. State: All replicated index: 0, Majority replicated index: 0, Committed index: 0, Last appended: 0.0, Last appended by leader: 0, Current term: 0, Majority size: -1, State: 0, Mode: NON_LEADER, active raft config: opid_index: -1 OBSOLETE_local: false peers { permanent_uuid: "a7b7628492844697bf4e83d25ec052b4" member_type: VOTER last_known_addr { host: "127.6.170.1" port: 40117 } } peers { permanent_uuid: "2969fcc2c4424fcebddd29065d70faed" member_type: VOTER last_known_addr { host: "127.6.170.2" port: 42919 } } peers { permanent_uuid: "784d5bbbc58b431e9b290b040b2ff062" member_type: VOTER last_known_addr { host: "127.6.170.3" port: 44653 } }
I20260601 13:36:56.556200  7699 ts_tablet_manager.cc:1434] T 2de258632ae44520a1ca7d56df8005bc P a7b7628492844697bf4e83d25ec052b4: Time spent starting tablet: real 0.001s	user 0.001s	sys 0.000s
I20260601 13:36:56.556942  7708 raft_consensus.cc:515] T 01336884b7d44e188d985087ee344d30 P a7b7628492844697bf4e83d25ec052b4 [term 1 FOLLOWER]: Starting leader election with config: opid_index: -1 OBSOLETE_local: false peers { permanent_uuid: "a7b7628492844697bf4e83d25ec052b4" member_type: VOTER last_known_addr { host: "127.6.170.1" port: 40117 } } peers { permanent_uuid: "2969fcc2c4424fcebddd29065d70faed" member_type: VOTER last_known_addr { host: "127.6.170.2" port: 42919 } } peers { permanent_uuid: "784d5bbbc58b431e9b290b040b2ff062" member_type: VOTER last_known_addr { host: "127.6.170.3" port: 44653 } }
I20260601 13:36:56.557359  7708 leader_election.cc:290] T 01336884b7d44e188d985087ee344d30 P a7b7628492844697bf4e83d25ec052b4 [CANDIDATE]: Term 1 election: Requested vote from peers 2969fcc2c4424fcebddd29065d70faed (127.6.170.2:42919), 784d5bbbc58b431e9b290b040b2ff062 (127.6.170.3:44653)
I20260601 13:36:56.557377  7697 tablet_bootstrap.cc:492] T f4b94403ad8e4ed88dc38a991f9b411c P 784d5bbbc58b431e9b290b040b2ff062: No bootstrap required, opened a new log
I20260601 13:36:56.557703  7697 ts_tablet_manager.cc:1403] T f4b94403ad8e4ed88dc38a991f9b411c P 784d5bbbc58b431e9b290b040b2ff062: Time spent bootstrapping tablet: real 0.006s	user 0.000s	sys 0.002s
I20260601 13:36:56.558236  7697 raft_consensus.cc:359] T f4b94403ad8e4ed88dc38a991f9b411c P 784d5bbbc58b431e9b290b040b2ff062 [term 0 FOLLOWER]: Replica starting. Triggering 0 pending ops. Active config: opid_index: -1 OBSOLETE_local: false peers { permanent_uuid: "a7b7628492844697bf4e83d25ec052b4" member_type: VOTER last_known_addr { host: "127.6.170.1" port: 40117 } } peers { permanent_uuid: "2969fcc2c4424fcebddd29065d70faed" member_type: VOTER last_known_addr { host: "127.6.170.2" port: 42919 } } peers { permanent_uuid: "784d5bbbc58b431e9b290b040b2ff062" member_type: VOTER last_known_addr { host: "127.6.170.3" port: 44653 } }
I20260601 13:36:56.558333  7697 raft_consensus.cc:385] T f4b94403ad8e4ed88dc38a991f9b411c P 784d5bbbc58b431e9b290b040b2ff062 [term 0 FOLLOWER]: Consensus starting up: Expiring failure detector timer to make a prompt election more likely
I20260601 13:36:56.558367  7697 raft_consensus.cc:740] T f4b94403ad8e4ed88dc38a991f9b411c P 784d5bbbc58b431e9b290b040b2ff062 [term 0 FOLLOWER]: Becoming Follower/Learner. State: Replica: 784d5bbbc58b431e9b290b040b2ff062, State: Initialized, Role: FOLLOWER
I20260601 13:36:56.558493  7697 consensus_queue.cc:260] T f4b94403ad8e4ed88dc38a991f9b411c P 784d5bbbc58b431e9b290b040b2ff062 [NON_LEADER]: Queue going to NON_LEADER mode. State: All replicated index: 0, Majority replicated index: 0, Committed index: 0, Last appended: 0.0, Last appended by leader: 0, Current term: 0, Majority size: -1, State: 0, Mode: NON_LEADER, active raft config: opid_index: -1 OBSOLETE_local: false peers { permanent_uuid: "a7b7628492844697bf4e83d25ec052b4" member_type: VOTER last_known_addr { host: "127.6.170.1" port: 40117 } } peers { permanent_uuid: "2969fcc2c4424fcebddd29065d70faed" member_type: VOTER last_known_addr { host: "127.6.170.2" port: 42919 } } peers { permanent_uuid: "784d5bbbc58b431e9b290b040b2ff062" member_type: VOTER last_known_addr { host: "127.6.170.3" port: 44653 } }
I20260601 13:36:56.558641  7650 tablet_service.cc:1917] Received RequestConsensusVote() RPC: tablet_id: "01336884b7d44e188d985087ee344d30" candidate_uuid: "a7b7628492844697bf4e83d25ec052b4" candidate_term: 1 candidate_status { last_received { term: 0 index: 0 } } ignore_live_leader: false dest_uuid: "784d5bbbc58b431e9b290b040b2ff062"
I20260601 13:36:56.558674  7651 tablet_service.cc:1917] Received RequestConsensusVote() RPC: tablet_id: "01336884b7d44e188d985087ee344d30" candidate_uuid: "a7b7628492844697bf4e83d25ec052b4" candidate_term: 1 candidate_status { last_received { term: 0 index: 0 } } ignore_live_leader: false dest_uuid: "784d5bbbc58b431e9b290b040b2ff062" is_pre_election: true
I20260601 13:36:56.558727  7650 raft_consensus.cc:3060] T 01336884b7d44e188d985087ee344d30 P 784d5bbbc58b431e9b290b040b2ff062 [term 0 FOLLOWER]: Advancing to term 1
I20260601 13:36:56.558794  7697 ts_tablet_manager.cc:1434] T f4b94403ad8e4ed88dc38a991f9b411c P 784d5bbbc58b431e9b290b040b2ff062: Time spent starting tablet: real 0.001s	user 0.000s	sys 0.000s
I20260601 13:36:56.558961  7697 tablet_bootstrap.cc:492] T 2de258632ae44520a1ca7d56df8005bc P 784d5bbbc58b431e9b290b040b2ff062: Bootstrap starting.
I20260601 13:36:56.559782  7650 raft_consensus.cc:2468] T 01336884b7d44e188d985087ee344d30 P 784d5bbbc58b431e9b290b040b2ff062 [term 1 FOLLOWER]: Leader election vote request: Granting yes vote for candidate a7b7628492844697bf4e83d25ec052b4 in term 1.
I20260601 13:36:56.560298  7463 leader_election.cc:304] T 01336884b7d44e188d985087ee344d30 P a7b7628492844697bf4e83d25ec052b4 [CANDIDATE]: Term 1 election: Election decided. Result: candidate won. Election summary: received 2 responses out of 3 voters: 2 yes votes; 0 no votes. yes voters: 784d5bbbc58b431e9b290b040b2ff062, a7b7628492844697bf4e83d25ec052b4; no voters: 
I20260601 13:36:56.560568  7708 raft_consensus.cc:2804] T 01336884b7d44e188d985087ee344d30 P a7b7628492844697bf4e83d25ec052b4 [term 1 FOLLOWER]: Leader election won for term 1
I20260601 13:36:56.560647  7708 raft_consensus.cc:697] T 01336884b7d44e188d985087ee344d30 P a7b7628492844697bf4e83d25ec052b4 [term 1 LEADER]: Becoming Leader. State: Replica: a7b7628492844697bf4e83d25ec052b4, State: Running, Role: LEADER
I20260601 13:36:56.560662  7697 tablet_bootstrap.cc:654] T 2de258632ae44520a1ca7d56df8005bc P 784d5bbbc58b431e9b290b040b2ff062: Neither blocks nor log segments found. Creating new log.
I20260601 13:36:56.560823  7708 consensus_queue.cc:237] T 01336884b7d44e188d985087ee344d30 P a7b7628492844697bf4e83d25ec052b4 [LEADER]: Queue going to LEADER mode. State: All replicated index: 0, Majority replicated index: 0, Committed index: 0, Last appended: 0.0, Last appended by leader: 0, Current term: 1, Majority size: 2, State: 0, Mode: LEADER, active raft config: opid_index: -1 OBSOLETE_local: false peers { permanent_uuid: "a7b7628492844697bf4e83d25ec052b4" member_type: VOTER last_known_addr { host: "127.6.170.1" port: 40117 } } peers { permanent_uuid: "2969fcc2c4424fcebddd29065d70faed" member_type: VOTER last_known_addr { host: "127.6.170.2" port: 42919 } } peers { permanent_uuid: "784d5bbbc58b431e9b290b040b2ff062" member_type: VOTER last_known_addr { host: "127.6.170.3" port: 44653 } }
I20260601 13:36:56.561332  7576 tablet_service.cc:1917] Received RequestConsensusVote() RPC: tablet_id: "01336884b7d44e188d985087ee344d30" candidate_uuid: "a7b7628492844697bf4e83d25ec052b4" candidate_term: 1 candidate_status { last_received { term: 0 index: 0 } } ignore_live_leader: false dest_uuid: "2969fcc2c4424fcebddd29065d70faed"
I20260601 13:36:56.561439  7576 raft_consensus.cc:3060] T 01336884b7d44e188d985087ee344d30 P 2969fcc2c4424fcebddd29065d70faed [term 0 FOLLOWER]: Advancing to term 1
I20260601 13:36:56.562475  7576 raft_consensus.cc:2468] T 01336884b7d44e188d985087ee344d30 P 2969fcc2c4424fcebddd29065d70faed [term 1 FOLLOWER]: Leader election vote request: Granting yes vote for candidate a7b7628492844697bf4e83d25ec052b4 in term 1.
I20260601 13:36:56.563706  7697 tablet_bootstrap.cc:492] T 2de258632ae44520a1ca7d56df8005bc P 784d5bbbc58b431e9b290b040b2ff062: No bootstrap required, opened a new log
I20260601 13:36:56.563843  7697 ts_tablet_manager.cc:1403] T 2de258632ae44520a1ca7d56df8005bc P 784d5bbbc58b431e9b290b040b2ff062: Time spent bootstrapping tablet: real 0.005s	user 0.002s	sys 0.000s
I20260601 13:36:56.564448  7697 raft_consensus.cc:359] T 2de258632ae44520a1ca7d56df8005bc P 784d5bbbc58b431e9b290b040b2ff062 [term 0 FOLLOWER]: Replica starting. Triggering 0 pending ops. Active config: opid_index: -1 OBSOLETE_local: false peers { permanent_uuid: "a7b7628492844697bf4e83d25ec052b4" member_type: VOTER last_known_addr { host: "127.6.170.1" port: 40117 } } peers { permanent_uuid: "2969fcc2c4424fcebddd29065d70faed" member_type: VOTER last_known_addr { host: "127.6.170.2" port: 42919 } } peers { permanent_uuid: "784d5bbbc58b431e9b290b040b2ff062" member_type: VOTER last_known_addr { host: "127.6.170.3" port: 44653 } }
I20260601 13:36:56.564268  7395 catalog_manager.cc:5696] T 01336884b7d44e188d985087ee344d30 P a7b7628492844697bf4e83d25ec052b4 reported cstate change: term changed from 0 to 1, leader changed from <none> to a7b7628492844697bf4e83d25ec052b4 (127.6.170.1). New cstate: current_term: 1 leader_uuid: "a7b7628492844697bf4e83d25ec052b4" committed_config { opid_index: -1 OBSOLETE_local: false peers { permanent_uuid: "a7b7628492844697bf4e83d25ec052b4" member_type: VOTER last_known_addr { host: "127.6.170.1" port: 40117 } health_report { overall_health: HEALTHY } } peers { permanent_uuid: "2969fcc2c4424fcebddd29065d70faed" member_type: VOTER last_known_addr { host: "127.6.170.2" port: 42919 } health_report { overall_health: UNKNOWN } } peers { permanent_uuid: "784d5bbbc58b431e9b290b040b2ff062" member_type: VOTER last_known_addr { host: "127.6.170.3" port: 44653 } health_report { overall_health: UNKNOWN } } }
I20260601 13:36:56.564596  7697 raft_consensus.cc:385] T 2de258632ae44520a1ca7d56df8005bc P 784d5bbbc58b431e9b290b040b2ff062 [term 0 FOLLOWER]: Consensus starting up: Expiring failure detector timer to make a prompt election more likely
I20260601 13:36:56.564653  7697 raft_consensus.cc:740] T 2de258632ae44520a1ca7d56df8005bc P 784d5bbbc58b431e9b290b040b2ff062 [term 0 FOLLOWER]: Becoming Follower/Learner. State: Replica: 784d5bbbc58b431e9b290b040b2ff062, State: Initialized, Role: FOLLOWER
I20260601 13:36:56.564868  7697 consensus_queue.cc:260] T 2de258632ae44520a1ca7d56df8005bc P 784d5bbbc58b431e9b290b040b2ff062 [NON_LEADER]: Queue going to NON_LEADER mode. State: All replicated index: 0, Majority replicated index: 0, Committed index: 0, Last appended: 0.0, Last appended by leader: 0, Current term: 0, Majority size: -1, State: 0, Mode: NON_LEADER, active raft config: opid_index: -1 OBSOLETE_local: false peers { permanent_uuid: "a7b7628492844697bf4e83d25ec052b4" member_type: VOTER last_known_addr { host: "127.6.170.1" port: 40117 } } peers { permanent_uuid: "2969fcc2c4424fcebddd29065d70faed" member_type: VOTER last_known_addr { host: "127.6.170.2" port: 42919 } } peers { permanent_uuid: "784d5bbbc58b431e9b290b040b2ff062" member_type: VOTER last_known_addr { host: "127.6.170.3" port: 44653 } }
I20260601 13:36:56.565214  7697 ts_tablet_manager.cc:1434] T 2de258632ae44520a1ca7d56df8005bc P 784d5bbbc58b431e9b290b040b2ff062: Time spent starting tablet: real 0.001s	user 0.001s	sys 0.000s
W20260601 13:36:56.599730  7527 tablet.cc:2404] T 01336884b7d44e188d985087ee344d30 P a7b7628492844697bf4e83d25ec052b4: Can't schedule compaction. Clean time has not been advanced past its initial value.
I20260601 13:36:56.606280  7708 raft_consensus.cc:493] T 3ef1446e1c24400facb01ab1c6d46e4b P a7b7628492844697bf4e83d25ec052b4 [term 0 FOLLOWER]: Starting pre-election (no leader contacted us within the election timeout)
I20260601 13:36:56.606452  7708 raft_consensus.cc:515] T 3ef1446e1c24400facb01ab1c6d46e4b P a7b7628492844697bf4e83d25ec052b4 [term 0 FOLLOWER]: Starting pre-election with config: opid_index: -1 OBSOLETE_local: false peers { permanent_uuid: "784d5bbbc58b431e9b290b040b2ff062" member_type: VOTER last_known_addr { host: "127.6.170.3" port: 44653 } } peers { permanent_uuid: "2969fcc2c4424fcebddd29065d70faed" member_type: VOTER last_known_addr { host: "127.6.170.2" port: 42919 } } peers { permanent_uuid: "a7b7628492844697bf4e83d25ec052b4" member_type: VOTER last_known_addr { host: "127.6.170.1" port: 40117 } }
I20260601 13:36:56.606973  7708 leader_election.cc:290] T 3ef1446e1c24400facb01ab1c6d46e4b P a7b7628492844697bf4e83d25ec052b4 [CANDIDATE]: Term 1 pre-election: Requested pre-vote from peers 784d5bbbc58b431e9b290b040b2ff062 (127.6.170.3:44653), 2969fcc2c4424fcebddd29065d70faed (127.6.170.2:42919)
I20260601 13:36:56.607388  7650 tablet_service.cc:1917] Received RequestConsensusVote() RPC: tablet_id: "3ef1446e1c24400facb01ab1c6d46e4b" candidate_uuid: "a7b7628492844697bf4e83d25ec052b4" candidate_term: 1 candidate_status { last_received { term: 0 index: 0 } } ignore_live_leader: false dest_uuid: "784d5bbbc58b431e9b290b040b2ff062" is_pre_election: true
I20260601 13:36:56.607504  7576 tablet_service.cc:1917] Received RequestConsensusVote() RPC: tablet_id: "3ef1446e1c24400facb01ab1c6d46e4b" candidate_uuid: "a7b7628492844697bf4e83d25ec052b4" candidate_term: 1 candidate_status { last_received { term: 0 index: 0 } } ignore_live_leader: false dest_uuid: "2969fcc2c4424fcebddd29065d70faed" is_pre_election: true
I20260601 13:36:56.607519  7650 raft_consensus.cc:2468] T 3ef1446e1c24400facb01ab1c6d46e4b P 784d5bbbc58b431e9b290b040b2ff062 [term 0 FOLLOWER]: Leader pre-election vote request: Granting yes vote for candidate a7b7628492844697bf4e83d25ec052b4 in term 0.
I20260601 13:36:56.607683  7576 raft_consensus.cc:2468] T 3ef1446e1c24400facb01ab1c6d46e4b P 2969fcc2c4424fcebddd29065d70faed [term 0 FOLLOWER]: Leader pre-election vote request: Granting yes vote for candidate a7b7628492844697bf4e83d25ec052b4 in term 0.
I20260601 13:36:56.607921  7463 leader_election.cc:304] T 3ef1446e1c24400facb01ab1c6d46e4b P a7b7628492844697bf4e83d25ec052b4 [CANDIDATE]: Term 1 pre-election: Election decided. Result: candidate won. Election summary: received 2 responses out of 3 voters: 2 yes votes; 0 no votes. yes voters: 784d5bbbc58b431e9b290b040b2ff062, a7b7628492844697bf4e83d25ec052b4; no voters: 
I20260601 13:36:56.608099  7708 raft_consensus.cc:2804] T 3ef1446e1c24400facb01ab1c6d46e4b P a7b7628492844697bf4e83d25ec052b4 [term 0 FOLLOWER]: Leader pre-election won for term 1
I20260601 13:36:56.608160  7708 raft_consensus.cc:493] T 3ef1446e1c24400facb01ab1c6d46e4b P a7b7628492844697bf4e83d25ec052b4 [term 0 FOLLOWER]: Starting leader election (no leader contacted us within the election timeout)
I20260601 13:36:56.608187  7708 raft_consensus.cc:3060] T 3ef1446e1c24400facb01ab1c6d46e4b P a7b7628492844697bf4e83d25ec052b4 [term 0 FOLLOWER]: Advancing to term 1
I20260601 13:36:56.609179  7708 raft_consensus.cc:515] T 3ef1446e1c24400facb01ab1c6d46e4b P a7b7628492844697bf4e83d25ec052b4 [term 1 FOLLOWER]: Starting leader election with config: opid_index: -1 OBSOLETE_local: false peers { permanent_uuid: "784d5bbbc58b431e9b290b040b2ff062" member_type: VOTER last_known_addr { host: "127.6.170.3" port: 44653 } } peers { permanent_uuid: "2969fcc2c4424fcebddd29065d70faed" member_type: VOTER last_known_addr { host: "127.6.170.2" port: 42919 } } peers { permanent_uuid: "a7b7628492844697bf4e83d25ec052b4" member_type: VOTER last_known_addr { host: "127.6.170.1" port: 40117 } }
I20260601 13:36:56.609655  7708 leader_election.cc:290] T 3ef1446e1c24400facb01ab1c6d46e4b P a7b7628492844697bf4e83d25ec052b4 [CANDIDATE]: Term 1 election: Requested vote from peers 784d5bbbc58b431e9b290b040b2ff062 (127.6.170.3:44653), 2969fcc2c4424fcebddd29065d70faed (127.6.170.2:42919)
I20260601 13:36:56.609967  7650 tablet_service.cc:1917] Received RequestConsensusVote() RPC: tablet_id: "3ef1446e1c24400facb01ab1c6d46e4b" candidate_uuid: "a7b7628492844697bf4e83d25ec052b4" candidate_term: 1 candidate_status { last_received { term: 0 index: 0 } } ignore_live_leader: false dest_uuid: "784d5bbbc58b431e9b290b040b2ff062"
I20260601 13:36:56.610009  7576 tablet_service.cc:1917] Received RequestConsensusVote() RPC: tablet_id: "3ef1446e1c24400facb01ab1c6d46e4b" candidate_uuid: "a7b7628492844697bf4e83d25ec052b4" candidate_term: 1 candidate_status { last_received { term: 0 index: 0 } } ignore_live_leader: false dest_uuid: "2969fcc2c4424fcebddd29065d70faed"
I20260601 13:36:56.610096  7650 raft_consensus.cc:3060] T 3ef1446e1c24400facb01ab1c6d46e4b P 784d5bbbc58b431e9b290b040b2ff062 [term 0 FOLLOWER]: Advancing to term 1
I20260601 13:36:56.610131  7576 raft_consensus.cc:3060] T 3ef1446e1c24400facb01ab1c6d46e4b P 2969fcc2c4424fcebddd29065d70faed [term 0 FOLLOWER]: Advancing to term 1
I20260601 13:36:56.610951  7650 raft_consensus.cc:2468] T 3ef1446e1c24400facb01ab1c6d46e4b P 784d5bbbc58b431e9b290b040b2ff062 [term 1 FOLLOWER]: Leader election vote request: Granting yes vote for candidate a7b7628492844697bf4e83d25ec052b4 in term 1.
I20260601 13:36:56.610970  7576 raft_consensus.cc:2468] T 3ef1446e1c24400facb01ab1c6d46e4b P 2969fcc2c4424fcebddd29065d70faed [term 1 FOLLOWER]: Leader election vote request: Granting yes vote for candidate a7b7628492844697bf4e83d25ec052b4 in term 1.
I20260601 13:36:56.611289  7463 leader_election.cc:304] T 3ef1446e1c24400facb01ab1c6d46e4b P a7b7628492844697bf4e83d25ec052b4 [CANDIDATE]: Term 1 election: Election decided. Result: candidate won. Election summary: received 2 responses out of 3 voters: 2 yes votes; 0 no votes. yes voters: 784d5bbbc58b431e9b290b040b2ff062, a7b7628492844697bf4e83d25ec052b4; no voters: 
I20260601 13:36:56.611471  7708 raft_consensus.cc:2804] T 3ef1446e1c24400facb01ab1c6d46e4b P a7b7628492844697bf4e83d25ec052b4 [term 1 FOLLOWER]: Leader election won for term 1
I20260601 13:36:56.611559  7708 raft_consensus.cc:697] T 3ef1446e1c24400facb01ab1c6d46e4b P a7b7628492844697bf4e83d25ec052b4 [term 1 LEADER]: Becoming Leader. State: Replica: a7b7628492844697bf4e83d25ec052b4, State: Running, Role: LEADER
I20260601 13:36:56.611721  7708 consensus_queue.cc:237] T 3ef1446e1c24400facb01ab1c6d46e4b P a7b7628492844697bf4e83d25ec052b4 [LEADER]: Queue going to LEADER mode. State: All replicated index: 0, Majority replicated index: 0, Committed index: 0, Last appended: 0.0, Last appended by leader: 0, Current term: 1, Majority size: 2, State: 0, Mode: LEADER, active raft config: opid_index: -1 OBSOLETE_local: false peers { permanent_uuid: "784d5bbbc58b431e9b290b040b2ff062" member_type: VOTER last_known_addr { host: "127.6.170.3" port: 44653 } } peers { permanent_uuid: "2969fcc2c4424fcebddd29065d70faed" member_type: VOTER last_known_addr { host: "127.6.170.2" port: 42919 } } peers { permanent_uuid: "a7b7628492844697bf4e83d25ec052b4" member_type: VOTER last_known_addr { host: "127.6.170.1" port: 40117 } }
I20260601 13:36:56.613529  7394 catalog_manager.cc:5696] T 3ef1446e1c24400facb01ab1c6d46e4b P a7b7628492844697bf4e83d25ec052b4 reported cstate change: term changed from 0 to 1, leader changed from <none> to a7b7628492844697bf4e83d25ec052b4 (127.6.170.1). New cstate: current_term: 1 leader_uuid: "a7b7628492844697bf4e83d25ec052b4" committed_config { opid_index: -1 OBSOLETE_local: false peers { permanent_uuid: "784d5bbbc58b431e9b290b040b2ff062" member_type: VOTER last_known_addr { host: "127.6.170.3" port: 44653 } health_report { overall_health: UNKNOWN } } peers { permanent_uuid: "2969fcc2c4424fcebddd29065d70faed" member_type: VOTER last_known_addr { host: "127.6.170.2" port: 42919 } health_report { overall_health: UNKNOWN } } peers { permanent_uuid: "a7b7628492844697bf4e83d25ec052b4" member_type: VOTER last_known_addr { host: "127.6.170.1" port: 40117 } health_report { overall_health: HEALTHY } } }
I20260601 13:36:56.617832  7708 raft_consensus.cc:493] T 2de258632ae44520a1ca7d56df8005bc P a7b7628492844697bf4e83d25ec052b4 [term 0 FOLLOWER]: Starting pre-election (no leader contacted us within the election timeout)
I20260601 13:36:56.617954  7708 raft_consensus.cc:515] T 2de258632ae44520a1ca7d56df8005bc P a7b7628492844697bf4e83d25ec052b4 [term 0 FOLLOWER]: Starting pre-election with config: opid_index: -1 OBSOLETE_local: false peers { permanent_uuid: "a7b7628492844697bf4e83d25ec052b4" member_type: VOTER last_known_addr { host: "127.6.170.1" port: 40117 } } peers { permanent_uuid: "2969fcc2c4424fcebddd29065d70faed" member_type: VOTER last_known_addr { host: "127.6.170.2" port: 42919 } } peers { permanent_uuid: "784d5bbbc58b431e9b290b040b2ff062" member_type: VOTER last_known_addr { host: "127.6.170.3" port: 44653 } }
I20260601 13:36:56.618335  7708 leader_election.cc:290] T 2de258632ae44520a1ca7d56df8005bc P a7b7628492844697bf4e83d25ec052b4 [CANDIDATE]: Term 1 pre-election: Requested pre-vote from peers 2969fcc2c4424fcebddd29065d70faed (127.6.170.2:42919), 784d5bbbc58b431e9b290b040b2ff062 (127.6.170.3:44653)
I20260601 13:36:56.618870  7650 tablet_service.cc:1917] Received RequestConsensusVote() RPC: tablet_id: "2de258632ae44520a1ca7d56df8005bc" candidate_uuid: "a7b7628492844697bf4e83d25ec052b4" candidate_term: 1 candidate_status { last_received { term: 0 index: 0 } } ignore_live_leader: false dest_uuid: "784d5bbbc58b431e9b290b040b2ff062" is_pre_election: true
I20260601 13:36:56.618891  7576 tablet_service.cc:1917] Received RequestConsensusVote() RPC: tablet_id: "2de258632ae44520a1ca7d56df8005bc" candidate_uuid: "a7b7628492844697bf4e83d25ec052b4" candidate_term: 1 candidate_status { last_received { term: 0 index: 0 } } ignore_live_leader: false dest_uuid: "2969fcc2c4424fcebddd29065d70faed" is_pre_election: true
I20260601 13:36:56.619129  7650 raft_consensus.cc:2468] T 2de258632ae44520a1ca7d56df8005bc P 784d5bbbc58b431e9b290b040b2ff062 [term 0 FOLLOWER]: Leader pre-election vote request: Granting yes vote for candidate a7b7628492844697bf4e83d25ec052b4 in term 0.
I20260601 13:36:56.619154  7576 raft_consensus.cc:2468] T 2de258632ae44520a1ca7d56df8005bc P 2969fcc2c4424fcebddd29065d70faed [term 0 FOLLOWER]: Leader pre-election vote request: Granting yes vote for candidate a7b7628492844697bf4e83d25ec052b4 in term 0.
I20260601 13:36:56.619491  7463 leader_election.cc:304] T 2de258632ae44520a1ca7d56df8005bc P a7b7628492844697bf4e83d25ec052b4 [CANDIDATE]: Term 1 pre-election: Election decided. Result: candidate won. Election summary: received 2 responses out of 3 voters: 2 yes votes; 0 no votes. yes voters: 784d5bbbc58b431e9b290b040b2ff062, a7b7628492844697bf4e83d25ec052b4; no voters: 
I20260601 13:36:56.619709  7708 raft_consensus.cc:2804] T 2de258632ae44520a1ca7d56df8005bc P a7b7628492844697bf4e83d25ec052b4 [term 0 FOLLOWER]: Leader pre-election won for term 1
I20260601 13:36:56.619782  7708 raft_consensus.cc:493] T 2de258632ae44520a1ca7d56df8005bc P a7b7628492844697bf4e83d25ec052b4 [term 0 FOLLOWER]: Starting leader election (no leader contacted us within the election timeout)
I20260601 13:36:56.619840  7708 raft_consensus.cc:3060] T 2de258632ae44520a1ca7d56df8005bc P a7b7628492844697bf4e83d25ec052b4 [term 0 FOLLOWER]: Advancing to term 1
I20260601 13:36:56.620831  7708 raft_consensus.cc:515] T 2de258632ae44520a1ca7d56df8005bc P a7b7628492844697bf4e83d25ec052b4 [term 1 FOLLOWER]: Starting leader election with config: opid_index: -1 OBSOLETE_local: false peers { permanent_uuid: "a7b7628492844697bf4e83d25ec052b4" member_type: VOTER last_known_addr { host: "127.6.170.1" port: 40117 } } peers { permanent_uuid: "2969fcc2c4424fcebddd29065d70faed" member_type: VOTER last_known_addr { host: "127.6.170.2" port: 42919 } } peers { permanent_uuid: "784d5bbbc58b431e9b290b040b2ff062" member_type: VOTER last_known_addr { host: "127.6.170.3" port: 44653 } }
I20260601 13:36:56.621279  7708 leader_election.cc:290] T 2de258632ae44520a1ca7d56df8005bc P a7b7628492844697bf4e83d25ec052b4 [CANDIDATE]: Term 1 election: Requested vote from peers 2969fcc2c4424fcebddd29065d70faed (127.6.170.2:42919), 784d5bbbc58b431e9b290b040b2ff062 (127.6.170.3:44653)
I20260601 13:36:56.621636  7576 tablet_service.cc:1917] Received RequestConsensusVote() RPC: tablet_id: "2de258632ae44520a1ca7d56df8005bc" candidate_uuid: "a7b7628492844697bf4e83d25ec052b4" candidate_term: 1 candidate_status { last_received { term: 0 index: 0 } } ignore_live_leader: false dest_uuid: "2969fcc2c4424fcebddd29065d70faed"
I20260601 13:36:56.621688  7650 tablet_service.cc:1917] Received RequestConsensusVote() RPC: tablet_id: "2de258632ae44520a1ca7d56df8005bc" candidate_uuid: "a7b7628492844697bf4e83d25ec052b4" candidate_term: 1 candidate_status { last_received { term: 0 index: 0 } } ignore_live_leader: false dest_uuid: "784d5bbbc58b431e9b290b040b2ff062"
I20260601 13:36:56.621806  7576 raft_consensus.cc:3060] T 2de258632ae44520a1ca7d56df8005bc P 2969fcc2c4424fcebddd29065d70faed [term 0 FOLLOWER]: Advancing to term 1
I20260601 13:36:56.621842  7650 raft_consensus.cc:3060] T 2de258632ae44520a1ca7d56df8005bc P 784d5bbbc58b431e9b290b040b2ff062 [term 0 FOLLOWER]: Advancing to term 1
I20260601 13:36:56.622581  7576 raft_consensus.cc:2468] T 2de258632ae44520a1ca7d56df8005bc P 2969fcc2c4424fcebddd29065d70faed [term 1 FOLLOWER]: Leader election vote request: Granting yes vote for candidate a7b7628492844697bf4e83d25ec052b4 in term 1.
I20260601 13:36:56.622594  7650 raft_consensus.cc:2468] T 2de258632ae44520a1ca7d56df8005bc P 784d5bbbc58b431e9b290b040b2ff062 [term 1 FOLLOWER]: Leader election vote request: Granting yes vote for candidate a7b7628492844697bf4e83d25ec052b4 in term 1.
I20260601 13:36:56.622901  7464 leader_election.cc:304] T 2de258632ae44520a1ca7d56df8005bc P a7b7628492844697bf4e83d25ec052b4 [CANDIDATE]: Term 1 election: Election decided. Result: candidate won. Election summary: received 2 responses out of 3 voters: 2 yes votes; 0 no votes. yes voters: 2969fcc2c4424fcebddd29065d70faed, a7b7628492844697bf4e83d25ec052b4; no voters: 
I20260601 13:36:56.623080  7708 raft_consensus.cc:2804] T 2de258632ae44520a1ca7d56df8005bc P a7b7628492844697bf4e83d25ec052b4 [term 1 FOLLOWER]: Leader election won for term 1
I20260601 13:36:56.623183  7708 raft_consensus.cc:697] T 2de258632ae44520a1ca7d56df8005bc P a7b7628492844697bf4e83d25ec052b4 [term 1 LEADER]: Becoming Leader. State: Replica: a7b7628492844697bf4e83d25ec052b4, State: Running, Role: LEADER
I20260601 13:36:56.623318  7708 consensus_queue.cc:237] T 2de258632ae44520a1ca7d56df8005bc P a7b7628492844697bf4e83d25ec052b4 [LEADER]: Queue going to LEADER mode. State: All replicated index: 0, Majority replicated index: 0, Committed index: 0, Last appended: 0.0, Last appended by leader: 0, Current term: 1, Majority size: 2, State: 0, Mode: LEADER, active raft config: opid_index: -1 OBSOLETE_local: false peers { permanent_uuid: "a7b7628492844697bf4e83d25ec052b4" member_type: VOTER last_known_addr { host: "127.6.170.1" port: 40117 } } peers { permanent_uuid: "2969fcc2c4424fcebddd29065d70faed" member_type: VOTER last_known_addr { host: "127.6.170.2" port: 42919 } } peers { permanent_uuid: "784d5bbbc58b431e9b290b040b2ff062" member_type: VOTER last_known_addr { host: "127.6.170.3" port: 44653 } }
I20260601 13:36:56.625051  7394 catalog_manager.cc:5696] T 2de258632ae44520a1ca7d56df8005bc P a7b7628492844697bf4e83d25ec052b4 reported cstate change: term changed from 0 to 1, leader changed from <none> to a7b7628492844697bf4e83d25ec052b4 (127.6.170.1). New cstate: current_term: 1 leader_uuid: "a7b7628492844697bf4e83d25ec052b4" committed_config { opid_index: -1 OBSOLETE_local: false peers { permanent_uuid: "a7b7628492844697bf4e83d25ec052b4" member_type: VOTER last_known_addr { host: "127.6.170.1" port: 40117 } health_report { overall_health: HEALTHY } } peers { permanent_uuid: "2969fcc2c4424fcebddd29065d70faed" member_type: VOTER last_known_addr { host: "127.6.170.2" port: 42919 } health_report { overall_health: UNKNOWN } } peers { permanent_uuid: "784d5bbbc58b431e9b290b040b2ff062" member_type: VOTER last_known_addr { host: "127.6.170.3" port: 44653 } health_report { overall_health: UNKNOWN } } }
I20260601 13:36:56.640985  7705 raft_consensus.cc:493] T e5064d65f3d14ba3a033d7acd17e67cb P 784d5bbbc58b431e9b290b040b2ff062 [term 0 FOLLOWER]: Starting pre-election (no leader contacted us within the election timeout)
I20260601 13:36:56.641140  7705 raft_consensus.cc:515] T e5064d65f3d14ba3a033d7acd17e67cb P 784d5bbbc58b431e9b290b040b2ff062 [term 0 FOLLOWER]: Starting pre-election with config: opid_index: -1 OBSOLETE_local: false peers { permanent_uuid: "a7b7628492844697bf4e83d25ec052b4" member_type: VOTER last_known_addr { host: "127.6.170.1" port: 40117 } } peers { permanent_uuid: "2969fcc2c4424fcebddd29065d70faed" member_type: VOTER last_known_addr { host: "127.6.170.2" port: 42919 } } peers { permanent_uuid: "784d5bbbc58b431e9b290b040b2ff062" member_type: VOTER last_known_addr { host: "127.6.170.3" port: 44653 } }
I20260601 13:36:56.641791  7705 leader_election.cc:290] T e5064d65f3d14ba3a033d7acd17e67cb P 784d5bbbc58b431e9b290b040b2ff062 [CANDIDATE]: Term 1 pre-election: Requested pre-vote from peers a7b7628492844697bf4e83d25ec052b4 (127.6.170.1:40117), 2969fcc2c4424fcebddd29065d70faed (127.6.170.2:42919)
I20260601 13:36:56.646250  7500 tablet_service.cc:1917] Received RequestConsensusVote() RPC: tablet_id: "e5064d65f3d14ba3a033d7acd17e67cb" candidate_uuid: "784d5bbbc58b431e9b290b040b2ff062" candidate_term: 1 candidate_status { last_received { term: 0 index: 0 } } ignore_live_leader: false dest_uuid: "a7b7628492844697bf4e83d25ec052b4" is_pre_election: true
I20260601 13:36:56.646437  7500 raft_consensus.cc:2468] T e5064d65f3d14ba3a033d7acd17e67cb P a7b7628492844697bf4e83d25ec052b4 [term 0 FOLLOWER]: Leader pre-election vote request: Granting yes vote for candidate 784d5bbbc58b431e9b290b040b2ff062 in term 0.
I20260601 13:36:56.646896  7617 leader_election.cc:304] T e5064d65f3d14ba3a033d7acd17e67cb P 784d5bbbc58b431e9b290b040b2ff062 [CANDIDATE]: Term 1 pre-election: Election decided. Result: candidate won. Election summary: received 2 responses out of 3 voters: 2 yes votes; 0 no votes. yes voters: 784d5bbbc58b431e9b290b040b2ff062, a7b7628492844697bf4e83d25ec052b4; no voters: 
I20260601 13:36:56.647123  7705 raft_consensus.cc:2804] T e5064d65f3d14ba3a033d7acd17e67cb P 784d5bbbc58b431e9b290b040b2ff062 [term 0 FOLLOWER]: Leader pre-election won for term 1
I20260601 13:36:56.647152  7576 tablet_service.cc:1917] Received RequestConsensusVote() RPC: tablet_id: "e5064d65f3d14ba3a033d7acd17e67cb" candidate_uuid: "784d5bbbc58b431e9b290b040b2ff062" candidate_term: 1 candidate_status { last_received { term: 0 index: 0 } } ignore_live_leader: false dest_uuid: "2969fcc2c4424fcebddd29065d70faed" is_pre_election: true
I20260601 13:36:56.647204  7705 raft_consensus.cc:493] T e5064d65f3d14ba3a033d7acd17e67cb P 784d5bbbc58b431e9b290b040b2ff062 [term 0 FOLLOWER]: Starting leader election (no leader contacted us within the election timeout)
I20260601 13:36:56.647266  7705 raft_consensus.cc:3060] T e5064d65f3d14ba3a033d7acd17e67cb P 784d5bbbc58b431e9b290b040b2ff062 [term 0 FOLLOWER]: Advancing to term 1
I20260601 13:36:56.647275  7576 raft_consensus.cc:2468] T e5064d65f3d14ba3a033d7acd17e67cb P 2969fcc2c4424fcebddd29065d70faed [term 0 FOLLOWER]: Leader pre-election vote request: Granting yes vote for candidate 784d5bbbc58b431e9b290b040b2ff062 in term 0.
I20260601 13:36:56.648149  7705 raft_consensus.cc:515] T e5064d65f3d14ba3a033d7acd17e67cb P 784d5bbbc58b431e9b290b040b2ff062 [term 1 FOLLOWER]: Starting leader election with config: opid_index: -1 OBSOLETE_local: false peers { permanent_uuid: "a7b7628492844697bf4e83d25ec052b4" member_type: VOTER last_known_addr { host: "127.6.170.1" port: 40117 } } peers { permanent_uuid: "2969fcc2c4424fcebddd29065d70faed" member_type: VOTER last_known_addr { host: "127.6.170.2" port: 42919 } } peers { permanent_uuid: "784d5bbbc58b431e9b290b040b2ff062" member_type: VOTER last_known_addr { host: "127.6.170.3" port: 44653 } }
I20260601 13:36:56.648542  7705 leader_election.cc:290] T e5064d65f3d14ba3a033d7acd17e67cb P 784d5bbbc58b431e9b290b040b2ff062 [CANDIDATE]: Term 1 election: Requested vote from peers a7b7628492844697bf4e83d25ec052b4 (127.6.170.1:40117), 2969fcc2c4424fcebddd29065d70faed (127.6.170.2:42919)
I20260601 13:36:56.648975  7576 tablet_service.cc:1917] Received RequestConsensusVote() RPC: tablet_id: "e5064d65f3d14ba3a033d7acd17e67cb" candidate_uuid: "784d5bbbc58b431e9b290b040b2ff062" candidate_term: 1 candidate_status { last_received { term: 0 index: 0 } } ignore_live_leader: false dest_uuid: "2969fcc2c4424fcebddd29065d70faed"
I20260601 13:36:56.648981  7500 tablet_service.cc:1917] Received RequestConsensusVote() RPC: tablet_id: "e5064d65f3d14ba3a033d7acd17e67cb" candidate_uuid: "784d5bbbc58b431e9b290b040b2ff062" candidate_term: 1 candidate_status { last_received { term: 0 index: 0 } } ignore_live_leader: false dest_uuid: "a7b7628492844697bf4e83d25ec052b4"
I20260601 13:36:56.649117  7576 raft_consensus.cc:3060] T e5064d65f3d14ba3a033d7acd17e67cb P 2969fcc2c4424fcebddd29065d70faed [term 0 FOLLOWER]: Advancing to term 1
I20260601 13:36:56.649142  7500 raft_consensus.cc:3060] T e5064d65f3d14ba3a033d7acd17e67cb P a7b7628492844697bf4e83d25ec052b4 [term 0 FOLLOWER]: Advancing to term 1
I20260601 13:36:56.649860  7500 raft_consensus.cc:2468] T e5064d65f3d14ba3a033d7acd17e67cb P a7b7628492844697bf4e83d25ec052b4 [term 1 FOLLOWER]: Leader election vote request: Granting yes vote for candidate 784d5bbbc58b431e9b290b040b2ff062 in term 1.
I20260601 13:36:56.649875  7576 raft_consensus.cc:2468] T e5064d65f3d14ba3a033d7acd17e67cb P 2969fcc2c4424fcebddd29065d70faed [term 1 FOLLOWER]: Leader election vote request: Granting yes vote for candidate 784d5bbbc58b431e9b290b040b2ff062 in term 1.
I20260601 13:36:56.650151  7617 leader_election.cc:304] T e5064d65f3d14ba3a033d7acd17e67cb P 784d5bbbc58b431e9b290b040b2ff062 [CANDIDATE]: Term 1 election: Election decided. Result: candidate won. Election summary: received 2 responses out of 3 voters: 2 yes votes; 0 no votes. yes voters: 784d5bbbc58b431e9b290b040b2ff062, a7b7628492844697bf4e83d25ec052b4; no voters: 
I20260601 13:36:56.650305  7705 raft_consensus.cc:2804] T e5064d65f3d14ba3a033d7acd17e67cb P 784d5bbbc58b431e9b290b040b2ff062 [term 1 FOLLOWER]: Leader election won for term 1
I20260601 13:36:56.650539  7705 raft_consensus.cc:697] T e5064d65f3d14ba3a033d7acd17e67cb P 784d5bbbc58b431e9b290b040b2ff062 [term 1 LEADER]: Becoming Leader. State: Replica: 784d5bbbc58b431e9b290b040b2ff062, State: Running, Role: LEADER
I20260601 13:36:56.650694  7705 consensus_queue.cc:237] T e5064d65f3d14ba3a033d7acd17e67cb P 784d5bbbc58b431e9b290b040b2ff062 [LEADER]: Queue going to LEADER mode. State: All replicated index: 0, Majority replicated index: 0, Committed index: 0, Last appended: 0.0, Last appended by leader: 0, Current term: 1, Majority size: 2, State: 0, Mode: LEADER, active raft config: opid_index: -1 OBSOLETE_local: false peers { permanent_uuid: "a7b7628492844697bf4e83d25ec052b4" member_type: VOTER last_known_addr { host: "127.6.170.1" port: 40117 } } peers { permanent_uuid: "2969fcc2c4424fcebddd29065d70faed" member_type: VOTER last_known_addr { host: "127.6.170.2" port: 42919 } } peers { permanent_uuid: "784d5bbbc58b431e9b290b040b2ff062" member_type: VOTER last_known_addr { host: "127.6.170.3" port: 44653 } }
I20260601 13:36:56.652522  7394 catalog_manager.cc:5696] T e5064d65f3d14ba3a033d7acd17e67cb P 784d5bbbc58b431e9b290b040b2ff062 reported cstate change: term changed from 0 to 1, leader changed from <none> to 784d5bbbc58b431e9b290b040b2ff062 (127.6.170.3). New cstate: current_term: 1 leader_uuid: "784d5bbbc58b431e9b290b040b2ff062" committed_config { opid_index: -1 OBSOLETE_local: false peers { permanent_uuid: "a7b7628492844697bf4e83d25ec052b4" member_type: VOTER last_known_addr { host: "127.6.170.1" port: 40117 } health_report { overall_health: UNKNOWN } } peers { permanent_uuid: "2969fcc2c4424fcebddd29065d70faed" member_type: VOTER last_known_addr { host: "127.6.170.2" port: 42919 } health_report { overall_health: UNKNOWN } } peers { permanent_uuid: "784d5bbbc58b431e9b290b040b2ff062" member_type: VOTER last_known_addr { host: "127.6.170.3" port: 44653 } health_report { overall_health: HEALTHY } } }
I20260601 13:36:56.657382  7701 raft_consensus.cc:493] T 57d7ca9527174a73ab7233e9e7f5b867 P 2969fcc2c4424fcebddd29065d70faed [term 0 FOLLOWER]: Starting pre-election (no leader contacted us within the election timeout)
I20260601 13:36:56.657501  7701 raft_consensus.cc:515] T 57d7ca9527174a73ab7233e9e7f5b867 P 2969fcc2c4424fcebddd29065d70faed [term 0 FOLLOWER]: Starting pre-election with config: opid_index: -1 OBSOLETE_local: false peers { permanent_uuid: "a7b7628492844697bf4e83d25ec052b4" member_type: VOTER last_known_addr { host: "127.6.170.1" port: 40117 } } peers { permanent_uuid: "2969fcc2c4424fcebddd29065d70faed" member_type: VOTER last_known_addr { host: "127.6.170.2" port: 42919 } } peers { permanent_uuid: "784d5bbbc58b431e9b290b040b2ff062" member_type: VOTER last_known_addr { host: "127.6.170.3" port: 44653 } }
I20260601 13:36:56.657974  7701 leader_election.cc:290] T 57d7ca9527174a73ab7233e9e7f5b867 P 2969fcc2c4424fcebddd29065d70faed [CANDIDATE]: Term 1 pre-election: Requested pre-vote from peers a7b7628492844697bf4e83d25ec052b4 (127.6.170.1:40117), 784d5bbbc58b431e9b290b040b2ff062 (127.6.170.3:44653)
I20260601 13:36:56.662117  7650 tablet_service.cc:1917] Received RequestConsensusVote() RPC: tablet_id: "57d7ca9527174a73ab7233e9e7f5b867" candidate_uuid: "2969fcc2c4424fcebddd29065d70faed" candidate_term: 1 candidate_status { last_received { term: 0 index: 0 } } ignore_live_leader: false dest_uuid: "784d5bbbc58b431e9b290b040b2ff062" is_pre_election: true
I20260601 13:36:56.662307  7650 raft_consensus.cc:2468] T 57d7ca9527174a73ab7233e9e7f5b867 P 784d5bbbc58b431e9b290b040b2ff062 [term 0 FOLLOWER]: Leader pre-election vote request: Granting yes vote for candidate 2969fcc2c4424fcebddd29065d70faed in term 0.
I20260601 13:36:56.662478  7500 tablet_service.cc:1917] Received RequestConsensusVote() RPC: tablet_id: "57d7ca9527174a73ab7233e9e7f5b867" candidate_uuid: "2969fcc2c4424fcebddd29065d70faed" candidate_term: 1 candidate_status { last_received { term: 0 index: 0 } } ignore_live_leader: false dest_uuid: "a7b7628492844697bf4e83d25ec052b4" is_pre_election: true
I20260601 13:36:56.662643  7539 leader_election.cc:304] T 57d7ca9527174a73ab7233e9e7f5b867 P 2969fcc2c4424fcebddd29065d70faed [CANDIDATE]: Term 1 pre-election: Election decided. Result: candidate won. Election summary: received 2 responses out of 3 voters: 2 yes votes; 0 no votes. yes voters: 2969fcc2c4424fcebddd29065d70faed, 784d5bbbc58b431e9b290b040b2ff062; no voters: 
I20260601 13:36:56.662726  7500 raft_consensus.cc:2468] T 57d7ca9527174a73ab7233e9e7f5b867 P a7b7628492844697bf4e83d25ec052b4 [term 0 FOLLOWER]: Leader pre-election vote request: Granting yes vote for candidate 2969fcc2c4424fcebddd29065d70faed in term 0.
I20260601 13:36:56.662954  7701 raft_consensus.cc:2804] T 57d7ca9527174a73ab7233e9e7f5b867 P 2969fcc2c4424fcebddd29065d70faed [term 0 FOLLOWER]: Leader pre-election won for term 1
I20260601 13:36:56.663050  7701 raft_consensus.cc:493] T 57d7ca9527174a73ab7233e9e7f5b867 P 2969fcc2c4424fcebddd29065d70faed [term 0 FOLLOWER]: Starting leader election (no leader contacted us within the election timeout)
I20260601 13:36:56.663096  7701 raft_consensus.cc:3060] T 57d7ca9527174a73ab7233e9e7f5b867 P 2969fcc2c4424fcebddd29065d70faed [term 0 FOLLOWER]: Advancing to term 1
I20260601 13:36:56.664445  7701 raft_consensus.cc:515] T 57d7ca9527174a73ab7233e9e7f5b867 P 2969fcc2c4424fcebddd29065d70faed [term 1 FOLLOWER]: Starting leader election with config: opid_index: -1 OBSOLETE_local: false peers { permanent_uuid: "a7b7628492844697bf4e83d25ec052b4" member_type: VOTER last_known_addr { host: "127.6.170.1" port: 40117 } } peers { permanent_uuid: "2969fcc2c4424fcebddd29065d70faed" member_type: VOTER last_known_addr { host: "127.6.170.2" port: 42919 } } peers { permanent_uuid: "784d5bbbc58b431e9b290b040b2ff062" member_type: VOTER last_known_addr { host: "127.6.170.3" port: 44653 } }
I20260601 13:36:56.665022  7701 leader_election.cc:290] T 57d7ca9527174a73ab7233e9e7f5b867 P 2969fcc2c4424fcebddd29065d70faed [CANDIDATE]: Term 1 election: Requested vote from peers a7b7628492844697bf4e83d25ec052b4 (127.6.170.1:40117), 784d5bbbc58b431e9b290b040b2ff062 (127.6.170.3:44653)
I20260601 13:36:56.665570  7650 tablet_service.cc:1917] Received RequestConsensusVote() RPC: tablet_id: "57d7ca9527174a73ab7233e9e7f5b867" candidate_uuid: "2969fcc2c4424fcebddd29065d70faed" candidate_term: 1 candidate_status { last_received { term: 0 index: 0 } } ignore_live_leader: false dest_uuid: "784d5bbbc58b431e9b290b040b2ff062"
I20260601 13:36:56.665570  7500 tablet_service.cc:1917] Received RequestConsensusVote() RPC: tablet_id: "57d7ca9527174a73ab7233e9e7f5b867" candidate_uuid: "2969fcc2c4424fcebddd29065d70faed" candidate_term: 1 candidate_status { last_received { term: 0 index: 0 } } ignore_live_leader: false dest_uuid: "a7b7628492844697bf4e83d25ec052b4"
I20260601 13:36:56.665753  7500 raft_consensus.cc:3060] T 57d7ca9527174a73ab7233e9e7f5b867 P a7b7628492844697bf4e83d25ec052b4 [term 0 FOLLOWER]: Advancing to term 1
I20260601 13:36:56.665753  7650 raft_consensus.cc:3060] T 57d7ca9527174a73ab7233e9e7f5b867 P 784d5bbbc58b431e9b290b040b2ff062 [term 0 FOLLOWER]: Advancing to term 1
I20260601 13:36:56.667115  7500 raft_consensus.cc:2468] T 57d7ca9527174a73ab7233e9e7f5b867 P a7b7628492844697bf4e83d25ec052b4 [term 1 FOLLOWER]: Leader election vote request: Granting yes vote for candidate 2969fcc2c4424fcebddd29065d70faed in term 1.
I20260601 13:36:56.667115  7650 raft_consensus.cc:2468] T 57d7ca9527174a73ab7233e9e7f5b867 P 784d5bbbc58b431e9b290b040b2ff062 [term 1 FOLLOWER]: Leader election vote request: Granting yes vote for candidate 2969fcc2c4424fcebddd29065d70faed in term 1.
I20260601 13:36:56.667519  7542 leader_election.cc:304] T 57d7ca9527174a73ab7233e9e7f5b867 P 2969fcc2c4424fcebddd29065d70faed [CANDIDATE]: Term 1 election: Election decided. Result: candidate won. Election summary: received 2 responses out of 3 voters: 2 yes votes; 0 no votes. yes voters: 2969fcc2c4424fcebddd29065d70faed, a7b7628492844697bf4e83d25ec052b4; no voters: 
I20260601 13:36:56.667812  7701 raft_consensus.cc:2804] T 57d7ca9527174a73ab7233e9e7f5b867 P 2969fcc2c4424fcebddd29065d70faed [term 1 FOLLOWER]: Leader election won for term 1
I20260601 13:36:56.668041  7701 raft_consensus.cc:697] T 57d7ca9527174a73ab7233e9e7f5b867 P 2969fcc2c4424fcebddd29065d70faed [term 1 LEADER]: Becoming Leader. State: Replica: 2969fcc2c4424fcebddd29065d70faed, State: Running, Role: LEADER
I20260601 13:36:56.668218  7701 consensus_queue.cc:237] T 57d7ca9527174a73ab7233e9e7f5b867 P 2969fcc2c4424fcebddd29065d70faed [LEADER]: Queue going to LEADER mode. State: All replicated index: 0, Majority replicated index: 0, Committed index: 0, Last appended: 0.0, Last appended by leader: 0, Current term: 1, Majority size: 2, State: 0, Mode: LEADER, active raft config: opid_index: -1 OBSOLETE_local: false peers { permanent_uuid: "a7b7628492844697bf4e83d25ec052b4" member_type: VOTER last_known_addr { host: "127.6.170.1" port: 40117 } } peers { permanent_uuid: "2969fcc2c4424fcebddd29065d70faed" member_type: VOTER last_known_addr { host: "127.6.170.2" port: 42919 } } peers { permanent_uuid: "784d5bbbc58b431e9b290b040b2ff062" member_type: VOTER last_known_addr { host: "127.6.170.3" port: 44653 } }
I20260601 13:36:56.670207  7394 catalog_manager.cc:5696] T 57d7ca9527174a73ab7233e9e7f5b867 P 2969fcc2c4424fcebddd29065d70faed reported cstate change: term changed from 0 to 1, leader changed from <none> to 2969fcc2c4424fcebddd29065d70faed (127.6.170.2). New cstate: current_term: 1 leader_uuid: "2969fcc2c4424fcebddd29065d70faed" committed_config { opid_index: -1 OBSOLETE_local: false peers { permanent_uuid: "a7b7628492844697bf4e83d25ec052b4" member_type: VOTER last_known_addr { host: "127.6.170.1" port: 40117 } health_report { overall_health: UNKNOWN } } peers { permanent_uuid: "2969fcc2c4424fcebddd29065d70faed" member_type: VOTER last_known_addr { host: "127.6.170.2" port: 42919 } health_report { overall_health: HEALTHY } } peers { permanent_uuid: "784d5bbbc58b431e9b290b040b2ff062" member_type: VOTER last_known_addr { host: "127.6.170.3" port: 44653 } health_report { overall_health: UNKNOWN } } }
I20260601 13:36:56.760334  7708 raft_consensus.cc:493] T 90e568f821584235ab003ec3c3d49d41 P a7b7628492844697bf4e83d25ec052b4 [term 0 FOLLOWER]: Starting pre-election (no leader contacted us within the election timeout)
I20260601 13:36:56.760485  7708 raft_consensus.cc:515] T 90e568f821584235ab003ec3c3d49d41 P a7b7628492844697bf4e83d25ec052b4 [term 0 FOLLOWER]: Starting pre-election with config: opid_index: -1 OBSOLETE_local: false peers { permanent_uuid: "a7b7628492844697bf4e83d25ec052b4" member_type: VOTER last_known_addr { host: "127.6.170.1" port: 40117 } } peers { permanent_uuid: "2969fcc2c4424fcebddd29065d70faed" member_type: VOTER last_known_addr { host: "127.6.170.2" port: 42919 } } peers { permanent_uuid: "784d5bbbc58b431e9b290b040b2ff062" member_type: VOTER last_known_addr { host: "127.6.170.3" port: 44653 } }
I20260601 13:36:56.761044  7708 leader_election.cc:290] T 90e568f821584235ab003ec3c3d49d41 P a7b7628492844697bf4e83d25ec052b4 [CANDIDATE]: Term 1 pre-election: Requested pre-vote from peers 2969fcc2c4424fcebddd29065d70faed (127.6.170.2:42919), 784d5bbbc58b431e9b290b040b2ff062 (127.6.170.3:44653)
I20260601 13:36:56.761680  7576 tablet_service.cc:1917] Received RequestConsensusVote() RPC: tablet_id: "90e568f821584235ab003ec3c3d49d41" candidate_uuid: "a7b7628492844697bf4e83d25ec052b4" candidate_term: 1 candidate_status { last_received { term: 0 index: 0 } } ignore_live_leader: false dest_uuid: "2969fcc2c4424fcebddd29065d70faed" is_pre_election: true
I20260601 13:36:56.761680  7650 tablet_service.cc:1917] Received RequestConsensusVote() RPC: tablet_id: "90e568f821584235ab003ec3c3d49d41" candidate_uuid: "a7b7628492844697bf4e83d25ec052b4" candidate_term: 1 candidate_status { last_received { term: 0 index: 0 } } ignore_live_leader: false dest_uuid: "784d5bbbc58b431e9b290b040b2ff062" is_pre_election: true
I20260601 13:36:56.761886  7650 raft_consensus.cc:2468] T 90e568f821584235ab003ec3c3d49d41 P 784d5bbbc58b431e9b290b040b2ff062 [term 0 FOLLOWER]: Leader pre-election vote request: Granting yes vote for candidate a7b7628492844697bf4e83d25ec052b4 in term 0.
I20260601 13:36:56.761884  7576 raft_consensus.cc:2468] T 90e568f821584235ab003ec3c3d49d41 P 2969fcc2c4424fcebddd29065d70faed [term 0 FOLLOWER]: Leader pre-election vote request: Granting yes vote for candidate a7b7628492844697bf4e83d25ec052b4 in term 0.
I20260601 13:36:56.762307  7463 leader_election.cc:304] T 90e568f821584235ab003ec3c3d49d41 P a7b7628492844697bf4e83d25ec052b4 [CANDIDATE]: Term 1 pre-election: Election decided. Result: candidate won. Election summary: received 3 responses out of 3 voters: 3 yes votes; 0 no votes. yes voters: 2969fcc2c4424fcebddd29065d70faed, 784d5bbbc58b431e9b290b040b2ff062, a7b7628492844697bf4e83d25ec052b4; no voters: 
I20260601 13:36:56.762509  7708 raft_consensus.cc:2804] T 90e568f821584235ab003ec3c3d49d41 P a7b7628492844697bf4e83d25ec052b4 [term 0 FOLLOWER]: Leader pre-election won for term 1
I20260601 13:36:56.762749  7708 raft_consensus.cc:493] T 90e568f821584235ab003ec3c3d49d41 P a7b7628492844697bf4e83d25ec052b4 [term 0 FOLLOWER]: Starting leader election (no leader contacted us within the election timeout)
I20260601 13:36:56.762835  7708 raft_consensus.cc:3060] T 90e568f821584235ab003ec3c3d49d41 P a7b7628492844697bf4e83d25ec052b4 [term 0 FOLLOWER]: Advancing to term 1
I20260601 13:36:56.764114  7708 raft_consensus.cc:515] T 90e568f821584235ab003ec3c3d49d41 P a7b7628492844697bf4e83d25ec052b4 [term 1 FOLLOWER]: Starting leader election with config: opid_index: -1 OBSOLETE_local: false peers { permanent_uuid: "a7b7628492844697bf4e83d25ec052b4" member_type: VOTER last_known_addr { host: "127.6.170.1" port: 40117 } } peers { permanent_uuid: "2969fcc2c4424fcebddd29065d70faed" member_type: VOTER last_known_addr { host: "127.6.170.2" port: 42919 } } peers { permanent_uuid: "784d5bbbc58b431e9b290b040b2ff062" member_type: VOTER last_known_addr { host: "127.6.170.3" port: 44653 } }
I20260601 13:36:56.764539  7708 leader_election.cc:290] T 90e568f821584235ab003ec3c3d49d41 P a7b7628492844697bf4e83d25ec052b4 [CANDIDATE]: Term 1 election: Requested vote from peers 2969fcc2c4424fcebddd29065d70faed (127.6.170.2:42919), 784d5bbbc58b431e9b290b040b2ff062 (127.6.170.3:44653)
I20260601 13:36:56.764946  7701 raft_consensus.cc:493] T f4b94403ad8e4ed88dc38a991f9b411c P 2969fcc2c4424fcebddd29065d70faed [term 0 FOLLOWER]: Starting pre-election (no leader contacted us within the election timeout)
