I20260601 13:38:01.578466  9980 acceptor_pool.cc:272] collecting diagnostics on the listening RPC socket 127.6.170.3:34579 every 8 connection(s)
I20260601 13:38:01.584584  9981 heartbeater.cc:344] Connected to a master server at 127.6.170.62:33237
I20260601 13:38:01.584789  9981 heartbeater.cc:461] Registering TS with master...
I20260601 13:38:01.585065  9981 heartbeater.cc:507] Master 127.6.170.62:33237 requested a full tablet report, sending...
I20260601 13:38:01.586097  9699 ts_manager.cc:194] Registered new tserver with Master: f1805aa7ef064574b040a6b3d20607f9 (127.6.170.3:34579)
I20260601 13:38:01.586630  9699 master_service.cc:502] Signed X509 certificate for tserver {username='slave'} at 127.0.0.1:42094
I20260601 13:38:01.587127  6824 internal_mini_cluster.cc:371] 3 TS(s) registered with all masters after 0.008091296s
I20260601 13:38:02.517530  9829 heartbeater.cc:499] Master 127.6.170.62:33237 was elected leader, sending a full tablet report...
I20260601 13:38:02.558161  9906 heartbeater.cc:499] Master 127.6.170.62:33237 was elected leader, sending a full tablet report...
I20260601 13:38:02.588186  9981 heartbeater.cc:499] Master 127.6.170.62:33237 was elected leader, sending a full tablet report...
I20260601 13:38:02.623499  9699 catalog_manager.cc:2282] Servicing CreateTable request from {username='slave'} at 127.0.0.1:45220:
name: "range_aware_rebalance_new_range"
schema {
  columns {
    name: "key"
    type: INT32
    is_key: true
    is_nullable: false
    encoding: AUTO_ENCODING
    compression: DEFAULT_COMPRESSION
    cfile_block_size: 0
    immutable: false
  }
}
num_replicas: 3
split_rows_range_bounds {
  rows: "\006\001\000\000\000\000\007\001\n\000\000\000""\006\001\000\000\000\000\007\001\n\000\000\000"
  indirect_data: """"
}
partition_schema {
  hash_schema {
    columns {
      name: "key"
    }
    num_buckets: 8
    seed: 0
  }
  range_schema {
    columns {
      name: "key"
    }
  }
}
W20260601 13:38:02.624322  9699 catalog_manager.cc:7076] The number of live tablet servers is not enough to re-replicate a tablet replica of the newly created table range_aware_rebalance_new_range in case of a server failure: 4 tablet servers would be needed, 3 are available. Consider bringing up more tablet servers.
I20260601 13:38:02.638463  9944 tablet_service.cc:1511] Processing CreateTablet for tablet 48de6345272343b08eba15e3a1e17fff (DEFAULT_TABLE table=range_aware_rebalance_new_range [id=c7d09b674eaf42a68eadf63a87d40d0c]), partition=HASH (key) PARTITION 1, RANGE (key) PARTITION 0 <= VALUES < 10
I20260601 13:38:02.638638  9869 tablet_service.cc:1511] Processing CreateTablet for tablet 771d42d0694c4bd5840e242a2bb6ae6d (DEFAULT_TABLE table=range_aware_rebalance_new_range [id=c7d09b674eaf42a68eadf63a87d40d0c]), partition=HASH (key) PARTITION 0, RANGE (key) PARTITION 0 <= VALUES < 10
I20260601 13:38:02.638860  9944 data_dirs.cc:400] Could only allocate 1 dirs of requested 3 for tablet 48de6345272343b08eba15e3a1e17fff. 1 dirs total, 0 dirs full, 0 dirs failed
I20260601 13:38:02.638800  9943 tablet_service.cc:1511] Processing CreateTablet for tablet 6b357fc654874454a994037ab71bc07a (DEFAULT_TABLE table=range_aware_rebalance_new_range [id=c7d09b674eaf42a68eadf63a87d40d0c]), partition=HASH (key) PARTITION 2, RANGE (key) PARTITION 0 <= VALUES < 10
I20260601 13:38:02.639034  9943 data_dirs.cc:400] Could only allocate 1 dirs of requested 3 for tablet 6b357fc654874454a994037ab71bc07a. 1 dirs total, 0 dirs full, 0 dirs failed
I20260601 13:38:02.639133  9869 data_dirs.cc:400] Could only allocate 1 dirs of requested 3 for tablet 771d42d0694c4bd5840e242a2bb6ae6d. 1 dirs total, 0 dirs full, 0 dirs failed
I20260601 13:38:02.640056  9868 tablet_service.cc:1511] Processing CreateTablet for tablet 48de6345272343b08eba15e3a1e17fff (DEFAULT_TABLE table=range_aware_rebalance_new_range [id=c7d09b674eaf42a68eadf63a87d40d0c]), partition=HASH (key) PARTITION 1, RANGE (key) PARTITION 0 <= VALUES < 10
I20260601 13:38:02.640727  9867 tablet_service.cc:1511] Processing CreateTablet for tablet 6b357fc654874454a994037ab71bc07a (DEFAULT_TABLE table=range_aware_rebalance_new_range [id=c7d09b674eaf42a68eadf63a87d40d0c]), partition=HASH (key) PARTITION 2, RANGE (key) PARTITION 0 <= VALUES < 10
I20260601 13:38:02.640992  9867 data_dirs.cc:400] Could only allocate 1 dirs of requested 3 for tablet 6b357fc654874454a994037ab71bc07a. 1 dirs total, 0 dirs full, 0 dirs failed
I20260601 13:38:02.640929  9942 tablet_service.cc:1511] Processing CreateTablet for tablet 6ae8ed4518414451923364e683968390 (DEFAULT_TABLE table=range_aware_rebalance_new_range [id=c7d09b674eaf42a68eadf63a87d40d0c]), partition=HASH (key) PARTITION 3, RANGE (key) PARTITION 0 <= VALUES < 10
I20260601 13:38:02.641173  9942 data_dirs.cc:400] Could only allocate 1 dirs of requested 3 for tablet 6ae8ed4518414451923364e683968390. 1 dirs total, 0 dirs full, 0 dirs failed
I20260601 13:38:02.641132  9941 tablet_service.cc:1511] Processing CreateTablet for tablet 3429a8b61f624e159289cecac175363e (DEFAULT_TABLE table=range_aware_rebalance_new_range [id=c7d09b674eaf42a68eadf63a87d40d0c]), partition=HASH (key) PARTITION 4, RANGE (key) PARTITION 0 <= VALUES < 10
I20260601 13:38:02.638547  9945 tablet_service.cc:1511] Processing CreateTablet for tablet 771d42d0694c4bd5840e242a2bb6ae6d (DEFAULT_TABLE table=range_aware_rebalance_new_range [id=c7d09b674eaf42a68eadf63a87d40d0c]), partition=HASH (key) PARTITION 0, RANGE (key) PARTITION 0 <= VALUES < 10
I20260601 13:38:02.641407  9941 data_dirs.cc:400] Could only allocate 1 dirs of requested 3 for tablet 3429a8b61f624e159289cecac175363e. 1 dirs total, 0 dirs full, 0 dirs failed
I20260601 13:38:02.641535  9945 data_dirs.cc:400] Could only allocate 1 dirs of requested 3 for tablet 771d42d0694c4bd5840e242a2bb6ae6d. 1 dirs total, 0 dirs full, 0 dirs failed
I20260601 13:38:02.641858 10001 tablet_bootstrap.cc:492] T 6b357fc654874454a994037ab71bc07a P f1805aa7ef064574b040a6b3d20607f9: Bootstrap starting.
I20260601 13:38:02.642030  9868 data_dirs.cc:400] Could only allocate 1 dirs of requested 3 for tablet 48de6345272343b08eba15e3a1e17fff. 1 dirs total, 0 dirs full, 0 dirs failed
I20260601 13:38:02.642970 10001 tablet_bootstrap.cc:654] T 6b357fc654874454a994037ab71bc07a P f1805aa7ef064574b040a6b3d20607f9: Neither blocks nor log segments found. Creating new log.
I20260601 13:38:02.644333 10001 tablet_bootstrap.cc:492] T 6b357fc654874454a994037ab71bc07a P f1805aa7ef064574b040a6b3d20607f9: No bootstrap required, opened a new log
I20260601 13:38:02.644433 10001 ts_tablet_manager.cc:1403] T 6b357fc654874454a994037ab71bc07a P f1805aa7ef064574b040a6b3d20607f9: Time spent bootstrapping tablet: real 0.003s	user 0.002s	sys 0.000s
I20260601 13:38:02.644966 10001 raft_consensus.cc:359] T 6b357fc654874454a994037ab71bc07a P f1805aa7ef064574b040a6b3d20607f9 [term 0 FOLLOWER]: Replica starting. Triggering 0 pending ops. Active config: opid_index: -1 OBSOLETE_local: false peers { permanent_uuid: "a58f9bd274304d8e8ce1c014e7e72c67" member_type: VOTER last_known_addr { host: "127.6.170.1" port: 45247 } } peers { permanent_uuid: "314a51923748472d97a8c5d352c9010f" member_type: VOTER last_known_addr { host: "127.6.170.2" port: 44421 } } peers { permanent_uuid: "f1805aa7ef064574b040a6b3d20607f9" member_type: VOTER last_known_addr { host: "127.6.170.3" port: 34579 } }
I20260601 13:38:02.645089 10001 raft_consensus.cc:385] T 6b357fc654874454a994037ab71bc07a P f1805aa7ef064574b040a6b3d20607f9 [term 0 FOLLOWER]: Consensus starting up: Expiring failure detector timer to make a prompt election more likely
I20260601 13:38:02.645131 10001 raft_consensus.cc:740] T 6b357fc654874454a994037ab71bc07a P f1805aa7ef064574b040a6b3d20607f9 [term 0 FOLLOWER]: Becoming Follower/Learner. State: Replica: f1805aa7ef064574b040a6b3d20607f9, State: Initialized, Role: FOLLOWER
I20260601 13:38:02.645292 10001 consensus_queue.cc:260] T 6b357fc654874454a994037ab71bc07a P f1805aa7ef064574b040a6b3d20607f9 [NON_LEADER]: Queue going to NON_LEADER mode. State: All replicated index: 0, Majority replicated index: 0, Committed index: 0, Last appended: 0.0, Last appended by leader: 0, Current term: 0, Majority size: -1, State: 0, Mode: NON_LEADER, active raft config: opid_index: -1 OBSOLETE_local: false peers { permanent_uuid: "a58f9bd274304d8e8ce1c014e7e72c67" member_type: VOTER last_known_addr { host: "127.6.170.1" port: 45247 } } peers { permanent_uuid: "314a51923748472d97a8c5d352c9010f" member_type: VOTER last_known_addr { host: "127.6.170.2" port: 44421 } } peers { permanent_uuid: "f1805aa7ef064574b040a6b3d20607f9" member_type: VOTER last_known_addr { host: "127.6.170.3" port: 34579 } }
I20260601 13:38:02.645349 10003 tablet_bootstrap.cc:492] T 48de6345272343b08eba15e3a1e17fff P 314a51923748472d97a8c5d352c9010f: Bootstrap starting.
I20260601 13:38:02.645685 10001 ts_tablet_manager.cc:1434] T 6b357fc654874454a994037ab71bc07a P f1805aa7ef064574b040a6b3d20607f9: Time spent starting tablet: real 0.001s	user 0.001s	sys 0.000s
I20260601 13:38:02.646236 10001 tablet_bootstrap.cc:492] T 48de6345272343b08eba15e3a1e17fff P f1805aa7ef064574b040a6b3d20607f9: Bootstrap starting.
I20260601 13:38:02.646584 10003 tablet_bootstrap.cc:654] T 48de6345272343b08eba15e3a1e17fff P 314a51923748472d97a8c5d352c9010f: Neither blocks nor log segments found. Creating new log.
I20260601 13:38:02.646904  9792 tablet_service.cc:1511] Processing CreateTablet for tablet 771d42d0694c4bd5840e242a2bb6ae6d (DEFAULT_TABLE table=range_aware_rebalance_new_range [id=c7d09b674eaf42a68eadf63a87d40d0c]), partition=HASH (key) PARTITION 0, RANGE (key) PARTITION 0 <= VALUES < 10
I20260601 13:38:02.647266 10001 tablet_bootstrap.cc:654] T 48de6345272343b08eba15e3a1e17fff P f1805aa7ef064574b040a6b3d20607f9: Neither blocks nor log segments found. Creating new log.
I20260601 13:38:02.647356  9792 data_dirs.cc:400] Could only allocate 1 dirs of requested 3 for tablet 771d42d0694c4bd5840e242a2bb6ae6d. 1 dirs total, 0 dirs full, 0 dirs failed
I20260601 13:38:02.647609  9785 tablet_service.cc:1511] Processing CreateTablet for tablet aa02853e667c41bebe750f3f33969e74 (DEFAULT_TABLE table=range_aware_rebalance_new_range [id=c7d09b674eaf42a68eadf63a87d40d0c]), partition=HASH (key) PARTITION 7, RANGE (key) PARTITION 0 <= VALUES < 10
I20260601 13:38:02.647876  9785 data_dirs.cc:400] Could only allocate 1 dirs of requested 3 for tablet aa02853e667c41bebe750f3f33969e74. 1 dirs total, 0 dirs full, 0 dirs failed
I20260601 13:38:02.648074  9791 tablet_service.cc:1511] Processing CreateTablet for tablet 48de6345272343b08eba15e3a1e17fff (DEFAULT_TABLE table=range_aware_rebalance_new_range [id=c7d09b674eaf42a68eadf63a87d40d0c]), partition=HASH (key) PARTITION 1, RANGE (key) PARTITION 0 <= VALUES < 10
I20260601 13:38:02.648329  9791 data_dirs.cc:400] Could only allocate 1 dirs of requested 3 for tablet 48de6345272343b08eba15e3a1e17fff. 1 dirs total, 0 dirs full, 0 dirs failed
I20260601 13:38:02.648895  9790 tablet_service.cc:1511] Processing CreateTablet for tablet 6b357fc654874454a994037ab71bc07a (DEFAULT_TABLE table=range_aware_rebalance_new_range [id=c7d09b674eaf42a68eadf63a87d40d0c]), partition=HASH (key) PARTITION 2, RANGE (key) PARTITION 0 <= VALUES < 10
I20260601 13:38:02.649081 10003 tablet_bootstrap.cc:492] T 48de6345272343b08eba15e3a1e17fff P 314a51923748472d97a8c5d352c9010f: No bootstrap required, opened a new log
I20260601 13:38:02.649128  9790 data_dirs.cc:400] Could only allocate 1 dirs of requested 3 for tablet 6b357fc654874454a994037ab71bc07a. 1 dirs total, 0 dirs full, 0 dirs failed
I20260601 13:38:02.649206 10003 ts_tablet_manager.cc:1403] T 48de6345272343b08eba15e3a1e17fff P 314a51923748472d97a8c5d352c9010f: Time spent bootstrapping tablet: real 0.004s	user 0.002s	sys 0.000s
I20260601 13:38:02.649811 10003 raft_consensus.cc:359] T 48de6345272343b08eba15e3a1e17fff P 314a51923748472d97a8c5d352c9010f [term 0 FOLLOWER]: Replica starting. Triggering 0 pending ops. Active config: opid_index: -1 OBSOLETE_local: false peers { permanent_uuid: "a58f9bd274304d8e8ce1c014e7e72c67" member_type: VOTER last_known_addr { host: "127.6.170.1" port: 45247 } } peers { permanent_uuid: "314a51923748472d97a8c5d352c9010f" member_type: VOTER last_known_addr { host: "127.6.170.2" port: 44421 } } peers { permanent_uuid: "f1805aa7ef064574b040a6b3d20607f9" member_type: VOTER last_known_addr { host: "127.6.170.3" port: 34579 } }
I20260601 13:38:02.649931 10003 raft_consensus.cc:385] T 48de6345272343b08eba15e3a1e17fff P 314a51923748472d97a8c5d352c9010f [term 0 FOLLOWER]: Consensus starting up: Expiring failure detector timer to make a prompt election more likely
I20260601 13:38:02.649961 10003 raft_consensus.cc:740] T 48de6345272343b08eba15e3a1e17fff P 314a51923748472d97a8c5d352c9010f [term 0 FOLLOWER]: Becoming Follower/Learner. State: Replica: 314a51923748472d97a8c5d352c9010f, State: Initialized, Role: FOLLOWER
I20260601 13:38:02.650177 10003 consensus_queue.cc:260] T 48de6345272343b08eba15e3a1e17fff P 314a51923748472d97a8c5d352c9010f [NON_LEADER]: Queue going to NON_LEADER mode. State: All replicated index: 0, Majority replicated index: 0, Committed index: 0, Last appended: 0.0, Last appended by leader: 0, Current term: 0, Majority size: -1, State: 0, Mode: NON_LEADER, active raft config: opid_index: -1 OBSOLETE_local: false peers { permanent_uuid: "a58f9bd274304d8e8ce1c014e7e72c67" member_type: VOTER last_known_addr { host: "127.6.170.1" port: 45247 } } peers { permanent_uuid: "314a51923748472d97a8c5d352c9010f" member_type: VOTER last_known_addr { host: "127.6.170.2" port: 44421 } } peers { permanent_uuid: "f1805aa7ef064574b040a6b3d20607f9" member_type: VOTER last_known_addr { host: "127.6.170.3" port: 34579 } }
I20260601 13:38:02.650651 10003 ts_tablet_manager.cc:1434] T 48de6345272343b08eba15e3a1e17fff P 314a51923748472d97a8c5d352c9010f: Time spent starting tablet: real 0.001s	user 0.002s	sys 0.000s
I20260601 13:38:02.651262 10008 tablet_bootstrap.cc:492] T 771d42d0694c4bd5840e242a2bb6ae6d P a58f9bd274304d8e8ce1c014e7e72c67: Bootstrap starting.
I20260601 13:38:02.651678  9786 tablet_service.cc:1511] Processing CreateTablet for tablet fa1f3ba1145e41fc984503a54877c4b8 (DEFAULT_TABLE table=range_aware_rebalance_new_range [id=c7d09b674eaf42a68eadf63a87d40d0c]), partition=HASH (key) PARTITION 6, RANGE (key) PARTITION 0 <= VALUES < 10
I20260601 13:38:02.651954  9786 data_dirs.cc:400] Could only allocate 1 dirs of requested 3 for tablet fa1f3ba1145e41fc984503a54877c4b8. 1 dirs total, 0 dirs full, 0 dirs failed
I20260601 13:38:02.652045  9789 tablet_service.cc:1511] Processing CreateTablet for tablet 6ae8ed4518414451923364e683968390 (DEFAULT_TABLE table=range_aware_rebalance_new_range [id=c7d09b674eaf42a68eadf63a87d40d0c]), partition=HASH (key) PARTITION 3, RANGE (key) PARTITION 0 <= VALUES < 10
I20260601 13:38:02.652278  9789 data_dirs.cc:400] Could only allocate 1 dirs of requested 3 for tablet 6ae8ed4518414451923364e683968390. 1 dirs total, 0 dirs full, 0 dirs failed
I20260601 13:38:02.652496 10008 tablet_bootstrap.cc:654] T 771d42d0694c4bd5840e242a2bb6ae6d P a58f9bd274304d8e8ce1c014e7e72c67: Neither blocks nor log segments found. Creating new log.
I20260601 13:38:02.652777 10003 tablet_bootstrap.cc:492] T 771d42d0694c4bd5840e242a2bb6ae6d P 314a51923748472d97a8c5d352c9010f: Bootstrap starting.
I20260601 13:38:02.653769 10001 tablet_bootstrap.cc:492] T 48de6345272343b08eba15e3a1e17fff P f1805aa7ef064574b040a6b3d20607f9: No bootstrap required, opened a new log
I20260601 13:38:02.653839 10003 tablet_bootstrap.cc:654] T 771d42d0694c4bd5840e242a2bb6ae6d P 314a51923748472d97a8c5d352c9010f: Neither blocks nor log segments found. Creating new log.
I20260601 13:38:02.653861 10001 ts_tablet_manager.cc:1403] T 48de6345272343b08eba15e3a1e17fff P f1805aa7ef064574b040a6b3d20607f9: Time spent bootstrapping tablet: real 0.008s	user 0.002s	sys 0.000s
I20260601 13:38:02.654381  9787 tablet_service.cc:1511] Processing CreateTablet for tablet 2cc63c52680746759a8c32e0a2916e37 (DEFAULT_TABLE table=range_aware_rebalance_new_range [id=c7d09b674eaf42a68eadf63a87d40d0c]), partition=HASH (key) PARTITION 5, RANGE (key) PARTITION 0 <= VALUES < 10
I20260601 13:38:02.654363  9788 tablet_service.cc:1511] Processing CreateTablet for tablet 3429a8b61f624e159289cecac175363e (DEFAULT_TABLE table=range_aware_rebalance_new_range [id=c7d09b674eaf42a68eadf63a87d40d0c]), partition=HASH (key) PARTITION 4, RANGE (key) PARTITION 0 <= VALUES < 10
I20260601 13:38:02.654686  9787 data_dirs.cc:400] Could only allocate 1 dirs of requested 3 for tablet 2cc63c52680746759a8c32e0a2916e37. 1 dirs total, 0 dirs full, 0 dirs failed
I20260601 13:38:02.654794  9788 data_dirs.cc:400] Could only allocate 1 dirs of requested 3 for tablet 3429a8b61f624e159289cecac175363e. 1 dirs total, 0 dirs full, 0 dirs failed
I20260601 13:38:02.654906 10003 tablet_bootstrap.cc:492] T 771d42d0694c4bd5840e242a2bb6ae6d P 314a51923748472d97a8c5d352c9010f: No bootstrap required, opened a new log
I20260601 13:38:02.654968 10008 tablet_bootstrap.cc:492] T 771d42d0694c4bd5840e242a2bb6ae6d P a58f9bd274304d8e8ce1c014e7e72c67: No bootstrap required, opened a new log
I20260601 13:38:02.655000 10003 ts_tablet_manager.cc:1403] T 771d42d0694c4bd5840e242a2bb6ae6d P 314a51923748472d97a8c5d352c9010f: Time spent bootstrapping tablet: real 0.002s	user 0.002s	sys 0.000s
I20260601 13:38:02.655026 10008 ts_tablet_manager.cc:1403] T 771d42d0694c4bd5840e242a2bb6ae6d P a58f9bd274304d8e8ce1c014e7e72c67: Time spent bootstrapping tablet: real 0.004s	user 0.002s	sys 0.000s
I20260601 13:38:02.655500 10008 raft_consensus.cc:359] T 771d42d0694c4bd5840e242a2bb6ae6d P a58f9bd274304d8e8ce1c014e7e72c67 [term 0 FOLLOWER]: Replica starting. Triggering 0 pending ops. Active config: opid_index: -1 OBSOLETE_local: false peers { permanent_uuid: "f1805aa7ef064574b040a6b3d20607f9" member_type: VOTER last_known_addr { host: "127.6.170.3" port: 34579 } } peers { permanent_uuid: "314a51923748472d97a8c5d352c9010f" member_type: VOTER last_known_addr { host: "127.6.170.2" port: 44421 } } peers { permanent_uuid: "a58f9bd274304d8e8ce1c014e7e72c67" member_type: VOTER last_known_addr { host: "127.6.170.1" port: 45247 } }
I20260601 13:38:02.655625 10008 raft_consensus.cc:385] T 771d42d0694c4bd5840e242a2bb6ae6d P a58f9bd274304d8e8ce1c014e7e72c67 [term 0 FOLLOWER]: Consensus starting up: Expiring failure detector timer to make a prompt election more likely
I20260601 13:38:02.655655 10008 raft_consensus.cc:740] T 771d42d0694c4bd5840e242a2bb6ae6d P a58f9bd274304d8e8ce1c014e7e72c67 [term 0 FOLLOWER]: Becoming Follower/Learner. State: Replica: a58f9bd274304d8e8ce1c014e7e72c67, State: Initialized, Role: FOLLOWER
I20260601 13:38:02.655805 10008 consensus_queue.cc:260] T 771d42d0694c4bd5840e242a2bb6ae6d P a58f9bd274304d8e8ce1c014e7e72c67 [NON_LEADER]: Queue going to NON_LEADER mode. State: All replicated index: 0, Majority replicated index: 0, Committed index: 0, Last appended: 0.0, Last appended by leader: 0, Current term: 0, Majority size: -1, State: 0, Mode: NON_LEADER, active raft config: opid_index: -1 OBSOLETE_local: false peers { permanent_uuid: "f1805aa7ef064574b040a6b3d20607f9" member_type: VOTER last_known_addr { host: "127.6.170.3" port: 34579 } } peers { permanent_uuid: "314a51923748472d97a8c5d352c9010f" member_type: VOTER last_known_addr { host: "127.6.170.2" port: 44421 } } peers { permanent_uuid: "a58f9bd274304d8e8ce1c014e7e72c67" member_type: VOTER last_known_addr { host: "127.6.170.1" port: 45247 } }
I20260601 13:38:02.656167 10008 ts_tablet_manager.cc:1434] T 771d42d0694c4bd5840e242a2bb6ae6d P a58f9bd274304d8e8ce1c014e7e72c67: Time spent starting tablet: real 0.001s	user 0.001s	sys 0.000s
I20260601 13:38:02.656769 10008 tablet_bootstrap.cc:492] T aa02853e667c41bebe750f3f33969e74 P a58f9bd274304d8e8ce1c014e7e72c67: Bootstrap starting.
I20260601 13:38:02.655490 10003 raft_consensus.cc:359] T 771d42d0694c4bd5840e242a2bb6ae6d P 314a51923748472d97a8c5d352c9010f [term 0 FOLLOWER]: Replica starting. Triggering 0 pending ops. Active config: opid_index: -1 OBSOLETE_local: false peers { permanent_uuid: "f1805aa7ef064574b040a6b3d20607f9" member_type: VOTER last_known_addr { host: "127.6.170.3" port: 34579 } } peers { permanent_uuid: "314a51923748472d97a8c5d352c9010f" member_type: VOTER last_known_addr { host: "127.6.170.2" port: 44421 } } peers { permanent_uuid: "a58f9bd274304d8e8ce1c014e7e72c67" member_type: VOTER last_known_addr { host: "127.6.170.1" port: 45247 } }
I20260601 13:38:02.657194 10003 raft_consensus.cc:385] T 771d42d0694c4bd5840e242a2bb6ae6d P 314a51923748472d97a8c5d352c9010f [term 0 FOLLOWER]: Consensus starting up: Expiring failure detector timer to make a prompt election more likely
I20260601 13:38:02.657248 10003 raft_consensus.cc:740] T 771d42d0694c4bd5840e242a2bb6ae6d P 314a51923748472d97a8c5d352c9010f [term 0 FOLLOWER]: Becoming Follower/Learner. State: Replica: 314a51923748472d97a8c5d352c9010f, State: Initialized, Role: FOLLOWER
I20260601 13:38:02.657400 10003 consensus_queue.cc:260] T 771d42d0694c4bd5840e242a2bb6ae6d P 314a51923748472d97a8c5d352c9010f [NON_LEADER]: Queue going to NON_LEADER mode. State: All replicated index: 0, Majority replicated index: 0, Committed index: 0, Last appended: 0.0, Last appended by leader: 0, Current term: 0, Majority size: -1, State: 0, Mode: NON_LEADER, active raft config: opid_index: -1 OBSOLETE_local: false peers { permanent_uuid: "f1805aa7ef064574b040a6b3d20607f9" member_type: VOTER last_known_addr { host: "127.6.170.3" port: 34579 } } peers { permanent_uuid: "314a51923748472d97a8c5d352c9010f" member_type: VOTER last_known_addr { host: "127.6.170.2" port: 44421 } } peers { permanent_uuid: "a58f9bd274304d8e8ce1c014e7e72c67" member_type: VOTER last_known_addr { host: "127.6.170.1" port: 45247 } }
I20260601 13:38:02.657711 10003 ts_tablet_manager.cc:1434] T 771d42d0694c4bd5840e242a2bb6ae6d P 314a51923748472d97a8c5d352c9010f: Time spent starting tablet: real 0.003s	user 0.001s	sys 0.000s
I20260601 13:38:02.657907 10008 tablet_bootstrap.cc:654] T aa02853e667c41bebe750f3f33969e74 P a58f9bd274304d8e8ce1c014e7e72c67: Neither blocks nor log segments found. Creating new log.
I20260601 13:38:02.658295  9868 tablet_service.cc:1511] Processing CreateTablet for tablet 3429a8b61f624e159289cecac175363e (DEFAULT_TABLE table=range_aware_rebalance_new_range [id=c7d09b674eaf42a68eadf63a87d40d0c]), partition=HASH (key) PARTITION 4, RANGE (key) PARTITION 0 <= VALUES < 10
I20260601 13:38:02.658567  9868 data_dirs.cc:400] Could only allocate 1 dirs of requested 3 for tablet 3429a8b61f624e159289cecac175363e. 1 dirs total, 0 dirs full, 0 dirs failed
I20260601 13:38:02.658681  9869 tablet_service.cc:1511] Processing CreateTablet for tablet 6ae8ed4518414451923364e683968390 (DEFAULT_TABLE table=range_aware_rebalance_new_range [id=c7d09b674eaf42a68eadf63a87d40d0c]), partition=HASH (key) PARTITION 3, RANGE (key) PARTITION 0 <= VALUES < 10
I20260601 13:38:02.658905  9869 data_dirs.cc:400] Could only allocate 1 dirs of requested 3 for tablet 6ae8ed4518414451923364e683968390. 1 dirs total, 0 dirs full, 0 dirs failed
I20260601 13:38:02.654364 10001 raft_consensus.cc:359] T 48de6345272343b08eba15e3a1e17fff P f1805aa7ef064574b040a6b3d20607f9 [term 0 FOLLOWER]: Replica starting. Triggering 0 pending ops. Active config: opid_index: -1 OBSOLETE_local: false peers { permanent_uuid: "a58f9bd274304d8e8ce1c014e7e72c67" member_type: VOTER last_known_addr { host: "127.6.170.1" port: 45247 } } peers { permanent_uuid: "314a51923748472d97a8c5d352c9010f" member_type: VOTER last_known_addr { host: "127.6.170.2" port: 44421 } } peers { permanent_uuid: "f1805aa7ef064574b040a6b3d20607f9" member_type: VOTER last_known_addr { host: "127.6.170.3" port: 34579 } }
I20260601 13:38:02.660346 10001 raft_consensus.cc:385] T 48de6345272343b08eba15e3a1e17fff P f1805aa7ef064574b040a6b3d20607f9 [term 0 FOLLOWER]: Consensus starting up: Expiring failure detector timer to make a prompt election more likely
I20260601 13:38:02.660395 10001 raft_consensus.cc:740] T 48de6345272343b08eba15e3a1e17fff P f1805aa7ef064574b040a6b3d20607f9 [term 0 FOLLOWER]: Becoming Follower/Learner. State: Replica: f1805aa7ef064574b040a6b3d20607f9, State: Initialized, Role: FOLLOWER
I20260601 13:38:02.660535 10001 consensus_queue.cc:260] T 48de6345272343b08eba15e3a1e17fff P f1805aa7ef064574b040a6b3d20607f9 [NON_LEADER]: Queue going to NON_LEADER mode. State: All replicated index: 0, Majority replicated index: 0, Committed index: 0, Last appended: 0.0, Last appended by leader: 0, Current term: 0, Majority size: -1, State: 0, Mode: NON_LEADER, active raft config: opid_index: -1 OBSOLETE_local: false peers { permanent_uuid: "a58f9bd274304d8e8ce1c014e7e72c67" member_type: VOTER last_known_addr { host: "127.6.170.1" port: 45247 } } peers { permanent_uuid: "314a51923748472d97a8c5d352c9010f" member_type: VOTER last_known_addr { host: "127.6.170.2" port: 44421 } } peers { permanent_uuid: "f1805aa7ef064574b040a6b3d20607f9" member_type: VOTER last_known_addr { host: "127.6.170.3" port: 34579 } }
I20260601 13:38:02.660810  9863 tablet_service.cc:1511] Processing CreateTablet for tablet aa02853e667c41bebe750f3f33969e74 (DEFAULT_TABLE table=range_aware_rebalance_new_range [id=c7d09b674eaf42a68eadf63a87d40d0c]), partition=HASH (key) PARTITION 7, RANGE (key) PARTITION 0 <= VALUES < 10
I20260601 13:38:02.661026 10001 ts_tablet_manager.cc:1434] T 48de6345272343b08eba15e3a1e17fff P f1805aa7ef064574b040a6b3d20607f9: Time spent starting tablet: real 0.007s	user 0.001s	sys 0.001s
I20260601 13:38:02.661079  9863 data_dirs.cc:400] Could only allocate 1 dirs of requested 3 for tablet aa02853e667c41bebe750f3f33969e74. 1 dirs total, 0 dirs full, 0 dirs failed
I20260601 13:38:02.661216 10001 tablet_bootstrap.cc:492] T 3429a8b61f624e159289cecac175363e P f1805aa7ef064574b040a6b3d20607f9: Bootstrap starting.
I20260601 13:38:02.661286  9865 tablet_service.cc:1511] Processing CreateTablet for tablet fa1f3ba1145e41fc984503a54877c4b8 (DEFAULT_TABLE table=range_aware_rebalance_new_range [id=c7d09b674eaf42a68eadf63a87d40d0c]), partition=HASH (key) PARTITION 6, RANGE (key) PARTITION 0 <= VALUES < 10
I20260601 13:38:02.661553  9865 data_dirs.cc:400] Could only allocate 1 dirs of requested 3 for tablet fa1f3ba1145e41fc984503a54877c4b8. 1 dirs total, 0 dirs full, 0 dirs failed
I20260601 13:38:02.662222 10001 tablet_bootstrap.cc:654] T 3429a8b61f624e159289cecac175363e P f1805aa7ef064574b040a6b3d20607f9: Neither blocks nor log segments found. Creating new log.
I20260601 13:38:02.661096  9866 tablet_service.cc:1511] Processing CreateTablet for tablet 2cc63c52680746759a8c32e0a2916e37 (DEFAULT_TABLE table=range_aware_rebalance_new_range [id=c7d09b674eaf42a68eadf63a87d40d0c]), partition=HASH (key) PARTITION 5, RANGE (key) PARTITION 0 <= VALUES < 10
I20260601 13:38:02.663643  9866 data_dirs.cc:400] Could only allocate 1 dirs of requested 3 for tablet 2cc63c52680746759a8c32e0a2916e37. 1 dirs total, 0 dirs full, 0 dirs failed
I20260601 13:38:02.663848 10001 tablet_bootstrap.cc:492] T 3429a8b61f624e159289cecac175363e P f1805aa7ef064574b040a6b3d20607f9: No bootstrap required, opened a new log
I20260601 13:38:02.663964 10001 ts_tablet_manager.cc:1403] T 3429a8b61f624e159289cecac175363e P f1805aa7ef064574b040a6b3d20607f9: Time spent bootstrapping tablet: real 0.003s	user 0.000s	sys 0.002s
I20260601 13:38:02.663920  9942 tablet_service.cc:1511] Processing CreateTablet for tablet 2cc63c52680746759a8c32e0a2916e37 (DEFAULT_TABLE table=range_aware_rebalance_new_range [id=c7d09b674eaf42a68eadf63a87d40d0c]), partition=HASH (key) PARTITION 5, RANGE (key) PARTITION 0 <= VALUES < 10
I20260601 13:38:02.664211  9942 data_dirs.cc:400] Could only allocate 1 dirs of requested 3 for tablet 2cc63c52680746759a8c32e0a2916e37. 1 dirs total, 0 dirs full, 0 dirs failed
I20260601 13:38:02.664562 10001 raft_consensus.cc:359] T 3429a8b61f624e159289cecac175363e P f1805aa7ef064574b040a6b3d20607f9 [term 0 FOLLOWER]: Replica starting. Triggering 0 pending ops. Active config: opid_index: -1 OBSOLETE_local: false peers { permanent_uuid: "a58f9bd274304d8e8ce1c014e7e72c67" member_type: VOTER last_known_addr { host: "127.6.170.1" port: 45247 } } peers { permanent_uuid: "314a51923748472d97a8c5d352c9010f" member_type: VOTER last_known_addr { host: "127.6.170.2" port: 44421 } } peers { permanent_uuid: "f1805aa7ef064574b040a6b3d20607f9" member_type: VOTER last_known_addr { host: "127.6.170.3" port: 34579 } }
I20260601 13:38:02.664723 10001 raft_consensus.cc:385] T 3429a8b61f624e159289cecac175363e P f1805aa7ef064574b040a6b3d20607f9 [term 0 FOLLOWER]: Consensus starting up: Expiring failure detector timer to make a prompt election more likely
I20260601 13:38:02.664763 10001 raft_consensus.cc:740] T 3429a8b61f624e159289cecac175363e P f1805aa7ef064574b040a6b3d20607f9 [term 0 FOLLOWER]: Becoming Follower/Learner. State: Replica: f1805aa7ef064574b040a6b3d20607f9, State: Initialized, Role: FOLLOWER
I20260601 13:38:02.664973  9945 tablet_service.cc:1511] Processing CreateTablet for tablet fa1f3ba1145e41fc984503a54877c4b8 (DEFAULT_TABLE table=range_aware_rebalance_new_range [id=c7d09b674eaf42a68eadf63a87d40d0c]), partition=HASH (key) PARTITION 6, RANGE (key) PARTITION 0 <= VALUES < 10
I20260601 13:38:02.664920 10001 consensus_queue.cc:260] T 3429a8b61f624e159289cecac175363e P f1805aa7ef064574b040a6b3d20607f9 [NON_LEADER]: Queue going to NON_LEADER mode. State: All replicated index: 0, Majority replicated index: 0, Committed index: 0, Last appended: 0.0, Last appended by leader: 0, Current term: 0, Majority size: -1, State: 0, Mode: NON_LEADER, active raft config: opid_index: -1 OBSOLETE_local: false peers { permanent_uuid: "a58f9bd274304d8e8ce1c014e7e72c67" member_type: VOTER last_known_addr { host: "127.6.170.1" port: 45247 } } peers { permanent_uuid: "314a51923748472d97a8c5d352c9010f" member_type: VOTER last_known_addr { host: "127.6.170.2" port: 44421 } } peers { permanent_uuid: "f1805aa7ef064574b040a6b3d20607f9" member_type: VOTER last_known_addr { host: "127.6.170.3" port: 34579 } }
I20260601 13:38:02.665287  9945 data_dirs.cc:400] Could only allocate 1 dirs of requested 3 for tablet fa1f3ba1145e41fc984503a54877c4b8. 1 dirs total, 0 dirs full, 0 dirs failed
I20260601 13:38:02.665465 10001 ts_tablet_manager.cc:1434] T 3429a8b61f624e159289cecac175363e P f1805aa7ef064574b040a6b3d20607f9: Time spent starting tablet: real 0.001s	user 0.001s	sys 0.001s
I20260601 13:38:02.665717 10001 tablet_bootstrap.cc:492] T 771d42d0694c4bd5840e242a2bb6ae6d P f1805aa7ef064574b040a6b3d20607f9: Bootstrap starting.
I20260601 13:38:02.667004 10001 tablet_bootstrap.cc:654] T 771d42d0694c4bd5840e242a2bb6ae6d P f1805aa7ef064574b040a6b3d20607f9: Neither blocks nor log segments found. Creating new log.
I20260601 13:38:02.668061 10008 tablet_bootstrap.cc:492] T aa02853e667c41bebe750f3f33969e74 P a58f9bd274304d8e8ce1c014e7e72c67: No bootstrap required, opened a new log
I20260601 13:38:02.668203 10008 ts_tablet_manager.cc:1403] T aa02853e667c41bebe750f3f33969e74 P a58f9bd274304d8e8ce1c014e7e72c67: Time spent bootstrapping tablet: real 0.012s	user 0.003s	sys 0.000s
I20260601 13:38:02.668390  9941 tablet_service.cc:1511] Processing CreateTablet for tablet aa02853e667c41bebe750f3f33969e74 (DEFAULT_TABLE table=range_aware_rebalance_new_range [id=c7d09b674eaf42a68eadf63a87d40d0c]), partition=HASH (key) PARTITION 7, RANGE (key) PARTITION 0 <= VALUES < 10
I20260601 13:38:02.668483 10003 tablet_bootstrap.cc:492] T 6b357fc654874454a994037ab71bc07a P 314a51923748472d97a8c5d352c9010f: Bootstrap starting.
I20260601 13:38:02.668685  9941 data_dirs.cc:400] Could only allocate 1 dirs of requested 3 for tablet aa02853e667c41bebe750f3f33969e74. 1 dirs total, 0 dirs full, 0 dirs failed
I20260601 13:38:02.668824 10008 raft_consensus.cc:359] T aa02853e667c41bebe750f3f33969e74 P a58f9bd274304d8e8ce1c014e7e72c67 [term 0 FOLLOWER]: Replica starting. Triggering 0 pending ops. Active config: opid_index: -1 OBSOLETE_local: false peers { permanent_uuid: "a58f9bd274304d8e8ce1c014e7e72c67" member_type: VOTER last_known_addr { host: "127.6.170.1" port: 45247 } } peers { permanent_uuid: "314a51923748472d97a8c5d352c9010f" member_type: VOTER last_known_addr { host: "127.6.170.2" port: 44421 } } peers { permanent_uuid: "f1805aa7ef064574b040a6b3d20607f9" member_type: VOTER last_known_addr { host: "127.6.170.3" port: 34579 } }
I20260601 13:38:02.668951 10008 raft_consensus.cc:385] T aa02853e667c41bebe750f3f33969e74 P a58f9bd274304d8e8ce1c014e7e72c67 [term 0 FOLLOWER]: Consensus starting up: Expiring failure detector timer to make a prompt election more likely
I20260601 13:38:02.668990 10008 raft_consensus.cc:740] T aa02853e667c41bebe750f3f33969e74 P a58f9bd274304d8e8ce1c014e7e72c67 [term 0 FOLLOWER]: Becoming Follower/Learner. State: Replica: a58f9bd274304d8e8ce1c014e7e72c67, State: Initialized, Role: FOLLOWER
I20260601 13:38:02.669139 10008 consensus_queue.cc:260] T aa02853e667c41bebe750f3f33969e74 P a58f9bd274304d8e8ce1c014e7e72c67 [NON_LEADER]: Queue going to NON_LEADER mode. State: All replicated index: 0, Majority replicated index: 0, Committed index: 0, Last appended: 0.0, Last appended by leader: 0, Current term: 0, Majority size: -1, State: 0, Mode: NON_LEADER, active raft config: opid_index: -1 OBSOLETE_local: false peers { permanent_uuid: "a58f9bd274304d8e8ce1c014e7e72c67" member_type: VOTER last_known_addr { host: "127.6.170.1" port: 45247 } } peers { permanent_uuid: "314a51923748472d97a8c5d352c9010f" member_type: VOTER last_known_addr { host: "127.6.170.2" port: 44421 } } peers { permanent_uuid: "f1805aa7ef064574b040a6b3d20607f9" member_type: VOTER last_known_addr { host: "127.6.170.3" port: 34579 } }
I20260601 13:38:02.669457 10008 ts_tablet_manager.cc:1434] T aa02853e667c41bebe750f3f33969e74 P a58f9bd274304d8e8ce1c014e7e72c67: Time spent starting tablet: real 0.001s	user 0.001s	sys 0.000s
I20260601 13:38:02.669656 10008 tablet_bootstrap.cc:492] T 6b357fc654874454a994037ab71bc07a P a58f9bd274304d8e8ce1c014e7e72c67: Bootstrap starting.
I20260601 13:38:02.669802 10003 tablet_bootstrap.cc:654] T 6b357fc654874454a994037ab71bc07a P 314a51923748472d97a8c5d352c9010f: Neither blocks nor log segments found. Creating new log.
I20260601 13:38:02.670867 10008 tablet_bootstrap.cc:654] T 6b357fc654874454a994037ab71bc07a P a58f9bd274304d8e8ce1c014e7e72c67: Neither blocks nor log segments found. Creating new log.
I20260601 13:38:02.671119 10003 tablet_bootstrap.cc:492] T 6b357fc654874454a994037ab71bc07a P 314a51923748472d97a8c5d352c9010f: No bootstrap required, opened a new log
I20260601 13:38:02.671204 10003 ts_tablet_manager.cc:1403] T 6b357fc654874454a994037ab71bc07a P 314a51923748472d97a8c5d352c9010f: Time spent bootstrapping tablet: real 0.003s	user 0.002s	sys 0.000s
I20260601 13:38:02.671748 10003 raft_consensus.cc:359] T 6b357fc654874454a994037ab71bc07a P 314a51923748472d97a8c5d352c9010f [term 0 FOLLOWER]: Replica starting. Triggering 0 pending ops. Active config: opid_index: -1 OBSOLETE_local: false peers { permanent_uuid: "a58f9bd274304d8e8ce1c014e7e72c67" member_type: VOTER last_known_addr { host: "127.6.170.1" port: 45247 } } peers { permanent_uuid: "314a51923748472d97a8c5d352c9010f" member_type: VOTER last_known_addr { host: "127.6.170.2" port: 44421 } } peers { permanent_uuid: "f1805aa7ef064574b040a6b3d20607f9" member_type: VOTER last_known_addr { host: "127.6.170.3" port: 34579 } }
I20260601 13:38:02.671885 10003 raft_consensus.cc:385] T 6b357fc654874454a994037ab71bc07a P 314a51923748472d97a8c5d352c9010f [term 0 FOLLOWER]: Consensus starting up: Expiring failure detector timer to make a prompt election more likely
I20260601 13:38:02.671937 10003 raft_consensus.cc:740] T 6b357fc654874454a994037ab71bc07a P 314a51923748472d97a8c5d352c9010f [term 0 FOLLOWER]: Becoming Follower/Learner. State: Replica: 314a51923748472d97a8c5d352c9010f, State: Initialized, Role: FOLLOWER
I20260601 13:38:02.672106 10003 consensus_queue.cc:260] T 6b357fc654874454a994037ab71bc07a P 314a51923748472d97a8c5d352c9010f [NON_LEADER]: Queue going to NON_LEADER mode. State: All replicated index: 0, Majority replicated index: 0, Committed index: 0, Last appended: 0.0, Last appended by leader: 0, Current term: 0, Majority size: -1, State: 0, Mode: NON_LEADER, active raft config: opid_index: -1 OBSOLETE_local: false peers { permanent_uuid: "a58f9bd274304d8e8ce1c014e7e72c67" member_type: VOTER last_known_addr { host: "127.6.170.1" port: 45247 } } peers { permanent_uuid: "314a51923748472d97a8c5d352c9010f" member_type: VOTER last_known_addr { host: "127.6.170.2" port: 44421 } } peers { permanent_uuid: "f1805aa7ef064574b040a6b3d20607f9" member_type: VOTER last_known_addr { host: "127.6.170.3" port: 34579 } }
I20260601 13:38:02.672297 10008 tablet_bootstrap.cc:492] T 6b357fc654874454a994037ab71bc07a P a58f9bd274304d8e8ce1c014e7e72c67: No bootstrap required, opened a new log
I20260601 13:38:02.672395 10008 ts_tablet_manager.cc:1403] T 6b357fc654874454a994037ab71bc07a P a58f9bd274304d8e8ce1c014e7e72c67: Time spent bootstrapping tablet: real 0.003s	user 0.002s	sys 0.000s
I20260601 13:38:02.672555 10003 ts_tablet_manager.cc:1434] T 6b357fc654874454a994037ab71bc07a P 314a51923748472d97a8c5d352c9010f: Time spent starting tablet: real 0.001s	user 0.002s	sys 0.000s
I20260601 13:38:02.672783 10003 tablet_bootstrap.cc:492] T 3429a8b61f624e159289cecac175363e P 314a51923748472d97a8c5d352c9010f: Bootstrap starting.
I20260601 13:38:02.672885 10008 raft_consensus.cc:359] T 6b357fc654874454a994037ab71bc07a P a58f9bd274304d8e8ce1c014e7e72c67 [term 0 FOLLOWER]: Replica starting. Triggering 0 pending ops. Active config: opid_index: -1 OBSOLETE_local: false peers { permanent_uuid: "a58f9bd274304d8e8ce1c014e7e72c67" member_type: VOTER last_known_addr { host: "127.6.170.1" port: 45247 } } peers { permanent_uuid: "314a51923748472d97a8c5d352c9010f" member_type: VOTER last_known_addr { host: "127.6.170.2" port: 44421 } } peers { permanent_uuid: "f1805aa7ef064574b040a6b3d20607f9" member_type: VOTER last_known_addr { host: "127.6.170.3" port: 34579 } }
I20260601 13:38:02.672979 10008 raft_consensus.cc:385] T 6b357fc654874454a994037ab71bc07a P a58f9bd274304d8e8ce1c014e7e72c67 [term 0 FOLLOWER]: Consensus starting up: Expiring failure detector timer to make a prompt election more likely
I20260601 13:38:02.673014 10008 raft_consensus.cc:740] T 6b357fc654874454a994037ab71bc07a P a58f9bd274304d8e8ce1c014e7e72c67 [term 0 FOLLOWER]: Becoming Follower/Learner. State: Replica: a58f9bd274304d8e8ce1c014e7e72c67, State: Initialized, Role: FOLLOWER
I20260601 13:38:02.673177 10008 consensus_queue.cc:260] T 6b357fc654874454a994037ab71bc07a P a58f9bd274304d8e8ce1c014e7e72c67 [NON_LEADER]: Queue going to NON_LEADER mode. State: All replicated index: 0, Majority replicated index: 0, Committed index: 0, Last appended: 0.0, Last appended by leader: 0, Current term: 0, Majority size: -1, State: 0, Mode: NON_LEADER, active raft config: opid_index: -1 OBSOLETE_local: false peers { permanent_uuid: "a58f9bd274304d8e8ce1c014e7e72c67" member_type: VOTER last_known_addr { host: "127.6.170.1" port: 45247 } } peers { permanent_uuid: "314a51923748472d97a8c5d352c9010f" member_type: VOTER last_known_addr { host: "127.6.170.2" port: 44421 } } peers { permanent_uuid: "f1805aa7ef064574b040a6b3d20607f9" member_type: VOTER last_known_addr { host: "127.6.170.3" port: 34579 } }
I20260601 13:38:02.673589 10008 ts_tablet_manager.cc:1434] T 6b357fc654874454a994037ab71bc07a P a58f9bd274304d8e8ce1c014e7e72c67: Time spent starting tablet: real 0.001s	user 0.001s	sys 0.000s
I20260601 13:38:02.673771 10008 tablet_bootstrap.cc:492] T fa1f3ba1145e41fc984503a54877c4b8 P a58f9bd274304d8e8ce1c014e7e72c67: Bootstrap starting.
I20260601 13:38:02.673949 10003 tablet_bootstrap.cc:654] T 3429a8b61f624e159289cecac175363e P 314a51923748472d97a8c5d352c9010f: Neither blocks nor log segments found. Creating new log.
I20260601 13:38:02.674912 10008 tablet_bootstrap.cc:654] T fa1f3ba1145e41fc984503a54877c4b8 P a58f9bd274304d8e8ce1c014e7e72c67: Neither blocks nor log segments found. Creating new log.
I20260601 13:38:02.675247 10001 tablet_bootstrap.cc:492] T 771d42d0694c4bd5840e242a2bb6ae6d P f1805aa7ef064574b040a6b3d20607f9: No bootstrap required, opened a new log
I20260601 13:38:02.675357 10001 ts_tablet_manager.cc:1403] T 771d42d0694c4bd5840e242a2bb6ae6d P f1805aa7ef064574b040a6b3d20607f9: Time spent bootstrapping tablet: real 0.010s	user 0.001s	sys 0.001s
I20260601 13:38:02.675895 10001 raft_consensus.cc:359] T 771d42d0694c4bd5840e242a2bb6ae6d P f1805aa7ef064574b040a6b3d20607f9 [term 0 FOLLOWER]: Replica starting. Triggering 0 pending ops. Active config: opid_index: -1 OBSOLETE_local: false peers { permanent_uuid: "f1805aa7ef064574b040a6b3d20607f9" member_type: VOTER last_known_addr { host: "127.6.170.3" port: 34579 } } peers { permanent_uuid: "314a51923748472d97a8c5d352c9010f" member_type: VOTER last_known_addr { host: "127.6.170.2" port: 44421 } } peers { permanent_uuid: "a58f9bd274304d8e8ce1c014e7e72c67" member_type: VOTER last_known_addr { host: "127.6.170.1" port: 45247 } }
I20260601 13:38:02.676015 10001 raft_consensus.cc:385] T 771d42d0694c4bd5840e242a2bb6ae6d P f1805aa7ef064574b040a6b3d20607f9 [term 0 FOLLOWER]: Consensus starting up: Expiring failure detector timer to make a prompt election more likely
I20260601 13:38:02.676056 10001 raft_consensus.cc:740] T 771d42d0694c4bd5840e242a2bb6ae6d P f1805aa7ef064574b040a6b3d20607f9 [term 0 FOLLOWER]: Becoming Follower/Learner. State: Replica: f1805aa7ef064574b040a6b3d20607f9, State: Initialized, Role: FOLLOWER
I20260601 13:38:02.676172 10008 tablet_bootstrap.cc:492] T fa1f3ba1145e41fc984503a54877c4b8 P a58f9bd274304d8e8ce1c014e7e72c67: No bootstrap required, opened a new log
I20260601 13:38:02.676201 10001 consensus_queue.cc:260] T 771d42d0694c4bd5840e242a2bb6ae6d P f1805aa7ef064574b040a6b3d20607f9 [NON_LEADER]: Queue going to NON_LEADER mode. State: All replicated index: 0, Majority replicated index: 0, Committed index: 0, Last appended: 0.0, Last appended by leader: 0, Current term: 0, Majority size: -1, State: 0, Mode: NON_LEADER, active raft config: opid_index: -1 OBSOLETE_local: false peers { permanent_uuid: "f1805aa7ef064574b040a6b3d20607f9" member_type: VOTER last_known_addr { host: "127.6.170.3" port: 34579 } } peers { permanent_uuid: "314a51923748472d97a8c5d352c9010f" member_type: VOTER last_known_addr { host: "127.6.170.2" port: 44421 } } peers { permanent_uuid: "a58f9bd274304d8e8ce1c014e7e72c67" member_type: VOTER last_known_addr { host: "127.6.170.1" port: 45247 } }
I20260601 13:38:02.676260 10008 ts_tablet_manager.cc:1403] T fa1f3ba1145e41fc984503a54877c4b8 P a58f9bd274304d8e8ce1c014e7e72c67: Time spent bootstrapping tablet: real 0.003s	user 0.002s	sys 0.000s
I20260601 13:38:02.676502 10001 ts_tablet_manager.cc:1434] T 771d42d0694c4bd5840e242a2bb6ae6d P f1805aa7ef064574b040a6b3d20607f9: Time spent starting tablet: real 0.001s	user 0.001s	sys 0.000s
I20260601 13:38:02.676740 10001 tablet_bootstrap.cc:492] T 6ae8ed4518414451923364e683968390 P f1805aa7ef064574b040a6b3d20607f9: Bootstrap starting.
I20260601 13:38:02.677371 10003 tablet_bootstrap.cc:492] T 3429a8b61f624e159289cecac175363e P 314a51923748472d97a8c5d352c9010f: No bootstrap required, opened a new log
I20260601 13:38:02.677512 10003 ts_tablet_manager.cc:1403] T 3429a8b61f624e159289cecac175363e P 314a51923748472d97a8c5d352c9010f: Time spent bootstrapping tablet: real 0.005s	user 0.002s	sys 0.000s
I20260601 13:38:02.677573 10008 raft_consensus.cc:359] T fa1f3ba1145e41fc984503a54877c4b8 P a58f9bd274304d8e8ce1c014e7e72c67 [term 0 FOLLOWER]: Replica starting. Triggering 0 pending ops. Active config: opid_index: -1 OBSOLETE_local: false peers { permanent_uuid: "314a51923748472d97a8c5d352c9010f" member_type: VOTER last_known_addr { host: "127.6.170.2" port: 44421 } } peers { permanent_uuid: "a58f9bd274304d8e8ce1c014e7e72c67" member_type: VOTER last_known_addr { host: "127.6.170.1" port: 45247 } } peers { permanent_uuid: "f1805aa7ef064574b040a6b3d20607f9" member_type: VOTER last_known_addr { host: "127.6.170.3" port: 34579 } }
I20260601 13:38:02.677675 10008 raft_consensus.cc:385] T fa1f3ba1145e41fc984503a54877c4b8 P a58f9bd274304d8e8ce1c014e7e72c67 [term 0 FOLLOWER]: Consensus starting up: Expiring failure detector timer to make a prompt election more likely
I20260601 13:38:02.677711 10008 raft_consensus.cc:740] T fa1f3ba1145e41fc984503a54877c4b8 P a58f9bd274304d8e8ce1c014e7e72c67 [term 0 FOLLOWER]: Becoming Follower/Learner. State: Replica: a58f9bd274304d8e8ce1c014e7e72c67, State: Initialized, Role: FOLLOWER
I20260601 13:38:02.677871 10001 tablet_bootstrap.cc:654] T 6ae8ed4518414451923364e683968390 P f1805aa7ef064574b040a6b3d20607f9: Neither blocks nor log segments found. Creating new log.
I20260601 13:38:02.677896 10008 consensus_queue.cc:260] T fa1f3ba1145e41fc984503a54877c4b8 P a58f9bd274304d8e8ce1c014e7e72c67 [NON_LEADER]: Queue going to NON_LEADER mode. State: All replicated index: 0, Majority replicated index: 0, Committed index: 0, Last appended: 0.0, Last appended by leader: 0, Current term: 0, Majority size: -1, State: 0, Mode: NON_LEADER, active raft config: opid_index: -1 OBSOLETE_local: false peers { permanent_uuid: "314a51923748472d97a8c5d352c9010f" member_type: VOTER last_known_addr { host: "127.6.170.2" port: 44421 } } peers { permanent_uuid: "a58f9bd274304d8e8ce1c014e7e72c67" member_type: VOTER last_known_addr { host: "127.6.170.1" port: 45247 } } peers { permanent_uuid: "f1805aa7ef064574b040a6b3d20607f9" member_type: VOTER last_known_addr { host: "127.6.170.3" port: 34579 } }
I20260601 13:38:02.678035 10003 raft_consensus.cc:359] T 3429a8b61f624e159289cecac175363e P 314a51923748472d97a8c5d352c9010f [term 0 FOLLOWER]: Replica starting. Triggering 0 pending ops. Active config: opid_index: -1 OBSOLETE_local: false peers { permanent_uuid: "a58f9bd274304d8e8ce1c014e7e72c67" member_type: VOTER last_known_addr { host: "127.6.170.1" port: 45247 } } peers { permanent_uuid: "314a51923748472d97a8c5d352c9010f" member_type: VOTER last_known_addr { host: "127.6.170.2" port: 44421 } } peers { permanent_uuid: "f1805aa7ef064574b040a6b3d20607f9" member_type: VOTER last_known_addr { host: "127.6.170.3" port: 34579 } }
I20260601 13:38:02.678164 10003 raft_consensus.cc:385] T 3429a8b61f624e159289cecac175363e P 314a51923748472d97a8c5d352c9010f [term 0 FOLLOWER]: Consensus starting up: Expiring failure detector timer to make a prompt election more likely
I20260601 13:38:02.678198 10003 raft_consensus.cc:740] T 3429a8b61f624e159289cecac175363e P 314a51923748472d97a8c5d352c9010f [term 0 FOLLOWER]: Becoming Follower/Learner. State: Replica: 314a51923748472d97a8c5d352c9010f, State: Initialized, Role: FOLLOWER
I20260601 13:38:02.678202 10008 ts_tablet_manager.cc:1434] T fa1f3ba1145e41fc984503a54877c4b8 P a58f9bd274304d8e8ce1c014e7e72c67: Time spent starting tablet: real 0.002s	user 0.001s	sys 0.000s
I20260601 13:38:02.678366 10003 consensus_queue.cc:260] T 3429a8b61f624e159289cecac175363e P 314a51923748472d97a8c5d352c9010f [NON_LEADER]: Queue going to NON_LEADER mode. State: All replicated index: 0, Majority replicated index: 0, Committed index: 0, Last appended: 0.0, Last appended by leader: 0, Current term: 0, Majority size: -1, State: 0, Mode: NON_LEADER, active raft config: opid_index: -1 OBSOLETE_local: false peers { permanent_uuid: "a58f9bd274304d8e8ce1c014e7e72c67" member_type: VOTER last_known_addr { host: "127.6.170.1" port: 45247 } } peers { permanent_uuid: "314a51923748472d97a8c5d352c9010f" member_type: VOTER last_known_addr { host: "127.6.170.2" port: 44421 } } peers { permanent_uuid: "f1805aa7ef064574b040a6b3d20607f9" member_type: VOTER last_known_addr { host: "127.6.170.3" port: 34579 } }
I20260601 13:38:02.678531 10008 tablet_bootstrap.cc:492] T 6ae8ed4518414451923364e683968390 P a58f9bd274304d8e8ce1c014e7e72c67: Bootstrap starting.
I20260601 13:38:02.678673 10003 ts_tablet_manager.cc:1434] T 3429a8b61f624e159289cecac175363e P 314a51923748472d97a8c5d352c9010f: Time spent starting tablet: real 0.001s	user 0.001s	sys 0.000s
I20260601 13:38:02.678866 10003 tablet_bootstrap.cc:492] T 6ae8ed4518414451923364e683968390 P 314a51923748472d97a8c5d352c9010f: Bootstrap starting.
I20260601 13:38:02.679656 10008 tablet_bootstrap.cc:654] T 6ae8ed4518414451923364e683968390 P a58f9bd274304d8e8ce1c014e7e72c67: Neither blocks nor log segments found. Creating new log.
I20260601 13:38:02.680167 10003 tablet_bootstrap.cc:654] T 6ae8ed4518414451923364e683968390 P 314a51923748472d97a8c5d352c9010f: Neither blocks nor log segments found. Creating new log.
I20260601 13:38:02.680799 10001 tablet_bootstrap.cc:492] T 6ae8ed4518414451923364e683968390 P f1805aa7ef064574b040a6b3d20607f9: No bootstrap required, opened a new log
I20260601 13:38:02.680889 10001 ts_tablet_manager.cc:1403] T 6ae8ed4518414451923364e683968390 P f1805aa7ef064574b040a6b3d20607f9: Time spent bootstrapping tablet: real 0.004s	user 0.002s	sys 0.000s
I20260601 13:38:02.681329 10008 tablet_bootstrap.cc:492] T 6ae8ed4518414451923364e683968390 P a58f9bd274304d8e8ce1c014e7e72c67: No bootstrap required, opened a new log
I20260601 13:38:02.681433 10008 ts_tablet_manager.cc:1403] T 6ae8ed4518414451923364e683968390 P a58f9bd274304d8e8ce1c014e7e72c67: Time spent bootstrapping tablet: real 0.003s	user 0.002s	sys 0.000s
I20260601 13:38:02.681380 10001 raft_consensus.cc:359] T 6ae8ed4518414451923364e683968390 P f1805aa7ef064574b040a6b3d20607f9 [term 0 FOLLOWER]: Replica starting. Triggering 0 pending ops. Active config: opid_index: -1 OBSOLETE_local: false peers { permanent_uuid: "a58f9bd274304d8e8ce1c014e7e72c67" member_type: VOTER last_known_addr { host: "127.6.170.1" port: 45247 } } peers { permanent_uuid: "314a51923748472d97a8c5d352c9010f" member_type: VOTER last_known_addr { host: "127.6.170.2" port: 44421 } } peers { permanent_uuid: "f1805aa7ef064574b040a6b3d20607f9" member_type: VOTER last_known_addr { host: "127.6.170.3" port: 34579 } }
