I20260601 13:38:00.600991 27247 consensus_queue.cc:260] T 63082fd8c342468e9142d7519928e19c P 85544872a790438b9dc24a1cc3392a5d [NON_LEADER]: Queue going to NON_LEADER mode. State: All replicated index: 0, Majority replicated index: 0, Committed index: 0, Last appended: 0.0, Last appended by leader: 0, Current term: 0, Majority size: -1, State: 0, Mode: NON_LEADER, active raft config: opid_index: -1 OBSOLETE_local: false peers { permanent_uuid: "53dfc5983aa642ea8481e3716dddb02f" member_type: VOTER last_known_addr { host: "127.23.100.129" port: 42935 } } peers { permanent_uuid: "85544872a790438b9dc24a1cc3392a5d" member_type: VOTER last_known_addr { host: "127.23.100.132" port: 46481 } } peers { permanent_uuid: "cff3d5abc9824333b67fe6d572a4de3d" member_type: VOTER last_known_addr { host: "127.23.100.130" port: 43167 } }
I20260601 13:38:00.601142 27062 tablet_service.cc:1917] Received RequestConsensusVote() RPC: tablet_id: "e9834647d7194182951aec0d1171b31b" candidate_uuid: "53dfc5983aa642ea8481e3716dddb02f" candidate_term: 1 candidate_status { last_received { term: 0 index: 0 } } ignore_live_leader: false dest_uuid: "2871dfc538ad45a8906e3fe31c9273b9" is_pre_election: true
I20260601 13:38:00.601228 27247 ts_tablet_manager.cc:1434] T 63082fd8c342468e9142d7519928e19c P 85544872a790438b9dc24a1cc3392a5d: Time spent starting tablet: real 0.001s	user 0.000s	sys 0.001s
I20260601 13:38:00.601251 27062 raft_consensus.cc:2468] T e9834647d7194182951aec0d1171b31b P 2871dfc538ad45a8906e3fe31c9273b9 [term 0 FOLLOWER]: Leader pre-election vote request: Granting yes vote for candidate 53dfc5983aa642ea8481e3716dddb02f in term 0.
I20260601 13:38:00.601578 26878 leader_election.cc:304] T e9834647d7194182951aec0d1171b31b P 53dfc5983aa642ea8481e3716dddb02f [CANDIDATE]: Term 1 pre-election: Election decided. Result: candidate won. Election summary: received 2 responses out of 3 voters: 2 yes votes; 0 no votes. yes voters: 2871dfc538ad45a8906e3fe31c9273b9, 53dfc5983aa642ea8481e3716dddb02f; no voters: 
I20260601 13:38:00.601627 27247 tablet_bootstrap.cc:492] T d670b057dba846d8a99c3eb1c2d8ce82 P 85544872a790438b9dc24a1cc3392a5d: Bootstrap starting.
I20260601 13:38:00.601753 27123 raft_consensus.cc:2804] T e9834647d7194182951aec0d1171b31b P 53dfc5983aa642ea8481e3716dddb02f [term 0 FOLLOWER]: Leader pre-election won for term 1
I20260601 13:38:00.601800 27123 raft_consensus.cc:493] T e9834647d7194182951aec0d1171b31b P 53dfc5983aa642ea8481e3716dddb02f [term 0 FOLLOWER]: Starting leader election (no leader contacted us within the election timeout)
I20260601 13:38:00.601850 27123 raft_consensus.cc:3060] T e9834647d7194182951aec0d1171b31b P 53dfc5983aa642ea8481e3716dddb02f [term 0 FOLLOWER]: Advancing to term 1
I20260601 13:38:00.602581 27123 raft_consensus.cc:515] T e9834647d7194182951aec0d1171b31b P 53dfc5983aa642ea8481e3716dddb02f [term 1 FOLLOWER]: Starting leader election with config: opid_index: -1 OBSOLETE_local: false peers { permanent_uuid: "2871dfc538ad45a8906e3fe31c9273b9" member_type: VOTER last_known_addr { host: "127.23.100.131" port: 43393 } } peers { permanent_uuid: "85544872a790438b9dc24a1cc3392a5d" member_type: VOTER last_known_addr { host: "127.23.100.132" port: 46481 } } peers { permanent_uuid: "53dfc5983aa642ea8481e3716dddb02f" member_type: VOTER last_known_addr { host: "127.23.100.129" port: 42935 } }
I20260601 13:38:00.602751 27247 tablet_bootstrap.cc:654] T d670b057dba846d8a99c3eb1c2d8ce82 P 85544872a790438b9dc24a1cc3392a5d: Neither blocks nor log segments found. Creating new log.
I20260601 13:38:00.602916 27123 leader_election.cc:290] T e9834647d7194182951aec0d1171b31b P 53dfc5983aa642ea8481e3716dddb02f [CANDIDATE]: Term 1 election: Requested vote from peers 2871dfc538ad45a8906e3fe31c9273b9 (127.23.100.131:43393), 85544872a790438b9dc24a1cc3392a5d (127.23.100.132:46481)
I20260601 13:38:00.603380 27062 tablet_service.cc:1917] Received RequestConsensusVote() RPC: tablet_id: "e9834647d7194182951aec0d1171b31b" candidate_uuid: "53dfc5983aa642ea8481e3716dddb02f" candidate_term: 1 candidate_status { last_received { term: 0 index: 0 } } ignore_live_leader: false dest_uuid: "2871dfc538ad45a8906e3fe31c9273b9"
I20260601 13:38:00.603475 27062 raft_consensus.cc:3060] T e9834647d7194182951aec0d1171b31b P 2871dfc538ad45a8906e3fe31c9273b9 [term 0 FOLLOWER]: Advancing to term 1
I20260601 13:38:00.603772 27247 tablet_bootstrap.cc:492] T d670b057dba846d8a99c3eb1c2d8ce82 P 85544872a790438b9dc24a1cc3392a5d: No bootstrap required, opened a new log
I20260601 13:38:00.603847 27247 ts_tablet_manager.cc:1403] T d670b057dba846d8a99c3eb1c2d8ce82 P 85544872a790438b9dc24a1cc3392a5d: Time spent bootstrapping tablet: real 0.002s	user 0.000s	sys 0.001s
I20260601 13:38:00.604099 27109 tablet_bootstrap.cc:492] T 54643fb6f53a460fb18a67e5f38d938b P cff3d5abc9824333b67fe6d572a4de3d: No bootstrap required, opened a new log
I20260601 13:38:00.604171 27109 ts_tablet_manager.cc:1403] T 54643fb6f53a460fb18a67e5f38d938b P cff3d5abc9824333b67fe6d572a4de3d: Time spent bootstrapping tablet: real 0.036s	user 0.001s	sys 0.000s
I20260601 13:38:00.604223 27116 tablet_bootstrap.cc:654] T 0d368884e40145fe8a090c8a357145b7 P 2871dfc538ad45a8906e3fe31c9273b9: Neither blocks nor log segments found. Creating new log.
I20260601 13:38:00.604238 27247 raft_consensus.cc:359] T d670b057dba846d8a99c3eb1c2d8ce82 P 85544872a790438b9dc24a1cc3392a5d [term 0 FOLLOWER]: Replica starting. Triggering 0 pending ops. Active config: opid_index: -1 OBSOLETE_local: false peers { permanent_uuid: "85544872a790438b9dc24a1cc3392a5d" member_type: VOTER last_known_addr { host: "127.23.100.132" port: 46481 } } peers { permanent_uuid: "2871dfc538ad45a8906e3fe31c9273b9" member_type: VOTER last_known_addr { host: "127.23.100.131" port: 43393 } } peers { permanent_uuid: "53dfc5983aa642ea8481e3716dddb02f" member_type: VOTER last_known_addr { host: "127.23.100.129" port: 42935 } }
I20260601 13:38:00.604323 27247 raft_consensus.cc:385] T d670b057dba846d8a99c3eb1c2d8ce82 P 85544872a790438b9dc24a1cc3392a5d [term 0 FOLLOWER]: Consensus starting up: Expiring failure detector timer to make a prompt election more likely
I20260601 13:38:00.604372 27247 raft_consensus.cc:740] T d670b057dba846d8a99c3eb1c2d8ce82 P 85544872a790438b9dc24a1cc3392a5d [term 0 FOLLOWER]: Becoming Follower/Learner. State: Replica: 85544872a790438b9dc24a1cc3392a5d, State: Initialized, Role: FOLLOWER
I20260601 13:38:00.604470 27247 consensus_queue.cc:260] T d670b057dba846d8a99c3eb1c2d8ce82 P 85544872a790438b9dc24a1cc3392a5d [NON_LEADER]: Queue going to NON_LEADER mode. State: All replicated index: 0, Majority replicated index: 0, Committed index: 0, Last appended: 0.0, Last appended by leader: 0, Current term: 0, Majority size: -1, State: 0, Mode: NON_LEADER, active raft config: opid_index: -1 OBSOLETE_local: false peers { permanent_uuid: "85544872a790438b9dc24a1cc3392a5d" member_type: VOTER last_known_addr { host: "127.23.100.132" port: 46481 } } peers { permanent_uuid: "2871dfc538ad45a8906e3fe31c9273b9" member_type: VOTER last_known_addr { host: "127.23.100.131" port: 43393 } } peers { permanent_uuid: "53dfc5983aa642ea8481e3716dddb02f" member_type: VOTER last_known_addr { host: "127.23.100.129" port: 42935 } }
I20260601 13:38:00.604534 27109 raft_consensus.cc:359] T 54643fb6f53a460fb18a67e5f38d938b P cff3d5abc9824333b67fe6d572a4de3d [term 0 FOLLOWER]: Replica starting. Triggering 0 pending ops. Active config: opid_index: -1 OBSOLETE_local: false peers { permanent_uuid: "53dfc5983aa642ea8481e3716dddb02f" member_type: VOTER last_known_addr { host: "127.23.100.129" port: 42935 } } peers { permanent_uuid: "cff3d5abc9824333b67fe6d572a4de3d" member_type: VOTER last_known_addr { host: "127.23.100.130" port: 43167 } } peers { permanent_uuid: "85544872a790438b9dc24a1cc3392a5d" member_type: VOTER last_known_addr { host: "127.23.100.132" port: 46481 } }
I20260601 13:38:00.604612 27109 raft_consensus.cc:385] T 54643fb6f53a460fb18a67e5f38d938b P cff3d5abc9824333b67fe6d572a4de3d [term 0 FOLLOWER]: Consensus starting up: Expiring failure detector timer to make a prompt election more likely
I20260601 13:38:00.604647 27109 raft_consensus.cc:740] T 54643fb6f53a460fb18a67e5f38d938b P cff3d5abc9824333b67fe6d572a4de3d [term 0 FOLLOWER]: Becoming Follower/Learner. State: Replica: cff3d5abc9824333b67fe6d572a4de3d, State: Initialized, Role: FOLLOWER
I20260601 13:38:00.604707 27247 ts_tablet_manager.cc:1434] T d670b057dba846d8a99c3eb1c2d8ce82 P 85544872a790438b9dc24a1cc3392a5d: Time spent starting tablet: real 0.001s	user 0.000s	sys 0.001s
I20260601 13:38:00.604779 27109 consensus_queue.cc:260] T 54643fb6f53a460fb18a67e5f38d938b P cff3d5abc9824333b67fe6d572a4de3d [NON_LEADER]: Queue going to NON_LEADER mode. State: All replicated index: 0, Majority replicated index: 0, Committed index: 0, Last appended: 0.0, Last appended by leader: 0, Current term: 0, Majority size: -1, State: 0, Mode: NON_LEADER, active raft config: opid_index: -1 OBSOLETE_local: false peers { permanent_uuid: "53dfc5983aa642ea8481e3716dddb02f" member_type: VOTER last_known_addr { host: "127.23.100.129" port: 42935 } } peers { permanent_uuid: "cff3d5abc9824333b67fe6d572a4de3d" member_type: VOTER last_known_addr { host: "127.23.100.130" port: 43167 } } peers { permanent_uuid: "85544872a790438b9dc24a1cc3392a5d" member_type: VOTER last_known_addr { host: "127.23.100.132" port: 46481 } }
I20260601 13:38:00.604861 27247 tablet_bootstrap.cc:492] T e9834647d7194182951aec0d1171b31b P 85544872a790438b9dc24a1cc3392a5d: Bootstrap starting.
I20260601 13:38:00.605041 27109 ts_tablet_manager.cc:1434] T 54643fb6f53a460fb18a67e5f38d938b P cff3d5abc9824333b67fe6d572a4de3d: Time spent starting tablet: real 0.001s	user 0.001s	sys 0.000s
I20260601 13:38:00.605229 27109 tablet_bootstrap.cc:492] T df47e8dd1cc646c6a196b63345b181e9 P cff3d5abc9824333b67fe6d572a4de3d: Bootstrap starting.
I20260601 13:38:00.605792 27247 tablet_bootstrap.cc:654] T e9834647d7194182951aec0d1171b31b P 85544872a790438b9dc24a1cc3392a5d: Neither blocks nor log segments found. Creating new log.
I20260601 13:38:00.606353 27109 tablet_bootstrap.cc:654] T df47e8dd1cc646c6a196b63345b181e9 P cff3d5abc9824333b67fe6d572a4de3d: Neither blocks nor log segments found. Creating new log.
I20260601 13:38:00.606503 27116 tablet_bootstrap.cc:492] T 0d368884e40145fe8a090c8a357145b7 P 2871dfc538ad45a8906e3fe31c9273b9: No bootstrap required, opened a new log
I20260601 13:38:00.606585 27116 ts_tablet_manager.cc:1403] T 0d368884e40145fe8a090c8a357145b7 P 2871dfc538ad45a8906e3fe31c9273b9: Time spent bootstrapping tablet: real 0.025s	user 0.002s	sys 0.000s
I20260601 13:38:00.604311 27062 raft_consensus.cc:2468] T e9834647d7194182951aec0d1171b31b P 2871dfc538ad45a8906e3fe31c9273b9 [term 1 FOLLOWER]: Leader election vote request: Granting yes vote for candidate 53dfc5983aa642ea8481e3716dddb02f in term 1.
I20260601 13:38:00.605041 27209 tablet_service.cc:1917] Received RequestConsensusVote() RPC: tablet_id: "e9834647d7194182951aec0d1171b31b" candidate_uuid: "53dfc5983aa642ea8481e3716dddb02f" candidate_term: 1 candidate_status { last_received { term: 0 index: 0 } } ignore_live_leader: false dest_uuid: "85544872a790438b9dc24a1cc3392a5d" is_pre_election: true
I20260601 13:38:00.607010 27116 raft_consensus.cc:359] T 0d368884e40145fe8a090c8a357145b7 P 2871dfc538ad45a8906e3fe31c9273b9 [term 0 FOLLOWER]: Replica starting. Triggering 0 pending ops. Active config: opid_index: -1 OBSOLETE_local: false peers { permanent_uuid: "2871dfc538ad45a8906e3fe31c9273b9" member_type: VOTER last_known_addr { host: "127.23.100.131" port: 43393 } } peers { permanent_uuid: "cff3d5abc9824333b67fe6d572a4de3d" member_type: VOTER last_known_addr { host: "127.23.100.130" port: 43167 } } peers { permanent_uuid: "85544872a790438b9dc24a1cc3392a5d" member_type: VOTER last_known_addr { host: "127.23.100.132" port: 46481 } }
I20260601 13:38:00.607106 27116 raft_consensus.cc:385] T 0d368884e40145fe8a090c8a357145b7 P 2871dfc538ad45a8906e3fe31c9273b9 [term 0 FOLLOWER]: Consensus starting up: Expiring failure detector timer to make a prompt election more likely
I20260601 13:38:00.607143 27116 raft_consensus.cc:740] T 0d368884e40145fe8a090c8a357145b7 P 2871dfc538ad45a8906e3fe31c9273b9 [term 0 FOLLOWER]: Becoming Follower/Learner. State: Replica: 2871dfc538ad45a8906e3fe31c9273b9, State: Initialized, Role: FOLLOWER
I20260601 13:38:00.607239 27247 tablet_bootstrap.cc:492] T e9834647d7194182951aec0d1171b31b P 85544872a790438b9dc24a1cc3392a5d: No bootstrap required, opened a new log
I20260601 13:38:00.607260 27116 consensus_queue.cc:260] T 0d368884e40145fe8a090c8a357145b7 P 2871dfc538ad45a8906e3fe31c9273b9 [NON_LEADER]: Queue going to NON_LEADER mode. State: All replicated index: 0, Majority replicated index: 0, Committed index: 0, Last appended: 0.0, Last appended by leader: 0, Current term: 0, Majority size: -1, State: 0, Mode: NON_LEADER, active raft config: opid_index: -1 OBSOLETE_local: false peers { permanent_uuid: "2871dfc538ad45a8906e3fe31c9273b9" member_type: VOTER last_known_addr { host: "127.23.100.131" port: 43393 } } peers { permanent_uuid: "cff3d5abc9824333b67fe6d572a4de3d" member_type: VOTER last_known_addr { host: "127.23.100.130" port: 43167 } } peers { permanent_uuid: "85544872a790438b9dc24a1cc3392a5d" member_type: VOTER last_known_addr { host: "127.23.100.132" port: 46481 } }
I20260601 13:38:00.607321 27247 ts_tablet_manager.cc:1403] T e9834647d7194182951aec0d1171b31b P 85544872a790438b9dc24a1cc3392a5d: Time spent bootstrapping tablet: real 0.003s	user 0.000s	sys 0.001s
I20260601 13:38:00.607509 27116 ts_tablet_manager.cc:1434] T 0d368884e40145fe8a090c8a357145b7 P 2871dfc538ad45a8906e3fe31c9273b9: Time spent starting tablet: real 0.001s	user 0.001s	sys 0.000s
I20260601 13:38:00.607677 27116 tablet_bootstrap.cc:492] T 1d2e8ad7208b4d459dbede7b58dd3b9b P 2871dfc538ad45a8906e3fe31c9273b9: Bootstrap starting.
I20260601 13:38:00.607766 27247 raft_consensus.cc:359] T e9834647d7194182951aec0d1171b31b P 85544872a790438b9dc24a1cc3392a5d [term 0 FOLLOWER]: Replica starting. Triggering 0 pending ops. Active config: opid_index: -1 OBSOLETE_local: false peers { permanent_uuid: "2871dfc538ad45a8906e3fe31c9273b9" member_type: VOTER last_known_addr { host: "127.23.100.131" port: 43393 } } peers { permanent_uuid: "85544872a790438b9dc24a1cc3392a5d" member_type: VOTER last_known_addr { host: "127.23.100.132" port: 46481 } } peers { permanent_uuid: "53dfc5983aa642ea8481e3716dddb02f" member_type: VOTER last_known_addr { host: "127.23.100.129" port: 42935 } }
I20260601 13:38:00.607860 27247 raft_consensus.cc:385] T e9834647d7194182951aec0d1171b31b P 85544872a790438b9dc24a1cc3392a5d [term 0 FOLLOWER]: Consensus starting up: Expiring failure detector timer to make a prompt election more likely
I20260601 13:38:00.607898 27247 raft_consensus.cc:740] T e9834647d7194182951aec0d1171b31b P 85544872a790438b9dc24a1cc3392a5d [term 0 FOLLOWER]: Becoming Follower/Learner. State: Replica: 85544872a790438b9dc24a1cc3392a5d, State: Initialized, Role: FOLLOWER
I20260601 13:38:00.608047 27109 tablet_bootstrap.cc:492] T df47e8dd1cc646c6a196b63345b181e9 P cff3d5abc9824333b67fe6d572a4de3d: No bootstrap required, opened a new log
I20260601 13:38:00.608127 27109 ts_tablet_manager.cc:1403] T df47e8dd1cc646c6a196b63345b181e9 P cff3d5abc9824333b67fe6d572a4de3d: Time spent bootstrapping tablet: real 0.003s	user 0.001s	sys 0.000s
I20260601 13:38:00.608007 27247 consensus_queue.cc:260] T e9834647d7194182951aec0d1171b31b P 85544872a790438b9dc24a1cc3392a5d [NON_LEADER]: Queue going to NON_LEADER mode. State: All replicated index: 0, Majority replicated index: 0, Committed index: 0, Last appended: 0.0, Last appended by leader: 0, Current term: 0, Majority size: -1, State: 0, Mode: NON_LEADER, active raft config: opid_index: -1 OBSOLETE_local: false peers { permanent_uuid: "2871dfc538ad45a8906e3fe31c9273b9" member_type: VOTER last_known_addr { host: "127.23.100.131" port: 43393 } } peers { permanent_uuid: "85544872a790438b9dc24a1cc3392a5d" member_type: VOTER last_known_addr { host: "127.23.100.132" port: 46481 } } peers { permanent_uuid: "53dfc5983aa642ea8481e3716dddb02f" member_type: VOTER last_known_addr { host: "127.23.100.129" port: 42935 } }
I20260601 13:38:00.608402 27247 ts_tablet_manager.cc:1434] T e9834647d7194182951aec0d1171b31b P 85544872a790438b9dc24a1cc3392a5d: Time spent starting tablet: real 0.001s	user 0.001s	sys 0.000s
I20260601 13:38:00.608520 27116 tablet_bootstrap.cc:654] T 1d2e8ad7208b4d459dbede7b58dd3b9b P 2871dfc538ad45a8906e3fe31c9273b9: Neither blocks nor log segments found. Creating new log.
I20260601 13:38:00.608507 27109 raft_consensus.cc:359] T df47e8dd1cc646c6a196b63345b181e9 P cff3d5abc9824333b67fe6d572a4de3d [term 0 FOLLOWER]: Replica starting. Triggering 0 pending ops. Active config: opid_index: -1 OBSOLETE_local: false peers { permanent_uuid: "cff3d5abc9824333b67fe6d572a4de3d" member_type: VOTER last_known_addr { host: "127.23.100.130" port: 43167 } } peers { permanent_uuid: "85544872a790438b9dc24a1cc3392a5d" member_type: VOTER last_known_addr { host: "127.23.100.132" port: 46481 } } peers { permanent_uuid: "2871dfc538ad45a8906e3fe31c9273b9" member_type: VOTER last_known_addr { host: "127.23.100.131" port: 43393 } }
I20260601 13:38:00.608603 27109 raft_consensus.cc:385] T df47e8dd1cc646c6a196b63345b181e9 P cff3d5abc9824333b67fe6d572a4de3d [term 0 FOLLOWER]: Consensus starting up: Expiring failure detector timer to make a prompt election more likely
I20260601 13:38:00.608649 27109 raft_consensus.cc:740] T df47e8dd1cc646c6a196b63345b181e9 P cff3d5abc9824333b67fe6d572a4de3d [term 0 FOLLOWER]: Becoming Follower/Learner. State: Replica: cff3d5abc9824333b67fe6d572a4de3d, State: Initialized, Role: FOLLOWER
I20260601 13:38:00.608771 27109 consensus_queue.cc:260] T df47e8dd1cc646c6a196b63345b181e9 P cff3d5abc9824333b67fe6d572a4de3d [NON_LEADER]: Queue going to NON_LEADER mode. State: All replicated index: 0, Majority replicated index: 0, Committed index: 0, Last appended: 0.0, Last appended by leader: 0, Current term: 0, Majority size: -1, State: 0, Mode: NON_LEADER, active raft config: opid_index: -1 OBSOLETE_local: false peers { permanent_uuid: "cff3d5abc9824333b67fe6d572a4de3d" member_type: VOTER last_known_addr { host: "127.23.100.130" port: 43167 } } peers { permanent_uuid: "85544872a790438b9dc24a1cc3392a5d" member_type: VOTER last_known_addr { host: "127.23.100.132" port: 46481 } } peers { permanent_uuid: "2871dfc538ad45a8906e3fe31c9273b9" member_type: VOTER last_known_addr { host: "127.23.100.131" port: 43393 } }
I20260601 13:38:00.609025 27109 ts_tablet_manager.cc:1434] T df47e8dd1cc646c6a196b63345b181e9 P cff3d5abc9824333b67fe6d572a4de3d: Time spent starting tablet: real 0.001s	user 0.001s	sys 0.000s
I20260601 13:38:00.609159 27109 tablet_bootstrap.cc:492] T b56439a24410478d862aa5048da31042 P cff3d5abc9824333b67fe6d572a4de3d: Bootstrap starting.
W20260601 13:38:00.609699 26877 leader_election.cc:343] T e9834647d7194182951aec0d1171b31b P 53dfc5983aa642ea8481e3716dddb02f [CANDIDATE]: Term 1 pre-election: Tablet error from VoteRequest() call to peer 85544872a790438b9dc24a1cc3392a5d (127.23.100.132:46481): Illegal state: must be running to vote when last-logged opid is not known
I20260601 13:38:00.609992 27109 tablet_bootstrap.cc:654] T b56439a24410478d862aa5048da31042 P cff3d5abc9824333b67fe6d572a4de3d: Neither blocks nor log segments found. Creating new log.
I20260601 13:38:00.610962 27109 tablet_bootstrap.cc:492] T b56439a24410478d862aa5048da31042 P cff3d5abc9824333b67fe6d572a4de3d: No bootstrap required, opened a new log
I20260601 13:38:00.611042 27109 ts_tablet_manager.cc:1403] T b56439a24410478d862aa5048da31042 P cff3d5abc9824333b67fe6d572a4de3d: Time spent bootstrapping tablet: real 0.002s	user 0.001s	sys 0.000s
I20260601 13:38:00.610921 26808 catalog_manager.cc:6241] T 00000000000000000000000000000000 P f8f0e220efe8494db71b2fc0bbf0762d: range_aware_rebalance_new_range [id=2ae8c3f93d5a4bc3b75fa49d8768cbd6] alter complete (version 0)
I20260601 13:38:00.605041 27208 tablet_service.cc:1917] Received RequestConsensusVote() RPC: tablet_id: "e9834647d7194182951aec0d1171b31b" candidate_uuid: "53dfc5983aa642ea8481e3716dddb02f" candidate_term: 1 candidate_status { last_received { term: 0 index: 0 } } ignore_live_leader: false dest_uuid: "85544872a790438b9dc24a1cc3392a5d"
I20260601 13:38:00.611536 27109 raft_consensus.cc:359] T b56439a24410478d862aa5048da31042 P cff3d5abc9824333b67fe6d572a4de3d [term 0 FOLLOWER]: Replica starting. Triggering 0 pending ops. Active config: opid_index: -1 OBSOLETE_local: false peers { permanent_uuid: "85544872a790438b9dc24a1cc3392a5d" member_type: VOTER last_known_addr { host: "127.23.100.132" port: 46481 } } peers { permanent_uuid: "53dfc5983aa642ea8481e3716dddb02f" member_type: VOTER last_known_addr { host: "127.23.100.129" port: 42935 } } peers { permanent_uuid: "cff3d5abc9824333b67fe6d572a4de3d" member_type: VOTER last_known_addr { host: "127.23.100.130" port: 43167 } }
I20260601 13:38:00.611568 27208 raft_consensus.cc:3060] T e9834647d7194182951aec0d1171b31b P 85544872a790438b9dc24a1cc3392a5d [term 0 FOLLOWER]: Advancing to term 1
I20260601 13:38:00.611624 27109 raft_consensus.cc:385] T b56439a24410478d862aa5048da31042 P cff3d5abc9824333b67fe6d572a4de3d [term 0 FOLLOWER]: Consensus starting up: Expiring failure detector timer to make a prompt election more likely
I20260601 13:38:00.611656 27109 raft_consensus.cc:740] T b56439a24410478d862aa5048da31042 P cff3d5abc9824333b67fe6d572a4de3d [term 0 FOLLOWER]: Becoming Follower/Learner. State: Replica: cff3d5abc9824333b67fe6d572a4de3d, State: Initialized, Role: FOLLOWER
I20260601 13:38:00.611771 27109 consensus_queue.cc:260] T b56439a24410478d862aa5048da31042 P cff3d5abc9824333b67fe6d572a4de3d [NON_LEADER]: Queue going to NON_LEADER mode. State: All replicated index: 0, Majority replicated index: 0, Committed index: 0, Last appended: 0.0, Last appended by leader: 0, Current term: 0, Majority size: -1, State: 0, Mode: NON_LEADER, active raft config: opid_index: -1 OBSOLETE_local: false peers { permanent_uuid: "85544872a790438b9dc24a1cc3392a5d" member_type: VOTER last_known_addr { host: "127.23.100.132" port: 46481 } } peers { permanent_uuid: "53dfc5983aa642ea8481e3716dddb02f" member_type: VOTER last_known_addr { host: "127.23.100.129" port: 42935 } } peers { permanent_uuid: "cff3d5abc9824333b67fe6d572a4de3d" member_type: VOTER last_known_addr { host: "127.23.100.130" port: 43167 } }
I20260601 13:38:00.612072 27109 ts_tablet_manager.cc:1434] T b56439a24410478d862aa5048da31042 P cff3d5abc9824333b67fe6d572a4de3d: Time spent starting tablet: real 0.001s	user 0.001s	sys 0.000s
I20260601 13:38:00.612203 27109 tablet_bootstrap.cc:492] T 63082fd8c342468e9142d7519928e19c P cff3d5abc9824333b67fe6d572a4de3d: Bootstrap starting.
I20260601 13:38:00.612571 27208 raft_consensus.cc:2468] T e9834647d7194182951aec0d1171b31b P 85544872a790438b9dc24a1cc3392a5d [term 1 FOLLOWER]: Leader election vote request: Granting yes vote for candidate 53dfc5983aa642ea8481e3716dddb02f in term 1.
I20260601 13:38:00.612947 27109 tablet_bootstrap.cc:654] T 63082fd8c342468e9142d7519928e19c P cff3d5abc9824333b67fe6d572a4de3d: Neither blocks nor log segments found. Creating new log.
I20260601 13:38:00.608606 26878 leader_election.cc:304] T e9834647d7194182951aec0d1171b31b P 53dfc5983aa642ea8481e3716dddb02f [CANDIDATE]: Term 1 election: Election decided. Result: candidate won. Election summary: received 2 responses out of 3 voters: 2 yes votes; 0 no votes. yes voters: 2871dfc538ad45a8906e3fe31c9273b9, 53dfc5983aa642ea8481e3716dddb02f; no voters: 
I20260601 13:38:00.613133 27123 raft_consensus.cc:2804] T e9834647d7194182951aec0d1171b31b P 53dfc5983aa642ea8481e3716dddb02f [term 1 FOLLOWER]: Leader election won for term 1
I20260601 13:38:00.613209 27123 raft_consensus.cc:697] T e9834647d7194182951aec0d1171b31b P 53dfc5983aa642ea8481e3716dddb02f [term 1 LEADER]: Becoming Leader. State: Replica: 53dfc5983aa642ea8481e3716dddb02f, State: Running, Role: LEADER
I20260601 13:38:00.613314 27123 consensus_queue.cc:237] T e9834647d7194182951aec0d1171b31b P 53dfc5983aa642ea8481e3716dddb02f [LEADER]: Queue going to LEADER mode. State: All replicated index: 0, Majority replicated index: 0, Committed index: 0, Last appended: 0.0, Last appended by leader: 0, Current term: 1, Majority size: 2, State: 0, Mode: LEADER, active raft config: opid_index: -1 OBSOLETE_local: false peers { permanent_uuid: "2871dfc538ad45a8906e3fe31c9273b9" member_type: VOTER last_known_addr { host: "127.23.100.131" port: 43393 } } peers { permanent_uuid: "85544872a790438b9dc24a1cc3392a5d" member_type: VOTER last_known_addr { host: "127.23.100.132" port: 46481 } } peers { permanent_uuid: "53dfc5983aa642ea8481e3716dddb02f" member_type: VOTER last_known_addr { host: "127.23.100.129" port: 42935 } }
I20260601 13:38:00.613900 27109 tablet_bootstrap.cc:492] T 63082fd8c342468e9142d7519928e19c P cff3d5abc9824333b67fe6d572a4de3d: No bootstrap required, opened a new log
I20260601 13:38:00.613974 27109 ts_tablet_manager.cc:1403] T 63082fd8c342468e9142d7519928e19c P cff3d5abc9824333b67fe6d572a4de3d: Time spent bootstrapping tablet: real 0.002s	user 0.001s	sys 0.000s
I20260601 13:38:00.614358 27109 raft_consensus.cc:359] T 63082fd8c342468e9142d7519928e19c P cff3d5abc9824333b67fe6d572a4de3d [term 0 FOLLOWER]: Replica starting. Triggering 0 pending ops. Active config: opid_index: -1 OBSOLETE_local: false peers { permanent_uuid: "53dfc5983aa642ea8481e3716dddb02f" member_type: VOTER last_known_addr { host: "127.23.100.129" port: 42935 } } peers { permanent_uuid: "85544872a790438b9dc24a1cc3392a5d" member_type: VOTER last_known_addr { host: "127.23.100.132" port: 46481 } } peers { permanent_uuid: "cff3d5abc9824333b67fe6d572a4de3d" member_type: VOTER last_known_addr { host: "127.23.100.130" port: 43167 } }
I20260601 13:38:00.614456 27109 raft_consensus.cc:385] T 63082fd8c342468e9142d7519928e19c P cff3d5abc9824333b67fe6d572a4de3d [term 0 FOLLOWER]: Consensus starting up: Expiring failure detector timer to make a prompt election more likely
I20260601 13:38:00.614499 27109 raft_consensus.cc:740] T 63082fd8c342468e9142d7519928e19c P cff3d5abc9824333b67fe6d572a4de3d [term 0 FOLLOWER]: Becoming Follower/Learner. State: Replica: cff3d5abc9824333b67fe6d572a4de3d, State: Initialized, Role: FOLLOWER
I20260601 13:38:00.614603 27109 consensus_queue.cc:260] T 63082fd8c342468e9142d7519928e19c P cff3d5abc9824333b67fe6d572a4de3d [NON_LEADER]: Queue going to NON_LEADER mode. State: All replicated index: 0, Majority replicated index: 0, Committed index: 0, Last appended: 0.0, Last appended by leader: 0, Current term: 0, Majority size: -1, State: 0, Mode: NON_LEADER, active raft config: opid_index: -1 OBSOLETE_local: false peers { permanent_uuid: "53dfc5983aa642ea8481e3716dddb02f" member_type: VOTER last_known_addr { host: "127.23.100.129" port: 42935 } } peers { permanent_uuid: "85544872a790438b9dc24a1cc3392a5d" member_type: VOTER last_known_addr { host: "127.23.100.132" port: 46481 } } peers { permanent_uuid: "cff3d5abc9824333b67fe6d572a4de3d" member_type: VOTER last_known_addr { host: "127.23.100.130" port: 43167 } }
I20260601 13:38:00.614877 27109 ts_tablet_manager.cc:1434] T 63082fd8c342468e9142d7519928e19c P cff3d5abc9824333b67fe6d572a4de3d: Time spent starting tablet: real 0.001s	user 0.001s	sys 0.000s
I20260601 13:38:00.614805 26806 catalog_manager.cc:5696] T e9834647d7194182951aec0d1171b31b P 53dfc5983aa642ea8481e3716dddb02f reported cstate change: term changed from 0 to 1, leader changed from <none> to 53dfc5983aa642ea8481e3716dddb02f (127.23.100.129). New cstate: current_term: 1 leader_uuid: "53dfc5983aa642ea8481e3716dddb02f" committed_config { opid_index: -1 OBSOLETE_local: false peers { permanent_uuid: "2871dfc538ad45a8906e3fe31c9273b9" member_type: VOTER last_known_addr { host: "127.23.100.131" port: 43393 } health_report { overall_health: UNKNOWN } } peers { permanent_uuid: "85544872a790438b9dc24a1cc3392a5d" member_type: VOTER last_known_addr { host: "127.23.100.132" port: 46481 } health_report { overall_health: UNKNOWN } } peers { permanent_uuid: "53dfc5983aa642ea8481e3716dddb02f" member_type: VOTER last_known_addr { host: "127.23.100.129" port: 42935 } health_report { overall_health: HEALTHY } } }
I20260601 13:38:00.615756 27116 tablet_bootstrap.cc:492] T 1d2e8ad7208b4d459dbede7b58dd3b9b P 2871dfc538ad45a8906e3fe31c9273b9: No bootstrap required, opened a new log
I20260601 13:38:00.615847 27116 ts_tablet_manager.cc:1403] T 1d2e8ad7208b4d459dbede7b58dd3b9b P 2871dfc538ad45a8906e3fe31c9273b9: Time spent bootstrapping tablet: real 0.008s	user 0.001s	sys 0.000s
I20260601 13:38:00.616127 27111 tablet_bootstrap.cc:492] T 63082fd8c342468e9142d7519928e19c P 53dfc5983aa642ea8481e3716dddb02f: No bootstrap required, opened a new log
I20260601 13:38:00.616248 27111 ts_tablet_manager.cc:1403] T 63082fd8c342468e9142d7519928e19c P 53dfc5983aa642ea8481e3716dddb02f: Time spent bootstrapping tablet: real 0.023s	user 0.001s	sys 0.001s
I20260601 13:38:00.616289 27116 raft_consensus.cc:359] T 1d2e8ad7208b4d459dbede7b58dd3b9b P 2871dfc538ad45a8906e3fe31c9273b9 [term 0 FOLLOWER]: Replica starting. Triggering 0 pending ops. Active config: opid_index: -1 OBSOLETE_local: false peers { permanent_uuid: "53dfc5983aa642ea8481e3716dddb02f" member_type: VOTER last_known_addr { host: "127.23.100.129" port: 42935 } } peers { permanent_uuid: "85544872a790438b9dc24a1cc3392a5d" member_type: VOTER last_known_addr { host: "127.23.100.132" port: 46481 } } peers { permanent_uuid: "2871dfc538ad45a8906e3fe31c9273b9" member_type: VOTER last_known_addr { host: "127.23.100.131" port: 43393 } }
I20260601 13:38:00.616376 27116 raft_consensus.cc:385] T 1d2e8ad7208b4d459dbede7b58dd3b9b P 2871dfc538ad45a8906e3fe31c9273b9 [term 0 FOLLOWER]: Consensus starting up: Expiring failure detector timer to make a prompt election more likely
I20260601 13:38:00.616412 27116 raft_consensus.cc:740] T 1d2e8ad7208b4d459dbede7b58dd3b9b P 2871dfc538ad45a8906e3fe31c9273b9 [term 0 FOLLOWER]: Becoming Follower/Learner. State: Replica: 2871dfc538ad45a8906e3fe31c9273b9, State: Initialized, Role: FOLLOWER
I20260601 13:38:00.616519 27116 consensus_queue.cc:260] T 1d2e8ad7208b4d459dbede7b58dd3b9b P 2871dfc538ad45a8906e3fe31c9273b9 [NON_LEADER]: Queue going to NON_LEADER mode. State: All replicated index: 0, Majority replicated index: 0, Committed index: 0, Last appended: 0.0, Last appended by leader: 0, Current term: 0, Majority size: -1, State: 0, Mode: NON_LEADER, active raft config: opid_index: -1 OBSOLETE_local: false peers { permanent_uuid: "53dfc5983aa642ea8481e3716dddb02f" member_type: VOTER last_known_addr { host: "127.23.100.129" port: 42935 } } peers { permanent_uuid: "85544872a790438b9dc24a1cc3392a5d" member_type: VOTER last_known_addr { host: "127.23.100.132" port: 46481 } } peers { permanent_uuid: "2871dfc538ad45a8906e3fe31c9273b9" member_type: VOTER last_known_addr { host: "127.23.100.131" port: 43393 } }
I20260601 13:38:00.616637 27111 raft_consensus.cc:359] T 63082fd8c342468e9142d7519928e19c P 53dfc5983aa642ea8481e3716dddb02f [term 0 FOLLOWER]: Replica starting. Triggering 0 pending ops. Active config: opid_index: -1 OBSOLETE_local: false peers { permanent_uuid: "53dfc5983aa642ea8481e3716dddb02f" member_type: VOTER last_known_addr { host: "127.23.100.129" port: 42935 } } peers { permanent_uuid: "85544872a790438b9dc24a1cc3392a5d" member_type: VOTER last_known_addr { host: "127.23.100.132" port: 46481 } } peers { permanent_uuid: "cff3d5abc9824333b67fe6d572a4de3d" member_type: VOTER last_known_addr { host: "127.23.100.130" port: 43167 } }
I20260601 13:38:00.616724 27111 raft_consensus.cc:385] T 63082fd8c342468e9142d7519928e19c P 53dfc5983aa642ea8481e3716dddb02f [term 0 FOLLOWER]: Consensus starting up: Expiring failure detector timer to make a prompt election more likely
I20260601 13:38:00.616753 27111 raft_consensus.cc:740] T 63082fd8c342468e9142d7519928e19c P 53dfc5983aa642ea8481e3716dddb02f [term 0 FOLLOWER]: Becoming Follower/Learner. State: Replica: 53dfc5983aa642ea8481e3716dddb02f, State: Initialized, Role: FOLLOWER
I20260601 13:38:00.616784 27116 ts_tablet_manager.cc:1434] T 1d2e8ad7208b4d459dbede7b58dd3b9b P 2871dfc538ad45a8906e3fe31c9273b9: Time spent starting tablet: real 0.001s	user 0.001s	sys 0.000s
I20260601 13:38:00.616861 27111 consensus_queue.cc:260] T 63082fd8c342468e9142d7519928e19c P 53dfc5983aa642ea8481e3716dddb02f [NON_LEADER]: Queue going to NON_LEADER mode. State: All replicated index: 0, Majority replicated index: 0, Committed index: 0, Last appended: 0.0, Last appended by leader: 0, Current term: 0, Majority size: -1, State: 0, Mode: NON_LEADER, active raft config: opid_index: -1 OBSOLETE_local: false peers { permanent_uuid: "53dfc5983aa642ea8481e3716dddb02f" member_type: VOTER last_known_addr { host: "127.23.100.129" port: 42935 } } peers { permanent_uuid: "85544872a790438b9dc24a1cc3392a5d" member_type: VOTER last_known_addr { host: "127.23.100.132" port: 46481 } } peers { permanent_uuid: "cff3d5abc9824333b67fe6d572a4de3d" member_type: VOTER last_known_addr { host: "127.23.100.130" port: 43167 } }
I20260601 13:38:00.616951 27116 tablet_bootstrap.cc:492] T df47e8dd1cc646c6a196b63345b181e9 P 2871dfc538ad45a8906e3fe31c9273b9: Bootstrap starting.
I20260601 13:38:00.617087 27111 ts_tablet_manager.cc:1434] T 63082fd8c342468e9142d7519928e19c P 53dfc5983aa642ea8481e3716dddb02f: Time spent starting tablet: real 0.001s	user 0.000s	sys 0.000s
I20260601 13:38:00.617240 27111 tablet_bootstrap.cc:492] T d670b057dba846d8a99c3eb1c2d8ce82 P 53dfc5983aa642ea8481e3716dddb02f: Bootstrap starting.
I20260601 13:38:00.617918 27116 tablet_bootstrap.cc:654] T df47e8dd1cc646c6a196b63345b181e9 P 2871dfc538ad45a8906e3fe31c9273b9: Neither blocks nor log segments found. Creating new log.
I20260601 13:38:00.618422 27111 tablet_bootstrap.cc:654] T d670b057dba846d8a99c3eb1c2d8ce82 P 53dfc5983aa642ea8481e3716dddb02f: Neither blocks nor log segments found. Creating new log.
I20260601 13:38:00.619402 27111 tablet_bootstrap.cc:492] T d670b057dba846d8a99c3eb1c2d8ce82 P 53dfc5983aa642ea8481e3716dddb02f: No bootstrap required, opened a new log
I20260601 13:38:00.619536 27111 ts_tablet_manager.cc:1403] T d670b057dba846d8a99c3eb1c2d8ce82 P 53dfc5983aa642ea8481e3716dddb02f: Time spent bootstrapping tablet: real 0.002s	user 0.002s	sys 0.000s
I20260601 13:38:00.619812 27116 tablet_bootstrap.cc:492] T df47e8dd1cc646c6a196b63345b181e9 P 2871dfc538ad45a8906e3fe31c9273b9: No bootstrap required, opened a new log
I20260601 13:38:00.619895 27116 ts_tablet_manager.cc:1403] T df47e8dd1cc646c6a196b63345b181e9 P 2871dfc538ad45a8906e3fe31c9273b9: Time spent bootstrapping tablet: real 0.003s	user 0.002s	sys 0.000s
I20260601 13:38:00.620067 27111 raft_consensus.cc:359] T d670b057dba846d8a99c3eb1c2d8ce82 P 53dfc5983aa642ea8481e3716dddb02f [term 0 FOLLOWER]: Replica starting. Triggering 0 pending ops. Active config: opid_index: -1 OBSOLETE_local: false peers { permanent_uuid: "85544872a790438b9dc24a1cc3392a5d" member_type: VOTER last_known_addr { host: "127.23.100.132" port: 46481 } } peers { permanent_uuid: "2871dfc538ad45a8906e3fe31c9273b9" member_type: VOTER last_known_addr { host: "127.23.100.131" port: 43393 } } peers { permanent_uuid: "53dfc5983aa642ea8481e3716dddb02f" member_type: VOTER last_known_addr { host: "127.23.100.129" port: 42935 } }
I20260601 13:38:00.620193 27111 raft_consensus.cc:385] T d670b057dba846d8a99c3eb1c2d8ce82 P 53dfc5983aa642ea8481e3716dddb02f [term 0 FOLLOWER]: Consensus starting up: Expiring failure detector timer to make a prompt election more likely
I20260601 13:38:00.620286 27111 raft_consensus.cc:740] T d670b057dba846d8a99c3eb1c2d8ce82 P 53dfc5983aa642ea8481e3716dddb02f [term 0 FOLLOWER]: Becoming Follower/Learner. State: Replica: 53dfc5983aa642ea8481e3716dddb02f, State: Initialized, Role: FOLLOWER
I20260601 13:38:00.620275 27116 raft_consensus.cc:359] T df47e8dd1cc646c6a196b63345b181e9 P 2871dfc538ad45a8906e3fe31c9273b9 [term 0 FOLLOWER]: Replica starting. Triggering 0 pending ops. Active config: opid_index: -1 OBSOLETE_local: false peers { permanent_uuid: "cff3d5abc9824333b67fe6d572a4de3d" member_type: VOTER last_known_addr { host: "127.23.100.130" port: 43167 } } peers { permanent_uuid: "85544872a790438b9dc24a1cc3392a5d" member_type: VOTER last_known_addr { host: "127.23.100.132" port: 46481 } } peers { permanent_uuid: "2871dfc538ad45a8906e3fe31c9273b9" member_type: VOTER last_known_addr { host: "127.23.100.131" port: 43393 } }
I20260601 13:38:00.620419 27116 raft_consensus.cc:385] T df47e8dd1cc646c6a196b63345b181e9 P 2871dfc538ad45a8906e3fe31c9273b9 [term 0 FOLLOWER]: Consensus starting up: Expiring failure detector timer to make a prompt election more likely
I20260601 13:38:00.620461 27116 raft_consensus.cc:740] T df47e8dd1cc646c6a196b63345b181e9 P 2871dfc538ad45a8906e3fe31c9273b9 [term 0 FOLLOWER]: Becoming Follower/Learner. State: Replica: 2871dfc538ad45a8906e3fe31c9273b9, State: Initialized, Role: FOLLOWER
I20260601 13:38:00.620529 27111 consensus_queue.cc:260] T d670b057dba846d8a99c3eb1c2d8ce82 P 53dfc5983aa642ea8481e3716dddb02f [NON_LEADER]: Queue going to NON_LEADER mode. State: All replicated index: 0, Majority replicated index: 0, Committed index: 0, Last appended: 0.0, Last appended by leader: 0, Current term: 0, Majority size: -1, State: 0, Mode: NON_LEADER, active raft config: opid_index: -1 OBSOLETE_local: false peers { permanent_uuid: "85544872a790438b9dc24a1cc3392a5d" member_type: VOTER last_known_addr { host: "127.23.100.132" port: 46481 } } peers { permanent_uuid: "2871dfc538ad45a8906e3fe31c9273b9" member_type: VOTER last_known_addr { host: "127.23.100.131" port: 43393 } } peers { permanent_uuid: "53dfc5983aa642ea8481e3716dddb02f" member_type: VOTER last_known_addr { host: "127.23.100.129" port: 42935 } }
I20260601 13:38:00.620750 27116 consensus_queue.cc:260] T df47e8dd1cc646c6a196b63345b181e9 P 2871dfc538ad45a8906e3fe31c9273b9 [NON_LEADER]: Queue going to NON_LEADER mode. State: All replicated index: 0, Majority replicated index: 0, Committed index: 0, Last appended: 0.0, Last appended by leader: 0, Current term: 0, Majority size: -1, State: 0, Mode: NON_LEADER, active raft config: opid_index: -1 OBSOLETE_local: false peers { permanent_uuid: "cff3d5abc9824333b67fe6d572a4de3d" member_type: VOTER last_known_addr { host: "127.23.100.130" port: 43167 } } peers { permanent_uuid: "85544872a790438b9dc24a1cc3392a5d" member_type: VOTER last_known_addr { host: "127.23.100.132" port: 46481 } } peers { permanent_uuid: "2871dfc538ad45a8906e3fe31c9273b9" member_type: VOTER last_known_addr { host: "127.23.100.131" port: 43393 } }
I20260601 13:38:00.620918 27123 raft_consensus.cc:493] T b56439a24410478d862aa5048da31042 P 53dfc5983aa642ea8481e3716dddb02f [term 0 FOLLOWER]: Starting pre-election (no leader contacted us within the election timeout)
I20260601 13:38:00.620941 27111 ts_tablet_manager.cc:1434] T d670b057dba846d8a99c3eb1c2d8ce82 P 53dfc5983aa642ea8481e3716dddb02f: Time spent starting tablet: real 0.001s	user 0.001s	sys 0.000s
I20260601 13:38:00.621011 27116 ts_tablet_manager.cc:1434] T df47e8dd1cc646c6a196b63345b181e9 P 2871dfc538ad45a8906e3fe31c9273b9: Time spent starting tablet: real 0.001s	user 0.001s	sys 0.000s
I20260601 13:38:00.620992 27123 raft_consensus.cc:515] T b56439a24410478d862aa5048da31042 P 53dfc5983aa642ea8481e3716dddb02f [term 0 FOLLOWER]: Starting pre-election with config: opid_index: -1 OBSOLETE_local: false peers { permanent_uuid: "85544872a790438b9dc24a1cc3392a5d" member_type: VOTER last_known_addr { host: "127.23.100.132" port: 46481 } } peers { permanent_uuid: "53dfc5983aa642ea8481e3716dddb02f" member_type: VOTER last_known_addr { host: "127.23.100.129" port: 42935 } } peers { permanent_uuid: "cff3d5abc9824333b67fe6d572a4de3d" member_type: VOTER last_known_addr { host: "127.23.100.130" port: 43167 } }
I20260601 13:38:00.621372 27123 leader_election.cc:290] T b56439a24410478d862aa5048da31042 P 53dfc5983aa642ea8481e3716dddb02f [CANDIDATE]: Term 1 pre-election: Requested pre-vote from peers 85544872a790438b9dc24a1cc3392a5d (127.23.100.132:46481), cff3d5abc9824333b67fe6d572a4de3d (127.23.100.130:43167)
I20260601 13:38:00.621616 27208 tablet_service.cc:1917] Received RequestConsensusVote() RPC: tablet_id: "b56439a24410478d862aa5048da31042" candidate_uuid: "53dfc5983aa642ea8481e3716dddb02f" candidate_term: 1 candidate_status { last_received { term: 0 index: 0 } } ignore_live_leader: false dest_uuid: "85544872a790438b9dc24a1cc3392a5d" is_pre_election: true
I20260601 13:38:00.621695 26987 tablet_service.cc:1917] Received RequestConsensusVote() RPC: tablet_id: "b56439a24410478d862aa5048da31042" candidate_uuid: "53dfc5983aa642ea8481e3716dddb02f" candidate_term: 1 candidate_status { last_received { term: 0 index: 0 } } ignore_live_leader: false dest_uuid: "cff3d5abc9824333b67fe6d572a4de3d" is_pre_election: true
I20260601 13:38:00.621721 27208 raft_consensus.cc:2468] T b56439a24410478d862aa5048da31042 P 85544872a790438b9dc24a1cc3392a5d [term 0 FOLLOWER]: Leader pre-election vote request: Granting yes vote for candidate 53dfc5983aa642ea8481e3716dddb02f in term 0.
I20260601 13:38:00.621835 26987 raft_consensus.cc:2468] T b56439a24410478d862aa5048da31042 P cff3d5abc9824333b67fe6d572a4de3d [term 0 FOLLOWER]: Leader pre-election vote request: Granting yes vote for candidate 53dfc5983aa642ea8481e3716dddb02f in term 0.
I20260601 13:38:00.622035 26875 leader_election.cc:304] T b56439a24410478d862aa5048da31042 P 53dfc5983aa642ea8481e3716dddb02f [CANDIDATE]: Term 1 pre-election: Election decided. Result: candidate won. Election summary: received 2 responses out of 3 voters: 2 yes votes; 0 no votes. yes voters: 53dfc5983aa642ea8481e3716dddb02f, cff3d5abc9824333b67fe6d572a4de3d; no voters: 
I20260601 13:38:00.622413 27123 raft_consensus.cc:2804] T b56439a24410478d862aa5048da31042 P 53dfc5983aa642ea8481e3716dddb02f [term 0 FOLLOWER]: Leader pre-election won for term 1
I20260601 13:38:00.622473 27123 raft_consensus.cc:493] T b56439a24410478d862aa5048da31042 P 53dfc5983aa642ea8481e3716dddb02f [term 0 FOLLOWER]: Starting leader election (no leader contacted us within the election timeout)
I20260601 13:38:00.622499 27123 raft_consensus.cc:3060] T b56439a24410478d862aa5048da31042 P 53dfc5983aa642ea8481e3716dddb02f [term 0 FOLLOWER]: Advancing to term 1
I20260601 13:38:00.623168 27123 raft_consensus.cc:515] T b56439a24410478d862aa5048da31042 P 53dfc5983aa642ea8481e3716dddb02f [term 1 FOLLOWER]: Starting leader election with config: opid_index: -1 OBSOLETE_local: false peers { permanent_uuid: "85544872a790438b9dc24a1cc3392a5d" member_type: VOTER last_known_addr { host: "127.23.100.132" port: 46481 } } peers { permanent_uuid: "53dfc5983aa642ea8481e3716dddb02f" member_type: VOTER last_known_addr { host: "127.23.100.129" port: 42935 } } peers { permanent_uuid: "cff3d5abc9824333b67fe6d572a4de3d" member_type: VOTER last_known_addr { host: "127.23.100.130" port: 43167 } }
I20260601 13:38:00.623528 27123 leader_election.cc:290] T b56439a24410478d862aa5048da31042 P 53dfc5983aa642ea8481e3716dddb02f [CANDIDATE]: Term 1 election: Requested vote from peers 85544872a790438b9dc24a1cc3392a5d (127.23.100.132:46481), cff3d5abc9824333b67fe6d572a4de3d (127.23.100.130:43167)
I20260601 13:38:00.623764 26987 tablet_service.cc:1917] Received RequestConsensusVote() RPC: tablet_id: "b56439a24410478d862aa5048da31042" candidate_uuid: "53dfc5983aa642ea8481e3716dddb02f" candidate_term: 1 candidate_status { last_received { term: 0 index: 0 } } ignore_live_leader: false dest_uuid: "cff3d5abc9824333b67fe6d572a4de3d"
I20260601 13:38:00.623771 27208 tablet_service.cc:1917] Received RequestConsensusVote() RPC: tablet_id: "b56439a24410478d862aa5048da31042" candidate_uuid: "53dfc5983aa642ea8481e3716dddb02f" candidate_term: 1 candidate_status { last_received { term: 0 index: 0 } } ignore_live_leader: false dest_uuid: "85544872a790438b9dc24a1cc3392a5d"
I20260601 13:38:00.623872 26987 raft_consensus.cc:3060] T b56439a24410478d862aa5048da31042 P cff3d5abc9824333b67fe6d572a4de3d [term 0 FOLLOWER]: Advancing to term 1
I20260601 13:38:00.623883 27208 raft_consensus.cc:3060] T b56439a24410478d862aa5048da31042 P 85544872a790438b9dc24a1cc3392a5d [term 0 FOLLOWER]: Advancing to term 1
I20260601 13:38:00.624608 27208 raft_consensus.cc:2468] T b56439a24410478d862aa5048da31042 P 85544872a790438b9dc24a1cc3392a5d [term 1 FOLLOWER]: Leader election vote request: Granting yes vote for candidate 53dfc5983aa642ea8481e3716dddb02f in term 1.
I20260601 13:38:00.624814 26987 raft_consensus.cc:2468] T b56439a24410478d862aa5048da31042 P cff3d5abc9824333b67fe6d572a4de3d [term 1 FOLLOWER]: Leader election vote request: Granting yes vote for candidate 53dfc5983aa642ea8481e3716dddb02f in term 1.
I20260601 13:38:00.624831 27116 tablet_bootstrap.cc:492] T d670b057dba846d8a99c3eb1c2d8ce82 P 2871dfc538ad45a8906e3fe31c9273b9: Bootstrap starting.
I20260601 13:38:00.624846 26877 leader_election.cc:304] T b56439a24410478d862aa5048da31042 P 53dfc5983aa642ea8481e3716dddb02f [CANDIDATE]: Term 1 election: Election decided. Result: candidate won. Election summary: received 2 responses out of 3 voters: 2 yes votes; 0 no votes. yes voters: 53dfc5983aa642ea8481e3716dddb02f, 85544872a790438b9dc24a1cc3392a5d; no voters: 
I20260601 13:38:00.625707 27116 tablet_bootstrap.cc:654] T d670b057dba846d8a99c3eb1c2d8ce82 P 2871dfc538ad45a8906e3fe31c9273b9: Neither blocks nor log segments found. Creating new log.
I20260601 13:38:00.626143 27123 raft_consensus.cc:2804] T b56439a24410478d862aa5048da31042 P 53dfc5983aa642ea8481e3716dddb02f [term 1 FOLLOWER]: Leader election won for term 1
I20260601 13:38:00.626230 27123 raft_consensus.cc:697] T b56439a24410478d862aa5048da31042 P 53dfc5983aa642ea8481e3716dddb02f [term 1 LEADER]: Becoming Leader. State: Replica: 53dfc5983aa642ea8481e3716dddb02f, State: Running, Role: LEADER
I20260601 13:38:00.626348 27123 consensus_queue.cc:237] T b56439a24410478d862aa5048da31042 P 53dfc5983aa642ea8481e3716dddb02f [LEADER]: Queue going to LEADER mode. State: All replicated index: 0, Majority replicated index: 0, Committed index: 0, Last appended: 0.0, Last appended by leader: 0, Current term: 1, Majority size: 2, State: 0, Mode: LEADER, active raft config: opid_index: -1 OBSOLETE_local: false peers { permanent_uuid: "85544872a790438b9dc24a1cc3392a5d" member_type: VOTER last_known_addr { host: "127.23.100.132" port: 46481 } } peers { permanent_uuid: "53dfc5983aa642ea8481e3716dddb02f" member_type: VOTER last_known_addr { host: "127.23.100.129" port: 42935 } } peers { permanent_uuid: "cff3d5abc9824333b67fe6d572a4de3d" member_type: VOTER last_known_addr { host: "127.23.100.130" port: 43167 } }
I20260601 13:38:00.626673 27116 tablet_bootstrap.cc:492] T d670b057dba846d8a99c3eb1c2d8ce82 P 2871dfc538ad45a8906e3fe31c9273b9: No bootstrap required, opened a new log
I20260601 13:38:00.626755 27116 ts_tablet_manager.cc:1403] T d670b057dba846d8a99c3eb1c2d8ce82 P 2871dfc538ad45a8906e3fe31c9273b9: Time spent bootstrapping tablet: real 0.003s	user 0.001s	sys 0.001s
I20260601 13:38:00.627163 27116 raft_consensus.cc:359] T d670b057dba846d8a99c3eb1c2d8ce82 P 2871dfc538ad45a8906e3fe31c9273b9 [term 0 FOLLOWER]: Replica starting. Triggering 0 pending ops. Active config: opid_index: -1 OBSOLETE_local: false peers { permanent_uuid: "85544872a790438b9dc24a1cc3392a5d" member_type: VOTER last_known_addr { host: "127.23.100.132" port: 46481 } } peers { permanent_uuid: "2871dfc538ad45a8906e3fe31c9273b9" member_type: VOTER last_known_addr { host: "127.23.100.131" port: 43393 } } peers { permanent_uuid: "53dfc5983aa642ea8481e3716dddb02f" member_type: VOTER last_known_addr { host: "127.23.100.129" port: 42935 } }
I20260601 13:38:00.627259 27116 raft_consensus.cc:385] T d670b057dba846d8a99c3eb1c2d8ce82 P 2871dfc538ad45a8906e3fe31c9273b9 [term 0 FOLLOWER]: Consensus starting up: Expiring failure detector timer to make a prompt election more likely
I20260601 13:38:00.627290 27116 raft_consensus.cc:740] T d670b057dba846d8a99c3eb1c2d8ce82 P 2871dfc538ad45a8906e3fe31c9273b9 [term 0 FOLLOWER]: Becoming Follower/Learner. State: Replica: 2871dfc538ad45a8906e3fe31c9273b9, State: Initialized, Role: FOLLOWER
I20260601 13:38:00.627424 27116 consensus_queue.cc:260] T d670b057dba846d8a99c3eb1c2d8ce82 P 2871dfc538ad45a8906e3fe31c9273b9 [NON_LEADER]: Queue going to NON_LEADER mode. State: All replicated index: 0, Majority replicated index: 0, Committed index: 0, Last appended: 0.0, Last appended by leader: 0, Current term: 0, Majority size: -1, State: 0, Mode: NON_LEADER, active raft config: opid_index: -1 OBSOLETE_local: false peers { permanent_uuid: "85544872a790438b9dc24a1cc3392a5d" member_type: VOTER last_known_addr { host: "127.23.100.132" port: 46481 } } peers { permanent_uuid: "2871dfc538ad45a8906e3fe31c9273b9" member_type: VOTER last_known_addr { host: "127.23.100.131" port: 43393 } } peers { permanent_uuid: "53dfc5983aa642ea8481e3716dddb02f" member_type: VOTER last_known_addr { host: "127.23.100.129" port: 42935 } }
I20260601 13:38:00.627697 27116 ts_tablet_manager.cc:1434] T d670b057dba846d8a99c3eb1c2d8ce82 P 2871dfc538ad45a8906e3fe31c9273b9: Time spent starting tablet: real 0.001s	user 0.001s	sys 0.000s
