I20260601 13:37:59.973294  7919 tablet_bootstrap.cc:492] T fb73503977904d57ae3a904516fae039 P 51939495243f4fbba2113d6ebedcd0f0: No bootstrap required, opened a new log
I20260601 13:37:59.973383  7919 ts_tablet_manager.cc:1403] T fb73503977904d57ae3a904516fae039 P 51939495243f4fbba2113d6ebedcd0f0: Time spent bootstrapping tablet: real 0.003s	user 0.002s	sys 0.000s
I20260601 13:37:59.973771  7863 tablet_service.cc:1511] Processing CreateTablet for tablet fb73503977904d57ae3a904516fae039 (DEFAULT_TABLE table=range_aware_rebalance_new_range [id=da13dd572baf41659f95133ee7f1c3a9]), partition=HASH (key) PARTITION 0, RANGE (key) PARTITION 0 <= VALUES < 10
I20260601 13:37:59.973855  7919 raft_consensus.cc:359] T fb73503977904d57ae3a904516fae039 P 51939495243f4fbba2113d6ebedcd0f0 [term 0 FOLLOWER]: Replica starting. Triggering 0 pending ops. Active config: opid_index: -1 OBSOLETE_local: false peers { permanent_uuid: "b7f3de2197bb421bba2948588464c1c5" member_type: VOTER last_known_addr { host: "127.4.161.66" port: 38943 } } peers { permanent_uuid: "51939495243f4fbba2113d6ebedcd0f0" member_type: VOTER last_known_addr { host: "127.4.161.65" port: 43063 } } peers { permanent_uuid: "67f8e21c1ec4466aa936f73be733659d" member_type: VOTER last_known_addr { host: "127.4.161.67" port: 33811 } }
I20260601 13:37:59.973975  7919 raft_consensus.cc:385] T fb73503977904d57ae3a904516fae039 P 51939495243f4fbba2113d6ebedcd0f0 [term 0 FOLLOWER]: Consensus starting up: Expiring failure detector timer to make a prompt election more likely
I20260601 13:37:59.974020  7919 raft_consensus.cc:740] T fb73503977904d57ae3a904516fae039 P 51939495243f4fbba2113d6ebedcd0f0 [term 0 FOLLOWER]: Becoming Follower/Learner. State: Replica: 51939495243f4fbba2113d6ebedcd0f0, State: Initialized, Role: FOLLOWER
I20260601 13:37:59.974067  7863 data_dirs.cc:400] Could only allocate 1 dirs of requested 3 for tablet fb73503977904d57ae3a904516fae039. 1 dirs total, 0 dirs full, 0 dirs failed
I20260601 13:37:59.974267  7919 consensus_queue.cc:260] T fb73503977904d57ae3a904516fae039 P 51939495243f4fbba2113d6ebedcd0f0 [NON_LEADER]: Queue going to NON_LEADER mode. State: All replicated index: 0, Majority replicated index: 0, Committed index: 0, Last appended: 0.0, Last appended by leader: 0, Current term: 0, Majority size: -1, State: 0, Mode: NON_LEADER, active raft config: opid_index: -1 OBSOLETE_local: false peers { permanent_uuid: "b7f3de2197bb421bba2948588464c1c5" member_type: VOTER last_known_addr { host: "127.4.161.66" port: 38943 } } peers { permanent_uuid: "51939495243f4fbba2113d6ebedcd0f0" member_type: VOTER last_known_addr { host: "127.4.161.65" port: 43063 } } peers { permanent_uuid: "67f8e21c1ec4466aa936f73be733659d" member_type: VOTER last_known_addr { host: "127.4.161.67" port: 33811 } }
I20260601 13:37:59.974445  7706 tablet_service.cc:1511] Processing CreateTablet for tablet c008aa85c741426e8d294bcff2c0afdb (DEFAULT_TABLE table=range_aware_rebalance_new_range [id=da13dd572baf41659f95133ee7f1c3a9]), partition=HASH (key) PARTITION 6, RANGE (key) PARTITION 0 <= VALUES < 10
I20260601 13:37:59.974632  7919 ts_tablet_manager.cc:1434] T fb73503977904d57ae3a904516fae039 P 51939495243f4fbba2113d6ebedcd0f0: Time spent starting tablet: real 0.001s	user 0.001s	sys 0.000s
I20260601 13:37:59.974673  7706 data_dirs.cc:400] Could only allocate 1 dirs of requested 3 for tablet c008aa85c741426e8d294bcff2c0afdb. 1 dirs total, 0 dirs full, 0 dirs failed
I20260601 13:37:59.975123  7919 tablet_bootstrap.cc:492] T 2593421cf7f04dd29a9ec7b67d803a29 P 51939495243f4fbba2113d6ebedcd0f0: Bootstrap starting.
I20260601 13:37:59.975502  7707 tablet_service.cc:1511] Processing CreateTablet for tablet 406f5780275f4ebfacfd2d400927474a (DEFAULT_TABLE table=range_aware_rebalance_new_range [id=da13dd572baf41659f95133ee7f1c3a9]), partition=HASH (key) PARTITION 5, RANGE (key) PARTITION 0 <= VALUES < 10
I20260601 13:37:59.975749  7707 data_dirs.cc:400] Could only allocate 1 dirs of requested 3 for tablet 406f5780275f4ebfacfd2d400927474a. 1 dirs total, 0 dirs full, 0 dirs failed
I20260601 13:37:59.976130  7919 tablet_bootstrap.cc:654] T 2593421cf7f04dd29a9ec7b67d803a29 P 51939495243f4fbba2113d6ebedcd0f0: Neither blocks nor log segments found. Creating new log.
I20260601 13:37:59.976441  7862 tablet_service.cc:1511] Processing CreateTablet for tablet b7312cf08d4e41d4b3d0536c7a8b629f (DEFAULT_TABLE table=range_aware_rebalance_new_range [id=da13dd572baf41659f95133ee7f1c3a9]), partition=HASH (key) PARTITION 1, RANGE (key) PARTITION 0 <= VALUES < 10
I20260601 13:37:59.976703  7862 data_dirs.cc:400] Could only allocate 1 dirs of requested 3 for tablet b7312cf08d4e41d4b3d0536c7a8b629f. 1 dirs total, 0 dirs full, 0 dirs failed
I20260601 13:37:59.970499  7711 tablet_service.cc:1511] Processing CreateTablet for tablet b7312cf08d4e41d4b3d0536c7a8b629f (DEFAULT_TABLE table=range_aware_rebalance_new_range [id=da13dd572baf41659f95133ee7f1c3a9]), partition=HASH (key) PARTITION 1, RANGE (key) PARTITION 0 <= VALUES < 10
I20260601 13:37:59.977887  7919 tablet_bootstrap.cc:492] T 2593421cf7f04dd29a9ec7b67d803a29 P 51939495243f4fbba2113d6ebedcd0f0: No bootstrap required, opened a new log
I20260601 13:37:59.979915  7919 ts_tablet_manager.cc:1403] T 2593421cf7f04dd29a9ec7b67d803a29 P 51939495243f4fbba2113d6ebedcd0f0: Time spent bootstrapping tablet: real 0.005s	user 0.002s	sys 0.000s
I20260601 13:37:59.979331  7861 tablet_service.cc:1511] Processing CreateTablet for tablet 3f9613c0f5174822902f011ab95c77b1 (DEFAULT_TABLE table=range_aware_rebalance_new_range [id=da13dd572baf41659f95133ee7f1c3a9]), partition=HASH (key) PARTITION 2, RANGE (key) PARTITION 0 <= VALUES < 10
I20260601 13:37:59.980448  7861 data_dirs.cc:400] Could only allocate 1 dirs of requested 3 for tablet 3f9613c0f5174822902f011ab95c77b1. 1 dirs total, 0 dirs full, 0 dirs failed
I20260601 13:37:59.980592  7919 raft_consensus.cc:359] T 2593421cf7f04dd29a9ec7b67d803a29 P 51939495243f4fbba2113d6ebedcd0f0 [term 0 FOLLOWER]: Replica starting. Triggering 0 pending ops. Active config: opid_index: -1 OBSOLETE_local: false peers { permanent_uuid: "51939495243f4fbba2113d6ebedcd0f0" member_type: VOTER last_known_addr { host: "127.4.161.65" port: 43063 } } peers { permanent_uuid: "b7f3de2197bb421bba2948588464c1c5" member_type: VOTER last_known_addr { host: "127.4.161.66" port: 38943 } } peers { permanent_uuid: "67f8e21c1ec4466aa936f73be733659d" member_type: VOTER last_known_addr { host: "127.4.161.67" port: 33811 } }
I20260601 13:37:59.980705  7919 raft_consensus.cc:385] T 2593421cf7f04dd29a9ec7b67d803a29 P 51939495243f4fbba2113d6ebedcd0f0 [term 0 FOLLOWER]: Consensus starting up: Expiring failure detector timer to make a prompt election more likely
I20260601 13:37:59.980737  7919 raft_consensus.cc:740] T 2593421cf7f04dd29a9ec7b67d803a29 P 51939495243f4fbba2113d6ebedcd0f0 [term 0 FOLLOWER]: Becoming Follower/Learner. State: Replica: 51939495243f4fbba2113d6ebedcd0f0, State: Initialized, Role: FOLLOWER
I20260601 13:37:59.980851  7919 consensus_queue.cc:260] T 2593421cf7f04dd29a9ec7b67d803a29 P 51939495243f4fbba2113d6ebedcd0f0 [NON_LEADER]: Queue going to NON_LEADER mode. State: All replicated index: 0, Majority replicated index: 0, Committed index: 0, Last appended: 0.0, Last appended by leader: 0, Current term: 0, Majority size: -1, State: 0, Mode: NON_LEADER, active raft config: opid_index: -1 OBSOLETE_local: false peers { permanent_uuid: "51939495243f4fbba2113d6ebedcd0f0" member_type: VOTER last_known_addr { host: "127.4.161.65" port: 43063 } } peers { permanent_uuid: "b7f3de2197bb421bba2948588464c1c5" member_type: VOTER last_known_addr { host: "127.4.161.66" port: 38943 } } peers { permanent_uuid: "67f8e21c1ec4466aa936f73be733659d" member_type: VOTER last_known_addr { host: "127.4.161.67" port: 33811 } }
I20260601 13:37:59.979781  7859 tablet_service.cc:1511] Processing CreateTablet for tablet 440bb95b27a943d8b406a472eaa2fdc5 (DEFAULT_TABLE table=range_aware_rebalance_new_range [id=da13dd572baf41659f95133ee7f1c3a9]), partition=HASH (key) PARTITION 4, RANGE (key) PARTITION 0 <= VALUES < 10
I20260601 13:37:59.981261  7919 ts_tablet_manager.cc:1434] T 2593421cf7f04dd29a9ec7b67d803a29 P 51939495243f4fbba2113d6ebedcd0f0: Time spent starting tablet: real 0.001s	user 0.001s	sys 0.000s
I20260601 13:37:59.981348  7859 data_dirs.cc:400] Could only allocate 1 dirs of requested 3 for tablet 440bb95b27a943d8b406a472eaa2fdc5. 1 dirs total, 0 dirs full, 0 dirs failed
I20260601 13:37:59.978202  7708 tablet_service.cc:1511] Processing CreateTablet for tablet 440bb95b27a943d8b406a472eaa2fdc5 (DEFAULT_TABLE table=range_aware_rebalance_new_range [id=da13dd572baf41659f95133ee7f1c3a9]), partition=HASH (key) PARTITION 4, RANGE (key) PARTITION 0 <= VALUES < 10
I20260601 13:37:59.967481  7788 tablet_service.cc:1511] Processing CreateTablet for tablet fb73503977904d57ae3a904516fae039 (DEFAULT_TABLE table=range_aware_rebalance_new_range [id=da13dd572baf41659f95133ee7f1c3a9]), partition=HASH (key) PARTITION 0, RANGE (key) PARTITION 0 <= VALUES < 10
I20260601 13:37:59.981969  7788 data_dirs.cc:400] Could only allocate 1 dirs of requested 3 for tablet fb73503977904d57ae3a904516fae039. 1 dirs total, 0 dirs full, 0 dirs failed
I20260601 13:37:59.982496  7923 tablet_bootstrap.cc:492] T fb73503977904d57ae3a904516fae039 P 67f8e21c1ec4466aa936f73be733659d: Bootstrap starting.
I20260601 13:37:59.980020  7858 tablet_service.cc:1511] Processing CreateTablet for tablet 406f5780275f4ebfacfd2d400927474a (DEFAULT_TABLE table=range_aware_rebalance_new_range [id=da13dd572baf41659f95133ee7f1c3a9]), partition=HASH (key) PARTITION 5, RANGE (key) PARTITION 0 <= VALUES < 10
I20260601 13:37:59.979598  7860 tablet_service.cc:1511] Processing CreateTablet for tablet 2593421cf7f04dd29a9ec7b67d803a29 (DEFAULT_TABLE table=range_aware_rebalance_new_range [id=da13dd572baf41659f95133ee7f1c3a9]), partition=HASH (key) PARTITION 3, RANGE (key) PARTITION 0 <= VALUES < 10
I20260601 13:37:59.983678  7858 data_dirs.cc:400] Could only allocate 1 dirs of requested 3 for tablet 406f5780275f4ebfacfd2d400927474a. 1 dirs total, 0 dirs full, 0 dirs failed
I20260601 13:37:59.983804  7860 data_dirs.cc:400] Could only allocate 1 dirs of requested 3 for tablet 2593421cf7f04dd29a9ec7b67d803a29. 1 dirs total, 0 dirs full, 0 dirs failed
I20260601 13:37:59.983834  7920 tablet_bootstrap.cc:492] T b7312cf08d4e41d4b3d0536c7a8b629f P b7f3de2197bb421bba2948588464c1c5: Bootstrap starting.
I20260601 13:37:59.984741  7920 tablet_bootstrap.cc:654] T b7312cf08d4e41d4b3d0536c7a8b629f P b7f3de2197bb421bba2948588464c1c5: Neither blocks nor log segments found. Creating new log.
I20260601 13:37:59.983687  7923 tablet_bootstrap.cc:654] T fb73503977904d57ae3a904516fae039 P 67f8e21c1ec4466aa936f73be733659d: Neither blocks nor log segments found. Creating new log.
I20260601 13:37:59.970664  7784 tablet_service.cc:1511] Processing CreateTablet for tablet 440bb95b27a943d8b406a472eaa2fdc5 (DEFAULT_TABLE table=range_aware_rebalance_new_range [id=da13dd572baf41659f95133ee7f1c3a9]), partition=HASH (key) PARTITION 4, RANGE (key) PARTITION 0 <= VALUES < 10
I20260601 13:37:59.985826  7784 data_dirs.cc:400] Could only allocate 1 dirs of requested 3 for tablet 440bb95b27a943d8b406a472eaa2fdc5. 1 dirs total, 0 dirs full, 0 dirs failed
I20260601 13:37:59.978396  7711 data_dirs.cc:400] Could only allocate 1 dirs of requested 3 for tablet b7312cf08d4e41d4b3d0536c7a8b629f. 1 dirs total, 0 dirs full, 0 dirs failed
I20260601 13:37:59.986133  7920 tablet_bootstrap.cc:492] T b7312cf08d4e41d4b3d0536c7a8b629f P b7f3de2197bb421bba2948588464c1c5: No bootstrap required, opened a new log
I20260601 13:37:59.986207  7920 ts_tablet_manager.cc:1403] T b7312cf08d4e41d4b3d0536c7a8b629f P b7f3de2197bb421bba2948588464c1c5: Time spent bootstrapping tablet: real 0.002s	user 0.001s	sys 0.000s
I20260601 13:37:59.986626  7920 raft_consensus.cc:359] T b7312cf08d4e41d4b3d0536c7a8b629f P b7f3de2197bb421bba2948588464c1c5 [term 0 FOLLOWER]: Replica starting. Triggering 0 pending ops. Active config: opid_index: -1 OBSOLETE_local: false peers { permanent_uuid: "51939495243f4fbba2113d6ebedcd0f0" member_type: VOTER last_known_addr { host: "127.4.161.65" port: 43063 } } peers { permanent_uuid: "b7f3de2197bb421bba2948588464c1c5" member_type: VOTER last_known_addr { host: "127.4.161.66" port: 38943 } } peers { permanent_uuid: "67f8e21c1ec4466aa936f73be733659d" member_type: VOTER last_known_addr { host: "127.4.161.67" port: 33811 } }
I20260601 13:37:59.986701  7920 raft_consensus.cc:385] T b7312cf08d4e41d4b3d0536c7a8b629f P b7f3de2197bb421bba2948588464c1c5 [term 0 FOLLOWER]: Consensus starting up: Expiring failure detector timer to make a prompt election more likely
I20260601 13:37:59.986722  7920 raft_consensus.cc:740] T b7312cf08d4e41d4b3d0536c7a8b629f P b7f3de2197bb421bba2948588464c1c5 [term 0 FOLLOWER]: Becoming Follower/Learner. State: Replica: b7f3de2197bb421bba2948588464c1c5, State: Initialized, Role: FOLLOWER
I20260601 13:37:59.986862  7920 consensus_queue.cc:260] T b7312cf08d4e41d4b3d0536c7a8b629f P b7f3de2197bb421bba2948588464c1c5 [NON_LEADER]: Queue going to NON_LEADER mode. State: All replicated index: 0, Majority replicated index: 0, Committed index: 0, Last appended: 0.0, Last appended by leader: 0, Current term: 0, Majority size: -1, State: 0, Mode: NON_LEADER, active raft config: opid_index: -1 OBSOLETE_local: false peers { permanent_uuid: "51939495243f4fbba2113d6ebedcd0f0" member_type: VOTER last_known_addr { host: "127.4.161.65" port: 43063 } } peers { permanent_uuid: "b7f3de2197bb421bba2948588464c1c5" member_type: VOTER last_known_addr { host: "127.4.161.66" port: 38943 } } peers { permanent_uuid: "67f8e21c1ec4466aa936f73be733659d" member_type: VOTER last_known_addr { host: "127.4.161.67" port: 33811 } }
I20260601 13:37:59.987222  7920 ts_tablet_manager.cc:1434] T b7312cf08d4e41d4b3d0536c7a8b629f P b7f3de2197bb421bba2948588464c1c5: Time spent starting tablet: real 0.001s	user 0.001s	sys 0.000s
I20260601 13:37:59.987393  7920 tablet_bootstrap.cc:492] T 2593421cf7f04dd29a9ec7b67d803a29 P b7f3de2197bb421bba2948588464c1c5: Bootstrap starting.
I20260601 13:37:59.980058  7783 tablet_service.cc:1511] Processing CreateTablet for tablet 406f5780275f4ebfacfd2d400927474a (DEFAULT_TABLE table=range_aware_rebalance_new_range [id=da13dd572baf41659f95133ee7f1c3a9]), partition=HASH (key) PARTITION 5, RANGE (key) PARTITION 0 <= VALUES < 10
I20260601 13:37:59.988029  7708 data_dirs.cc:400] Could only allocate 1 dirs of requested 3 for tablet 440bb95b27a943d8b406a472eaa2fdc5. 1 dirs total, 0 dirs full, 0 dirs failed
I20260601 13:37:59.988161  7783 data_dirs.cc:400] Could only allocate 1 dirs of requested 3 for tablet 406f5780275f4ebfacfd2d400927474a. 1 dirs total, 0 dirs full, 0 dirs failed
I20260601 13:37:59.988391  7920 tablet_bootstrap.cc:654] T 2593421cf7f04dd29a9ec7b67d803a29 P b7f3de2197bb421bba2948588464c1c5: Neither blocks nor log segments found. Creating new log.
I20260601 13:37:59.989475  7923 tablet_bootstrap.cc:492] T fb73503977904d57ae3a904516fae039 P 67f8e21c1ec4466aa936f73be733659d: No bootstrap required, opened a new log
I20260601 13:37:59.989558  7923 ts_tablet_manager.cc:1403] T fb73503977904d57ae3a904516fae039 P 67f8e21c1ec4466aa936f73be733659d: Time spent bootstrapping tablet: real 0.007s	user 0.002s	sys 0.000s
I20260601 13:37:59.990022  7923 raft_consensus.cc:359] T fb73503977904d57ae3a904516fae039 P 67f8e21c1ec4466aa936f73be733659d [term 0 FOLLOWER]: Replica starting. Triggering 0 pending ops. Active config: opid_index: -1 OBSOLETE_local: false peers { permanent_uuid: "b7f3de2197bb421bba2948588464c1c5" member_type: VOTER last_known_addr { host: "127.4.161.66" port: 38943 } } peers { permanent_uuid: "51939495243f4fbba2113d6ebedcd0f0" member_type: VOTER last_known_addr { host: "127.4.161.65" port: 43063 } } peers { permanent_uuid: "67f8e21c1ec4466aa936f73be733659d" member_type: VOTER last_known_addr { host: "127.4.161.67" port: 33811 } }
I20260601 13:37:59.990147  7923 raft_consensus.cc:385] T fb73503977904d57ae3a904516fae039 P 67f8e21c1ec4466aa936f73be733659d [term 0 FOLLOWER]: Consensus starting up: Expiring failure detector timer to make a prompt election more likely
I20260601 13:37:59.990192  7923 raft_consensus.cc:740] T fb73503977904d57ae3a904516fae039 P 67f8e21c1ec4466aa936f73be733659d [term 0 FOLLOWER]: Becoming Follower/Learner. State: Replica: 67f8e21c1ec4466aa936f73be733659d, State: Initialized, Role: FOLLOWER
I20260601 13:37:59.990032  7786 data_dirs.cc:400] Could only allocate 1 dirs of requested 3 for tablet 3f9613c0f5174822902f011ab95c77b1. 1 dirs total, 0 dirs full, 0 dirs failed
I20260601 13:37:59.990727  7919 tablet_bootstrap.cc:492] T 406f5780275f4ebfacfd2d400927474a P 51939495243f4fbba2113d6ebedcd0f0: Bootstrap starting.
I20260601 13:37:59.991271  7859 tablet_service.cc:1511] Processing CreateTablet for tablet c008aa85c741426e8d294bcff2c0afdb (DEFAULT_TABLE table=range_aware_rebalance_new_range [id=da13dd572baf41659f95133ee7f1c3a9]), partition=HASH (key) PARTITION 6, RANGE (key) PARTITION 0 <= VALUES < 10
I20260601 13:37:59.991529  7859 data_dirs.cc:400] Could only allocate 1 dirs of requested 3 for tablet c008aa85c741426e8d294bcff2c0afdb. 1 dirs total, 0 dirs full, 0 dirs failed
I20260601 13:37:59.991722  7919 tablet_bootstrap.cc:654] T 406f5780275f4ebfacfd2d400927474a P 51939495243f4fbba2113d6ebedcd0f0: Neither blocks nor log segments found. Creating new log.
I20260601 13:37:59.992585  7923 consensus_queue.cc:260] T fb73503977904d57ae3a904516fae039 P 67f8e21c1ec4466aa936f73be733659d [NON_LEADER]: Queue going to NON_LEADER mode. State: All replicated index: 0, Majority replicated index: 0, Committed index: 0, Last appended: 0.0, Last appended by leader: 0, Current term: 0, Majority size: -1, State: 0, Mode: NON_LEADER, active raft config: opid_index: -1 OBSOLETE_local: false peers { permanent_uuid: "b7f3de2197bb421bba2948588464c1c5" member_type: VOTER last_known_addr { host: "127.4.161.66" port: 38943 } } peers { permanent_uuid: "51939495243f4fbba2113d6ebedcd0f0" member_type: VOTER last_known_addr { host: "127.4.161.65" port: 43063 } } peers { permanent_uuid: "67f8e21c1ec4466aa936f73be733659d" member_type: VOTER last_known_addr { host: "127.4.161.67" port: 33811 } }
I20260601 13:37:59.992985  7923 ts_tablet_manager.cc:1434] T fb73503977904d57ae3a904516fae039 P 67f8e21c1ec4466aa936f73be733659d: Time spent starting tablet: real 0.003s	user 0.001s	sys 0.000s
I20260601 13:37:59.993158  7923 tablet_bootstrap.cc:492] T b7312cf08d4e41d4b3d0536c7a8b629f P 67f8e21c1ec4466aa936f73be733659d: Bootstrap starting.
I20260601 13:37:59.994191  7923 tablet_bootstrap.cc:654] T b7312cf08d4e41d4b3d0536c7a8b629f P 67f8e21c1ec4466aa936f73be733659d: Neither blocks nor log segments found. Creating new log.
I20260601 13:37:59.994639  7708 tablet_service.cc:1511] Processing CreateTablet for tablet 0b4214cab8034d3682a442317cd110c9 (DEFAULT_TABLE table=range_aware_rebalance_new_range [id=da13dd572baf41659f95133ee7f1c3a9]), partition=HASH (key) PARTITION 7, RANGE (key) PARTITION 0 <= VALUES < 10
I20260601 13:37:59.994884  7708 data_dirs.cc:400] Could only allocate 1 dirs of requested 3 for tablet 0b4214cab8034d3682a442317cd110c9. 1 dirs total, 0 dirs full, 0 dirs failed
I20260601 13:37:59.994962  7786 tablet_service.cc:1511] Processing CreateTablet for tablet 0b4214cab8034d3682a442317cd110c9 (DEFAULT_TABLE table=range_aware_rebalance_new_range [id=da13dd572baf41659f95133ee7f1c3a9]), partition=HASH (key) PARTITION 7, RANGE (key) PARTITION 0 <= VALUES < 10
I20260601 13:37:59.995172  7786 data_dirs.cc:400] Could only allocate 1 dirs of requested 3 for tablet 0b4214cab8034d3682a442317cd110c9. 1 dirs total, 0 dirs full, 0 dirs failed
I20260601 13:37:59.995344  7923 tablet_bootstrap.cc:492] T b7312cf08d4e41d4b3d0536c7a8b629f P 67f8e21c1ec4466aa936f73be733659d: No bootstrap required, opened a new log
I20260601 13:37:59.995424  7923 ts_tablet_manager.cc:1403] T b7312cf08d4e41d4b3d0536c7a8b629f P 67f8e21c1ec4466aa936f73be733659d: Time spent bootstrapping tablet: real 0.002s	user 0.002s	sys 0.000s
I20260601 13:37:59.995748  7923 raft_consensus.cc:359] T b7312cf08d4e41d4b3d0536c7a8b629f P 67f8e21c1ec4466aa936f73be733659d [term 0 FOLLOWER]: Replica starting. Triggering 0 pending ops. Active config: opid_index: -1 OBSOLETE_local: false peers { permanent_uuid: "51939495243f4fbba2113d6ebedcd0f0" member_type: VOTER last_known_addr { host: "127.4.161.65" port: 43063 } } peers { permanent_uuid: "b7f3de2197bb421bba2948588464c1c5" member_type: VOTER last_known_addr { host: "127.4.161.66" port: 38943 } } peers { permanent_uuid: "67f8e21c1ec4466aa936f73be733659d" member_type: VOTER last_known_addr { host: "127.4.161.67" port: 33811 } }
I20260601 13:37:59.995818  7923 raft_consensus.cc:385] T b7312cf08d4e41d4b3d0536c7a8b629f P 67f8e21c1ec4466aa936f73be733659d [term 0 FOLLOWER]: Consensus starting up: Expiring failure detector timer to make a prompt election more likely
I20260601 13:37:59.995839  7923 raft_consensus.cc:740] T b7312cf08d4e41d4b3d0536c7a8b629f P 67f8e21c1ec4466aa936f73be733659d [term 0 FOLLOWER]: Becoming Follower/Learner. State: Replica: 67f8e21c1ec4466aa936f73be733659d, State: Initialized, Role: FOLLOWER
I20260601 13:37:59.995972  7923 consensus_queue.cc:260] T b7312cf08d4e41d4b3d0536c7a8b629f P 67f8e21c1ec4466aa936f73be733659d [NON_LEADER]: Queue going to NON_LEADER mode. State: All replicated index: 0, Majority replicated index: 0, Committed index: 0, Last appended: 0.0, Last appended by leader: 0, Current term: 0, Majority size: -1, State: 0, Mode: NON_LEADER, active raft config: opid_index: -1 OBSOLETE_local: false peers { permanent_uuid: "51939495243f4fbba2113d6ebedcd0f0" member_type: VOTER last_known_addr { host: "127.4.161.65" port: 43063 } } peers { permanent_uuid: "b7f3de2197bb421bba2948588464c1c5" member_type: VOTER last_known_addr { host: "127.4.161.66" port: 38943 } } peers { permanent_uuid: "67f8e21c1ec4466aa936f73be733659d" member_type: VOTER last_known_addr { host: "127.4.161.67" port: 33811 } }
I20260601 13:37:59.996230  7923 ts_tablet_manager.cc:1434] T b7312cf08d4e41d4b3d0536c7a8b629f P 67f8e21c1ec4466aa936f73be733659d: Time spent starting tablet: real 0.001s	user 0.000s	sys 0.000s
I20260601 13:37:59.996374  7923 tablet_bootstrap.cc:492] T 3f9613c0f5174822902f011ab95c77b1 P 67f8e21c1ec4466aa936f73be733659d: Bootstrap starting.
I20260601 13:37:59.997355  7923 tablet_bootstrap.cc:654] T 3f9613c0f5174822902f011ab95c77b1 P 67f8e21c1ec4466aa936f73be733659d: Neither blocks nor log segments found. Creating new log.
I20260601 13:37:59.998291  7859 tablet_service.cc:1511] Processing CreateTablet for tablet 0b4214cab8034d3682a442317cd110c9 (DEFAULT_TABLE table=range_aware_rebalance_new_range [id=da13dd572baf41659f95133ee7f1c3a9]), partition=HASH (key) PARTITION 7, RANGE (key) PARTITION 0 <= VALUES < 10
I20260601 13:37:59.998620  7859 data_dirs.cc:400] Could only allocate 1 dirs of requested 3 for tablet 0b4214cab8034d3682a442317cd110c9. 1 dirs total, 0 dirs full, 0 dirs failed
I20260601 13:37:59.999238  7920 tablet_bootstrap.cc:492] T 2593421cf7f04dd29a9ec7b67d803a29 P b7f3de2197bb421bba2948588464c1c5: No bootstrap required, opened a new log
I20260601 13:37:59.999410  7920 ts_tablet_manager.cc:1403] T 2593421cf7f04dd29a9ec7b67d803a29 P b7f3de2197bb421bba2948588464c1c5: Time spent bootstrapping tablet: real 0.012s	user 0.002s	sys 0.000s
I20260601 13:37:59.999847  7920 raft_consensus.cc:359] T 2593421cf7f04dd29a9ec7b67d803a29 P b7f3de2197bb421bba2948588464c1c5 [term 0 FOLLOWER]: Replica starting. Triggering 0 pending ops. Active config: opid_index: -1 OBSOLETE_local: false peers { permanent_uuid: "51939495243f4fbba2113d6ebedcd0f0" member_type: VOTER last_known_addr { host: "127.4.161.65" port: 43063 } } peers { permanent_uuid: "b7f3de2197bb421bba2948588464c1c5" member_type: VOTER last_known_addr { host: "127.4.161.66" port: 38943 } } peers { permanent_uuid: "67f8e21c1ec4466aa936f73be733659d" member_type: VOTER last_known_addr { host: "127.4.161.67" port: 33811 } }
I20260601 13:37:59.999938  7920 raft_consensus.cc:385] T 2593421cf7f04dd29a9ec7b67d803a29 P b7f3de2197bb421bba2948588464c1c5 [term 0 FOLLOWER]: Consensus starting up: Expiring failure detector timer to make a prompt election more likely
I20260601 13:37:59.999960  7920 raft_consensus.cc:740] T 2593421cf7f04dd29a9ec7b67d803a29 P b7f3de2197bb421bba2948588464c1c5 [term 0 FOLLOWER]: Becoming Follower/Learner. State: Replica: b7f3de2197bb421bba2948588464c1c5, State: Initialized, Role: FOLLOWER
I20260601 13:38:00.000119  7920 consensus_queue.cc:260] T 2593421cf7f04dd29a9ec7b67d803a29 P b7f3de2197bb421bba2948588464c1c5 [NON_LEADER]: Queue going to NON_LEADER mode. State: All replicated index: 0, Majority replicated index: 0, Committed index: 0, Last appended: 0.0, Last appended by leader: 0, Current term: 0, Majority size: -1, State: 0, Mode: NON_LEADER, active raft config: opid_index: -1 OBSOLETE_local: false peers { permanent_uuid: "51939495243f4fbba2113d6ebedcd0f0" member_type: VOTER last_known_addr { host: "127.4.161.65" port: 43063 } } peers { permanent_uuid: "b7f3de2197bb421bba2948588464c1c5" member_type: VOTER last_known_addr { host: "127.4.161.66" port: 38943 } } peers { permanent_uuid: "67f8e21c1ec4466aa936f73be733659d" member_type: VOTER last_known_addr { host: "127.4.161.67" port: 33811 } }
I20260601 13:38:00.000415  7920 ts_tablet_manager.cc:1434] T 2593421cf7f04dd29a9ec7b67d803a29 P b7f3de2197bb421bba2948588464c1c5: Time spent starting tablet: real 0.001s	user 0.000s	sys 0.000s
I20260601 13:38:00.000576  7920 tablet_bootstrap.cc:492] T c008aa85c741426e8d294bcff2c0afdb P b7f3de2197bb421bba2948588464c1c5: Bootstrap starting.
I20260601 13:38:00.000969  7919 tablet_bootstrap.cc:492] T 406f5780275f4ebfacfd2d400927474a P 51939495243f4fbba2113d6ebedcd0f0: No bootstrap required, opened a new log
I20260601 13:38:00.001080  7919 ts_tablet_manager.cc:1403] T 406f5780275f4ebfacfd2d400927474a P 51939495243f4fbba2113d6ebedcd0f0: Time spent bootstrapping tablet: real 0.010s	user 0.002s	sys 0.000s
I20260601 13:38:00.001446  7919 raft_consensus.cc:359] T 406f5780275f4ebfacfd2d400927474a P 51939495243f4fbba2113d6ebedcd0f0 [term 0 FOLLOWER]: Replica starting. Triggering 0 pending ops. Active config: opid_index: -1 OBSOLETE_local: false peers { permanent_uuid: "51939495243f4fbba2113d6ebedcd0f0" member_type: VOTER last_known_addr { host: "127.4.161.65" port: 43063 } } peers { permanent_uuid: "b7f3de2197bb421bba2948588464c1c5" member_type: VOTER last_known_addr { host: "127.4.161.66" port: 38943 } } peers { permanent_uuid: "67f8e21c1ec4466aa936f73be733659d" member_type: VOTER last_known_addr { host: "127.4.161.67" port: 33811 } }
I20260601 13:38:00.001559  7919 raft_consensus.cc:385] T 406f5780275f4ebfacfd2d400927474a P 51939495243f4fbba2113d6ebedcd0f0 [term 0 FOLLOWER]: Consensus starting up: Expiring failure detector timer to make a prompt election more likely
I20260601 13:38:00.001621  7920 tablet_bootstrap.cc:654] T c008aa85c741426e8d294bcff2c0afdb P b7f3de2197bb421bba2948588464c1c5: Neither blocks nor log segments found. Creating new log.
I20260601 13:38:00.001610  7919 raft_consensus.cc:740] T 406f5780275f4ebfacfd2d400927474a P 51939495243f4fbba2113d6ebedcd0f0 [term 0 FOLLOWER]: Becoming Follower/Learner. State: Replica: 51939495243f4fbba2113d6ebedcd0f0, State: Initialized, Role: FOLLOWER
I20260601 13:38:00.001807  7919 consensus_queue.cc:260] T 406f5780275f4ebfacfd2d400927474a P 51939495243f4fbba2113d6ebedcd0f0 [NON_LEADER]: Queue going to NON_LEADER mode. State: All replicated index: 0, Majority replicated index: 0, Committed index: 0, Last appended: 0.0, Last appended by leader: 0, Current term: 0, Majority size: -1, State: 0, Mode: NON_LEADER, active raft config: opid_index: -1 OBSOLETE_local: false peers { permanent_uuid: "51939495243f4fbba2113d6ebedcd0f0" member_type: VOTER last_known_addr { host: "127.4.161.65" port: 43063 } } peers { permanent_uuid: "b7f3de2197bb421bba2948588464c1c5" member_type: VOTER last_known_addr { host: "127.4.161.66" port: 38943 } } peers { permanent_uuid: "67f8e21c1ec4466aa936f73be733659d" member_type: VOTER last_known_addr { host: "127.4.161.67" port: 33811 } }
I20260601 13:38:00.002100  7919 ts_tablet_manager.cc:1434] T 406f5780275f4ebfacfd2d400927474a P 51939495243f4fbba2113d6ebedcd0f0: Time spent starting tablet: real 0.001s	user 0.001s	sys 0.000s
I20260601 13:38:00.002256  7923 tablet_bootstrap.cc:492] T 3f9613c0f5174822902f011ab95c77b1 P 67f8e21c1ec4466aa936f73be733659d: No bootstrap required, opened a new log
I20260601 13:38:00.002342  7923 ts_tablet_manager.cc:1403] T 3f9613c0f5174822902f011ab95c77b1 P 67f8e21c1ec4466aa936f73be733659d: Time spent bootstrapping tablet: real 0.006s	user 0.002s	sys 0.000s
I20260601 13:38:00.002264  7919 tablet_bootstrap.cc:492] T 3f9613c0f5174822902f011ab95c77b1 P 51939495243f4fbba2113d6ebedcd0f0: Bootstrap starting.
I20260601 13:38:00.002751  7923 raft_consensus.cc:359] T 3f9613c0f5174822902f011ab95c77b1 P 67f8e21c1ec4466aa936f73be733659d [term 0 FOLLOWER]: Replica starting. Triggering 0 pending ops. Active config: opid_index: -1 OBSOLETE_local: false peers { permanent_uuid: "b7f3de2197bb421bba2948588464c1c5" member_type: VOTER last_known_addr { host: "127.4.161.66" port: 38943 } } peers { permanent_uuid: "51939495243f4fbba2113d6ebedcd0f0" member_type: VOTER last_known_addr { host: "127.4.161.65" port: 43063 } } peers { permanent_uuid: "67f8e21c1ec4466aa936f73be733659d" member_type: VOTER last_known_addr { host: "127.4.161.67" port: 33811 } }
I20260601 13:38:00.002899  7923 raft_consensus.cc:385] T 3f9613c0f5174822902f011ab95c77b1 P 67f8e21c1ec4466aa936f73be733659d [term 0 FOLLOWER]: Consensus starting up: Expiring failure detector timer to make a prompt election more likely
I20260601 13:38:00.002938  7923 raft_consensus.cc:740] T 3f9613c0f5174822902f011ab95c77b1 P 67f8e21c1ec4466aa936f73be733659d [term 0 FOLLOWER]: Becoming Follower/Learner. State: Replica: 67f8e21c1ec4466aa936f73be733659d, State: Initialized, Role: FOLLOWER
I20260601 13:38:00.003049  7923 consensus_queue.cc:260] T 3f9613c0f5174822902f011ab95c77b1 P 67f8e21c1ec4466aa936f73be733659d [NON_LEADER]: Queue going to NON_LEADER mode. State: All replicated index: 0, Majority replicated index: 0, Committed index: 0, Last appended: 0.0, Last appended by leader: 0, Current term: 0, Majority size: -1, State: 0, Mode: NON_LEADER, active raft config: opid_index: -1 OBSOLETE_local: false peers { permanent_uuid: "b7f3de2197bb421bba2948588464c1c5" member_type: VOTER last_known_addr { host: "127.4.161.66" port: 38943 } } peers { permanent_uuid: "51939495243f4fbba2113d6ebedcd0f0" member_type: VOTER last_known_addr { host: "127.4.161.65" port: 43063 } } peers { permanent_uuid: "67f8e21c1ec4466aa936f73be733659d" member_type: VOTER last_known_addr { host: "127.4.161.67" port: 33811 } }
I20260601 13:38:00.003134  7920 tablet_bootstrap.cc:492] T c008aa85c741426e8d294bcff2c0afdb P b7f3de2197bb421bba2948588464c1c5: No bootstrap required, opened a new log
I20260601 13:38:00.003197  7920 ts_tablet_manager.cc:1403] T c008aa85c741426e8d294bcff2c0afdb P b7f3de2197bb421bba2948588464c1c5: Time spent bootstrapping tablet: real 0.003s	user 0.000s	sys 0.002s
I20260601 13:38:00.003352  7923 ts_tablet_manager.cc:1434] T 3f9613c0f5174822902f011ab95c77b1 P 67f8e21c1ec4466aa936f73be733659d: Time spent starting tablet: real 0.001s	user 0.001s	sys 0.000s
I20260601 13:38:00.003516  7923 tablet_bootstrap.cc:492] T 406f5780275f4ebfacfd2d400927474a P 67f8e21c1ec4466aa936f73be733659d: Bootstrap starting.
I20260601 13:38:00.003654  7920 raft_consensus.cc:359] T c008aa85c741426e8d294bcff2c0afdb P b7f3de2197bb421bba2948588464c1c5 [term 0 FOLLOWER]: Replica starting. Triggering 0 pending ops. Active config: opid_index: -1 OBSOLETE_local: false peers { permanent_uuid: "51939495243f4fbba2113d6ebedcd0f0" member_type: VOTER last_known_addr { host: "127.4.161.65" port: 43063 } } peers { permanent_uuid: "b7f3de2197bb421bba2948588464c1c5" member_type: VOTER last_known_addr { host: "127.4.161.66" port: 38943 } } peers { permanent_uuid: "67f8e21c1ec4466aa936f73be733659d" member_type: VOTER last_known_addr { host: "127.4.161.67" port: 33811 } }
I20260601 13:38:00.003746  7920 raft_consensus.cc:385] T c008aa85c741426e8d294bcff2c0afdb P b7f3de2197bb421bba2948588464c1c5 [term 0 FOLLOWER]: Consensus starting up: Expiring failure detector timer to make a prompt election more likely
I20260601 13:38:00.003778  7920 raft_consensus.cc:740] T c008aa85c741426e8d294bcff2c0afdb P b7f3de2197bb421bba2948588464c1c5 [term 0 FOLLOWER]: Becoming Follower/Learner. State: Replica: b7f3de2197bb421bba2948588464c1c5, State: Initialized, Role: FOLLOWER
I20260601 13:38:00.003846  7919 tablet_bootstrap.cc:654] T 3f9613c0f5174822902f011ab95c77b1 P 51939495243f4fbba2113d6ebedcd0f0: Neither blocks nor log segments found. Creating new log.
I20260601 13:38:00.003891  7920 consensus_queue.cc:260] T c008aa85c741426e8d294bcff2c0afdb P b7f3de2197bb421bba2948588464c1c5 [NON_LEADER]: Queue going to NON_LEADER mode. State: All replicated index: 0, Majority replicated index: 0, Committed index: 0, Last appended: 0.0, Last appended by leader: 0, Current term: 0, Majority size: -1, State: 0, Mode: NON_LEADER, active raft config: opid_index: -1 OBSOLETE_local: false peers { permanent_uuid: "51939495243f4fbba2113d6ebedcd0f0" member_type: VOTER last_known_addr { host: "127.4.161.65" port: 43063 } } peers { permanent_uuid: "b7f3de2197bb421bba2948588464c1c5" member_type: VOTER last_known_addr { host: "127.4.161.66" port: 38943 } } peers { permanent_uuid: "67f8e21c1ec4466aa936f73be733659d" member_type: VOTER last_known_addr { host: "127.4.161.67" port: 33811 } }
I20260601 13:38:00.004169  7920 ts_tablet_manager.cc:1434] T c008aa85c741426e8d294bcff2c0afdb P b7f3de2197bb421bba2948588464c1c5: Time spent starting tablet: real 0.001s	user 0.000s	sys 0.001s
I20260601 13:38:00.004334  7920 tablet_bootstrap.cc:492] T fb73503977904d57ae3a904516fae039 P b7f3de2197bb421bba2948588464c1c5: Bootstrap starting.
I20260601 13:38:00.004495  7923 tablet_bootstrap.cc:654] T 406f5780275f4ebfacfd2d400927474a P 67f8e21c1ec4466aa936f73be733659d: Neither blocks nor log segments found. Creating new log.
I20260601 13:38:00.005100  7919 tablet_bootstrap.cc:492] T 3f9613c0f5174822902f011ab95c77b1 P 51939495243f4fbba2113d6ebedcd0f0: No bootstrap required, opened a new log
I20260601 13:38:00.005191  7919 ts_tablet_manager.cc:1403] T 3f9613c0f5174822902f011ab95c77b1 P 51939495243f4fbba2113d6ebedcd0f0: Time spent bootstrapping tablet: real 0.003s	user 0.000s	sys 0.002s
I20260601 13:38:00.005385  7920 tablet_bootstrap.cc:654] T fb73503977904d57ae3a904516fae039 P b7f3de2197bb421bba2948588464c1c5: Neither blocks nor log segments found. Creating new log.
I20260601 13:38:00.005671  7919 raft_consensus.cc:359] T 3f9613c0f5174822902f011ab95c77b1 P 51939495243f4fbba2113d6ebedcd0f0 [term 0 FOLLOWER]: Replica starting. Triggering 0 pending ops. Active config: opid_index: -1 OBSOLETE_local: false peers { permanent_uuid: "b7f3de2197bb421bba2948588464c1c5" member_type: VOTER last_known_addr { host: "127.4.161.66" port: 38943 } } peers { permanent_uuid: "51939495243f4fbba2113d6ebedcd0f0" member_type: VOTER last_known_addr { host: "127.4.161.65" port: 43063 } } peers { permanent_uuid: "67f8e21c1ec4466aa936f73be733659d" member_type: VOTER last_known_addr { host: "127.4.161.67" port: 33811 } }
I20260601 13:38:00.005797  7919 raft_consensus.cc:385] T 3f9613c0f5174822902f011ab95c77b1 P 51939495243f4fbba2113d6ebedcd0f0 [term 0 FOLLOWER]: Consensus starting up: Expiring failure detector timer to make a prompt election more likely
I20260601 13:38:00.005831  7919 raft_consensus.cc:740] T 3f9613c0f5174822902f011ab95c77b1 P 51939495243f4fbba2113d6ebedcd0f0 [term 0 FOLLOWER]: Becoming Follower/Learner. State: Replica: 51939495243f4fbba2113d6ebedcd0f0, State: Initialized, Role: FOLLOWER
I20260601 13:38:00.005960  7919 consensus_queue.cc:260] T 3f9613c0f5174822902f011ab95c77b1 P 51939495243f4fbba2113d6ebedcd0f0 [NON_LEADER]: Queue going to NON_LEADER mode. State: All replicated index: 0, Majority replicated index: 0, Committed index: 0, Last appended: 0.0, Last appended by leader: 0, Current term: 0, Majority size: -1, State: 0, Mode: NON_LEADER, active raft config: opid_index: -1 OBSOLETE_local: false peers { permanent_uuid: "b7f3de2197bb421bba2948588464c1c5" member_type: VOTER last_known_addr { host: "127.4.161.66" port: 38943 } } peers { permanent_uuid: "51939495243f4fbba2113d6ebedcd0f0" member_type: VOTER last_known_addr { host: "127.4.161.65" port: 43063 } } peers { permanent_uuid: "67f8e21c1ec4466aa936f73be733659d" member_type: VOTER last_known_addr { host: "127.4.161.67" port: 33811 } }
I20260601 13:38:00.006285  7919 ts_tablet_manager.cc:1434] T 3f9613c0f5174822902f011ab95c77b1 P 51939495243f4fbba2113d6ebedcd0f0: Time spent starting tablet: real 0.001s	user 0.000s	sys 0.001s
I20260601 13:38:00.006459  7919 tablet_bootstrap.cc:492] T c008aa85c741426e8d294bcff2c0afdb P 51939495243f4fbba2113d6ebedcd0f0: Bootstrap starting.
I20260601 13:38:00.007651  7919 tablet_bootstrap.cc:654] T c008aa85c741426e8d294bcff2c0afdb P 51939495243f4fbba2113d6ebedcd0f0: Neither blocks nor log segments found. Creating new log.
I20260601 13:38:00.008785  7919 tablet_bootstrap.cc:492] T c008aa85c741426e8d294bcff2c0afdb P 51939495243f4fbba2113d6ebedcd0f0: No bootstrap required, opened a new log
I20260601 13:38:00.008879  7919 ts_tablet_manager.cc:1403] T c008aa85c741426e8d294bcff2c0afdb P 51939495243f4fbba2113d6ebedcd0f0: Time spent bootstrapping tablet: real 0.002s	user 0.001s	sys 0.000s
I20260601 13:38:00.009315  7919 raft_consensus.cc:359] T c008aa85c741426e8d294bcff2c0afdb P 51939495243f4fbba2113d6ebedcd0f0 [term 0 FOLLOWER]: Replica starting. Triggering 0 pending ops. Active config: opid_index: -1 OBSOLETE_local: false peers { permanent_uuid: "51939495243f4fbba2113d6ebedcd0f0" member_type: VOTER last_known_addr { host: "127.4.161.65" port: 43063 } } peers { permanent_uuid: "b7f3de2197bb421bba2948588464c1c5" member_type: VOTER last_known_addr { host: "127.4.161.66" port: 38943 } } peers { permanent_uuid: "67f8e21c1ec4466aa936f73be733659d" member_type: VOTER last_known_addr { host: "127.4.161.67" port: 33811 } }
I20260601 13:38:00.009424  7919 raft_consensus.cc:385] T c008aa85c741426e8d294bcff2c0afdb P 51939495243f4fbba2113d6ebedcd0f0 [term 0 FOLLOWER]: Consensus starting up: Expiring failure detector timer to make a prompt election more likely
I20260601 13:38:00.009548  7919 raft_consensus.cc:740] T c008aa85c741426e8d294bcff2c0afdb P 51939495243f4fbba2113d6ebedcd0f0 [term 0 FOLLOWER]: Becoming Follower/Learner. State: Replica: 51939495243f4fbba2113d6ebedcd0f0, State: Initialized, Role: FOLLOWER
I20260601 13:38:00.009682  7919 consensus_queue.cc:260] T c008aa85c741426e8d294bcff2c0afdb P 51939495243f4fbba2113d6ebedcd0f0 [NON_LEADER]: Queue going to NON_LEADER mode. State: All replicated index: 0, Majority replicated index: 0, Committed index: 0, Last appended: 0.0, Last appended by leader: 0, Current term: 0, Majority size: -1, State: 0, Mode: NON_LEADER, active raft config: opid_index: -1 OBSOLETE_local: false peers { permanent_uuid: "51939495243f4fbba2113d6ebedcd0f0" member_type: VOTER last_known_addr { host: "127.4.161.65" port: 43063 } } peers { permanent_uuid: "b7f3de2197bb421bba2948588464c1c5" member_type: VOTER last_known_addr { host: "127.4.161.66" port: 38943 } } peers { permanent_uuid: "67f8e21c1ec4466aa936f73be733659d" member_type: VOTER last_known_addr { host: "127.4.161.67" port: 33811 } }
I20260601 13:38:00.010288  7920 tablet_bootstrap.cc:492] T fb73503977904d57ae3a904516fae039 P b7f3de2197bb421bba2948588464c1c5: No bootstrap required, opened a new log
I20260601 13:38:00.010404  7920 ts_tablet_manager.cc:1403] T fb73503977904d57ae3a904516fae039 P b7f3de2197bb421bba2948588464c1c5: Time spent bootstrapping tablet: real 0.006s	user 0.000s	sys 0.002s
I20260601 13:38:00.010969  7920 raft_consensus.cc:359] T fb73503977904d57ae3a904516fae039 P b7f3de2197bb421bba2948588464c1c5 [term 0 FOLLOWER]: Replica starting. Triggering 0 pending ops. Active config: opid_index: -1 OBSOLETE_local: false peers { permanent_uuid: "b7f3de2197bb421bba2948588464c1c5" member_type: VOTER last_known_addr { host: "127.4.161.66" port: 38943 } } peers { permanent_uuid: "51939495243f4fbba2113d6ebedcd0f0" member_type: VOTER last_known_addr { host: "127.4.161.65" port: 43063 } } peers { permanent_uuid: "67f8e21c1ec4466aa936f73be733659d" member_type: VOTER last_known_addr { host: "127.4.161.67" port: 33811 } }
I20260601 13:38:00.011112  7920 raft_consensus.cc:385] T fb73503977904d57ae3a904516fae039 P b7f3de2197bb421bba2948588464c1c5 [term 0 FOLLOWER]: Consensus starting up: Expiring failure detector timer to make a prompt election more likely
I20260601 13:38:00.010288  7923 tablet_bootstrap.cc:492] T 406f5780275f4ebfacfd2d400927474a P 67f8e21c1ec4466aa936f73be733659d: No bootstrap required, opened a new log
I20260601 13:38:00.010317  7919 ts_tablet_manager.cc:1434] T c008aa85c741426e8d294bcff2c0afdb P 51939495243f4fbba2113d6ebedcd0f0: Time spent starting tablet: real 0.001s	user 0.001s	sys 0.000s
I20260601 13:38:00.011166  7920 raft_consensus.cc:740] T fb73503977904d57ae3a904516fae039 P b7f3de2197bb421bba2948588464c1c5 [term 0 FOLLOWER]: Becoming Follower/Learner. State: Replica: b7f3de2197bb421bba2948588464c1c5, State: Initialized, Role: FOLLOWER
I20260601 13:38:00.011366  7923 ts_tablet_manager.cc:1403] T 406f5780275f4ebfacfd2d400927474a P 67f8e21c1ec4466aa936f73be733659d: Time spent bootstrapping tablet: real 0.008s	user 0.002s	sys 0.000s
I20260601 13:38:00.011451  7919 tablet_bootstrap.cc:492] T b7312cf08d4e41d4b3d0536c7a8b629f P 51939495243f4fbba2113d6ebedcd0f0: Bootstrap starting.
I20260601 13:38:00.011421  7920 consensus_queue.cc:260] T fb73503977904d57ae3a904516fae039 P b7f3de2197bb421bba2948588464c1c5 [NON_LEADER]: Queue going to NON_LEADER mode. State: All replicated index: 0, Majority replicated index: 0, Committed index: 0, Last appended: 0.0, Last appended by leader: 0, Current term: 0, Majority size: -1, State: 0, Mode: NON_LEADER, active raft config: opid_index: -1 OBSOLETE_local: false peers { permanent_uuid: "b7f3de2197bb421bba2948588464c1c5" member_type: VOTER last_known_addr { host: "127.4.161.66" port: 38943 } } peers { permanent_uuid: "51939495243f4fbba2113d6ebedcd0f0" member_type: VOTER last_known_addr { host: "127.4.161.65" port: 43063 } } peers { permanent_uuid: "67f8e21c1ec4466aa936f73be733659d" member_type: VOTER last_known_addr { host: "127.4.161.67" port: 33811 } }
I20260601 13:38:00.011750  7920 ts_tablet_manager.cc:1434] T fb73503977904d57ae3a904516fae039 P b7f3de2197bb421bba2948588464c1c5: Time spent starting tablet: real 0.001s	user 0.000s	sys 0.001s
I20260601 13:38:00.011801  7923 raft_consensus.cc:359] T 406f5780275f4ebfacfd2d400927474a P 67f8e21c1ec4466aa936f73be733659d [term 0 FOLLOWER]: Replica starting. Triggering 0 pending ops. Active config: opid_index: -1 OBSOLETE_local: false peers { permanent_uuid: "51939495243f4fbba2113d6ebedcd0f0" member_type: VOTER last_known_addr { host: "127.4.161.65" port: 43063 } } peers { permanent_uuid: "b7f3de2197bb421bba2948588464c1c5" member_type: VOTER last_known_addr { host: "127.4.161.66" port: 38943 } } peers { permanent_uuid: "67f8e21c1ec4466aa936f73be733659d" member_type: VOTER last_known_addr { host: "127.4.161.67" port: 33811 } }
I20260601 13:38:00.011920  7920 tablet_bootstrap.cc:492] T 440bb95b27a943d8b406a472eaa2fdc5 P b7f3de2197bb421bba2948588464c1c5: Bootstrap starting.
I20260601 13:38:00.011922  7923 raft_consensus.cc:385] T 406f5780275f4ebfacfd2d400927474a P 67f8e21c1ec4466aa936f73be733659d [term 0 FOLLOWER]: Consensus starting up: Expiring failure detector timer to make a prompt election more likely
I20260601 13:38:00.012001  7923 raft_consensus.cc:740] T 406f5780275f4ebfacfd2d400927474a P 67f8e21c1ec4466aa936f73be733659d [term 0 FOLLOWER]: Becoming Follower/Learner. State: Replica: 67f8e21c1ec4466aa936f73be733659d, State: Initialized, Role: FOLLOWER
I20260601 13:38:00.012115  7923 consensus_queue.cc:260] T 406f5780275f4ebfacfd2d400927474a P 67f8e21c1ec4466aa936f73be733659d [NON_LEADER]: Queue going to NON_LEADER mode. State: All replicated index: 0, Majority replicated index: 0, Committed index: 0, Last appended: 0.0, Last appended by leader: 0, Current term: 0, Majority size: -1, State: 0, Mode: NON_LEADER, active raft config: opid_index: -1 OBSOLETE_local: false peers { permanent_uuid: "51939495243f4fbba2113d6ebedcd0f0" member_type: VOTER last_known_addr { host: "127.4.161.65" port: 43063 } } peers { permanent_uuid: "b7f3de2197bb421bba2948588464c1c5" member_type: VOTER last_known_addr { host: "127.4.161.66" port: 38943 } } peers { permanent_uuid: "67f8e21c1ec4466aa936f73be733659d" member_type: VOTER last_known_addr { host: "127.4.161.67" port: 33811 } }
I20260601 13:38:00.012377  7923 ts_tablet_manager.cc:1434] T 406f5780275f4ebfacfd2d400927474a P 67f8e21c1ec4466aa936f73be733659d: Time spent starting tablet: real 0.001s	user 0.001s	sys 0.000s
I20260601 13:38:00.012468  7919 tablet_bootstrap.cc:654] T b7312cf08d4e41d4b3d0536c7a8b629f P 51939495243f4fbba2113d6ebedcd0f0: Neither blocks nor log segments found. Creating new log.
I20260601 13:38:00.012935  7920 tablet_bootstrap.cc:654] T 440bb95b27a943d8b406a472eaa2fdc5 P b7f3de2197bb421bba2948588464c1c5: Neither blocks nor log segments found. Creating new log.
I20260601 13:38:00.013039  7923 tablet_bootstrap.cc:492] T 2593421cf7f04dd29a9ec7b67d803a29 P 67f8e21c1ec4466aa936f73be733659d: Bootstrap starting.
I20260601 13:38:00.014010  7923 tablet_bootstrap.cc:654] T 2593421cf7f04dd29a9ec7b67d803a29 P 67f8e21c1ec4466aa936f73be733659d: Neither blocks nor log segments found. Creating new log.
I20260601 13:38:00.014525  7920 tablet_bootstrap.cc:492] T 440bb95b27a943d8b406a472eaa2fdc5 P b7f3de2197bb421bba2948588464c1c5: No bootstrap required, opened a new log
I20260601 13:38:00.014612  7920 ts_tablet_manager.cc:1403] T 440bb95b27a943d8b406a472eaa2fdc5 P b7f3de2197bb421bba2948588464c1c5: Time spent bootstrapping tablet: real 0.003s	user 0.000s	sys 0.001s
I20260601 13:38:00.015103  7920 raft_consensus.cc:359] T 440bb95b27a943d8b406a472eaa2fdc5 P b7f3de2197bb421bba2948588464c1c5 [term 0 FOLLOWER]: Replica starting. Triggering 0 pending ops. Active config: opid_index: -1 OBSOLETE_local: false peers { permanent_uuid: "b7f3de2197bb421bba2948588464c1c5" member_type: VOTER last_known_addr { host: "127.4.161.66" port: 38943 } } peers { permanent_uuid: "51939495243f4fbba2113d6ebedcd0f0" member_type: VOTER last_known_addr { host: "127.4.161.65" port: 43063 } } peers { permanent_uuid: "67f8e21c1ec4466aa936f73be733659d" member_type: VOTER last_known_addr { host: "127.4.161.67" port: 33811 } }
I20260601 13:38:00.015261  7920 raft_consensus.cc:385] T 440bb95b27a943d8b406a472eaa2fdc5 P b7f3de2197bb421bba2948588464c1c5 [term 0 FOLLOWER]: Consensus starting up: Expiring failure detector timer to make a prompt election more likely
I20260601 13:38:00.015316  7920 raft_consensus.cc:740] T 440bb95b27a943d8b406a472eaa2fdc5 P b7f3de2197bb421bba2948588464c1c5 [term 0 FOLLOWER]: Becoming Follower/Learner. State: Replica: b7f3de2197bb421bba2948588464c1c5, State: Initialized, Role: FOLLOWER
I20260601 13:38:00.015440  7920 consensus_queue.cc:260] T 440bb95b27a943d8b406a472eaa2fdc5 P b7f3de2197bb421bba2948588464c1c5 [NON_LEADER]: Queue going to NON_LEADER mode. State: All replicated index: 0, Majority replicated index: 0, Committed index: 0, Last appended: 0.0, Last appended by leader: 0, Current term: 0, Majority size: -1, State: 0, Mode: NON_LEADER, active raft config: opid_index: -1 OBSOLETE_local: false peers { permanent_uuid: "b7f3de2197bb421bba2948588464c1c5" member_type: VOTER last_known_addr { host: "127.4.161.66" port: 38943 } } peers { permanent_uuid: "51939495243f4fbba2113d6ebedcd0f0" member_type: VOTER last_known_addr { host: "127.4.161.65" port: 43063 } } peers { permanent_uuid: "67f8e21c1ec4466aa936f73be733659d" member_type: VOTER last_known_addr { host: "127.4.161.67" port: 33811 } }
I20260601 13:38:00.015537  7923 tablet_bootstrap.cc:492] T 2593421cf7f04dd29a9ec7b67d803a29 P 67f8e21c1ec4466aa936f73be733659d: No bootstrap required, opened a new log
I20260601 13:38:00.015611  7923 ts_tablet_manager.cc:1403] T 2593421cf7f04dd29a9ec7b67d803a29 P 67f8e21c1ec4466aa936f73be733659d: Time spent bootstrapping tablet: real 0.003s	user 0.002s	sys 0.000s
I20260601 13:38:00.015746  7920 ts_tablet_manager.cc:1434] T 440bb95b27a943d8b406a472eaa2fdc5 P b7f3de2197bb421bba2948588464c1c5: Time spent starting tablet: real 0.001s	user 0.000s	sys 0.001s
I20260601 13:38:00.015940  7920 tablet_bootstrap.cc:492] T 406f5780275f4ebfacfd2d400927474a P b7f3de2197bb421bba2948588464c1c5: Bootstrap starting.
I20260601 13:38:00.016060  7923 raft_consensus.cc:359] T 2593421cf7f04dd29a9ec7b67d803a29 P 67f8e21c1ec4466aa936f73be733659d [term 0 FOLLOWER]: Replica starting. Triggering 0 pending ops. Active config: opid_index: -1 OBSOLETE_local: false peers { permanent_uuid: "51939495243f4fbba2113d6ebedcd0f0" member_type: VOTER last_known_addr { host: "127.4.161.65" port: 43063 } } peers { permanent_uuid: "b7f3de2197bb421bba2948588464c1c5" member_type: VOTER last_known_addr { host: "127.4.161.66" port: 38943 } } peers { permanent_uuid: "67f8e21c1ec4466aa936f73be733659d" member_type: VOTER last_known_addr { host: "127.4.161.67" port: 33811 } }
I20260601 13:38:00.016170  7923 raft_consensus.cc:385] T 2593421cf7f04dd29a9ec7b67d803a29 P 67f8e21c1ec4466aa936f73be733659d [term 0 FOLLOWER]: Consensus starting up: Expiring failure detector timer to make a prompt election more likely
I20260601 13:38:00.016207  7923 raft_consensus.cc:740] T 2593421cf7f04dd29a9ec7b67d803a29 P 67f8e21c1ec4466aa936f73be733659d [term 0 FOLLOWER]: Becoming Follower/Learner. State: Replica: 67f8e21c1ec4466aa936f73be733659d, State: Initialized, Role: FOLLOWER
