I20260601 13:21:54.371497  9369 catalog_manager.cc:1637] T 00000000000000000000000000000000 P ae600ffb2431477a8ba343942f5e3811: importing token verification keys for follower catalog manager: success; most recent TSK sequence number 0
I20260601 13:21:54.380487  9382 catalog_manager.cc:1294] Loaded cluster ID: 98ec2827f08c4539bf114396e0ff6a31
I20260601 13:21:54.380606  9382 catalog_manager.cc:1587] T 00000000000000000000000000000000 P 68426ce3af0d4173bf26ab875a1be816: loading cluster ID for follower catalog manager: success
I20260601 13:21:54.381930  9382 catalog_manager.cc:1609] T 00000000000000000000000000000000 P 68426ce3af0d4173bf26ab875a1be816: acquiring CA information for follower catalog manager: success
I20260601 13:21:54.382583  9382 catalog_manager.cc:1637] T 00000000000000000000000000000000 P 68426ce3af0d4173bf26ab875a1be816: importing token verification keys for follower catalog manager: success; most recent TSK sequence number 0
I20260601 13:21:54.455653  9250 master_service.cc:502] Signed X509 certificate for tserver {username='slave'} at 127.0.0.1:50320
I20260601 13:21:54.485293  9250 master_service.cc:502] Signed X509 certificate for tserver {username='slave'} at 127.0.0.1:50322
I20260601 13:21:54.517571  9250 master_service.cc:502] Signed X509 certificate for tserver {username='slave'} at 127.0.0.1:50332
I20260601 13:21:55.418215  9394 auto_leader_rebalancer.cc:451] All tables' leader rebalancing finished this round
I20260601 13:21:55.456882  9470 heartbeater.cc:499] Master 127.7.234.125:38141 was elected leader, sending a full tablet report...
I20260601 13:21:55.486284  9549 heartbeater.cc:499] Master 127.7.234.125:38141 was elected leader, sending a full tablet report...
I20260601 13:21:55.518579  9628 heartbeater.cc:499] Master 127.7.234.125:38141 was elected leader, sending a full tablet report...
I20260601 13:21:55.683326  9250 catalog_manager.cc:2282] Servicing CreateTable request from {username='slave'} at 127.0.0.1:50340:
name: "test-workload"
schema {
  columns {
    name: "key"
    type: INT32
    is_key: true
    is_nullable: false
    encoding: AUTO_ENCODING
    compression: DEFAULT_COMPRESSION
    cfile_block_size: 0
    immutable: false
  }
  columns {
    name: "int_val"
    type: INT32
    is_key: false
    is_nullable: false
    encoding: AUTO_ENCODING
    compression: DEFAULT_COMPRESSION
    cfile_block_size: 0
    immutable: false
  }
  columns {
    name: "string_val"
    type: STRING
    is_key: false
    is_nullable: true
    encoding: AUTO_ENCODING
    compression: DEFAULT_COMPRESSION
    cfile_block_size: 0
    immutable: false
  }
}
num_replicas: 1
split_rows_range_bounds {
  rows: "\004\001\000\252\252\252*\004\001\000TUUU""\004\001\000\252\252\252*\004\001\000TUUU"
  indirect_data: """"
}
partition_schema {
  range_schema {
    columns {
      name: "key"
    }
  }
}
I20260601 13:21:55.700363  9590 tablet_service.cc:1511] Processing CreateTablet for tablet 2e74228c04b848e298ade0ad14d56781 (DEFAULT_TABLE table=test-workload [id=e9d35bc140e744b3b5f164be63ea87c7]), partition=RANGE (key) PARTITION 1431655764 <= VALUES
I20260601 13:21:55.700562  9432 tablet_service.cc:1511] Processing CreateTablet for tablet 943b6a6d8a7743d4809305eb6d8b6595 (DEFAULT_TABLE table=test-workload [id=e9d35bc140e744b3b5f164be63ea87c7]), partition=RANGE (key) PARTITION VALUES < 715827882
I20260601 13:21:55.700821  9590 data_dirs.cc:400] Could only allocate 1 dirs of requested 3 for tablet 2e74228c04b848e298ade0ad14d56781. 1 dirs total, 0 dirs full, 0 dirs failed
I20260601 13:21:55.700821  9432 data_dirs.cc:400] Could only allocate 1 dirs of requested 3 for tablet 943b6a6d8a7743d4809305eb6d8b6595. 1 dirs total, 0 dirs full, 0 dirs failed
I20260601 13:21:55.703853  9674 tablet_bootstrap.cc:492] T 2e74228c04b848e298ade0ad14d56781 P 22b7228af5bd4b8e9e4409f48327e778: Bootstrap starting.
I20260601 13:21:55.703867  9511 tablet_service.cc:1511] Processing CreateTablet for tablet 32a8a88cc24e425e888a44e8d7c3c9b0 (DEFAULT_TABLE table=test-workload [id=e9d35bc140e744b3b5f164be63ea87c7]), partition=RANGE (key) PARTITION 715827882 <= VALUES < 1431655764
I20260601 13:21:55.704279  9511 data_dirs.cc:400] Could only allocate 1 dirs of requested 3 for tablet 32a8a88cc24e425e888a44e8d7c3c9b0. 1 dirs total, 0 dirs full, 0 dirs failed
I20260601 13:21:55.705039  9674 tablet_bootstrap.cc:654] T 2e74228c04b848e298ade0ad14d56781 P 22b7228af5bd4b8e9e4409f48327e778: Neither blocks nor log segments found. Creating new log.
I20260601 13:21:55.706180  9675 tablet_bootstrap.cc:492] T 943b6a6d8a7743d4809305eb6d8b6595 P 3846e31e79c847d889a8d4d9e8f4aac3: Bootstrap starting.
I20260601 13:21:55.706642  9677 tablet_bootstrap.cc:492] T 32a8a88cc24e425e888a44e8d7c3c9b0 P 72ce18b0c66149a092716c932df405b2: Bootstrap starting.
I20260601 13:21:55.706702  9674 tablet_bootstrap.cc:492] T 2e74228c04b848e298ade0ad14d56781 P 22b7228af5bd4b8e9e4409f48327e778: No bootstrap required, opened a new log
I20260601 13:21:55.706879  9674 ts_tablet_manager.cc:1403] T 2e74228c04b848e298ade0ad14d56781 P 22b7228af5bd4b8e9e4409f48327e778: Time spent bootstrapping tablet: real 0.003s	user 0.003s	sys 0.000s
I20260601 13:21:55.707412  9674 raft_consensus.cc:359] T 2e74228c04b848e298ade0ad14d56781 P 22b7228af5bd4b8e9e4409f48327e778 [term 0 FOLLOWER]: Replica starting. Triggering 0 pending ops. Active config: opid_index: -1 OBSOLETE_local: true peers { permanent_uuid: "22b7228af5bd4b8e9e4409f48327e778" member_type: VOTER last_known_addr { host: "127.7.234.67" port: 46201 } }
I20260601 13:21:55.707542  9674 raft_consensus.cc:385] T 2e74228c04b848e298ade0ad14d56781 P 22b7228af5bd4b8e9e4409f48327e778 [term 0 FOLLOWER]: Consensus starting up: Expiring failure detector timer to make a prompt election more likely
I20260601 13:21:55.707614  9675 tablet_bootstrap.cc:654] T 943b6a6d8a7743d4809305eb6d8b6595 P 3846e31e79c847d889a8d4d9e8f4aac3: Neither blocks nor log segments found. Creating new log.
I20260601 13:21:55.707633  9674 raft_consensus.cc:740] T 2e74228c04b848e298ade0ad14d56781 P 22b7228af5bd4b8e9e4409f48327e778 [term 0 FOLLOWER]: Becoming Follower/Learner. State: Replica: 22b7228af5bd4b8e9e4409f48327e778, State: Initialized, Role: FOLLOWER
I20260601 13:21:55.707862  9677 tablet_bootstrap.cc:654] T 32a8a88cc24e425e888a44e8d7c3c9b0 P 72ce18b0c66149a092716c932df405b2: Neither blocks nor log segments found. Creating new log.
I20260601 13:21:55.707873  9674 consensus_queue.cc:260] T 2e74228c04b848e298ade0ad14d56781 P 22b7228af5bd4b8e9e4409f48327e778 [NON_LEADER]: Queue going to NON_LEADER mode. State: All replicated index: 0, Majority replicated index: 0, Committed index: 0, Last appended: 0.0, Last appended by leader: 0, Current term: 0, Majority size: -1, State: 0, Mode: NON_LEADER, active raft config: opid_index: -1 OBSOLETE_local: true peers { permanent_uuid: "22b7228af5bd4b8e9e4409f48327e778" member_type: VOTER last_known_addr { host: "127.7.234.67" port: 46201 } }
I20260601 13:21:55.708007  9674 raft_consensus.cc:399] T 2e74228c04b848e298ade0ad14d56781 P 22b7228af5bd4b8e9e4409f48327e778 [term 0 FOLLOWER]: Only one voter in the Raft config. Triggering election immediately
I20260601 13:21:55.708060  9674 raft_consensus.cc:493] T 2e74228c04b848e298ade0ad14d56781 P 22b7228af5bd4b8e9e4409f48327e778 [term 0 FOLLOWER]: Starting leader election (initial election of a single-replica configuration)
I20260601 13:21:55.708123  9674 raft_consensus.cc:3060] T 2e74228c04b848e298ade0ad14d56781 P 22b7228af5bd4b8e9e4409f48327e778 [term 0 FOLLOWER]: Advancing to term 1
I20260601 13:21:55.708912  9675 tablet_bootstrap.cc:492] T 943b6a6d8a7743d4809305eb6d8b6595 P 3846e31e79c847d889a8d4d9e8f4aac3: No bootstrap required, opened a new log
I20260601 13:21:55.709012  9675 ts_tablet_manager.cc:1403] T 943b6a6d8a7743d4809305eb6d8b6595 P 3846e31e79c847d889a8d4d9e8f4aac3: Time spent bootstrapping tablet: real 0.003s	user 0.002s	sys 0.000s
I20260601 13:21:55.709223  9674 raft_consensus.cc:515] T 2e74228c04b848e298ade0ad14d56781 P 22b7228af5bd4b8e9e4409f48327e778 [term 1 FOLLOWER]: Starting leader election with config: opid_index: -1 OBSOLETE_local: true peers { permanent_uuid: "22b7228af5bd4b8e9e4409f48327e778" member_type: VOTER last_known_addr { host: "127.7.234.67" port: 46201 } }
I20260601 13:21:55.709364  9674 leader_election.cc:304] T 2e74228c04b848e298ade0ad14d56781 P 22b7228af5bd4b8e9e4409f48327e778 [CANDIDATE]: Term 1 election: Election decided. Result: candidate won. Election summary: received 1 responses out of 1 voters: 1 yes votes; 0 no votes. yes voters: 22b7228af5bd4b8e9e4409f48327e778; no voters: 
I20260601 13:21:55.709580  9674 leader_election.cc:290] T 2e74228c04b848e298ade0ad14d56781 P 22b7228af5bd4b8e9e4409f48327e778 [CANDIDATE]: Term 1 election: Requested vote from peers 
I20260601 13:21:55.709560  9675 raft_consensus.cc:359] T 943b6a6d8a7743d4809305eb6d8b6595 P 3846e31e79c847d889a8d4d9e8f4aac3 [term 0 FOLLOWER]: Replica starting. Triggering 0 pending ops. Active config: opid_index: -1 OBSOLETE_local: true peers { permanent_uuid: "3846e31e79c847d889a8d4d9e8f4aac3" member_type: VOTER last_known_addr { host: "127.7.234.65" port: 34327 } }
I20260601 13:21:55.709640  9675 raft_consensus.cc:385] T 943b6a6d8a7743d4809305eb6d8b6595 P 3846e31e79c847d889a8d4d9e8f4aac3 [term 0 FOLLOWER]: Consensus starting up: Expiring failure detector timer to make a prompt election more likely
I20260601 13:21:55.709692  9680 raft_consensus.cc:2804] T 2e74228c04b848e298ade0ad14d56781 P 22b7228af5bd4b8e9e4409f48327e778 [term 1 FOLLOWER]: Leader election won for term 1
I20260601 13:21:55.709733  9675 raft_consensus.cc:740] T 943b6a6d8a7743d4809305eb6d8b6595 P 3846e31e79c847d889a8d4d9e8f4aac3 [term 0 FOLLOWER]: Becoming Follower/Learner. State: Replica: 3846e31e79c847d889a8d4d9e8f4aac3, State: Initialized, Role: FOLLOWER
I20260601 13:21:55.709941  9674 ts_tablet_manager.cc:1434] T 2e74228c04b848e298ade0ad14d56781 P 22b7228af5bd4b8e9e4409f48327e778: Time spent starting tablet: real 0.003s	user 0.003s	sys 0.000s
I20260601 13:21:55.709955  9675 consensus_queue.cc:260] T 943b6a6d8a7743d4809305eb6d8b6595 P 3846e31e79c847d889a8d4d9e8f4aac3 [NON_LEADER]: Queue going to NON_LEADER mode. State: All replicated index: 0, Majority replicated index: 0, Committed index: 0, Last appended: 0.0, Last appended by leader: 0, Current term: 0, Majority size: -1, State: 0, Mode: NON_LEADER, active raft config: opid_index: -1 OBSOLETE_local: true peers { permanent_uuid: "3846e31e79c847d889a8d4d9e8f4aac3" member_type: VOTER last_known_addr { host: "127.7.234.65" port: 34327 } }
I20260601 13:21:55.710072  9675 raft_consensus.cc:399] T 943b6a6d8a7743d4809305eb6d8b6595 P 3846e31e79c847d889a8d4d9e8f4aac3 [term 0 FOLLOWER]: Only one voter in the Raft config. Triggering election immediately
I20260601 13:21:55.710106  9675 raft_consensus.cc:493] T 943b6a6d8a7743d4809305eb6d8b6595 P 3846e31e79c847d889a8d4d9e8f4aac3 [term 0 FOLLOWER]: Starting leader election (initial election of a single-replica configuration)
I20260601 13:21:55.710150  9675 raft_consensus.cc:3060] T 943b6a6d8a7743d4809305eb6d8b6595 P 3846e31e79c847d889a8d4d9e8f4aac3 [term 0 FOLLOWER]: Advancing to term 1
I20260601 13:21:55.710198  9680 raft_consensus.cc:697] T 2e74228c04b848e298ade0ad14d56781 P 22b7228af5bd4b8e9e4409f48327e778 [term 1 LEADER]: Becoming Leader. State: Replica: 22b7228af5bd4b8e9e4409f48327e778, State: Running, Role: LEADER
I20260601 13:21:55.710330  9680 consensus_queue.cc:237] T 2e74228c04b848e298ade0ad14d56781 P 22b7228af5bd4b8e9e4409f48327e778 [LEADER]: Queue going to LEADER mode. State: All replicated index: 0, Majority replicated index: 0, Committed index: 0, Last appended: 0.0, Last appended by leader: 0, Current term: 1, Majority size: 1, State: 0, Mode: LEADER, active raft config: opid_index: -1 OBSOLETE_local: true peers { permanent_uuid: "22b7228af5bd4b8e9e4409f48327e778" member_type: VOTER last_known_addr { host: "127.7.234.67" port: 46201 } }
I20260601 13:21:55.711274  9675 raft_consensus.cc:515] T 943b6a6d8a7743d4809305eb6d8b6595 P 3846e31e79c847d889a8d4d9e8f4aac3 [term 1 FOLLOWER]: Starting leader election with config: opid_index: -1 OBSOLETE_local: true peers { permanent_uuid: "3846e31e79c847d889a8d4d9e8f4aac3" member_type: VOTER last_known_addr { host: "127.7.234.65" port: 34327 } }
I20260601 13:21:55.711409  9675 leader_election.cc:304] T 943b6a6d8a7743d4809305eb6d8b6595 P 3846e31e79c847d889a8d4d9e8f4aac3 [CANDIDATE]: Term 1 election: Election decided. Result: candidate won. Election summary: received 1 responses out of 1 voters: 1 yes votes; 0 no votes. yes voters: 3846e31e79c847d889a8d4d9e8f4aac3; no voters: 
I20260601 13:21:55.711622  9675 leader_election.cc:290] T 943b6a6d8a7743d4809305eb6d8b6595 P 3846e31e79c847d889a8d4d9e8f4aac3 [CANDIDATE]: Term 1 election: Requested vote from peers 
I20260601 13:21:55.711688  9684 raft_consensus.cc:2804] T 943b6a6d8a7743d4809305eb6d8b6595 P 3846e31e79c847d889a8d4d9e8f4aac3 [term 1 FOLLOWER]: Leader election won for term 1
I20260601 13:21:55.711870  9684 raft_consensus.cc:697] T 943b6a6d8a7743d4809305eb6d8b6595 P 3846e31e79c847d889a8d4d9e8f4aac3 [term 1 LEADER]: Becoming Leader. State: Replica: 3846e31e79c847d889a8d4d9e8f4aac3, State: Running, Role: LEADER
I20260601 13:21:55.711983  9675 ts_tablet_manager.cc:1434] T 943b6a6d8a7743d4809305eb6d8b6595 P 3846e31e79c847d889a8d4d9e8f4aac3: Time spent starting tablet: real 0.003s	user 0.003s	sys 0.000s
I20260601 13:21:55.711987  9684 consensus_queue.cc:237] T 943b6a6d8a7743d4809305eb6d8b6595 P 3846e31e79c847d889a8d4d9e8f4aac3 [LEADER]: Queue going to LEADER mode. State: All replicated index: 0, Majority replicated index: 0, Committed index: 0, Last appended: 0.0, Last appended by leader: 0, Current term: 1, Majority size: 1, State: 0, Mode: LEADER, active raft config: opid_index: -1 OBSOLETE_local: true peers { permanent_uuid: "3846e31e79c847d889a8d4d9e8f4aac3" member_type: VOTER last_known_addr { host: "127.7.234.65" port: 34327 } }
I20260601 13:21:55.712466  9250 catalog_manager.cc:5696] T 2e74228c04b848e298ade0ad14d56781 P 22b7228af5bd4b8e9e4409f48327e778 reported cstate change: term changed from 0 to 1, leader changed from <none> to 22b7228af5bd4b8e9e4409f48327e778 (127.7.234.67). New cstate: current_term: 1 leader_uuid: "22b7228af5bd4b8e9e4409f48327e778" committed_config { opid_index: -1 OBSOLETE_local: true peers { permanent_uuid: "22b7228af5bd4b8e9e4409f48327e778" member_type: VOTER last_known_addr { host: "127.7.234.67" port: 46201 } health_report { overall_health: HEALTHY } } }
I20260601 13:21:55.714032  9249 catalog_manager.cc:5696] T 943b6a6d8a7743d4809305eb6d8b6595 P 3846e31e79c847d889a8d4d9e8f4aac3 reported cstate change: term changed from 0 to 1, leader changed from <none> to 3846e31e79c847d889a8d4d9e8f4aac3 (127.7.234.65). New cstate: current_term: 1 leader_uuid: "3846e31e79c847d889a8d4d9e8f4aac3" committed_config { opid_index: -1 OBSOLETE_local: true peers { permanent_uuid: "3846e31e79c847d889a8d4d9e8f4aac3" member_type: VOTER last_known_addr { host: "127.7.234.65" port: 34327 } health_report { overall_health: HEALTHY } } }
I20260601 13:21:55.717083  9677 tablet_bootstrap.cc:492] T 32a8a88cc24e425e888a44e8d7c3c9b0 P 72ce18b0c66149a092716c932df405b2: No bootstrap required, opened a new log
I20260601 13:21:55.717209  9677 ts_tablet_manager.cc:1403] T 32a8a88cc24e425e888a44e8d7c3c9b0 P 72ce18b0c66149a092716c932df405b2: Time spent bootstrapping tablet: real 0.011s	user 0.002s	sys 0.000s
I20260601 13:21:55.717803  9677 raft_consensus.cc:359] T 32a8a88cc24e425e888a44e8d7c3c9b0 P 72ce18b0c66149a092716c932df405b2 [term 0 FOLLOWER]: Replica starting. Triggering 0 pending ops. Active config: opid_index: -1 OBSOLETE_local: true peers { permanent_uuid: "72ce18b0c66149a092716c932df405b2" member_type: VOTER last_known_addr { host: "127.7.234.66" port: 40255 } }
I20260601 13:21:55.717892  9677 raft_consensus.cc:385] T 32a8a88cc24e425e888a44e8d7c3c9b0 P 72ce18b0c66149a092716c932df405b2 [term 0 FOLLOWER]: Consensus starting up: Expiring failure detector timer to make a prompt election more likely
I20260601 13:21:55.717922  9677 raft_consensus.cc:740] T 32a8a88cc24e425e888a44e8d7c3c9b0 P 72ce18b0c66149a092716c932df405b2 [term 0 FOLLOWER]: Becoming Follower/Learner. State: Replica: 72ce18b0c66149a092716c932df405b2, State: Initialized, Role: FOLLOWER
I20260601 13:21:55.718022  9677 consensus_queue.cc:260] T 32a8a88cc24e425e888a44e8d7c3c9b0 P 72ce18b0c66149a092716c932df405b2 [NON_LEADER]: Queue going to NON_LEADER mode. State: All replicated index: 0, Majority replicated index: 0, Committed index: 0, Last appended: 0.0, Last appended by leader: 0, Current term: 0, Majority size: -1, State: 0, Mode: NON_LEADER, active raft config: opid_index: -1 OBSOLETE_local: true peers { permanent_uuid: "72ce18b0c66149a092716c932df405b2" member_type: VOTER last_known_addr { host: "127.7.234.66" port: 40255 } }
I20260601 13:21:55.718075  9677 raft_consensus.cc:399] T 32a8a88cc24e425e888a44e8d7c3c9b0 P 72ce18b0c66149a092716c932df405b2 [term 0 FOLLOWER]: Only one voter in the Raft config. Triggering election immediately
I20260601 13:21:55.718096  9677 raft_consensus.cc:493] T 32a8a88cc24e425e888a44e8d7c3c9b0 P 72ce18b0c66149a092716c932df405b2 [term 0 FOLLOWER]: Starting leader election (initial election of a single-replica configuration)
I20260601 13:21:55.718123  9677 raft_consensus.cc:3060] T 32a8a88cc24e425e888a44e8d7c3c9b0 P 72ce18b0c66149a092716c932df405b2 [term 0 FOLLOWER]: Advancing to term 1
I20260601 13:21:55.719373  9677 raft_consensus.cc:515] T 32a8a88cc24e425e888a44e8d7c3c9b0 P 72ce18b0c66149a092716c932df405b2 [term 1 FOLLOWER]: Starting leader election with config: opid_index: -1 OBSOLETE_local: true peers { permanent_uuid: "72ce18b0c66149a092716c932df405b2" member_type: VOTER last_known_addr { host: "127.7.234.66" port: 40255 } }
I20260601 13:21:55.719506  9677 leader_election.cc:304] T 32a8a88cc24e425e888a44e8d7c3c9b0 P 72ce18b0c66149a092716c932df405b2 [CANDIDATE]: Term 1 election: Election decided. Result: candidate won. Election summary: received 1 responses out of 1 voters: 1 yes votes; 0 no votes. yes voters: 72ce18b0c66149a092716c932df405b2; no voters: 
I20260601 13:21:55.719749  9677 leader_election.cc:290] T 32a8a88cc24e425e888a44e8d7c3c9b0 P 72ce18b0c66149a092716c932df405b2 [CANDIDATE]: Term 1 election: Requested vote from peers 
I20260601 13:21:55.720117  9677 ts_tablet_manager.cc:1434] T 32a8a88cc24e425e888a44e8d7c3c9b0 P 72ce18b0c66149a092716c932df405b2: Time spent starting tablet: real 0.003s	user 0.000s	sys 0.002s
I20260601 13:21:55.720610  9690 raft_consensus.cc:2804] T 32a8a88cc24e425e888a44e8d7c3c9b0 P 72ce18b0c66149a092716c932df405b2 [term 1 FOLLOWER]: Leader election won for term 1
I20260601 13:21:55.722631  9690 raft_consensus.cc:697] T 32a8a88cc24e425e888a44e8d7c3c9b0 P 72ce18b0c66149a092716c932df405b2 [term 1 LEADER]: Becoming Leader. State: Replica: 72ce18b0c66149a092716c932df405b2, State: Running, Role: LEADER
I20260601 13:21:55.723090  9690 consensus_queue.cc:237] T 32a8a88cc24e425e888a44e8d7c3c9b0 P 72ce18b0c66149a092716c932df405b2 [LEADER]: Queue going to LEADER mode. State: All replicated index: 0, Majority replicated index: 0, Committed index: 0, Last appended: 0.0, Last appended by leader: 0, Current term: 1, Majority size: 1, State: 0, Mode: LEADER, active raft config: opid_index: -1 OBSOLETE_local: true peers { permanent_uuid: "72ce18b0c66149a092716c932df405b2" member_type: VOTER last_known_addr { host: "127.7.234.66" port: 40255 } }
I20260601 13:21:55.724483  9249 catalog_manager.cc:5696] T 32a8a88cc24e425e888a44e8d7c3c9b0 P 72ce18b0c66149a092716c932df405b2 reported cstate change: term changed from 0 to 1, leader changed from <none> to 72ce18b0c66149a092716c932df405b2 (127.7.234.66). New cstate: current_term: 1 leader_uuid: "72ce18b0c66149a092716c932df405b2" committed_config { opid_index: -1 OBSOLETE_local: true peers { permanent_uuid: "72ce18b0c66149a092716c932df405b2" member_type: VOTER last_known_addr { host: "127.7.234.66" port: 40255 } health_report { overall_health: HEALTHY } } }
I20260601 13:21:55.732085  8105 master.cc:562] Master@127.7.234.125:38141 shutting down...
I20260601 13:21:55.735872  8105 raft_consensus.cc:2243] T 00000000000000000000000000000000 P 63f2b949376945049ba360cab9516110 [term 1 LEADER]: Raft consensus shutting down.
I20260601 13:21:55.736205  8105 raft_consensus.cc:2272] T 00000000000000000000000000000000 P 63f2b949376945049ba360cab9516110 [term 1 FOLLOWER]: Raft consensus is shut down!
I20260601 13:21:55.736299  8105 tablet_replica.cc:333] T 00000000000000000000000000000000 P 63f2b949376945049ba360cab9516110: stopping tablet replica
I20260601 13:21:55.751106  8105 master.cc:584] Master@127.7.234.125:38141 shutdown complete.
W20260601 13:21:56.722244  9628 heartbeater.cc:646] Failed to heartbeat to 127.7.234.125:38141 (0 consecutive failures): Network error: Failed to send heartbeat to master: Client connection negotiation failed: client connection to 127.7.234.125:38141: connect: Connection refused (error 111)
I20260601 13:21:57.229535  9697 raft_consensus.cc:493] T 00000000000000000000000000000000 P ae600ffb2431477a8ba343942f5e3811 [term 1 FOLLOWER]: Starting pre-election (detected failure of leader 63f2b949376945049ba360cab9516110)
I20260601 13:21:57.229668  9698 raft_consensus.cc:493] T 00000000000000000000000000000000 P 68426ce3af0d4173bf26ab875a1be816 [term 1 FOLLOWER]: Starting pre-election (detected failure of leader 63f2b949376945049ba360cab9516110)
I20260601 13:21:57.229813  9698 raft_consensus.cc:515] T 00000000000000000000000000000000 P 68426ce3af0d4173bf26ab875a1be816 [term 1 FOLLOWER]: Starting pre-election with config: opid_index: -1 OBSOLETE_local: false peers { permanent_uuid: "ae600ffb2431477a8ba343942f5e3811" member_type: VOTER last_known_addr { host: "127.7.234.126" port: 43167 } } peers { permanent_uuid: "63f2b949376945049ba360cab9516110" member_type: VOTER last_known_addr { host: "127.7.234.125" port: 38141 } } peers { permanent_uuid: "68426ce3af0d4173bf26ab875a1be816" member_type: VOTER last_known_addr { host: "127.7.234.124" port: 42711 } }
I20260601 13:21:57.230072  9697 raft_consensus.cc:515] T 00000000000000000000000000000000 P ae600ffb2431477a8ba343942f5e3811 [term 1 FOLLOWER]: Starting pre-election with config: opid_index: -1 OBSOLETE_local: false peers { permanent_uuid: "ae600ffb2431477a8ba343942f5e3811" member_type: VOTER last_known_addr { host: "127.7.234.126" port: 43167 } } peers { permanent_uuid: "63f2b949376945049ba360cab9516110" member_type: VOTER last_known_addr { host: "127.7.234.125" port: 38141 } } peers { permanent_uuid: "68426ce3af0d4173bf26ab875a1be816" member_type: VOTER last_known_addr { host: "127.7.234.124" port: 42711 } }
I20260601 13:21:57.230465  9698 leader_election.cc:290] T 00000000000000000000000000000000 P 68426ce3af0d4173bf26ab875a1be816 [CANDIDATE]: Term 2 pre-election: Requested pre-vote from peers ae600ffb2431477a8ba343942f5e3811 (127.7.234.126:43167), 63f2b949376945049ba360cab9516110 (127.7.234.125:38141)
I20260601 13:21:57.230657  9697 leader_election.cc:290] T 00000000000000000000000000000000 P ae600ffb2431477a8ba343942f5e3811 [CANDIDATE]: Term 2 pre-election: Requested pre-vote from peers 63f2b949376945049ba360cab9516110 (127.7.234.125:38141), 68426ce3af0d4173bf26ab875a1be816 (127.7.234.124:42711)
I20260601 13:21:57.231200  9194 tablet_service.cc:1917] Received RequestConsensusVote() RPC: tablet_id: "00000000000000000000000000000000" candidate_uuid: "68426ce3af0d4173bf26ab875a1be816" candidate_term: 2 candidate_status { last_received { term: 1 index: 9 } } ignore_live_leader: false dest_uuid: "ae600ffb2431477a8ba343942f5e3811" is_pre_election: true
I20260601 13:21:57.231383  9194 raft_consensus.cc:2468] T 00000000000000000000000000000000 P ae600ffb2431477a8ba343942f5e3811 [term 1 FOLLOWER]: Leader pre-election vote request: Granting yes vote for candidate 68426ce3af0d4173bf26ab875a1be816 in term 1.
I20260601 13:21:57.231200  9327 tablet_service.cc:1917] Received RequestConsensusVote() RPC: tablet_id: "00000000000000000000000000000000" candidate_uuid: "ae600ffb2431477a8ba343942f5e3811" candidate_term: 2 candidate_status { last_received { term: 1 index: 9 } } ignore_live_leader: false dest_uuid: "68426ce3af0d4173bf26ab875a1be816" is_pre_election: true
I20260601 13:21:57.231621  9327 raft_consensus.cc:2468] T 00000000000000000000000000000000 P 68426ce3af0d4173bf26ab875a1be816 [term 1 FOLLOWER]: Leader pre-election vote request: Granting yes vote for candidate ae600ffb2431477a8ba343942f5e3811 in term 1.
W20260601 13:21:57.231899  9171 leader_election.cc:336] T 00000000000000000000000000000000 P ae600ffb2431477a8ba343942f5e3811 [CANDIDATE]: Term 2 pre-election: RPC error from VoteRequest() call to peer 63f2b949376945049ba360cab9516110 (127.7.234.125:38141): Network error: Client connection negotiation failed: client connection to 127.7.234.125:38141: connect: Connection refused (error 111)
I20260601 13:21:57.231930  9303 leader_election.cc:304] T 00000000000000000000000000000000 P 68426ce3af0d4173bf26ab875a1be816 [CANDIDATE]: Term 2 pre-election: Election decided. Result: candidate won. Election summary: received 2 responses out of 3 voters: 2 yes votes; 0 no votes. yes voters: 68426ce3af0d4173bf26ab875a1be816, ae600ffb2431477a8ba343942f5e3811; no voters: 
I20260601 13:21:57.232052  9170 leader_election.cc:304] T 00000000000000000000000000000000 P ae600ffb2431477a8ba343942f5e3811 [CANDIDATE]: Term 2 pre-election: Election decided. Result: candidate won. Election summary: received 3 responses out of 3 voters: 2 yes votes; 1 no votes. yes voters: 68426ce3af0d4173bf26ab875a1be816, ae600ffb2431477a8ba343942f5e3811; no voters: 63f2b949376945049ba360cab9516110
I20260601 13:21:57.232151  9698 raft_consensus.cc:2804] T 00000000000000000000000000000000 P 68426ce3af0d4173bf26ab875a1be816 [term 1 FOLLOWER]: Leader pre-election won for term 2
I20260601 13:21:57.232188  9697 raft_consensus.cc:2804] T 00000000000000000000000000000000 P ae600ffb2431477a8ba343942f5e3811 [term 1 FOLLOWER]: Leader pre-election won for term 2
I20260601 13:21:57.232209  9698 raft_consensus.cc:493] T 00000000000000000000000000000000 P 68426ce3af0d4173bf26ab875a1be816 [term 1 FOLLOWER]: Starting leader election (detected failure of leader 63f2b949376945049ba360cab9516110)
I20260601 13:21:57.232235  9697 raft_consensus.cc:493] T 00000000000000000000000000000000 P ae600ffb2431477a8ba343942f5e3811 [term 1 FOLLOWER]: Starting leader election (detected failure of leader 63f2b949376945049ba360cab9516110)
I20260601 13:21:57.232261  9698 raft_consensus.cc:3060] T 00000000000000000000000000000000 P 68426ce3af0d4173bf26ab875a1be816 [term 1 FOLLOWER]: Advancing to term 2
I20260601 13:21:57.232287  9697 raft_consensus.cc:3060] T 00000000000000000000000000000000 P ae600ffb2431477a8ba343942f5e3811 [term 1 FOLLOWER]: Advancing to term 2
W20260601 13:21:57.232578  9303 leader_election.cc:336] T 00000000000000000000000000000000 P 68426ce3af0d4173bf26ab875a1be816 [CANDIDATE]: Term 2 pre-election: RPC error from VoteRequest() call to peer 63f2b949376945049ba360cab9516110 (127.7.234.125:38141): Network error: Client connection negotiation failed: client connection to 127.7.234.125:38141: connect: Connection refused (error 111)
I20260601 13:21:57.233481  9697 raft_consensus.cc:515] T 00000000000000000000000000000000 P ae600ffb2431477a8ba343942f5e3811 [term 2 FOLLOWER]: Starting leader election with config: opid_index: -1 OBSOLETE_local: false peers { permanent_uuid: "ae600ffb2431477a8ba343942f5e3811" member_type: VOTER last_known_addr { host: "127.7.234.126" port: 43167 } } peers { permanent_uuid: "63f2b949376945049ba360cab9516110" member_type: VOTER last_known_addr { host: "127.7.234.125" port: 38141 } } peers { permanent_uuid: "68426ce3af0d4173bf26ab875a1be816" member_type: VOTER last_known_addr { host: "127.7.234.124" port: 42711 } }
I20260601 13:21:57.233482  9698 raft_consensus.cc:515] T 00000000000000000000000000000000 P 68426ce3af0d4173bf26ab875a1be816 [term 2 FOLLOWER]: Starting leader election with config: opid_index: -1 OBSOLETE_local: false peers { permanent_uuid: "ae600ffb2431477a8ba343942f5e3811" member_type: VOTER last_known_addr { host: "127.7.234.126" port: 43167 } } peers { permanent_uuid: "63f2b949376945049ba360cab9516110" member_type: VOTER last_known_addr { host: "127.7.234.125" port: 38141 } } peers { permanent_uuid: "68426ce3af0d4173bf26ab875a1be816" member_type: VOTER last_known_addr { host: "127.7.234.124" port: 42711 } }
I20260601 13:21:57.233916  9697 leader_election.cc:290] T 00000000000000000000000000000000 P ae600ffb2431477a8ba343942f5e3811 [CANDIDATE]: Term 2 election: Requested vote from peers 63f2b949376945049ba360cab9516110 (127.7.234.125:38141), 68426ce3af0d4173bf26ab875a1be816 (127.7.234.124:42711)
I20260601 13:21:57.233956  9698 leader_election.cc:290] T 00000000000000000000000000000000 P 68426ce3af0d4173bf26ab875a1be816 [CANDIDATE]: Term 2 election: Requested vote from peers ae600ffb2431477a8ba343942f5e3811 (127.7.234.126:43167), 63f2b949376945049ba360cab9516110 (127.7.234.125:38141)
I20260601 13:21:57.234354  9194 tablet_service.cc:1917] Received RequestConsensusVote() RPC: tablet_id: "00000000000000000000000000000000" candidate_uuid: "68426ce3af0d4173bf26ab875a1be816" candidate_term: 2 candidate_status { last_received { term: 1 index: 9 } } ignore_live_leader: false dest_uuid: "ae600ffb2431477a8ba343942f5e3811"
I20260601 13:21:57.234455  9327 tablet_service.cc:1917] Received RequestConsensusVote() RPC: tablet_id: "00000000000000000000000000000000" candidate_uuid: "ae600ffb2431477a8ba343942f5e3811" candidate_term: 2 candidate_status { last_received { term: 1 index: 9 } } ignore_live_leader: false dest_uuid: "68426ce3af0d4173bf26ab875a1be816"
I20260601 13:21:57.234540  9194 raft_consensus.cc:2393] T 00000000000000000000000000000000 P ae600ffb2431477a8ba343942f5e3811 [term 2 FOLLOWER]: Leader election vote request: Denying vote to candidate 68426ce3af0d4173bf26ab875a1be816 in current term 2: Already voted for candidate ae600ffb2431477a8ba343942f5e3811 in this term.
I20260601 13:21:57.234555  9327 raft_consensus.cc:2393] T 00000000000000000000000000000000 P 68426ce3af0d4173bf26ab875a1be816 [term 2 FOLLOWER]: Leader election vote request: Denying vote to candidate ae600ffb2431477a8ba343942f5e3811 in current term 2: Already voted for candidate 68426ce3af0d4173bf26ab875a1be816 in this term.
W20260601 13:21:57.234819  9171 leader_election.cc:336] T 00000000000000000000000000000000 P ae600ffb2431477a8ba343942f5e3811 [CANDIDATE]: Term 2 election: RPC error from VoteRequest() call to peer 63f2b949376945049ba360cab9516110 (127.7.234.125:38141): Network error: Client connection negotiation failed: client connection to 127.7.234.125:38141: connect: Connection refused (error 111)
I20260601 13:21:57.235021  9170 leader_election.cc:304] T 00000000000000000000000000000000 P ae600ffb2431477a8ba343942f5e3811 [CANDIDATE]: Term 2 election: Election decided. Result: candidate lost. Election summary: received 3 responses out of 3 voters: 1 yes votes; 2 no votes. yes voters: ae600ffb2431477a8ba343942f5e3811; no voters: 63f2b949376945049ba360cab9516110, 68426ce3af0d4173bf26ab875a1be816
I20260601 13:21:57.235198  9697 raft_consensus.cc:2749] T 00000000000000000000000000000000 P ae600ffb2431477a8ba343942f5e3811 [term 2 FOLLOWER]: Leader election lost for term 2. Reason: could not achieve majority
W20260601 13:21:57.235306  9303 leader_election.cc:336] T 00000000000000000000000000000000 P 68426ce3af0d4173bf26ab875a1be816 [CANDIDATE]: Term 2 election: RPC error from VoteRequest() call to peer 63f2b949376945049ba360cab9516110 (127.7.234.125:38141): Network error: Client connection negotiation failed: client connection to 127.7.234.125:38141: connect: Connection refused (error 111)
I20260601 13:21:57.235369  9303 leader_election.cc:304] T 00000000000000000000000000000000 P 68426ce3af0d4173bf26ab875a1be816 [CANDIDATE]: Term 2 election: Election decided. Result: candidate lost. Election summary: received 3 responses out of 3 voters: 1 yes votes; 2 no votes. yes voters: 68426ce3af0d4173bf26ab875a1be816; no voters: 63f2b949376945049ba360cab9516110, ae600ffb2431477a8ba343942f5e3811
I20260601 13:21:57.235484  9698 raft_consensus.cc:2749] T 00000000000000000000000000000000 P 68426ce3af0d4173bf26ab875a1be816 [term 2 FOLLOWER]: Leader election lost for term 2. Reason: could not achieve majority
I20260601 13:21:59.062016  9709 raft_consensus.cc:493] T 00000000000000000000000000000000 P 68426ce3af0d4173bf26ab875a1be816 [term 2 FOLLOWER]: Starting pre-election (no leader contacted us within the election timeout)
I20260601 13:21:59.062306  9709 raft_consensus.cc:515] T 00000000000000000000000000000000 P 68426ce3af0d4173bf26ab875a1be816 [term 2 FOLLOWER]: Starting pre-election with config: opid_index: -1 OBSOLETE_local: false peers { permanent_uuid: "ae600ffb2431477a8ba343942f5e3811" member_type: VOTER last_known_addr { host: "127.7.234.126" port: 43167 } } peers { permanent_uuid: "63f2b949376945049ba360cab9516110" member_type: VOTER last_known_addr { host: "127.7.234.125" port: 38141 } } peers { permanent_uuid: "68426ce3af0d4173bf26ab875a1be816" member_type: VOTER last_known_addr { host: "127.7.234.124" port: 42711 } }
I20260601 13:21:59.062908  9709 leader_election.cc:290] T 00000000000000000000000000000000 P 68426ce3af0d4173bf26ab875a1be816 [CANDIDATE]: Term 3 pre-election: Requested pre-vote from peers ae600ffb2431477a8ba343942f5e3811 (127.7.234.126:43167), 63f2b949376945049ba360cab9516110 (127.7.234.125:38141)
I20260601 13:21:59.063637  9194 tablet_service.cc:1917] Received RequestConsensusVote() RPC: tablet_id: "00000000000000000000000000000000" candidate_uuid: "68426ce3af0d4173bf26ab875a1be816" candidate_term: 3 candidate_status { last_received { term: 1 index: 9 } } ignore_live_leader: false dest_uuid: "ae600ffb2431477a8ba343942f5e3811" is_pre_election: true
I20260601 13:21:59.063825  9194 raft_consensus.cc:2468] T 00000000000000000000000000000000 P ae600ffb2431477a8ba343942f5e3811 [term 2 FOLLOWER]: Leader pre-election vote request: Granting yes vote for candidate 68426ce3af0d4173bf26ab875a1be816 in term 2.
W20260601 13:21:59.064278  9303 proxy.cc:239] Call had error, refreshing address and retrying: Network error: Client connection negotiation failed: client connection to 127.7.234.125:38141: connect: Connection refused (error 111) [suppressed 8 similar messages]
I20260601 13:21:59.064632  9303 leader_election.cc:304] T 00000000000000000000000000000000 P 68426ce3af0d4173bf26ab875a1be816 [CANDIDATE]: Term 3 pre-election: Election decided. Result: candidate won. Election summary: received 2 responses out of 3 voters: 2 yes votes; 0 no votes. yes voters: 68426ce3af0d4173bf26ab875a1be816, ae600ffb2431477a8ba343942f5e3811; no voters: 
I20260601 13:21:59.064908  9709 raft_consensus.cc:2804] T 00000000000000000000000000000000 P 68426ce3af0d4173bf26ab875a1be816 [term 2 FOLLOWER]: Leader pre-election won for term 3
I20260601 13:21:59.065006  9709 raft_consensus.cc:493] T 00000000000000000000000000000000 P 68426ce3af0d4173bf26ab875a1be816 [term 2 FOLLOWER]: Starting leader election (no leader contacted us within the election timeout)
I20260601 13:21:59.065063  9709 raft_consensus.cc:3060] T 00000000000000000000000000000000 P 68426ce3af0d4173bf26ab875a1be816 [term 2 FOLLOWER]: Advancing to term 3
W20260601 13:21:59.065667  9303 leader_election.cc:336] T 00000000000000000000000000000000 P 68426ce3af0d4173bf26ab875a1be816 [CANDIDATE]: Term 3 pre-election: RPC error from VoteRequest() call to peer 63f2b949376945049ba360cab9516110 (127.7.234.125:38141): Network error: Client connection negotiation failed: client connection to 127.7.234.125:38141: connect: Connection refused (error 111)
I20260601 13:21:59.067106  9709 raft_consensus.cc:515] T 00000000000000000000000000000000 P 68426ce3af0d4173bf26ab875a1be816 [term 3 FOLLOWER]: Starting leader election with config: opid_index: -1 OBSOLETE_local: false peers { permanent_uuid: "ae600ffb2431477a8ba343942f5e3811" member_type: VOTER last_known_addr { host: "127.7.234.126" port: 43167 } } peers { permanent_uuid: "63f2b949376945049ba360cab9516110" member_type: VOTER last_known_addr { host: "127.7.234.125" port: 38141 } } peers { permanent_uuid: "68426ce3af0d4173bf26ab875a1be816" member_type: VOTER last_known_addr { host: "127.7.234.124" port: 42711 } }
I20260601 13:21:59.067617  9709 leader_election.cc:290] T 00000000000000000000000000000000 P 68426ce3af0d4173bf26ab875a1be816 [CANDIDATE]: Term 3 election: Requested vote from peers ae600ffb2431477a8ba343942f5e3811 (127.7.234.126:43167), 63f2b949376945049ba360cab9516110 (127.7.234.125:38141)
I20260601 13:21:59.068082  9194 tablet_service.cc:1917] Received RequestConsensusVote() RPC: tablet_id: "00000000000000000000000000000000" candidate_uuid: "68426ce3af0d4173bf26ab875a1be816" candidate_term: 3 candidate_status { last_received { term: 1 index: 9 } } ignore_live_leader: false dest_uuid: "ae600ffb2431477a8ba343942f5e3811"
I20260601 13:21:59.068228  9194 raft_consensus.cc:3060] T 00000000000000000000000000000000 P ae600ffb2431477a8ba343942f5e3811 [term 2 FOLLOWER]: Advancing to term 3
W20260601 13:21:59.068971  9303 leader_election.cc:336] T 00000000000000000000000000000000 P 68426ce3af0d4173bf26ab875a1be816 [CANDIDATE]: Term 3 election: RPC error from VoteRequest() call to peer 63f2b949376945049ba360cab9516110 (127.7.234.125:38141): Network error: Client connection negotiation failed: client connection to 127.7.234.125:38141: connect: Connection refused (error 111)
I20260601 13:21:59.069487  9194 raft_consensus.cc:2468] T 00000000000000000000000000000000 P ae600ffb2431477a8ba343942f5e3811 [term 3 FOLLOWER]: Leader election vote request: Granting yes vote for candidate 68426ce3af0d4173bf26ab875a1be816 in term 3.
I20260601 13:21:59.069818  9303 leader_election.cc:304] T 00000000000000000000000000000000 P 68426ce3af0d4173bf26ab875a1be816 [CANDIDATE]: Term 3 election: Election decided. Result: candidate won. Election summary: received 3 responses out of 3 voters: 2 yes votes; 1 no votes. yes voters: 68426ce3af0d4173bf26ab875a1be816, ae600ffb2431477a8ba343942f5e3811; no voters: 63f2b949376945049ba360cab9516110
I20260601 13:21:59.070050  9709 raft_consensus.cc:2804] T 00000000000000000000000000000000 P 68426ce3af0d4173bf26ab875a1be816 [term 3 FOLLOWER]: Leader election won for term 3
I20260601 13:21:59.070303  9709 raft_consensus.cc:697] T 00000000000000000000000000000000 P 68426ce3af0d4173bf26ab875a1be816 [term 3 LEADER]: Becoming Leader. State: Replica: 68426ce3af0d4173bf26ab875a1be816, State: Running, Role: LEADER
I20260601 13:21:59.070499  9709 consensus_queue.cc:237] T 00000000000000000000000000000000 P 68426ce3af0d4173bf26ab875a1be816 [LEADER]: Queue going to LEADER mode. State: All replicated index: 0, Majority replicated index: 9, Committed index: 9, Last appended: 1.9, Last appended by leader: 9, Current term: 3, Majority size: 2, State: 0, Mode: LEADER, active raft config: opid_index: -1 OBSOLETE_local: false peers { permanent_uuid: "ae600ffb2431477a8ba343942f5e3811" member_type: VOTER last_known_addr { host: "127.7.234.126" port: 43167 } } peers { permanent_uuid: "63f2b949376945049ba360cab9516110" member_type: VOTER last_known_addr { host: "127.7.234.125" port: 38141 } } peers { permanent_uuid: "68426ce3af0d4173bf26ab875a1be816" member_type: VOTER last_known_addr { host: "127.7.234.124" port: 42711 } }
I20260601 13:21:59.071523  9712 sys_catalog.cc:455] T 00000000000000000000000000000000 P 68426ce3af0d4173bf26ab875a1be816 [sys.catalog]: SysCatalogTable state changed. Reason: New leader 68426ce3af0d4173bf26ab875a1be816. Latest consensus state: current_term: 3 leader_uuid: "68426ce3af0d4173bf26ab875a1be816" committed_config { opid_index: -1 OBSOLETE_local: false peers { permanent_uuid: "ae600ffb2431477a8ba343942f5e3811" member_type: VOTER last_known_addr { host: "127.7.234.126" port: 43167 } } peers { permanent_uuid: "63f2b949376945049ba360cab9516110" member_type: VOTER last_known_addr { host: "127.7.234.125" port: 38141 } } peers { permanent_uuid: "68426ce3af0d4173bf26ab875a1be816" member_type: VOTER last_known_addr { host: "127.7.234.124" port: 42711 } } }
I20260601 13:21:59.071646  9712 sys_catalog.cc:458] T 00000000000000000000000000000000 P 68426ce3af0d4173bf26ab875a1be816 [sys.catalog]: This master's current role is: LEADER
I20260601 13:21:59.071985  9714 catalog_manager.cc:1510] Loading table and tablet metadata into memory...
I20260601 13:21:59.073508  9714 catalog_manager.cc:679] Loaded metadata for table test-workload [id=e9d35bc140e744b3b5f164be63ea87c7]
I20260601 13:21:59.074667  9714 tablet_loader.cc:96] loaded metadata for tablet 2e74228c04b848e298ade0ad14d56781 (table test-workload [id=e9d35bc140e744b3b5f164be63ea87c7])
I20260601 13:21:59.074930  9714 tablet_loader.cc:96] loaded metadata for tablet 32a8a88cc24e425e888a44e8d7c3c9b0 (table test-workload [id=e9d35bc140e744b3b5f164be63ea87c7])
I20260601 13:21:59.075141  9714 tablet_loader.cc:96] loaded metadata for tablet 943b6a6d8a7743d4809305eb6d8b6595 (table test-workload [id=e9d35bc140e744b3b5f164be63ea87c7])
I20260601 13:21:59.075317  9714 catalog_manager.cc:1519] Initializing Kudu cluster ID...
I20260601 13:21:59.075824  9714 catalog_manager.cc:1294] Loaded cluster ID: 98ec2827f08c4539bf114396e0ff6a31
I20260601 13:21:59.075898  9714 catalog_manager.cc:1530] Initializing Kudu internal certificate authority...
I20260601 13:21:59.076589  9714 catalog_manager.cc:1539] Loading token signing keys...
I20260601 13:21:59.077087  9714 catalog_manager.cc:6080] T 00000000000000000000000000000000 P 68426ce3af0d4173bf26ab875a1be816: Loaded TSK: 0
I20260601 13:21:59.077670  9714 catalog_manager.cc:1549] Initializing in-progress tserver states...
I20260601 13:21:59.379348  9381 auto_leader_rebalancer.cc:140] leader rebalance for table test-workload
I20260601 13:21:59.379541  9381 auto_leader_rebalancer.cc:451] All tables' leader rebalancing finished this round
I20260601 13:21:59.430788  8105 tablet_server.cc:179] TabletServer@127.7.234.65:0 shutting down...
I20260601 13:21:59.435411  8105 ts_tablet_manager.cc:1507] Shutting down tablet manager...
I20260601 13:21:59.435714  8105 tablet_replica.cc:333] T 943b6a6d8a7743d4809305eb6d8b6595 P 3846e31e79c847d889a8d4d9e8f4aac3: stopping tablet replica
I20260601 13:21:59.435880  8105 raft_consensus.cc:2243] T 943b6a6d8a7743d4809305eb6d8b6595 P 3846e31e79c847d889a8d4d9e8f4aac3 [term 1 LEADER]: Raft consensus shutting down.
I20260601 13:21:59.436066  8105 raft_consensus.cc:2272] T 943b6a6d8a7743d4809305eb6d8b6595 P 3846e31e79c847d889a8d4d9e8f4aac3 [term 1 FOLLOWER]: Raft consensus is shut down!
I20260601 13:21:59.449208  8105 tablet_server.cc:196] TabletServer@127.7.234.65:0 shutdown complete.
I20260601 13:21:59.452098  8105 tablet_server.cc:179] TabletServer@127.7.234.66:0 shutting down...
I20260601 13:21:59.456514  8105 ts_tablet_manager.cc:1507] Shutting down tablet manager...
I20260601 13:21:59.456812  8105 tablet_replica.cc:333] T 32a8a88cc24e425e888a44e8d7c3c9b0 P 72ce18b0c66149a092716c932df405b2: stopping tablet replica
I20260601 13:21:59.456969  8105 raft_consensus.cc:2243] T 32a8a88cc24e425e888a44e8d7c3c9b0 P 72ce18b0c66149a092716c932df405b2 [term 1 LEADER]: Raft consensus shutting down.
I20260601 13:21:59.457139  8105 raft_consensus.cc:2272] T 32a8a88cc24e425e888a44e8d7c3c9b0 P 72ce18b0c66149a092716c932df405b2 [term 1 FOLLOWER]: Raft consensus is shut down!
I20260601 13:21:59.470346  8105 tablet_server.cc:196] TabletServer@127.7.234.66:0 shutdown complete.
I20260601 13:21:59.473140  8105 tablet_server.cc:179] TabletServer@127.7.234.67:0 shutting down...
I20260601 13:21:59.477706  8105 ts_tablet_manager.cc:1507] Shutting down tablet manager...
I20260601 13:21:59.478052  8105 tablet_replica.cc:333] T 2e74228c04b848e298ade0ad14d56781 P 22b7228af5bd4b8e9e4409f48327e778: stopping tablet replica
I20260601 13:21:59.478221  8105 raft_consensus.cc:2243] T 2e74228c04b848e298ade0ad14d56781 P 22b7228af5bd4b8e9e4409f48327e778 [term 1 LEADER]: Raft consensus shutting down.
I20260601 13:21:59.478417  8105 raft_consensus.cc:2272] T 2e74228c04b848e298ade0ad14d56781 P 22b7228af5bd4b8e9e4409f48327e778 [term 1 FOLLOWER]: Raft consensus is shut down!
I20260601 13:21:59.492017  8105 tablet_server.cc:196] TabletServer@127.7.234.67:0 shutdown complete.
I20260601 13:21:59.494874  8105 master.cc:562] Master@127.7.234.126:43167 shutting down...
I20260601 13:21:59.499747  8105 raft_consensus.cc:2243] T 00000000000000000000000000000000 P ae600ffb2431477a8ba343942f5e3811 [term 3 FOLLOWER]: Raft consensus shutting down.
I20260601 13:21:59.500028  8105 raft_consensus.cc:2272] T 00000000000000000000000000000000 P ae600ffb2431477a8ba343942f5e3811 [term 3 FOLLOWER]: Raft consensus is shut down!
I20260601 13:21:59.500109  8105 tablet_replica.cc:333] T 00000000000000000000000000000000 P ae600ffb2431477a8ba343942f5e3811: stopping tablet replica
I20260601 13:21:59.514058  8105 master.cc:584] Master@127.7.234.126:43167 shutdown complete.
I20260601 13:21:59.517743  8105 master.cc:562] Master@127.7.234.124:42711 shutting down...
I20260601 13:21:59.521926  8105 raft_consensus.cc:2243] T 00000000000000000000000000000000 P 68426ce3af0d4173bf26ab875a1be816 [term 3 LEADER]: Raft consensus shutting down.
I20260601 13:21:59.522272  8105 pending_rounds.cc:70] T 00000000000000000000000000000000 P 68426ce3af0d4173bf26ab875a1be816: Trying to abort 1 pending ops.
I20260601 13:21:59.522388  8105 pending_rounds.cc:77] T 00000000000000000000000000000000 P 68426ce3af0d4173bf26ab875a1be816: Aborting op as it isn't in flight: id { term: 3 index: 10 } timestamp: 7292191207714840576 op_type: NO_OP noop_request { }
I20260601 13:21:59.522517  8105 raft_consensus.cc:2889] T 00000000000000000000000000000000 P 68426ce3af0d4173bf26ab875a1be816 [term 3 LEADER]: NO_OP replication failed: Aborted: Op aborted
I20260601 13:21:59.522594  8105 raft_consensus.cc:2272] T 00000000000000000000000000000000 P 68426ce3af0d4173bf26ab875a1be816 [term 3 FOLLOWER]: Raft consensus is shut down!
I20260601 13:21:59.522707  8105 tablet_replica.cc:333] T 00000000000000000000000000000000 P 68426ce3af0d4173bf26ab875a1be816: stopping tablet replica
I20260601 13:21:59.536501  8105 master.cc:584] Master@127.7.234.124:42711 shutdown complete.
[       OK ] AutoRebalancerTest.NextLeaderResumesAutoRebalancing (6293 ms)
[ RUN      ] AutoRebalancerTest.MovesScheduledIfAddTserver
I20260601 13:21:59.546054  8105 internal_mini_cluster.cc:156] Creating distributed mini masters. Addrs: 127.7.234.126:36599
I20260601 13:21:59.546507  8105 file_cache.cc:492] Constructed file cache file cache with capacity 419430
W20260601 13:21:59.548959  9715 instance_detector.cc:116] could not retrieve AWS instance metadata: Network error: curl error: HTTP response code said error: The requested URL returned error: 404
W20260601 13:21:59.548979  9716 instance_detector.cc:116] could not retrieve Azure instance metadata: Network error: curl error: HTTP response code said error: The requested URL returned error: 404
I20260601 13:21:59.549090  8105 server_base.cc:1061] running on GCE node
W20260601 13:21:59.549048  9718 instance_detector.cc:116] could not retrieve OpenStack instance metadata: Network error: curl error: HTTP response code said error: The requested URL returned error: 404
I20260601 13:21:59.549444  8105 hybrid_clock.cc:584] initializing the hybrid clock with 'system_unsync' time source
W20260601 13:21:59.549518  8105 system_unsync_time.cc:38] NTP support is disabled. Clock error bounds will not be accurate. This configuration is not suitable for distributed clusters.
I20260601 13:21:59.549544  8105 hybrid_clock.cc:648] HybridClock initialized: now 1780320119549544 us; error 0 us; skew 500 ppm
I20260601 13:21:59.550720  8105 webserver.cc:533] Webserver started at http://127.7.234.126:41077/ using document root <none> and password file <none>
I20260601 13:21:59.551033  8105 fs_manager.cc:362] Metadata directory not provided
I20260601 13:21:59.551131  8105 fs_manager.cc:368] Using write-ahead log directory (fs_wal_dir) as metadata directory
I20260601 13:21:59.551299  8105 server_base.cc:909] This appears to be a new deployment of Kudu; creating new FS layout
I20260601 13:21:59.551819  8105 fs_manager.cc:1068] Generated new instance metadata in path /tmp/dist-test-taskjdwnk_/test-tmp/auto_rebalancer-test.0.AutoRebalancerTest.MovesScheduledIfAddTserver.1780320103060446-8105-0/minicluster-data/master-0-root/instance:
uuid: "55889d56e07e444181e6d92d21eb3273"
format_stamp: "Formatted at 2026-06-01 13:21:59 on dist-test-slave-fxk0"
I20260601 13:21:59.553742  8105 fs_manager.cc:696] Time spent creating directory manager: real 0.002s	user 0.002s	sys 0.000s
I20260601 13:21:59.555186  9723 log_block_manager.cc:4031] Time spent loading block containers with low live blocks: real 0.000s	user 0.000s	sys 0.000s
I20260601 13:21:59.555564  8105 fs_manager.cc:730] Time spent opening block manager: real 0.001s	user 0.001s	sys 0.000s
I20260601 13:21:59.555663  8105 fs_manager.cc:647] Opened local filesystem: /tmp/dist-test-taskjdwnk_/test-tmp/auto_rebalancer-test.0.AutoRebalancerTest.MovesScheduledIfAddTserver.1780320103060446-8105-0/minicluster-data/master-0-root
uuid: "55889d56e07e444181e6d92d21eb3273"
format_stamp: "Formatted at 2026-06-01 13:21:59 on dist-test-slave-fxk0"
I20260601 13:21:59.555778  8105 fs_report.cc:389] FS layout report
--------------------
wal directory: /tmp/dist-test-taskjdwnk_/test-tmp/auto_rebalancer-test.0.AutoRebalancerTest.MovesScheduledIfAddTserver.1780320103060446-8105-0/minicluster-data/master-0-root
metadata directory: /tmp/dist-test-taskjdwnk_/test-tmp/auto_rebalancer-test.0.AutoRebalancerTest.MovesScheduledIfAddTserver.1780320103060446-8105-0/minicluster-data/master-0-root
