I20260601 13:38:14.088359  4570 acceptor_pool.cc:272] collecting diagnostics on the listening RPC socket 127.0.78.131:39685 every 8 connection(s)
I20260601 13:38:14.093557  4571 heartbeater.cc:344] Connected to a master server at 127.0.78.190:33185
I20260601 13:38:14.093680  4571 heartbeater.cc:461] Registering TS with master...
I20260601 13:38:14.093952  4571 heartbeater.cc:507] Master 127.0.78.190:33185 requested a full tablet report, sending...
I20260601 13:38:14.094717  4291 ts_manager.cc:194] Registered new tserver with Master: c4900b2ae4f14ad5b093006690b5ca61 (127.0.78.131:39685)
I20260601 13:38:14.095286  4291 master_service.cc:502] Signed X509 certificate for tserver {username='slave'} at 127.0.0.1:34790
I20260601 13:38:14.095818   314 internal_mini_cluster.cc:371] 3 TS(s) registered with all masters after 0.007030812s
I20260601 13:38:15.035682  4420 heartbeater.cc:499] Master 127.0.78.190:33185 was elected leader, sending a full tablet report...
I20260601 13:38:15.069072  4496 heartbeater.cc:499] Master 127.0.78.190:33185 was elected leader, sending a full tablet report...
I20260601 13:38:15.096668  4571 heartbeater.cc:499] Master 127.0.78.190:33185 was elected leader, sending a full tablet report...
I20260601 13:38:15.143326  4291 catalog_manager.cc:2282] Servicing CreateTable request from {username='slave'} at 127.0.0.1:34800:
name: "test-workload"
schema {
  columns {
    name: "key"
    type: INT32
    is_key: true
    is_nullable: false
    encoding: AUTO_ENCODING
    compression: DEFAULT_COMPRESSION
    cfile_block_size: 0
    immutable: false
  }
  columns {
    name: "int_val"
    type: INT32
    is_key: false
    is_nullable: false
    encoding: AUTO_ENCODING
    compression: DEFAULT_COMPRESSION
    cfile_block_size: 0
    immutable: false
  }
  columns {
    name: "string_val"
    type: STRING
    is_key: false
    is_nullable: true
    encoding: AUTO_ENCODING
    compression: DEFAULT_COMPRESSION
    cfile_block_size: 0
    immutable: false
  }
}
num_replicas: 3
split_rows_range_bounds {
}
partition_schema {
  range_schema {
    columns {
      name: "key"
    }
  }
}
W20260601 13:38:15.143877  4291 catalog_manager.cc:7076] The number of live tablet servers is not enough to re-replicate a tablet replica of the newly created table test-workload in case of a server failure: 4 tablet servers would be needed, 3 are available. Consider bringing up more tablet servers.
I20260601 13:38:15.154610  4384 tablet_service.cc:1511] Processing CreateTablet for tablet efb390d84f9541e589ab128eb9bb33e5 (DEFAULT_TABLE table=test-workload [id=be1eb42376a84db5a0e566d9c45d1515]), partition=RANGE (key) PARTITION UNBOUNDED
I20260601 13:38:15.154853  4460 tablet_service.cc:1511] Processing CreateTablet for tablet efb390d84f9541e589ab128eb9bb33e5 (DEFAULT_TABLE table=test-workload [id=be1eb42376a84db5a0e566d9c45d1515]), partition=RANGE (key) PARTITION UNBOUNDED
I20260601 13:38:15.154922  4534 tablet_service.cc:1511] Processing CreateTablet for tablet efb390d84f9541e589ab128eb9bb33e5 (DEFAULT_TABLE table=test-workload [id=be1eb42376a84db5a0e566d9c45d1515]), partition=RANGE (key) PARTITION UNBOUNDED
I20260601 13:38:15.154956  4384 data_dirs.cc:400] Could only allocate 1 dirs of requested 3 for tablet efb390d84f9541e589ab128eb9bb33e5. 1 dirs total, 0 dirs full, 0 dirs failed
I20260601 13:38:15.155129  4460 data_dirs.cc:400] Could only allocate 1 dirs of requested 3 for tablet efb390d84f9541e589ab128eb9bb33e5. 1 dirs total, 0 dirs full, 0 dirs failed
I20260601 13:38:15.155129  4534 data_dirs.cc:400] Could only allocate 1 dirs of requested 3 for tablet efb390d84f9541e589ab128eb9bb33e5. 1 dirs total, 0 dirs full, 0 dirs failed
I20260601 13:38:15.157342  4592 tablet_bootstrap.cc:492] T efb390d84f9541e589ab128eb9bb33e5 P 0ceafb1039b946c684f94d1a1354ee75: Bootstrap starting.
I20260601 13:38:15.157681  4593 tablet_bootstrap.cc:492] T efb390d84f9541e589ab128eb9bb33e5 P c4900b2ae4f14ad5b093006690b5ca61: Bootstrap starting.
I20260601 13:38:15.158226  4594 tablet_bootstrap.cc:492] T efb390d84f9541e589ab128eb9bb33e5 P aa8c5ce040e44de1ab52e2e393ca55cb: Bootstrap starting.
I20260601 13:38:15.158655  4592 tablet_bootstrap.cc:654] T efb390d84f9541e589ab128eb9bb33e5 P 0ceafb1039b946c684f94d1a1354ee75: Neither blocks nor log segments found. Creating new log.
I20260601 13:38:15.158655  4593 tablet_bootstrap.cc:654] T efb390d84f9541e589ab128eb9bb33e5 P c4900b2ae4f14ad5b093006690b5ca61: Neither blocks nor log segments found. Creating new log.
I20260601 13:38:15.159930  4594 tablet_bootstrap.cc:654] T efb390d84f9541e589ab128eb9bb33e5 P aa8c5ce040e44de1ab52e2e393ca55cb: Neither blocks nor log segments found. Creating new log.
I20260601 13:38:15.159982  4592 tablet_bootstrap.cc:492] T efb390d84f9541e589ab128eb9bb33e5 P 0ceafb1039b946c684f94d1a1354ee75: No bootstrap required, opened a new log
I20260601 13:38:15.160048  4593 tablet_bootstrap.cc:492] T efb390d84f9541e589ab128eb9bb33e5 P c4900b2ae4f14ad5b093006690b5ca61: No bootstrap required, opened a new log
I20260601 13:38:15.160118  4592 ts_tablet_manager.cc:1403] T efb390d84f9541e589ab128eb9bb33e5 P 0ceafb1039b946c684f94d1a1354ee75: Time spent bootstrapping tablet: real 0.003s	user 0.002s	sys 0.000s
I20260601 13:38:15.160117  4593 ts_tablet_manager.cc:1403] T efb390d84f9541e589ab128eb9bb33e5 P c4900b2ae4f14ad5b093006690b5ca61: Time spent bootstrapping tablet: real 0.002s	user 0.002s	sys 0.000s
I20260601 13:38:15.160676  4593 raft_consensus.cc:359] T efb390d84f9541e589ab128eb9bb33e5 P c4900b2ae4f14ad5b093006690b5ca61 [term 0 FOLLOWER]: Replica starting. Triggering 0 pending ops. Active config: opid_index: -1 OBSOLETE_local: false peers { permanent_uuid: "c4900b2ae4f14ad5b093006690b5ca61" member_type: VOTER last_known_addr { host: "127.0.78.131" port: 39685 } } peers { permanent_uuid: "0ceafb1039b946c684f94d1a1354ee75" member_type: VOTER last_known_addr { host: "127.0.78.130" port: 37365 } } peers { permanent_uuid: "aa8c5ce040e44de1ab52e2e393ca55cb" member_type: VOTER last_known_addr { host: "127.0.78.129" port: 43629 } }
I20260601 13:38:15.160676  4592 raft_consensus.cc:359] T efb390d84f9541e589ab128eb9bb33e5 P 0ceafb1039b946c684f94d1a1354ee75 [term 0 FOLLOWER]: Replica starting. Triggering 0 pending ops. Active config: opid_index: -1 OBSOLETE_local: false peers { permanent_uuid: "c4900b2ae4f14ad5b093006690b5ca61" member_type: VOTER last_known_addr { host: "127.0.78.131" port: 39685 } } peers { permanent_uuid: "0ceafb1039b946c684f94d1a1354ee75" member_type: VOTER last_known_addr { host: "127.0.78.130" port: 37365 } } peers { permanent_uuid: "aa8c5ce040e44de1ab52e2e393ca55cb" member_type: VOTER last_known_addr { host: "127.0.78.129" port: 43629 } }
I20260601 13:38:15.161217  4593 raft_consensus.cc:385] T efb390d84f9541e589ab128eb9bb33e5 P c4900b2ae4f14ad5b093006690b5ca61 [term 0 FOLLOWER]: Consensus starting up: Expiring failure detector timer to make a prompt election more likely
I20260601 13:38:15.161222  4592 raft_consensus.cc:385] T efb390d84f9541e589ab128eb9bb33e5 P 0ceafb1039b946c684f94d1a1354ee75 [term 0 FOLLOWER]: Consensus starting up: Expiring failure detector timer to make a prompt election more likely
I20260601 13:38:15.161280  4593 raft_consensus.cc:740] T efb390d84f9541e589ab128eb9bb33e5 P c4900b2ae4f14ad5b093006690b5ca61 [term 0 FOLLOWER]: Becoming Follower/Learner. State: Replica: c4900b2ae4f14ad5b093006690b5ca61, State: Initialized, Role: FOLLOWER
I20260601 13:38:15.161293  4592 raft_consensus.cc:740] T efb390d84f9541e589ab128eb9bb33e5 P 0ceafb1039b946c684f94d1a1354ee75 [term 0 FOLLOWER]: Becoming Follower/Learner. State: Replica: 0ceafb1039b946c684f94d1a1354ee75, State: Initialized, Role: FOLLOWER
I20260601 13:38:15.161482  4593 consensus_queue.cc:260] T efb390d84f9541e589ab128eb9bb33e5 P c4900b2ae4f14ad5b093006690b5ca61 [NON_LEADER]: Queue going to NON_LEADER mode. State: All replicated index: 0, Majority replicated index: 0, Committed index: 0, Last appended: 0.0, Last appended by leader: 0, Current term: 0, Majority size: -1, State: 0, Mode: NON_LEADER, active raft config: opid_index: -1 OBSOLETE_local: false peers { permanent_uuid: "c4900b2ae4f14ad5b093006690b5ca61" member_type: VOTER last_known_addr { host: "127.0.78.131" port: 39685 } } peers { permanent_uuid: "0ceafb1039b946c684f94d1a1354ee75" member_type: VOTER last_known_addr { host: "127.0.78.130" port: 37365 } } peers { permanent_uuid: "aa8c5ce040e44de1ab52e2e393ca55cb" member_type: VOTER last_known_addr { host: "127.0.78.129" port: 43629 } }
I20260601 13:38:15.161482  4592 consensus_queue.cc:260] T efb390d84f9541e589ab128eb9bb33e5 P 0ceafb1039b946c684f94d1a1354ee75 [NON_LEADER]: Queue going to NON_LEADER mode. State: All replicated index: 0, Majority replicated index: 0, Committed index: 0, Last appended: 0.0, Last appended by leader: 0, Current term: 0, Majority size: -1, State: 0, Mode: NON_LEADER, active raft config: opid_index: -1 OBSOLETE_local: false peers { permanent_uuid: "c4900b2ae4f14ad5b093006690b5ca61" member_type: VOTER last_known_addr { host: "127.0.78.131" port: 39685 } } peers { permanent_uuid: "0ceafb1039b946c684f94d1a1354ee75" member_type: VOTER last_known_addr { host: "127.0.78.130" port: 37365 } } peers { permanent_uuid: "aa8c5ce040e44de1ab52e2e393ca55cb" member_type: VOTER last_known_addr { host: "127.0.78.129" port: 43629 } }
I20260601 13:38:15.161640  4594 tablet_bootstrap.cc:492] T efb390d84f9541e589ab128eb9bb33e5 P aa8c5ce040e44de1ab52e2e393ca55cb: No bootstrap required, opened a new log
I20260601 13:38:15.161742  4594 ts_tablet_manager.cc:1403] T efb390d84f9541e589ab128eb9bb33e5 P aa8c5ce040e44de1ab52e2e393ca55cb: Time spent bootstrapping tablet: real 0.004s	user 0.002s	sys 0.000s
I20260601 13:38:15.161895  4592 ts_tablet_manager.cc:1434] T efb390d84f9541e589ab128eb9bb33e5 P 0ceafb1039b946c684f94d1a1354ee75: Time spent starting tablet: real 0.002s	user 0.002s	sys 0.000s
I20260601 13:38:15.161903  4593 ts_tablet_manager.cc:1434] T efb390d84f9541e589ab128eb9bb33e5 P c4900b2ae4f14ad5b093006690b5ca61: Time spent starting tablet: real 0.002s	user 0.001s	sys 0.000s
I20260601 13:38:15.162305  4594 raft_consensus.cc:359] T efb390d84f9541e589ab128eb9bb33e5 P aa8c5ce040e44de1ab52e2e393ca55cb [term 0 FOLLOWER]: Replica starting. Triggering 0 pending ops. Active config: opid_index: -1 OBSOLETE_local: false peers { permanent_uuid: "c4900b2ae4f14ad5b093006690b5ca61" member_type: VOTER last_known_addr { host: "127.0.78.131" port: 39685 } } peers { permanent_uuid: "0ceafb1039b946c684f94d1a1354ee75" member_type: VOTER last_known_addr { host: "127.0.78.130" port: 37365 } } peers { permanent_uuid: "aa8c5ce040e44de1ab52e2e393ca55cb" member_type: VOTER last_known_addr { host: "127.0.78.129" port: 43629 } }
I20260601 13:38:15.162441  4594 raft_consensus.cc:385] T efb390d84f9541e589ab128eb9bb33e5 P aa8c5ce040e44de1ab52e2e393ca55cb [term 0 FOLLOWER]: Consensus starting up: Expiring failure detector timer to make a prompt election more likely
I20260601 13:38:15.162493  4594 raft_consensus.cc:740] T efb390d84f9541e589ab128eb9bb33e5 P aa8c5ce040e44de1ab52e2e393ca55cb [term 0 FOLLOWER]: Becoming Follower/Learner. State: Replica: aa8c5ce040e44de1ab52e2e393ca55cb, State: Initialized, Role: FOLLOWER
I20260601 13:38:15.162654  4594 consensus_queue.cc:260] T efb390d84f9541e589ab128eb9bb33e5 P aa8c5ce040e44de1ab52e2e393ca55cb [NON_LEADER]: Queue going to NON_LEADER mode. State: All replicated index: 0, Majority replicated index: 0, Committed index: 0, Last appended: 0.0, Last appended by leader: 0, Current term: 0, Majority size: -1, State: 0, Mode: NON_LEADER, active raft config: opid_index: -1 OBSOLETE_local: false peers { permanent_uuid: "c4900b2ae4f14ad5b093006690b5ca61" member_type: VOTER last_known_addr { host: "127.0.78.131" port: 39685 } } peers { permanent_uuid: "0ceafb1039b946c684f94d1a1354ee75" member_type: VOTER last_known_addr { host: "127.0.78.130" port: 37365 } } peers { permanent_uuid: "aa8c5ce040e44de1ab52e2e393ca55cb" member_type: VOTER last_known_addr { host: "127.0.78.129" port: 43629 } }
I20260601 13:38:15.163951  4594 ts_tablet_manager.cc:1434] T efb390d84f9541e589ab128eb9bb33e5 P aa8c5ce040e44de1ab52e2e393ca55cb: Time spent starting tablet: real 0.002s	user 0.002s	sys 0.000s
I20260601 13:38:15.167707  4598 raft_consensus.cc:493] T efb390d84f9541e589ab128eb9bb33e5 P c4900b2ae4f14ad5b093006690b5ca61 [term 0 FOLLOWER]: Starting pre-election (no leader contacted us within the election timeout)
I20260601 13:38:15.167826  4598 raft_consensus.cc:515] T efb390d84f9541e589ab128eb9bb33e5 P c4900b2ae4f14ad5b093006690b5ca61 [term 0 FOLLOWER]: Starting pre-election with config: opid_index: -1 OBSOLETE_local: false peers { permanent_uuid: "c4900b2ae4f14ad5b093006690b5ca61" member_type: VOTER last_known_addr { host: "127.0.78.131" port: 39685 } } peers { permanent_uuid: "0ceafb1039b946c684f94d1a1354ee75" member_type: VOTER last_known_addr { host: "127.0.78.130" port: 37365 } } peers { permanent_uuid: "aa8c5ce040e44de1ab52e2e393ca55cb" member_type: VOTER last_known_addr { host: "127.0.78.129" port: 43629 } }
I20260601 13:38:15.168444  4598 leader_election.cc:290] T efb390d84f9541e589ab128eb9bb33e5 P c4900b2ae4f14ad5b093006690b5ca61 [CANDIDATE]: Term 1 pre-election: Requested pre-vote from peers 0ceafb1039b946c684f94d1a1354ee75 (127.0.78.130:37365), aa8c5ce040e44de1ab52e2e393ca55cb (127.0.78.129:43629)
I20260601 13:38:15.172333  4470 tablet_service.cc:1917] Received RequestConsensusVote() RPC: tablet_id: "efb390d84f9541e589ab128eb9bb33e5" candidate_uuid: "c4900b2ae4f14ad5b093006690b5ca61" candidate_term: 1 candidate_status { last_received { term: 0 index: 0 } } ignore_live_leader: false dest_uuid: "0ceafb1039b946c684f94d1a1354ee75" is_pre_election: true
I20260601 13:38:15.172335  4394 tablet_service.cc:1917] Received RequestConsensusVote() RPC: tablet_id: "efb390d84f9541e589ab128eb9bb33e5" candidate_uuid: "c4900b2ae4f14ad5b093006690b5ca61" candidate_term: 1 candidate_status { last_received { term: 0 index: 0 } } ignore_live_leader: false dest_uuid: "aa8c5ce040e44de1ab52e2e393ca55cb" is_pre_election: true
I20260601 13:38:15.172559  4394 raft_consensus.cc:2468] T efb390d84f9541e589ab128eb9bb33e5 P aa8c5ce040e44de1ab52e2e393ca55cb [term 0 FOLLOWER]: Leader pre-election vote request: Granting yes vote for candidate c4900b2ae4f14ad5b093006690b5ca61 in term 0.
I20260601 13:38:15.172559  4470 raft_consensus.cc:2468] T efb390d84f9541e589ab128eb9bb33e5 P 0ceafb1039b946c684f94d1a1354ee75 [term 0 FOLLOWER]: Leader pre-election vote request: Granting yes vote for candidate c4900b2ae4f14ad5b093006690b5ca61 in term 0.
I20260601 13:38:15.172916  4510 leader_election.cc:304] T efb390d84f9541e589ab128eb9bb33e5 P c4900b2ae4f14ad5b093006690b5ca61 [CANDIDATE]: Term 1 pre-election: Election decided. Result: candidate won. Election summary: received 2 responses out of 3 voters: 2 yes votes; 0 no votes. yes voters: aa8c5ce040e44de1ab52e2e393ca55cb, c4900b2ae4f14ad5b093006690b5ca61; no voters: 
I20260601 13:38:15.173101  4598 raft_consensus.cc:2804] T efb390d84f9541e589ab128eb9bb33e5 P c4900b2ae4f14ad5b093006690b5ca61 [term 0 FOLLOWER]: Leader pre-election won for term 1
I20260601 13:38:15.173182  4598 raft_consensus.cc:493] T efb390d84f9541e589ab128eb9bb33e5 P c4900b2ae4f14ad5b093006690b5ca61 [term 0 FOLLOWER]: Starting leader election (no leader contacted us within the election timeout)
I20260601 13:38:15.173239  4598 raft_consensus.cc:3060] T efb390d84f9541e589ab128eb9bb33e5 P c4900b2ae4f14ad5b093006690b5ca61 [term 0 FOLLOWER]: Advancing to term 1
I20260601 13:38:15.174445  4598 raft_consensus.cc:515] T efb390d84f9541e589ab128eb9bb33e5 P c4900b2ae4f14ad5b093006690b5ca61 [term 1 FOLLOWER]: Starting leader election with config: opid_index: -1 OBSOLETE_local: false peers { permanent_uuid: "c4900b2ae4f14ad5b093006690b5ca61" member_type: VOTER last_known_addr { host: "127.0.78.131" port: 39685 } } peers { permanent_uuid: "0ceafb1039b946c684f94d1a1354ee75" member_type: VOTER last_known_addr { host: "127.0.78.130" port: 37365 } } peers { permanent_uuid: "aa8c5ce040e44de1ab52e2e393ca55cb" member_type: VOTER last_known_addr { host: "127.0.78.129" port: 43629 } }
I20260601 13:38:15.174839  4598 leader_election.cc:290] T efb390d84f9541e589ab128eb9bb33e5 P c4900b2ae4f14ad5b093006690b5ca61 [CANDIDATE]: Term 1 election: Requested vote from peers 0ceafb1039b946c684f94d1a1354ee75 (127.0.78.130:37365), aa8c5ce040e44de1ab52e2e393ca55cb (127.0.78.129:43629)
I20260601 13:38:15.175428  4394 tablet_service.cc:1917] Received RequestConsensusVote() RPC: tablet_id: "efb390d84f9541e589ab128eb9bb33e5" candidate_uuid: "c4900b2ae4f14ad5b093006690b5ca61" candidate_term: 1 candidate_status { last_received { term: 0 index: 0 } } ignore_live_leader: false dest_uuid: "aa8c5ce040e44de1ab52e2e393ca55cb"
I20260601 13:38:15.175446  4470 tablet_service.cc:1917] Received RequestConsensusVote() RPC: tablet_id: "efb390d84f9541e589ab128eb9bb33e5" candidate_uuid: "c4900b2ae4f14ad5b093006690b5ca61" candidate_term: 1 candidate_status { last_received { term: 0 index: 0 } } ignore_live_leader: false dest_uuid: "0ceafb1039b946c684f94d1a1354ee75"
I20260601 13:38:15.175580  4470 raft_consensus.cc:3060] T efb390d84f9541e589ab128eb9bb33e5 P 0ceafb1039b946c684f94d1a1354ee75 [term 0 FOLLOWER]: Advancing to term 1
I20260601 13:38:15.175580  4394 raft_consensus.cc:3060] T efb390d84f9541e589ab128eb9bb33e5 P aa8c5ce040e44de1ab52e2e393ca55cb [term 0 FOLLOWER]: Advancing to term 1
I20260601 13:38:15.176838  4470 raft_consensus.cc:2468] T efb390d84f9541e589ab128eb9bb33e5 P 0ceafb1039b946c684f94d1a1354ee75 [term 1 FOLLOWER]: Leader election vote request: Granting yes vote for candidate c4900b2ae4f14ad5b093006690b5ca61 in term 1.
I20260601 13:38:15.176838  4394 raft_consensus.cc:2468] T efb390d84f9541e589ab128eb9bb33e5 P aa8c5ce040e44de1ab52e2e393ca55cb [term 1 FOLLOWER]: Leader election vote request: Granting yes vote for candidate c4900b2ae4f14ad5b093006690b5ca61 in term 1.
I20260601 13:38:15.177290  4510 leader_election.cc:304] T efb390d84f9541e589ab128eb9bb33e5 P c4900b2ae4f14ad5b093006690b5ca61 [CANDIDATE]: Term 1 election: Election decided. Result: candidate won. Election summary: received 2 responses out of 3 voters: 2 yes votes; 0 no votes. yes voters: aa8c5ce040e44de1ab52e2e393ca55cb, c4900b2ae4f14ad5b093006690b5ca61; no voters: 
I20260601 13:38:15.177600  4598 raft_consensus.cc:2804] T efb390d84f9541e589ab128eb9bb33e5 P c4900b2ae4f14ad5b093006690b5ca61 [term 1 FOLLOWER]: Leader election won for term 1
I20260601 13:38:15.177834  4598 raft_consensus.cc:697] T efb390d84f9541e589ab128eb9bb33e5 P c4900b2ae4f14ad5b093006690b5ca61 [term 1 LEADER]: Becoming Leader. State: Replica: c4900b2ae4f14ad5b093006690b5ca61, State: Running, Role: LEADER
I20260601 13:38:15.178043  4598 consensus_queue.cc:237] T efb390d84f9541e589ab128eb9bb33e5 P c4900b2ae4f14ad5b093006690b5ca61 [LEADER]: Queue going to LEADER mode. State: All replicated index: 0, Majority replicated index: 0, Committed index: 0, Last appended: 0.0, Last appended by leader: 0, Current term: 1, Majority size: 2, State: 0, Mode: LEADER, active raft config: opid_index: -1 OBSOLETE_local: false peers { permanent_uuid: "c4900b2ae4f14ad5b093006690b5ca61" member_type: VOTER last_known_addr { host: "127.0.78.131" port: 39685 } } peers { permanent_uuid: "0ceafb1039b946c684f94d1a1354ee75" member_type: VOTER last_known_addr { host: "127.0.78.130" port: 37365 } } peers { permanent_uuid: "aa8c5ce040e44de1ab52e2e393ca55cb" member_type: VOTER last_known_addr { host: "127.0.78.129" port: 43629 } }
I20260601 13:38:15.179669  4289 catalog_manager.cc:5696] T efb390d84f9541e589ab128eb9bb33e5 P c4900b2ae4f14ad5b093006690b5ca61 reported cstate change: term changed from 0 to 1, leader changed from <none> to c4900b2ae4f14ad5b093006690b5ca61 (127.0.78.131). New cstate: current_term: 1 leader_uuid: "c4900b2ae4f14ad5b093006690b5ca61" committed_config { opid_index: -1 OBSOLETE_local: false peers { permanent_uuid: "c4900b2ae4f14ad5b093006690b5ca61" member_type: VOTER last_known_addr { host: "127.0.78.131" port: 39685 } health_report { overall_health: HEALTHY } } peers { permanent_uuid: "0ceafb1039b946c684f94d1a1354ee75" member_type: VOTER last_known_addr { host: "127.0.78.130" port: 37365 } health_report { overall_health: UNKNOWN } } peers { permanent_uuid: "aa8c5ce040e44de1ab52e2e393ca55cb" member_type: VOTER last_known_addr { host: "127.0.78.129" port: 43629 } health_report { overall_health: UNKNOWN } } }
I20260601 13:38:15.574455  4598 consensus_queue.cc:1048] T efb390d84f9541e589ab128eb9bb33e5 P c4900b2ae4f14ad5b093006690b5ca61 [LEADER]: Connected to new peer: Peer: permanent_uuid: "aa8c5ce040e44de1ab52e2e393ca55cb" member_type: VOTER last_known_addr { host: "127.0.78.129" port: 43629 }, Status: LMP_MISMATCH, Last received: 0.0, Next index: 1, Last known committed idx: 0, Time since last communication: 0.000s
I20260601 13:38:15.577862  4607 consensus_queue.cc:1048] T efb390d84f9541e589ab128eb9bb33e5 P c4900b2ae4f14ad5b093006690b5ca61 [LEADER]: Connected to new peer: Peer: permanent_uuid: "0ceafb1039b946c684f94d1a1354ee75" member_type: VOTER last_known_addr { host: "127.0.78.130" port: 37365 }, Status: LMP_MISMATCH, Last received: 0.0, Next index: 1, Last known committed idx: 0, Time since last communication: 0.000s
I20260601 13:38:15.926193  4345 auto_leader_rebalancer.cc:140] leader rebalance for table test-workload
I20260601 13:38:15.926473  4345 auto_leader_rebalancer.cc:388] table: test-workload, leader rebalance finish, leader transfer count: 0
I20260601 13:38:15.926543  4345 auto_leader_rebalancer.cc:451] All tables' leader rebalancing finished this round
I20260601 13:38:15.926677  4340 placement_policy_util.cc:407] tablet efb390d84f9541e589ab128eb9bb33e5: detected majority of replicas (2 of 3) at location L0
I20260601 13:38:16.928596  4340 placement_policy_util.cc:407] tablet efb390d84f9541e589ab128eb9bb33e5: detected majority of replicas (2 of 3) at location L0
I20260601 13:38:17.926903  4345 auto_leader_rebalancer.cc:140] leader rebalance for table test-workload
I20260601 13:38:17.927215  4345 auto_leader_rebalancer.cc:388] table: test-workload, leader rebalance finish, leader transfer count: 0
I20260601 13:38:17.927266  4345 auto_leader_rebalancer.cc:451] All tables' leader rebalancing finished this round
I20260601 13:38:17.930572  4340 placement_policy_util.cc:407] tablet efb390d84f9541e589ab128eb9bb33e5: detected majority of replicas (2 of 3) at location L0
I20260601 13:38:18.932245  4340 placement_policy_util.cc:407] tablet efb390d84f9541e589ab128eb9bb33e5: detected majority of replicas (2 of 3) at location L0
I20260601 13:38:19.927620  4345 auto_leader_rebalancer.cc:140] leader rebalance for table test-workload
I20260601 13:38:19.927969  4345 auto_leader_rebalancer.cc:388] table: test-workload, leader rebalance finish, leader transfer count: 0
I20260601 13:38:19.928040  4345 auto_leader_rebalancer.cc:451] All tables' leader rebalancing finished this round
I20260601 13:38:19.933797  4340 placement_policy_util.cc:407] tablet efb390d84f9541e589ab128eb9bb33e5: detected majority of replicas (2 of 3) at location L0
I20260601 13:38:20.935585  4340 placement_policy_util.cc:407] tablet efb390d84f9541e589ab128eb9bb33e5: detected majority of replicas (2 of 3) at location L0
I20260601 13:38:21.928386  4345 auto_leader_rebalancer.cc:140] leader rebalance for table test-workload
I20260601 13:38:21.928861  4345 auto_leader_rebalancer.cc:388] table: test-workload, leader rebalance finish, leader transfer count: 0
I20260601 13:38:21.928947  4345 auto_leader_rebalancer.cc:451] All tables' leader rebalancing finished this round
I20260601 13:38:21.937099  4340 placement_policy_util.cc:407] tablet efb390d84f9541e589ab128eb9bb33e5: detected majority of replicas (2 of 3) at location L0
I20260601 13:38:22.938997  4340 placement_policy_util.cc:407] tablet efb390d84f9541e589ab128eb9bb33e5: detected majority of replicas (2 of 3) at location L0
I20260601 13:38:23.929338  4345 auto_leader_rebalancer.cc:140] leader rebalance for table test-workload
I20260601 13:38:23.929986  4345 auto_leader_rebalancer.cc:388] table: test-workload, leader rebalance finish, leader transfer count: 0
I20260601 13:38:23.930184  4345 auto_leader_rebalancer.cc:451] All tables' leader rebalancing finished this round
I20260601 13:38:23.941243  4340 placement_policy_util.cc:407] tablet efb390d84f9541e589ab128eb9bb33e5: detected majority of replicas (2 of 3) at location L0
I20260601 13:38:24.943409  4340 placement_policy_util.cc:407] tablet efb390d84f9541e589ab128eb9bb33e5: detected majority of replicas (2 of 3) at location L0
I20260601 13:38:25.930513  4345 auto_leader_rebalancer.cc:140] leader rebalance for table test-workload
I20260601 13:38:25.930814  4345 auto_leader_rebalancer.cc:388] table: test-workload, leader rebalance finish, leader transfer count: 0
I20260601 13:38:25.930866  4345 auto_leader_rebalancer.cc:451] All tables' leader rebalancing finished this round
I20260601 13:38:25.945174  4340 placement_policy_util.cc:407] tablet efb390d84f9541e589ab128eb9bb33e5: detected majority of replicas (2 of 3) at location L0
I20260601 13:38:26.242887   314 tablet_server.cc:179] TabletServer@127.0.78.129:0 shutting down...
I20260601 13:38:26.247128   314 ts_tablet_manager.cc:1507] Shutting down tablet manager...
I20260601 13:38:26.247399   314 tablet_replica.cc:333] T efb390d84f9541e589ab128eb9bb33e5 P aa8c5ce040e44de1ab52e2e393ca55cb: stopping tablet replica
I20260601 13:38:26.247570   314 raft_consensus.cc:2243] T efb390d84f9541e589ab128eb9bb33e5 P aa8c5ce040e44de1ab52e2e393ca55cb [term 1 FOLLOWER]: Raft consensus shutting down.
I20260601 13:38:26.247721   314 raft_consensus.cc:2272] T efb390d84f9541e589ab128eb9bb33e5 P aa8c5ce040e44de1ab52e2e393ca55cb [term 1 FOLLOWER]: Raft consensus is shut down!
I20260601 13:38:26.261025   314 tablet_server.cc:196] TabletServer@127.0.78.129:0 shutdown complete.
I20260601 13:38:26.263403   314 tablet_server.cc:179] TabletServer@127.0.78.130:0 shutting down...
I20260601 13:38:26.268102   314 ts_tablet_manager.cc:1507] Shutting down tablet manager...
I20260601 13:38:26.268393   314 tablet_replica.cc:333] T efb390d84f9541e589ab128eb9bb33e5 P 0ceafb1039b946c684f94d1a1354ee75: stopping tablet replica
I20260601 13:38:26.268558   314 raft_consensus.cc:2243] T efb390d84f9541e589ab128eb9bb33e5 P 0ceafb1039b946c684f94d1a1354ee75 [term 1 FOLLOWER]: Raft consensus shutting down.
I20260601 13:38:26.268712   314 raft_consensus.cc:2272] T efb390d84f9541e589ab128eb9bb33e5 P 0ceafb1039b946c684f94d1a1354ee75 [term 1 FOLLOWER]: Raft consensus is shut down!
I20260601 13:38:26.282491   314 tablet_server.cc:196] TabletServer@127.0.78.130:0 shutdown complete.
I20260601 13:38:26.284795   314 tablet_server.cc:179] TabletServer@127.0.78.131:0 shutting down...
I20260601 13:38:26.289368   314 ts_tablet_manager.cc:1507] Shutting down tablet manager...
I20260601 13:38:26.289685   314 tablet_replica.cc:333] T efb390d84f9541e589ab128eb9bb33e5 P c4900b2ae4f14ad5b093006690b5ca61: stopping tablet replica
I20260601 13:38:26.290167   314 raft_consensus.cc:2243] T efb390d84f9541e589ab128eb9bb33e5 P c4900b2ae4f14ad5b093006690b5ca61 [term 1 LEADER]: Raft consensus shutting down.
I20260601 13:38:26.290480   314 raft_consensus.cc:2272] T efb390d84f9541e589ab128eb9bb33e5 P c4900b2ae4f14ad5b093006690b5ca61 [term 1 FOLLOWER]: Raft consensus is shut down!
I20260601 13:38:26.303758   314 tablet_server.cc:196] TabletServer@127.0.78.131:0 shutdown complete.
I20260601 13:38:26.306576   314 master.cc:562] Master@127.0.78.190:33185 shutting down...
I20260601 13:38:26.310557   314 raft_consensus.cc:2243] T 00000000000000000000000000000000 P 0c475e1a1a0e487aaa2ca307db79cbf9 [term 1 LEADER]: Raft consensus shutting down.
I20260601 13:38:26.310720   314 raft_consensus.cc:2272] T 00000000000000000000000000000000 P 0c475e1a1a0e487aaa2ca307db79cbf9 [term 1 FOLLOWER]: Raft consensus is shut down!
I20260601 13:38:26.310771   314 tablet_replica.cc:333] T 00000000000000000000000000000000 P 0c475e1a1a0e487aaa2ca307db79cbf9: stopping tablet replica
I20260601 13:38:26.323385   314 master.cc:584] Master@127.0.78.190:33185 shutdown complete.
[       OK ] AutoRebalancerTest.NoReplicaMovesIfCannotFixPlacementPolicy (12455 ms)
[ RUN      ] AutoRebalancerTest.TestMaxMovesPerServer
I20260601 13:38:26.330372   314 internal_mini_cluster.cc:156] Creating distributed mini masters. Addrs: 127.0.78.190:39317
I20260601 13:38:26.330721   314 file_cache.cc:492] Constructed file cache file cache with capacity 419430
W20260601 13:38:26.333068  4617 instance_detector.cc:116] could not retrieve Azure instance metadata: Network error: curl error: HTTP response code said error: The requested URL returned error: 404
I20260601 13:38:26.333113   314 server_base.cc:1061] running on GCE node
W20260601 13:38:26.333078  4619 instance_detector.cc:116] could not retrieve OpenStack instance metadata: Network error: curl error: HTTP response code said error: The requested URL returned error: 404
W20260601 13:38:26.333217  4616 instance_detector.cc:116] could not retrieve AWS instance metadata: Network error: curl error: HTTP response code said error: The requested URL returned error: 404
I20260601 13:38:26.333434   314 hybrid_clock.cc:584] initializing the hybrid clock with 'system_unsync' time source
W20260601 13:38:26.333479   314 system_unsync_time.cc:38] NTP support is disabled. Clock error bounds will not be accurate. This configuration is not suitable for distributed clusters.
I20260601 13:38:26.333495   314 hybrid_clock.cc:648] HybridClock initialized: now 1780321106333495 us; error 0 us; skew 500 ppm
I20260601 13:38:26.334486   314 webserver.cc:533] Webserver started at http://127.0.78.190:35775/ using document root <none> and password file <none>
I20260601 13:38:26.334663   314 fs_manager.cc:362] Metadata directory not provided
I20260601 13:38:26.334719   314 fs_manager.cc:368] Using write-ahead log directory (fs_wal_dir) as metadata directory
I20260601 13:38:26.334795   314 server_base.cc:909] This appears to be a new deployment of Kudu; creating new FS layout
I20260601 13:38:26.335208   314 fs_manager.cc:1068] Generated new instance metadata in path /tmp/dist-test-taskBj_M6y/test-tmp/auto_rebalancer-test.0.AutoRebalancerTest.TestMaxMovesPerServer.1780321003027262-314-0/minicluster-data/master-0-root/instance:
uuid: "8ea618e9641e4db19792c902a34c6d5d"
format_stamp: "Formatted at 2026-06-01 13:38:26 on dist-test-slave-xntx"
I20260601 13:38:26.336726   314 fs_manager.cc:696] Time spent creating directory manager: real 0.001s	user 0.002s	sys 0.000s
I20260601 13:38:26.337772  4624 log_block_manager.cc:4031] Time spent loading block containers with low live blocks: real 0.000s	user 0.000s	sys 0.000s
I20260601 13:38:26.338158   314 fs_manager.cc:730] Time spent opening block manager: real 0.001s	user 0.001s	sys 0.000s
I20260601 13:38:26.338240   314 fs_manager.cc:647] Opened local filesystem: /tmp/dist-test-taskBj_M6y/test-tmp/auto_rebalancer-test.0.AutoRebalancerTest.TestMaxMovesPerServer.1780321003027262-314-0/minicluster-data/master-0-root
uuid: "8ea618e9641e4db19792c902a34c6d5d"
format_stamp: "Formatted at 2026-06-01 13:38:26 on dist-test-slave-xntx"
I20260601 13:38:26.338306   314 fs_report.cc:389] FS layout report
--------------------
wal directory: /tmp/dist-test-taskBj_M6y/test-tmp/auto_rebalancer-test.0.AutoRebalancerTest.TestMaxMovesPerServer.1780321003027262-314-0/minicluster-data/master-0-root
metadata directory: /tmp/dist-test-taskBj_M6y/test-tmp/auto_rebalancer-test.0.AutoRebalancerTest.TestMaxMovesPerServer.1780321003027262-314-0/minicluster-data/master-0-root
1 data directories: /tmp/dist-test-taskBj_M6y/test-tmp/auto_rebalancer-test.0.AutoRebalancerTest.TestMaxMovesPerServer.1780321003027262-314-0/minicluster-data/master-0-root/data
Total live blocks: 0
Total live bytes: 0
Total live bytes (after alignment): 0
Total number of LBM containers: 0 (0 full)
Did not check for missing blocks
Did not check for orphaned blocks
Total full LBM containers with extra space: 0 (0 repaired)
Total full LBM container extra space in bytes: 0 (0 repaired)
Total incomplete LBM containers: 0 (0 repaired)
Total LBM partial records: 0 (0 repaired)
Total corrupted LBM metadata records in RocksDB: 0 (0 repaired)
I20260601 13:38:26.350442   314 rpc_server.cc:225] running with OpenSSL 1.1.1  11 Sep 2018
I20260601 13:38:26.350843   314 kserver.cc:163] Server-wide thread pool size limit: 3276
I20260601 13:38:26.355376   314 rpc_server.cc:307] RPC server started. Bound to: 127.0.78.190:39317
I20260601 13:38:26.357825  4676 acceptor_pool.cc:272] collecting diagnostics on the listening RPC socket 127.0.78.190:39317 every 8 connection(s)
I20260601 13:38:26.358419  4677 data_dirs.cc:400] Could only allocate 1 dirs of requested 3 for tablet 00000000000000000000000000000000. 1 dirs total, 0 dirs full, 0 dirs failed
I20260601 13:38:26.360234  4677 tablet_bootstrap.cc:492] T 00000000000000000000000000000000 P 8ea618e9641e4db19792c902a34c6d5d: Bootstrap starting.
I20260601 13:38:26.361052  4677 tablet_bootstrap.cc:654] T 00000000000000000000000000000000 P 8ea618e9641e4db19792c902a34c6d5d: Neither blocks nor log segments found. Creating new log.
I20260601 13:38:26.362206  4677 tablet_bootstrap.cc:492] T 00000000000000000000000000000000 P 8ea618e9641e4db19792c902a34c6d5d: No bootstrap required, opened a new log
I20260601 13:38:26.362630  4677 raft_consensus.cc:359] T 00000000000000000000000000000000 P 8ea618e9641e4db19792c902a34c6d5d [term 0 FOLLOWER]: Replica starting. Triggering 0 pending ops. Active config: opid_index: -1 OBSOLETE_local: true peers { permanent_uuid: "8ea618e9641e4db19792c902a34c6d5d" member_type: VOTER }
I20260601 13:38:26.362738  4677 raft_consensus.cc:385] T 00000000000000000000000000000000 P 8ea618e9641e4db19792c902a34c6d5d [term 0 FOLLOWER]: Consensus starting up: Expiring failure detector timer to make a prompt election more likely
I20260601 13:38:26.362787  4677 raft_consensus.cc:740] T 00000000000000000000000000000000 P 8ea618e9641e4db19792c902a34c6d5d [term 0 FOLLOWER]: Becoming Follower/Learner. State: Replica: 8ea618e9641e4db19792c902a34c6d5d, State: Initialized, Role: FOLLOWER
I20260601 13:38:26.362938  4677 consensus_queue.cc:260] T 00000000000000000000000000000000 P 8ea618e9641e4db19792c902a34c6d5d [NON_LEADER]: Queue going to NON_LEADER mode. State: All replicated index: 0, Majority replicated index: 0, Committed index: 0, Last appended: 0.0, Last appended by leader: 0, Current term: 0, Majority size: -1, State: 0, Mode: NON_LEADER, active raft config: opid_index: -1 OBSOLETE_local: true peers { permanent_uuid: "8ea618e9641e4db19792c902a34c6d5d" member_type: VOTER }
I20260601 13:38:26.363027  4677 raft_consensus.cc:399] T 00000000000000000000000000000000 P 8ea618e9641e4db19792c902a34c6d5d [term 0 FOLLOWER]: Only one voter in the Raft config. Triggering election immediately
I20260601 13:38:26.363080  4677 raft_consensus.cc:493] T 00000000000000000000000000000000 P 8ea618e9641e4db19792c902a34c6d5d [term 0 FOLLOWER]: Starting leader election (initial election of a single-replica configuration)
I20260601 13:38:26.363135  4677 raft_consensus.cc:3060] T 00000000000000000000000000000000 P 8ea618e9641e4db19792c902a34c6d5d [term 0 FOLLOWER]: Advancing to term 1
I20260601 13:38:26.363828  4677 raft_consensus.cc:515] T 00000000000000000000000000000000 P 8ea618e9641e4db19792c902a34c6d5d [term 1 FOLLOWER]: Starting leader election with config: opid_index: -1 OBSOLETE_local: true peers { permanent_uuid: "8ea618e9641e4db19792c902a34c6d5d" member_type: VOTER }
I20260601 13:38:26.363982  4677 leader_election.cc:304] T 00000000000000000000000000000000 P 8ea618e9641e4db19792c902a34c6d5d [CANDIDATE]: Term 1 election: Election decided. Result: candidate won. Election summary: received 1 responses out of 1 voters: 1 yes votes; 0 no votes. yes voters: 8ea618e9641e4db19792c902a34c6d5d; no voters: 
I20260601 13:38:26.364202  4677 leader_election.cc:290] T 00000000000000000000000000000000 P 8ea618e9641e4db19792c902a34c6d5d [CANDIDATE]: Term 1 election: Requested vote from peers 
I20260601 13:38:26.364390  4680 raft_consensus.cc:2804] T 00000000000000000000000000000000 P 8ea618e9641e4db19792c902a34c6d5d [term 1 FOLLOWER]: Leader election won for term 1
I20260601 13:38:26.364619  4680 raft_consensus.cc:697] T 00000000000000000000000000000000 P 8ea618e9641e4db19792c902a34c6d5d [term 1 LEADER]: Becoming Leader. State: Replica: 8ea618e9641e4db19792c902a34c6d5d, State: Running, Role: LEADER
I20260601 13:38:26.364674  4677 sys_catalog.cc:565] T 00000000000000000000000000000000 P 8ea618e9641e4db19792c902a34c6d5d [sys.catalog]: configured and running, proceeding with master startup.
I20260601 13:38:26.364770  4680 consensus_queue.cc:237] T 00000000000000000000000000000000 P 8ea618e9641e4db19792c902a34c6d5d [LEADER]: Queue going to LEADER mode. State: All replicated index: 0, Majority replicated index: 0, Committed index: 0, Last appended: 0.0, Last appended by leader: 0, Current term: 1, Majority size: 1, State: 0, Mode: LEADER, active raft config: opid_index: -1 OBSOLETE_local: true peers { permanent_uuid: "8ea618e9641e4db19792c902a34c6d5d" member_type: VOTER }
I20260601 13:38:26.365276  4681 sys_catalog.cc:455] T 00000000000000000000000000000000 P 8ea618e9641e4db19792c902a34c6d5d [sys.catalog]: SysCatalogTable state changed. Reason: RaftConsensus started. Latest consensus state: current_term: 1 leader_uuid: "8ea618e9641e4db19792c902a34c6d5d" committed_config { opid_index: -1 OBSOLETE_local: true peers { permanent_uuid: "8ea618e9641e4db19792c902a34c6d5d" member_type: VOTER } }
I20260601 13:38:26.365381  4681 sys_catalog.cc:458] T 00000000000000000000000000000000 P 8ea618e9641e4db19792c902a34c6d5d [sys.catalog]: This master's current role is: LEADER
I20260601 13:38:26.365624  4682 sys_catalog.cc:455] T 00000000000000000000000000000000 P 8ea618e9641e4db19792c902a34c6d5d [sys.catalog]: SysCatalogTable state changed. Reason: New leader 8ea618e9641e4db19792c902a34c6d5d. Latest consensus state: current_term: 1 leader_uuid: "8ea618e9641e4db19792c902a34c6d5d" committed_config { opid_index: -1 OBSOLETE_local: true peers { permanent_uuid: "8ea618e9641e4db19792c902a34c6d5d" member_type: VOTER } }
I20260601 13:38:26.365728  4682 sys_catalog.cc:458] T 00000000000000000000000000000000 P 8ea618e9641e4db19792c902a34c6d5d [sys.catalog]: This master's current role is: LEADER
I20260601 13:38:26.366149  4686 catalog_manager.cc:1510] Loading table and tablet metadata into memory...
I20260601 13:38:26.366954  4686 catalog_manager.cc:1519] Initializing Kudu cluster ID...
I20260601 13:38:26.367184   314 internal_mini_cluster.cc:184] Waiting to initialize catalog manager on master 0
I20260601 13:38:26.368860  4686 catalog_manager.cc:1382] Generated new cluster ID: 13231053727f4f5084f09045f51f1adf
I20260601 13:38:26.368917  4686 catalog_manager.cc:1530] Initializing Kudu internal certificate authority...
I20260601 13:38:26.383755  4686 catalog_manager.cc:1405] Generated new certificate authority record
I20260601 13:38:26.384487  4686 catalog_manager.cc:1539] Loading token signing keys...
I20260601 13:38:26.412693  4686 catalog_manager.cc:6069] T 00000000000000000000000000000000 P 8ea618e9641e4db19792c902a34c6d5d: Generated new TSK 0
I20260601 13:38:26.413077  4686 catalog_manager.cc:1549] Initializing in-progress tserver states...
I20260601 13:38:26.432379   314 file_cache.cc:492] Constructed file cache file cache with capacity 419430
W20260601 13:38:26.434587  4698 instance_detector.cc:116] could not retrieve AWS instance metadata: Network error: curl error: HTTP response code said error: The requested URL returned error: 404
W20260601 13:38:26.434697  4699 instance_detector.cc:116] could not retrieve Azure instance metadata: Network error: curl error: HTTP response code said error: The requested URL returned error: 404
I20260601 13:38:26.434785   314 server_base.cc:1061] running on GCE node
W20260601 13:38:26.434697  4701 instance_detector.cc:116] could not retrieve OpenStack instance metadata: Network error: curl error: HTTP response code said error: The requested URL returned error: 404
I20260601 13:38:26.435014   314 hybrid_clock.cc:584] initializing the hybrid clock with 'system_unsync' time source
W20260601 13:38:26.435053   314 system_unsync_time.cc:38] NTP support is disabled. Clock error bounds will not be accurate. This configuration is not suitable for distributed clusters.
I20260601 13:38:26.435120   314 hybrid_clock.cc:648] HybridClock initialized: now 1780321106435119 us; error 0 us; skew 500 ppm
I20260601 13:38:26.435974   314 webserver.cc:533] Webserver started at http://127.0.78.129:33499/ using document root <none> and password file <none>
I20260601 13:38:26.436185   314 fs_manager.cc:362] Metadata directory not provided
I20260601 13:38:26.436237   314 fs_manager.cc:368] Using write-ahead log directory (fs_wal_dir) as metadata directory
I20260601 13:38:26.436323   314 server_base.cc:909] This appears to be a new deployment of Kudu; creating new FS layout
I20260601 13:38:26.436728   314 fs_manager.cc:1068] Generated new instance metadata in path /tmp/dist-test-taskBj_M6y/test-tmp/auto_rebalancer-test.0.AutoRebalancerTest.TestMaxMovesPerServer.1780321003027262-314-0/minicluster-data/ts-0-root/instance:
uuid: "e7e2802e701545cda3b441ca918c62e8"
format_stamp: "Formatted at 2026-06-01 13:38:26 on dist-test-slave-xntx"
I20260601 13:38:26.438377   314 fs_manager.cc:696] Time spent creating directory manager: real 0.001s	user 0.002s	sys 0.001s
I20260601 13:38:26.439399  4706 log_block_manager.cc:4031] Time spent loading block containers with low live blocks: real 0.000s	user 0.000s	sys 0.000s
I20260601 13:38:26.439664   314 fs_manager.cc:730] Time spent opening block manager: real 0.001s	user 0.000s	sys 0.001s
I20260601 13:38:26.439725   314 fs_manager.cc:647] Opened local filesystem: /tmp/dist-test-taskBj_M6y/test-tmp/auto_rebalancer-test.0.AutoRebalancerTest.TestMaxMovesPerServer.1780321003027262-314-0/minicluster-data/ts-0-root
uuid: "e7e2802e701545cda3b441ca918c62e8"
format_stamp: "Formatted at 2026-06-01 13:38:26 on dist-test-slave-xntx"
I20260601 13:38:26.439823   314 fs_report.cc:389] FS layout report
--------------------
wal directory: /tmp/dist-test-taskBj_M6y/test-tmp/auto_rebalancer-test.0.AutoRebalancerTest.TestMaxMovesPerServer.1780321003027262-314-0/minicluster-data/ts-0-root
metadata directory: /tmp/dist-test-taskBj_M6y/test-tmp/auto_rebalancer-test.0.AutoRebalancerTest.TestMaxMovesPerServer.1780321003027262-314-0/minicluster-data/ts-0-root
1 data directories: /tmp/dist-test-taskBj_M6y/test-tmp/auto_rebalancer-test.0.AutoRebalancerTest.TestMaxMovesPerServer.1780321003027262-314-0/minicluster-data/ts-0-root/data
Total live blocks: 0
Total live bytes: 0
Total live bytes (after alignment): 0
Total number of LBM containers: 0 (0 full)
Did not check for missing blocks
Did not check for orphaned blocks
Total full LBM containers with extra space: 0 (0 repaired)
Total full LBM container extra space in bytes: 0 (0 repaired)
Total incomplete LBM containers: 0 (0 repaired)
Total LBM partial records: 0 (0 repaired)
Total corrupted LBM metadata records in RocksDB: 0 (0 repaired)
I20260601 13:38:26.459095   314 rpc_server.cc:225] running with OpenSSL 1.1.1  11 Sep 2018
I20260601 13:38:26.459664   314 kserver.cc:163] Server-wide thread pool size limit: 3276
I20260601 13:38:26.459997   314 txn_system_client.cc:432] TxnSystemClient initialization is disabled...
I20260601 13:38:26.460501   314 ts_tablet_manager.cc:585] Loaded tablet metadata (0 total tablets, 0 live tablets)
I20260601 13:38:26.460538   314 ts_tablet_manager.cc:531] Time spent load tablet metadata: real 0.000s	user 0.000s	sys 0.000s
I20260601 13:38:26.460611   314 ts_tablet_manager.cc:616] Registered 0 tablets
I20260601 13:38:26.460651   314 ts_tablet_manager.cc:595] Time spent register tablets: real 0.000s	user 0.000s	sys 0.000s
I20260601 13:38:26.465708   314 rpc_server.cc:307] RPC server started. Bound to: 127.0.78.129:36935
I20260601 13:38:26.465755  4769 acceptor_pool.cc:272] collecting diagnostics on the listening RPC socket 127.0.78.129:36935 every 8 connection(s)
I20260601 13:38:26.466790   314 file_cache.cc:492] Constructed file cache file cache with capacity 419430
W20260601 13:38:26.469024  4774 instance_detector.cc:116] could not retrieve AWS instance metadata: Network error: curl error: HTTP response code said error: The requested URL returned error: 404
W20260601 13:38:26.469067  4775 instance_detector.cc:116] could not retrieve Azure instance metadata: Network error: curl error: HTTP response code said error: The requested URL returned error: 404
W20260601 13:38:26.469023  4777 instance_detector.cc:116] could not retrieve OpenStack instance metadata: Network error: curl error: HTTP response code said error: The requested URL returned error: 404
I20260601 13:38:26.469483   314 server_base.cc:1061] running on GCE node
I20260601 13:38:26.469722   314 hybrid_clock.cc:584] initializing the hybrid clock with 'system_unsync' time source
W20260601 13:38:26.469789   314 system_unsync_time.cc:38] NTP support is disabled. Clock error bounds will not be accurate. This configuration is not suitable for distributed clusters.
I20260601 13:38:26.469816   314 hybrid_clock.cc:648] HybridClock initialized: now 1780321106469815 us; error 0 us; skew 500 ppm
I20260601 13:38:26.471115   314 webserver.cc:533] Webserver started at http://127.0.78.130:40395/ using document root <none> and password file <none>
I20260601 13:38:26.471328   314 fs_manager.cc:362] Metadata directory not provided
I20260601 13:38:26.471407   314 fs_manager.cc:368] Using write-ahead log directory (fs_wal_dir) as metadata directory
I20260601 13:38:26.471487   314 server_base.cc:909] This appears to be a new deployment of Kudu; creating new FS layout
I20260601 13:38:26.471958   314 fs_manager.cc:1068] Generated new instance metadata in path /tmp/dist-test-taskBj_M6y/test-tmp/auto_rebalancer-test.0.AutoRebalancerTest.TestMaxMovesPerServer.1780321003027262-314-0/minicluster-data/ts-1-root/instance:
uuid: "06d567ee2f2b416b92f222051c2a32c8"
format_stamp: "Formatted at 2026-06-01 13:38:26 on dist-test-slave-xntx"
I20260601 13:38:26.473495   314 fs_manager.cc:696] Time spent creating directory manager: real 0.001s	user 0.000s	sys 0.002s
I20260601 13:38:26.474587  4782 log_block_manager.cc:4031] Time spent loading block containers with low live blocks: real 0.000s	user 0.000s	sys 0.000s
I20260601 13:38:26.474871   314 fs_manager.cc:730] Time spent opening block manager: real 0.001s	user 0.000s	sys 0.000s
I20260601 13:38:26.474946   314 fs_manager.cc:647] Opened local filesystem: /tmp/dist-test-taskBj_M6y/test-tmp/auto_rebalancer-test.0.AutoRebalancerTest.TestMaxMovesPerServer.1780321003027262-314-0/minicluster-data/ts-1-root
uuid: "06d567ee2f2b416b92f222051c2a32c8"
format_stamp: "Formatted at 2026-06-01 13:38:26 on dist-test-slave-xntx"
I20260601 13:38:26.475037   314 fs_report.cc:389] FS layout report
--------------------
wal directory: /tmp/dist-test-taskBj_M6y/test-tmp/auto_rebalancer-test.0.AutoRebalancerTest.TestMaxMovesPerServer.1780321003027262-314-0/minicluster-data/ts-1-root
metadata directory: /tmp/dist-test-taskBj_M6y/test-tmp/auto_rebalancer-test.0.AutoRebalancerTest.TestMaxMovesPerServer.1780321003027262-314-0/minicluster-data/ts-1-root
1 data directories: /tmp/dist-test-taskBj_M6y/test-tmp/auto_rebalancer-test.0.AutoRebalancerTest.TestMaxMovesPerServer.1780321003027262-314-0/minicluster-data/ts-1-root/data
Total live blocks: 0
Total live bytes: 0
Total live bytes (after alignment): 0
Total number of LBM containers: 0 (0 full)
Did not check for missing blocks
Did not check for orphaned blocks
Total full LBM containers with extra space: 0 (0 repaired)
Total full LBM container extra space in bytes: 0 (0 repaired)
Total incomplete LBM containers: 0 (0 repaired)
Total LBM partial records: 0 (0 repaired)
Total corrupted LBM metadata records in RocksDB: 0 (0 repaired)
I20260601 13:38:26.476193  4770 heartbeater.cc:344] Connected to a master server at 127.0.78.190:39317
I20260601 13:38:26.476312  4770 heartbeater.cc:461] Registering TS with master...
I20260601 13:38:26.476624  4770 heartbeater.cc:507] Master 127.0.78.190:39317 requested a full tablet report, sending...
I20260601 13:38:26.477371  4641 ts_manager.cc:194] Registered new tserver with Master: e7e2802e701545cda3b441ca918c62e8 (127.0.78.129:36935)
I20260601 13:38:26.478219  4641 master_service.cc:502] Signed X509 certificate for tserver {username='slave'} at 127.0.0.1:40876
I20260601 13:38:26.483762   314 rpc_server.cc:225] running with OpenSSL 1.1.1  11 Sep 2018
I20260601 13:38:26.484202   314 kserver.cc:163] Server-wide thread pool size limit: 3276
I20260601 13:38:26.484513   314 txn_system_client.cc:432] TxnSystemClient initialization is disabled...
I20260601 13:38:26.484992   314 ts_tablet_manager.cc:585] Loaded tablet metadata (0 total tablets, 0 live tablets)
I20260601 13:38:26.485055   314 ts_tablet_manager.cc:531] Time spent load tablet metadata: real 0.000s	user 0.000s	sys 0.000s
I20260601 13:38:26.485116   314 ts_tablet_manager.cc:616] Registered 0 tablets
I20260601 13:38:26.485164   314 ts_tablet_manager.cc:595] Time spent register tablets: real 0.000s	user 0.000s	sys 0.000s
I20260601 13:38:26.490202   314 rpc_server.cc:307] RPC server started. Bound to: 127.0.78.130:35247
I20260601 13:38:26.490218  4845 acceptor_pool.cc:272] collecting diagnostics on the listening RPC socket 127.0.78.130:35247 every 8 connection(s)
I20260601 13:38:26.491086   314 file_cache.cc:492] Constructed file cache file cache with capacity 419430
W20260601 13:38:26.493296  4850 instance_detector.cc:116] could not retrieve Azure instance metadata: Network error: curl error: HTTP response code said error: The requested URL returned error: 404
