I20260601 13:38:28.282791  4845 ts_tablet_manager.cc:616] Registered 0 tablets
I20260601 13:38:28.282845  4845 ts_tablet_manager.cc:595] Time spent register tablets: real 0.000s	user 0.000s	sys 0.000s
I20260601 13:38:28.288638  4845 rpc_server.cc:307] RPC server started. Bound to: 127.4.187.69:44911
I20260601 13:38:28.288724  9758 acceptor_pool.cc:272] collecting diagnostics on the listening RPC socket 127.4.187.69:44911 every 8 connection(s)
I20260601 13:38:28.289655  4845 file_cache.cc:492] Constructed file cache file cache with capacity 419430
W20260601 13:38:28.291985  9763 instance_detector.cc:116] could not retrieve Azure instance metadata: Network error: curl error: HTTP response code said error: The requested URL returned error: 404
W20260601 13:38:28.292059  9762 instance_detector.cc:116] could not retrieve AWS instance metadata: Network error: curl error: HTTP response code said error: The requested URL returned error: 404
I20260601 13:38:28.292193  4845 server_base.cc:1061] running on GCE node
W20260601 13:38:28.292358  9765 instance_detector.cc:116] could not retrieve OpenStack instance metadata: Network error: curl error: HTTP response code said error: The requested URL returned error: 404
I20260601 13:38:28.292645  4845 hybrid_clock.cc:584] initializing the hybrid clock with 'system_unsync' time source
W20260601 13:38:28.292693  4845 system_unsync_time.cc:38] NTP support is disabled. Clock error bounds will not be accurate. This configuration is not suitable for distributed clusters.
I20260601 13:38:28.292712  4845 hybrid_clock.cc:648] HybridClock initialized: now 1780321108292712 us; error 0 us; skew 500 ppm
I20260601 13:38:28.293987  4845 webserver.cc:533] Webserver started at http://127.4.187.70:44349/ using document root <none> and password file <none>
I20260601 13:38:28.294229  4845 fs_manager.cc:362] Metadata directory not provided
I20260601 13:38:28.294327  4845 fs_manager.cc:368] Using write-ahead log directory (fs_wal_dir) as metadata directory
I20260601 13:38:28.294404  4845 server_base.cc:909] This appears to be a new deployment of Kudu; creating new FS layout
I20260601 13:38:28.294862  9759 heartbeater.cc:344] Connected to a master server at 127.4.187.126:46881
I20260601 13:38:28.294940  4845 fs_manager.cc:1068] Generated new instance metadata in path /tmp/dist-test-tasklO4jos/test-tmp/auto_rebalancer-test.0.AutoRebalancerTest.TestMaxMovesPerServer.1780321001441101-4845-0/minicluster-data/ts-5-root/instance:
uuid: "a534bb5d7293496babfe23e7730d0a91"
format_stamp: "Formatted at 2026-06-01 13:38:28 on dist-test-slave-2qr8"
I20260601 13:38:28.294987  9759 heartbeater.cc:461] Registering TS with master...
I20260601 13:38:28.295303  9759 heartbeater.cc:507] Master 127.4.187.126:46881 requested a full tablet report, sending...
I20260601 13:38:28.296023  9170 ts_manager.cc:194] Registered new tserver with Master: 1d35a95b7f9a4a808b8fbf197c3c3e54 (127.4.187.69:44911)
I20260601 13:38:28.296617  9170 master_service.cc:502] Signed X509 certificate for tserver {username='slave'} at 127.0.0.1:50230
I20260601 13:38:28.296957  4845 fs_manager.cc:696] Time spent creating directory manager: real 0.002s	user 0.002s	sys 0.001s
I20260601 13:38:28.298094  9770 log_block_manager.cc:4031] Time spent loading block containers with low live blocks: real 0.000s	user 0.000s	sys 0.000s
I20260601 13:38:28.298545  4845 fs_manager.cc:730] Time spent opening block manager: real 0.001s	user 0.001s	sys 0.000s
I20260601 13:38:28.298635  4845 fs_manager.cc:647] Opened local filesystem: /tmp/dist-test-tasklO4jos/test-tmp/auto_rebalancer-test.0.AutoRebalancerTest.TestMaxMovesPerServer.1780321001441101-4845-0/minicluster-data/ts-5-root
uuid: "a534bb5d7293496babfe23e7730d0a91"
format_stamp: "Formatted at 2026-06-01 13:38:28 on dist-test-slave-2qr8"
I20260601 13:38:28.298715  4845 fs_report.cc:389] FS layout report
--------------------
wal directory: /tmp/dist-test-tasklO4jos/test-tmp/auto_rebalancer-test.0.AutoRebalancerTest.TestMaxMovesPerServer.1780321001441101-4845-0/minicluster-data/ts-5-root
metadata directory: /tmp/dist-test-tasklO4jos/test-tmp/auto_rebalancer-test.0.AutoRebalancerTest.TestMaxMovesPerServer.1780321001441101-4845-0/minicluster-data/ts-5-root
1 data directories: /tmp/dist-test-tasklO4jos/test-tmp/auto_rebalancer-test.0.AutoRebalancerTest.TestMaxMovesPerServer.1780321001441101-4845-0/minicluster-data/ts-5-root/data
Total live blocks: 0
Total live bytes: 0
Total live bytes (after alignment): 0
Total number of LBM containers: 0 (0 full)
Did not check for missing blocks
Did not check for orphaned blocks
Total full LBM containers with extra space: 0 (0 repaired)
Total full LBM container extra space in bytes: 0 (0 repaired)
Total incomplete LBM containers: 0 (0 repaired)
Total LBM partial records: 0 (0 repaired)
Total corrupted LBM metadata records in RocksDB: 0 (0 repaired)
I20260601 13:38:28.337069  4845 rpc_server.cc:225] running with OpenSSL 1.1.1  11 Sep 2018
I20260601 13:38:28.337538  4845 kserver.cc:163] Server-wide thread pool size limit: 3276
I20260601 13:38:28.338004  4845 txn_system_client.cc:432] TxnSystemClient initialization is disabled...
I20260601 13:38:28.338563  4845 ts_tablet_manager.cc:585] Loaded tablet metadata (0 total tablets, 0 live tablets)
I20260601 13:38:28.338608  4845 ts_tablet_manager.cc:531] Time spent load tablet metadata: real 0.000s	user 0.000s	sys 0.000s
I20260601 13:38:28.338641  4845 ts_tablet_manager.cc:616] Registered 0 tablets
I20260601 13:38:28.338660  4845 ts_tablet_manager.cc:595] Time spent register tablets: real 0.000s	user 0.000s	sys 0.000s
I20260601 13:38:28.344293  4845 rpc_server.cc:307] RPC server started. Bound to: 127.4.187.70:33379
I20260601 13:38:28.344484  9833 acceptor_pool.cc:272] collecting diagnostics on the listening RPC socket 127.4.187.70:33379 every 8 connection(s)
I20260601 13:38:28.350703  9834 heartbeater.cc:344] Connected to a master server at 127.4.187.126:46881
I20260601 13:38:28.350827  9834 heartbeater.cc:461] Registering TS with master...
I20260601 13:38:28.351150  9834 heartbeater.cc:507] Master 127.4.187.126:46881 requested a full tablet report, sending...
I20260601 13:38:28.351891  9170 ts_manager.cc:194] Registered new tserver with Master: a534bb5d7293496babfe23e7730d0a91 (127.4.187.70:33379)
I20260601 13:38:28.352605  9170 master_service.cc:502] Signed X509 certificate for tserver {username='slave'} at 127.0.0.1:50240
I20260601 13:38:28.871996  9347 consensus_queue.cc:237] T b323350dea65404782308dad4858e578 P 7be2a3ced90b4089b2b09fab135c88e3 [LEADER]: Queue going to LEADER mode. State: All replicated index: 0, Majority replicated index: 28, Committed index: 28, Last appended: 1.28, Last appended by leader: 0, Current term: 1, Majority size: 2, State: 0, Mode: LEADER, active raft config: opid_index: 29 OBSOLETE_local: false peers { permanent_uuid: "8c0a9c6faf5f429a94f72f1e9bb96168" member_type: VOTER last_known_addr { host: "127.4.187.65" port: 43453 } } peers { permanent_uuid: "7be2a3ced90b4089b2b09fab135c88e3" member_type: VOTER last_known_addr { host: "127.4.187.66" port: 43605 } } peers { permanent_uuid: "e9db7a6538b345d6863bdc3fe31600c0" member_type: VOTER last_known_addr { host: "127.4.187.67" port: 35667 } attrs { replace: true } } peers { permanent_uuid: "1d35a95b7f9a4a808b8fbf197c3c3e54" member_type: NON_VOTER last_known_addr { host: "127.4.187.69" port: 44911 } attrs { promote: true } }
I20260601 13:38:28.873435  9271 raft_consensus.cc:1275] T b323350dea65404782308dad4858e578 P 8c0a9c6faf5f429a94f72f1e9bb96168 [term 1 FOLLOWER]: Refusing update from remote peer 7be2a3ced90b4089b2b09fab135c88e3: Log matching property violated. Preceding OpId in replica: term: 1 index: 28. Preceding OpId from leader: term: 1 index: 29. (index mismatch)
I20260601 13:38:28.873445  9422 raft_consensus.cc:1275] T b323350dea65404782308dad4858e578 P e9db7a6538b345d6863bdc3fe31600c0 [term 1 FOLLOWER]: Refusing update from remote peer 7be2a3ced90b4089b2b09fab135c88e3: Log matching property violated. Preceding OpId in replica: term: 1 index: 28. Preceding OpId from leader: term: 1 index: 29. (index mismatch)
I20260601 13:38:28.873916  9556 consensus_queue.cc:1048] T b323350dea65404782308dad4858e578 P 7be2a3ced90b4089b2b09fab135c88e3 [LEADER]: Connected to new peer: Peer: permanent_uuid: "8c0a9c6faf5f429a94f72f1e9bb96168" member_type: VOTER last_known_addr { host: "127.4.187.65" port: 43453 }, Status: LMP_MISMATCH, Last received: 0.0, Next index: 29, Last known committed idx: 28, Time since last communication: 0.000s
I20260601 13:38:28.874389  9556 consensus_queue.cc:1048] T b323350dea65404782308dad4858e578 P 7be2a3ced90b4089b2b09fab135c88e3 [LEADER]: Connected to new peer: Peer: permanent_uuid: "e9db7a6538b345d6863bdc3fe31600c0" member_type: VOTER last_known_addr { host: "127.4.187.67" port: 35667 } attrs { replace: true }, Status: LMP_MISMATCH, Last received: 0.0, Next index: 29, Last known committed idx: 28, Time since last communication: 0.000s
I20260601 13:38:28.875628  9837 raft_consensus.cc:2955] T b323350dea65404782308dad4858e578 P 7be2a3ced90b4089b2b09fab135c88e3 [term 1 LEADER]: Committing config change with OpId 1.29: config changed from index -1 to 29, NON_VOTER 1d35a95b7f9a4a808b8fbf197c3c3e54 (127.4.187.69) added. New config: { opid_index: 29 OBSOLETE_local: false peers { permanent_uuid: "8c0a9c6faf5f429a94f72f1e9bb96168" member_type: VOTER last_known_addr { host: "127.4.187.65" port: 43453 } } peers { permanent_uuid: "7be2a3ced90b4089b2b09fab135c88e3" member_type: VOTER last_known_addr { host: "127.4.187.66" port: 43605 } } peers { permanent_uuid: "e9db7a6538b345d6863bdc3fe31600c0" member_type: VOTER last_known_addr { host: "127.4.187.67" port: 35667 } attrs { replace: true } } peers { permanent_uuid: "1d35a95b7f9a4a808b8fbf197c3c3e54" member_type: NON_VOTER last_known_addr { host: "127.4.187.69" port: 44911 } attrs { promote: true } } }
I20260601 13:38:28.876065  9271 raft_consensus.cc:2955] T b323350dea65404782308dad4858e578 P 8c0a9c6faf5f429a94f72f1e9bb96168 [term 1 FOLLOWER]: Committing config change with OpId 1.29: config changed from index -1 to 29, NON_VOTER 1d35a95b7f9a4a808b8fbf197c3c3e54 (127.4.187.69) added. New config: { opid_index: 29 OBSOLETE_local: false peers { permanent_uuid: "8c0a9c6faf5f429a94f72f1e9bb96168" member_type: VOTER last_known_addr { host: "127.4.187.65" port: 43453 } } peers { permanent_uuid: "7be2a3ced90b4089b2b09fab135c88e3" member_type: VOTER last_known_addr { host: "127.4.187.66" port: 43605 } } peers { permanent_uuid: "e9db7a6538b345d6863bdc3fe31600c0" member_type: VOTER last_known_addr { host: "127.4.187.67" port: 35667 } attrs { replace: true } } peers { permanent_uuid: "1d35a95b7f9a4a808b8fbf197c3c3e54" member_type: NON_VOTER last_known_addr { host: "127.4.187.69" port: 44911 } attrs { promote: true } } }
I20260601 13:38:28.876179  9422 raft_consensus.cc:2955] T b323350dea65404782308dad4858e578 P e9db7a6538b345d6863bdc3fe31600c0 [term 1 FOLLOWER]: Committing config change with OpId 1.29: config changed from index -1 to 29, NON_VOTER 1d35a95b7f9a4a808b8fbf197c3c3e54 (127.4.187.69) added. New config: { opid_index: 29 OBSOLETE_local: false peers { permanent_uuid: "8c0a9c6faf5f429a94f72f1e9bb96168" member_type: VOTER last_known_addr { host: "127.4.187.65" port: 43453 } } peers { permanent_uuid: "7be2a3ced90b4089b2b09fab135c88e3" member_type: VOTER last_known_addr { host: "127.4.187.66" port: 43605 } } peers { permanent_uuid: "e9db7a6538b345d6863bdc3fe31600c0" member_type: VOTER last_known_addr { host: "127.4.187.67" port: 35667 } attrs { replace: true } } peers { permanent_uuid: "1d35a95b7f9a4a808b8fbf197c3c3e54" member_type: NON_VOTER last_known_addr { host: "127.4.187.69" port: 44911 } attrs { promote: true } } }
W20260601 13:38:28.878332  9315 consensus_peers.cc:597] T b323350dea65404782308dad4858e578 P 7be2a3ced90b4089b2b09fab135c88e3 -> Peer 1d35a95b7f9a4a808b8fbf197c3c3e54 (127.4.187.69:44911): Couldn't send request to peer 1d35a95b7f9a4a808b8fbf197c3c3e54. Error code: TABLET_NOT_FOUND (6). Status: Not found: Tablet not found: b323350dea65404782308dad4858e578. This is attempt 1: this message will repeat every 5th retry.
I20260601 13:38:28.878687  9170 catalog_manager.cc:5696] T b323350dea65404782308dad4858e578 P 8c0a9c6faf5f429a94f72f1e9bb96168 reported cstate change: config changed from index -1 to 29, NON_VOTER 1d35a95b7f9a4a808b8fbf197c3c3e54 (127.4.187.69) added. New cstate: current_term: 1 leader_uuid: "7be2a3ced90b4089b2b09fab135c88e3" committed_config { opid_index: 29 OBSOLETE_local: false peers { permanent_uuid: "8c0a9c6faf5f429a94f72f1e9bb96168" member_type: VOTER last_known_addr { host: "127.4.187.65" port: 43453 } } peers { permanent_uuid: "7be2a3ced90b4089b2b09fab135c88e3" member_type: VOTER last_known_addr { host: "127.4.187.66" port: 43605 } } peers { permanent_uuid: "e9db7a6538b345d6863bdc3fe31600c0" member_type: VOTER last_known_addr { host: "127.4.187.67" port: 35667 } attrs { replace: true } } peers { permanent_uuid: "1d35a95b7f9a4a808b8fbf197c3c3e54" member_type: NON_VOTER last_known_addr { host: "127.4.187.69" port: 44911 } attrs { promote: true } } }
I20260601 13:38:28.883914  9422 consensus_queue.cc:237] T b9184c995c7346b8a9245b98fcae7d32 P e9db7a6538b345d6863bdc3fe31600c0 [LEADER]: Queue going to LEADER mode. State: All replicated index: 0, Majority replicated index: 28, Committed index: 28, Last appended: 1.28, Last appended by leader: 0, Current term: 1, Majority size: 2, State: 0, Mode: LEADER, active raft config: opid_index: 29 OBSOLETE_local: false peers { permanent_uuid: "8c0a9c6faf5f429a94f72f1e9bb96168" member_type: VOTER last_known_addr { host: "127.4.187.65" port: 43453 } } peers { permanent_uuid: "7be2a3ced90b4089b2b09fab135c88e3" member_type: VOTER last_known_addr { host: "127.4.187.66" port: 43605 } attrs { replace: true } } peers { permanent_uuid: "e9db7a6538b345d6863bdc3fe31600c0" member_type: VOTER last_known_addr { host: "127.4.187.67" port: 35667 } } peers { permanent_uuid: "a534bb5d7293496babfe23e7730d0a91" member_type: NON_VOTER last_known_addr { host: "127.4.187.70" port: 33379 } attrs { promote: true } }
I20260601 13:38:28.885457  9347 raft_consensus.cc:1275] T b9184c995c7346b8a9245b98fcae7d32 P 7be2a3ced90b4089b2b09fab135c88e3 [term 1 FOLLOWER]: Refusing update from remote peer e9db7a6538b345d6863bdc3fe31600c0: Log matching property violated. Preceding OpId in replica: term: 1 index: 28. Preceding OpId from leader: term: 1 index: 29. (index mismatch)
I20260601 13:38:28.885460  9271 raft_consensus.cc:1275] T b9184c995c7346b8a9245b98fcae7d32 P 8c0a9c6faf5f429a94f72f1e9bb96168 [term 1 FOLLOWER]: Refusing update from remote peer e9db7a6538b345d6863bdc3fe31600c0: Log matching property violated. Preceding OpId in replica: term: 1 index: 28. Preceding OpId from leader: term: 1 index: 29. (index mismatch)
I20260601 13:38:28.885856  9849 consensus_queue.cc:1048] T b9184c995c7346b8a9245b98fcae7d32 P e9db7a6538b345d6863bdc3fe31600c0 [LEADER]: Connected to new peer: Peer: permanent_uuid: "7be2a3ced90b4089b2b09fab135c88e3" member_type: VOTER last_known_addr { host: "127.4.187.66" port: 43605 } attrs { replace: true }, Status: LMP_MISMATCH, Last received: 0.0, Next index: 29, Last known committed idx: 28, Time since last communication: 0.000s
I20260601 13:38:28.886111  9594 consensus_queue.cc:1048] T b9184c995c7346b8a9245b98fcae7d32 P e9db7a6538b345d6863bdc3fe31600c0 [LEADER]: Connected to new peer: Peer: permanent_uuid: "8c0a9c6faf5f429a94f72f1e9bb96168" member_type: VOTER last_known_addr { host: "127.4.187.65" port: 43453 }, Status: LMP_MISMATCH, Last received: 0.0, Next index: 29, Last known committed idx: 28, Time since last communication: 0.000s
I20260601 13:38:28.887637  9850 raft_consensus.cc:2955] T b9184c995c7346b8a9245b98fcae7d32 P e9db7a6538b345d6863bdc3fe31600c0 [term 1 LEADER]: Committing config change with OpId 1.29: config changed from index -1 to 29, NON_VOTER a534bb5d7293496babfe23e7730d0a91 (127.4.187.70) added. New config: { opid_index: 29 OBSOLETE_local: false peers { permanent_uuid: "8c0a9c6faf5f429a94f72f1e9bb96168" member_type: VOTER last_known_addr { host: "127.4.187.65" port: 43453 } } peers { permanent_uuid: "7be2a3ced90b4089b2b09fab135c88e3" member_type: VOTER last_known_addr { host: "127.4.187.66" port: 43605 } attrs { replace: true } } peers { permanent_uuid: "e9db7a6538b345d6863bdc3fe31600c0" member_type: VOTER last_known_addr { host: "127.4.187.67" port: 35667 } } peers { permanent_uuid: "a534bb5d7293496babfe23e7730d0a91" member_type: NON_VOTER last_known_addr { host: "127.4.187.70" port: 33379 } attrs { promote: true } } }
I20260601 13:38:28.888024  9271 raft_consensus.cc:2955] T b9184c995c7346b8a9245b98fcae7d32 P 8c0a9c6faf5f429a94f72f1e9bb96168 [term 1 FOLLOWER]: Committing config change with OpId 1.29: config changed from index -1 to 29, NON_VOTER a534bb5d7293496babfe23e7730d0a91 (127.4.187.70) added. New config: { opid_index: 29 OBSOLETE_local: false peers { permanent_uuid: "8c0a9c6faf5f429a94f72f1e9bb96168" member_type: VOTER last_known_addr { host: "127.4.187.65" port: 43453 } } peers { permanent_uuid: "7be2a3ced90b4089b2b09fab135c88e3" member_type: VOTER last_known_addr { host: "127.4.187.66" port: 43605 } attrs { replace: true } } peers { permanent_uuid: "e9db7a6538b345d6863bdc3fe31600c0" member_type: VOTER last_known_addr { host: "127.4.187.67" port: 35667 } } peers { permanent_uuid: "a534bb5d7293496babfe23e7730d0a91" member_type: NON_VOTER last_known_addr { host: "127.4.187.70" port: 33379 } attrs { promote: true } } }
I20260601 13:38:28.888046  9347 raft_consensus.cc:2955] T b9184c995c7346b8a9245b98fcae7d32 P 7be2a3ced90b4089b2b09fab135c88e3 [term 1 FOLLOWER]: Committing config change with OpId 1.29: config changed from index -1 to 29, NON_VOTER a534bb5d7293496babfe23e7730d0a91 (127.4.187.70) added. New config: { opid_index: 29 OBSOLETE_local: false peers { permanent_uuid: "8c0a9c6faf5f429a94f72f1e9bb96168" member_type: VOTER last_known_addr { host: "127.4.187.65" port: 43453 } } peers { permanent_uuid: "7be2a3ced90b4089b2b09fab135c88e3" member_type: VOTER last_known_addr { host: "127.4.187.66" port: 43605 } attrs { replace: true } } peers { permanent_uuid: "e9db7a6538b345d6863bdc3fe31600c0" member_type: VOTER last_known_addr { host: "127.4.187.67" port: 35667 } } peers { permanent_uuid: "a534bb5d7293496babfe23e7730d0a91" member_type: NON_VOTER last_known_addr { host: "127.4.187.70" port: 33379 } attrs { promote: true } } }
W20260601 13:38:28.890623  9390 consensus_peers.cc:597] T b9184c995c7346b8a9245b98fcae7d32 P e9db7a6538b345d6863bdc3fe31600c0 -> Peer a534bb5d7293496babfe23e7730d0a91 (127.4.187.70:33379): Couldn't send request to peer a534bb5d7293496babfe23e7730d0a91. Error code: TABLET_NOT_FOUND (6). Status: Not found: Tablet not found: b9184c995c7346b8a9245b98fcae7d32. This is attempt 1: this message will repeat every 5th retry.
I20260601 13:38:28.890612  9165 catalog_manager.cc:5696] T b9184c995c7346b8a9245b98fcae7d32 P 7be2a3ced90b4089b2b09fab135c88e3 reported cstate change: config changed from index -1 to 29, NON_VOTER a534bb5d7293496babfe23e7730d0a91 (127.4.187.70) added. New cstate: current_term: 1 leader_uuid: "e9db7a6538b345d6863bdc3fe31600c0" committed_config { opid_index: 29 OBSOLETE_local: false peers { permanent_uuid: "8c0a9c6faf5f429a94f72f1e9bb96168" member_type: VOTER last_known_addr { host: "127.4.187.65" port: 43453 } } peers { permanent_uuid: "7be2a3ced90b4089b2b09fab135c88e3" member_type: VOTER last_known_addr { host: "127.4.187.66" port: 43605 } attrs { replace: true } } peers { permanent_uuid: "e9db7a6538b345d6863bdc3fe31600c0" member_type: VOTER last_known_addr { host: "127.4.187.67" port: 35667 } } peers { permanent_uuid: "a534bb5d7293496babfe23e7730d0a91" member_type: NON_VOTER last_known_addr { host: "127.4.187.70" port: 33379 } attrs { promote: true } } }
I20260601 13:38:28.891906  9347 consensus_queue.cc:237] T 96f530a6a8ef494ebd3c9cb0516bb34f P 7be2a3ced90b4089b2b09fab135c88e3 [LEADER]: Queue going to LEADER mode. State: All replicated index: 0, Majority replicated index: 28, Committed index: 28, Last appended: 1.28, Last appended by leader: 0, Current term: 1, Majority size: 2, State: 0, Mode: LEADER, active raft config: opid_index: 29 OBSOLETE_local: false peers { permanent_uuid: "8c0a9c6faf5f429a94f72f1e9bb96168" member_type: VOTER last_known_addr { host: "127.4.187.65" port: 43453 } attrs { replace: true } } peers { permanent_uuid: "7be2a3ced90b4089b2b09fab135c88e3" member_type: VOTER last_known_addr { host: "127.4.187.66" port: 43605 } } peers { permanent_uuid: "e9db7a6538b345d6863bdc3fe31600c0" member_type: VOTER last_known_addr { host: "127.4.187.67" port: 35667 } } peers { permanent_uuid: "474348f10c31463faf28be9177bb568c" member_type: NON_VOTER last_known_addr { host: "127.4.187.68" port: 40097 } attrs { promote: true } }
I20260601 13:38:28.894061  9271 raft_consensus.cc:1275] T 96f530a6a8ef494ebd3c9cb0516bb34f P 8c0a9c6faf5f429a94f72f1e9bb96168 [term 1 FOLLOWER]: Refusing update from remote peer 7be2a3ced90b4089b2b09fab135c88e3: Log matching property violated. Preceding OpId in replica: term: 1 index: 28. Preceding OpId from leader: term: 1 index: 29. (index mismatch)
I20260601 13:38:28.894541  9837 consensus_queue.cc:1048] T 96f530a6a8ef494ebd3c9cb0516bb34f P 7be2a3ced90b4089b2b09fab135c88e3 [LEADER]: Connected to new peer: Peer: permanent_uuid: "8c0a9c6faf5f429a94f72f1e9bb96168" member_type: VOTER last_known_addr { host: "127.4.187.65" port: 43453 } attrs { replace: true }, Status: LMP_MISMATCH, Last received: 0.0, Next index: 29, Last known committed idx: 28, Time since last communication: 0.000s
I20260601 13:38:28.894603  9422 raft_consensus.cc:1275] T 96f530a6a8ef494ebd3c9cb0516bb34f P e9db7a6538b345d6863bdc3fe31600c0 [term 1 FOLLOWER]: Refusing update from remote peer 7be2a3ced90b4089b2b09fab135c88e3: Log matching property violated. Preceding OpId in replica: term: 1 index: 28. Preceding OpId from leader: term: 1 index: 29. (index mismatch)
I20260601 13:38:28.894958  9837 consensus_queue.cc:1048] T 96f530a6a8ef494ebd3c9cb0516bb34f P 7be2a3ced90b4089b2b09fab135c88e3 [LEADER]: Connected to new peer: Peer: permanent_uuid: "e9db7a6538b345d6863bdc3fe31600c0" member_type: VOTER last_known_addr { host: "127.4.187.67" port: 35667 }, Status: LMP_MISMATCH, Last received: 0.0, Next index: 29, Last known committed idx: 28, Time since last communication: 0.000s
I20260601 13:38:28.896782  9840 raft_consensus.cc:2955] T 96f530a6a8ef494ebd3c9cb0516bb34f P 7be2a3ced90b4089b2b09fab135c88e3 [term 1 LEADER]: Committing config change with OpId 1.29: config changed from index -1 to 29, NON_VOTER 474348f10c31463faf28be9177bb568c (127.4.187.68) added. New config: { opid_index: 29 OBSOLETE_local: false peers { permanent_uuid: "8c0a9c6faf5f429a94f72f1e9bb96168" member_type: VOTER last_known_addr { host: "127.4.187.65" port: 43453 } attrs { replace: true } } peers { permanent_uuid: "7be2a3ced90b4089b2b09fab135c88e3" member_type: VOTER last_known_addr { host: "127.4.187.66" port: 43605 } } peers { permanent_uuid: "e9db7a6538b345d6863bdc3fe31600c0" member_type: VOTER last_known_addr { host: "127.4.187.67" port: 35667 } } peers { permanent_uuid: "474348f10c31463faf28be9177bb568c" member_type: NON_VOTER last_known_addr { host: "127.4.187.68" port: 40097 } attrs { promote: true } } }
I20260601 13:38:28.897209  9271 raft_consensus.cc:2955] T 96f530a6a8ef494ebd3c9cb0516bb34f P 8c0a9c6faf5f429a94f72f1e9bb96168 [term 1 FOLLOWER]: Committing config change with OpId 1.29: config changed from index -1 to 29, NON_VOTER 474348f10c31463faf28be9177bb568c (127.4.187.68) added. New config: { opid_index: 29 OBSOLETE_local: false peers { permanent_uuid: "8c0a9c6faf5f429a94f72f1e9bb96168" member_type: VOTER last_known_addr { host: "127.4.187.65" port: 43453 } attrs { replace: true } } peers { permanent_uuid: "7be2a3ced90b4089b2b09fab135c88e3" member_type: VOTER last_known_addr { host: "127.4.187.66" port: 43605 } } peers { permanent_uuid: "e9db7a6538b345d6863bdc3fe31600c0" member_type: VOTER last_known_addr { host: "127.4.187.67" port: 35667 } } peers { permanent_uuid: "474348f10c31463faf28be9177bb568c" member_type: NON_VOTER last_known_addr { host: "127.4.187.68" port: 40097 } attrs { promote: true } } }
I20260601 13:38:28.898197  9422 raft_consensus.cc:2955] T 96f530a6a8ef494ebd3c9cb0516bb34f P e9db7a6538b345d6863bdc3fe31600c0 [term 1 FOLLOWER]: Committing config change with OpId 1.29: config changed from index -1 to 29, NON_VOTER 474348f10c31463faf28be9177bb568c (127.4.187.68) added. New config: { opid_index: 29 OBSOLETE_local: false peers { permanent_uuid: "8c0a9c6faf5f429a94f72f1e9bb96168" member_type: VOTER last_known_addr { host: "127.4.187.65" port: 43453 } attrs { replace: true } } peers { permanent_uuid: "7be2a3ced90b4089b2b09fab135c88e3" member_type: VOTER last_known_addr { host: "127.4.187.66" port: 43605 } } peers { permanent_uuid: "e9db7a6538b345d6863bdc3fe31600c0" member_type: VOTER last_known_addr { host: "127.4.187.67" port: 35667 } } peers { permanent_uuid: "474348f10c31463faf28be9177bb568c" member_type: NON_VOTER last_known_addr { host: "127.4.187.68" port: 40097 } attrs { promote: true } } }
W20260601 13:38:28.898806  9316 consensus_peers.cc:597] T 96f530a6a8ef494ebd3c9cb0516bb34f P 7be2a3ced90b4089b2b09fab135c88e3 -> Peer 474348f10c31463faf28be9177bb568c (127.4.187.68:40097): Couldn't send request to peer 474348f10c31463faf28be9177bb568c. Error code: TABLET_NOT_FOUND (6). Status: Not found: Tablet not found: 96f530a6a8ef494ebd3c9cb0516bb34f. This is attempt 1: this message will repeat every 5th retry.
I20260601 13:38:28.899859  9169 catalog_manager.cc:5696] T 96f530a6a8ef494ebd3c9cb0516bb34f P 7be2a3ced90b4089b2b09fab135c88e3 reported cstate change: config changed from index -1 to 29, NON_VOTER 474348f10c31463faf28be9177bb568c (127.4.187.68) added. New cstate: current_term: 1 leader_uuid: "7be2a3ced90b4089b2b09fab135c88e3" committed_config { opid_index: 29 OBSOLETE_local: false peers { permanent_uuid: "8c0a9c6faf5f429a94f72f1e9bb96168" member_type: VOTER last_known_addr { host: "127.4.187.65" port: 43453 } attrs { replace: true } health_report { overall_health: HEALTHY } } peers { permanent_uuid: "7be2a3ced90b4089b2b09fab135c88e3" member_type: VOTER last_known_addr { host: "127.4.187.66" port: 43605 } health_report { overall_health: HEALTHY } } peers { permanent_uuid: "e9db7a6538b345d6863bdc3fe31600c0" member_type: VOTER last_known_addr { host: "127.4.187.67" port: 35667 } health_report { overall_health: HEALTHY } } peers { permanent_uuid: "474348f10c31463faf28be9177bb568c" member_type: NON_VOTER last_known_addr { host: "127.4.187.68" port: 40097 } attrs { promote: true } health_report { overall_health: UNKNOWN } } }
I20260601 13:38:28.899941  9347 consensus_queue.cc:237] T 8cb8e9d47b684d1fb3a7392a22fdf898 P 7be2a3ced90b4089b2b09fab135c88e3 [LEADER]: Queue going to LEADER mode. State: All replicated index: 0, Majority replicated index: 28, Committed index: 28, Last appended: 1.28, Last appended by leader: 0, Current term: 1, Majority size: 2, State: 0, Mode: LEADER, active raft config: opid_index: 29 OBSOLETE_local: false peers { permanent_uuid: "8c0a9c6faf5f429a94f72f1e9bb96168" member_type: VOTER last_known_addr { host: "127.4.187.65" port: 43453 } attrs { replace: true } } peers { permanent_uuid: "7be2a3ced90b4089b2b09fab135c88e3" member_type: VOTER last_known_addr { host: "127.4.187.66" port: 43605 } } peers { permanent_uuid: "e9db7a6538b345d6863bdc3fe31600c0" member_type: VOTER last_known_addr { host: "127.4.187.67" port: 35667 } } peers { permanent_uuid: "474348f10c31463faf28be9177bb568c" member_type: NON_VOTER last_known_addr { host: "127.4.187.68" port: 40097 } attrs { promote: true } }
I20260601 13:38:28.901558  9422 raft_consensus.cc:1275] T 8cb8e9d47b684d1fb3a7392a22fdf898 P e9db7a6538b345d6863bdc3fe31600c0 [term 1 FOLLOWER]: Refusing update from remote peer 7be2a3ced90b4089b2b09fab135c88e3: Log matching property violated. Preceding OpId in replica: term: 1 index: 28. Preceding OpId from leader: term: 1 index: 29. (index mismatch)
I20260601 13:38:28.901822  9271 raft_consensus.cc:1275] T 8cb8e9d47b684d1fb3a7392a22fdf898 P 8c0a9c6faf5f429a94f72f1e9bb96168 [term 1 FOLLOWER]: Refusing update from remote peer 7be2a3ced90b4089b2b09fab135c88e3: Log matching property violated. Preceding OpId in replica: term: 1 index: 28. Preceding OpId from leader: term: 1 index: 29. (index mismatch)
I20260601 13:38:28.901958  9840 consensus_queue.cc:1048] T 8cb8e9d47b684d1fb3a7392a22fdf898 P 7be2a3ced90b4089b2b09fab135c88e3 [LEADER]: Connected to new peer: Peer: permanent_uuid: "e9db7a6538b345d6863bdc3fe31600c0" member_type: VOTER last_known_addr { host: "127.4.187.67" port: 35667 }, Status: LMP_MISMATCH, Last received: 0.0, Next index: 29, Last known committed idx: 28, Time since last communication: 0.000s
I20260601 13:38:28.902145  9837 consensus_queue.cc:1048] T 8cb8e9d47b684d1fb3a7392a22fdf898 P 7be2a3ced90b4089b2b09fab135c88e3 [LEADER]: Connected to new peer: Peer: permanent_uuid: "8c0a9c6faf5f429a94f72f1e9bb96168" member_type: VOTER last_known_addr { host: "127.4.187.65" port: 43453 } attrs { replace: true }, Status: LMP_MISMATCH, Last received: 0.0, Next index: 29, Last known committed idx: 28, Time since last communication: 0.000s
W20260601 13:38:28.902597  9316 consensus_peers.cc:597] T 8cb8e9d47b684d1fb3a7392a22fdf898 P 7be2a3ced90b4089b2b09fab135c88e3 -> Peer 474348f10c31463faf28be9177bb568c (127.4.187.68:40097): Couldn't send request to peer 474348f10c31463faf28be9177bb568c. Error code: TABLET_NOT_FOUND (6). Status: Not found: Tablet not found: 8cb8e9d47b684d1fb3a7392a22fdf898. This is attempt 1: this message will repeat every 5th retry.
I20260601 13:38:28.903625  9840 raft_consensus.cc:2955] T 8cb8e9d47b684d1fb3a7392a22fdf898 P 7be2a3ced90b4089b2b09fab135c88e3 [term 1 LEADER]: Committing config change with OpId 1.29: config changed from index -1 to 29, NON_VOTER 474348f10c31463faf28be9177bb568c (127.4.187.68) added. New config: { opid_index: 29 OBSOLETE_local: false peers { permanent_uuid: "8c0a9c6faf5f429a94f72f1e9bb96168" member_type: VOTER last_known_addr { host: "127.4.187.65" port: 43453 } attrs { replace: true } } peers { permanent_uuid: "7be2a3ced90b4089b2b09fab135c88e3" member_type: VOTER last_known_addr { host: "127.4.187.66" port: 43605 } } peers { permanent_uuid: "e9db7a6538b345d6863bdc3fe31600c0" member_type: VOTER last_known_addr { host: "127.4.187.67" port: 35667 } } peers { permanent_uuid: "474348f10c31463faf28be9177bb568c" member_type: NON_VOTER last_known_addr { host: "127.4.187.68" port: 40097 } attrs { promote: true } } }
I20260601 13:38:28.904018  9422 raft_consensus.cc:2955] T 8cb8e9d47b684d1fb3a7392a22fdf898 P e9db7a6538b345d6863bdc3fe31600c0 [term 1 FOLLOWER]: Committing config change with OpId 1.29: config changed from index -1 to 29, NON_VOTER 474348f10c31463faf28be9177bb568c (127.4.187.68) added. New config: { opid_index: 29 OBSOLETE_local: false peers { permanent_uuid: "8c0a9c6faf5f429a94f72f1e9bb96168" member_type: VOTER last_known_addr { host: "127.4.187.65" port: 43453 } attrs { replace: true } } peers { permanent_uuid: "7be2a3ced90b4089b2b09fab135c88e3" member_type: VOTER last_known_addr { host: "127.4.187.66" port: 43605 } } peers { permanent_uuid: "e9db7a6538b345d6863bdc3fe31600c0" member_type: VOTER last_known_addr { host: "127.4.187.67" port: 35667 } } peers { permanent_uuid: "474348f10c31463faf28be9177bb568c" member_type: NON_VOTER last_known_addr { host: "127.4.187.68" port: 40097 } attrs { promote: true } } }
I20260601 13:38:28.904138  9271 raft_consensus.cc:2955] T 8cb8e9d47b684d1fb3a7392a22fdf898 P 8c0a9c6faf5f429a94f72f1e9bb96168 [term 1 FOLLOWER]: Committing config change with OpId 1.29: config changed from index -1 to 29, NON_VOTER 474348f10c31463faf28be9177bb568c (127.4.187.68) added. New config: { opid_index: 29 OBSOLETE_local: false peers { permanent_uuid: "8c0a9c6faf5f429a94f72f1e9bb96168" member_type: VOTER last_known_addr { host: "127.4.187.65" port: 43453 } attrs { replace: true } } peers { permanent_uuid: "7be2a3ced90b4089b2b09fab135c88e3" member_type: VOTER last_known_addr { host: "127.4.187.66" port: 43605 } } peers { permanent_uuid: "e9db7a6538b345d6863bdc3fe31600c0" member_type: VOTER last_known_addr { host: "127.4.187.67" port: 35667 } } peers { permanent_uuid: "474348f10c31463faf28be9177bb568c" member_type: NON_VOTER last_known_addr { host: "127.4.187.68" port: 40097 } attrs { promote: true } } }
I20260601 13:38:28.906247  9165 catalog_manager.cc:5696] T 8cb8e9d47b684d1fb3a7392a22fdf898 P e9db7a6538b345d6863bdc3fe31600c0 reported cstate change: config changed from index -1 to 29, NON_VOTER 474348f10c31463faf28be9177bb568c (127.4.187.68) added. New cstate: current_term: 1 leader_uuid: "7be2a3ced90b4089b2b09fab135c88e3" committed_config { opid_index: 29 OBSOLETE_local: false peers { permanent_uuid: "8c0a9c6faf5f429a94f72f1e9bb96168" member_type: VOTER last_known_addr { host: "127.4.187.65" port: 43453 } attrs { replace: true } } peers { permanent_uuid: "7be2a3ced90b4089b2b09fab135c88e3" member_type: VOTER last_known_addr { host: "127.4.187.66" port: 43605 } } peers { permanent_uuid: "e9db7a6538b345d6863bdc3fe31600c0" member_type: VOTER last_known_addr { host: "127.4.187.67" port: 35667 } } peers { permanent_uuid: "474348f10c31463faf28be9177bb568c" member_type: NON_VOTER last_known_addr { host: "127.4.187.68" port: 40097 } attrs { promote: true } } }
I20260601 13:38:28.911394  9271 consensus_queue.cc:237] T d31e60447f064f57a01f291861cff83e P 8c0a9c6faf5f429a94f72f1e9bb96168 [LEADER]: Queue going to LEADER mode. State: All replicated index: 0, Majority replicated index: 29, Committed index: 29, Last appended: 1.29, Last appended by leader: 0, Current term: 1, Majority size: 2, State: 0, Mode: LEADER, active raft config: opid_index: 30 OBSOLETE_local: false peers { permanent_uuid: "7be2a3ced90b4089b2b09fab135c88e3" member_type: VOTER last_known_addr { host: "127.4.187.66" port: 43605 } attrs { replace: true } } peers { permanent_uuid: "8c0a9c6faf5f429a94f72f1e9bb96168" member_type: VOTER last_known_addr { host: "127.4.187.65" port: 43453 } } peers { permanent_uuid: "e9db7a6538b345d6863bdc3fe31600c0" member_type: VOTER last_known_addr { host: "127.4.187.67" port: 35667 } } peers { permanent_uuid: "a534bb5d7293496babfe23e7730d0a91" member_type: NON_VOTER last_known_addr { host: "127.4.187.70" port: 33379 } attrs { promote: true } }
I20260601 13:38:28.913075  9422 raft_consensus.cc:1275] T d31e60447f064f57a01f291861cff83e P e9db7a6538b345d6863bdc3fe31600c0 [term 1 FOLLOWER]: Refusing update from remote peer 8c0a9c6faf5f429a94f72f1e9bb96168: Log matching property violated. Preceding OpId in replica: term: 1 index: 29. Preceding OpId from leader: term: 1 index: 30. (index mismatch)
I20260601 13:38:28.913070  9347 raft_consensus.cc:1275] T d31e60447f064f57a01f291861cff83e P 7be2a3ced90b4089b2b09fab135c88e3 [term 1 FOLLOWER]: Refusing update from remote peer 8c0a9c6faf5f429a94f72f1e9bb96168: Log matching property violated. Preceding OpId in replica: term: 1 index: 29. Preceding OpId from leader: term: 1 index: 30. (index mismatch)
I20260601 13:38:28.913498  9855 consensus_queue.cc:1048] T d31e60447f064f57a01f291861cff83e P 8c0a9c6faf5f429a94f72f1e9bb96168 [LEADER]: Connected to new peer: Peer: permanent_uuid: "e9db7a6538b345d6863bdc3fe31600c0" member_type: VOTER last_known_addr { host: "127.4.187.67" port: 35667 }, Status: LMP_MISMATCH, Last received: 0.0, Next index: 30, Last known committed idx: 29, Time since last communication: 0.000s
I20260601 13:38:28.913900  9572 consensus_queue.cc:1048] T d31e60447f064f57a01f291861cff83e P 8c0a9c6faf5f429a94f72f1e9bb96168 [LEADER]: Connected to new peer: Peer: permanent_uuid: "7be2a3ced90b4089b2b09fab135c88e3" member_type: VOTER last_known_addr { host: "127.4.187.66" port: 43605 } attrs { replace: true }, Status: LMP_MISMATCH, Last received: 0.0, Next index: 30, Last known committed idx: 29, Time since last communication: 0.000s
I20260601 13:38:28.916087  9572 raft_consensus.cc:2955] T d31e60447f064f57a01f291861cff83e P 8c0a9c6faf5f429a94f72f1e9bb96168 [term 1 LEADER]: Committing config change with OpId 1.30: config changed from index -1 to 30, NON_VOTER a534bb5d7293496babfe23e7730d0a91 (127.4.187.70) added. New config: { opid_index: 30 OBSOLETE_local: false peers { permanent_uuid: "7be2a3ced90b4089b2b09fab135c88e3" member_type: VOTER last_known_addr { host: "127.4.187.66" port: 43605 } attrs { replace: true } } peers { permanent_uuid: "8c0a9c6faf5f429a94f72f1e9bb96168" member_type: VOTER last_known_addr { host: "127.4.187.65" port: 43453 } } peers { permanent_uuid: "e9db7a6538b345d6863bdc3fe31600c0" member_type: VOTER last_known_addr { host: "127.4.187.67" port: 35667 } } peers { permanent_uuid: "a534bb5d7293496babfe23e7730d0a91" member_type: NON_VOTER last_known_addr { host: "127.4.187.70" port: 33379 } attrs { promote: true } } }
I20260601 13:38:28.916507  9347 raft_consensus.cc:2955] T d31e60447f064f57a01f291861cff83e P 7be2a3ced90b4089b2b09fab135c88e3 [term 1 FOLLOWER]: Committing config change with OpId 1.30: config changed from index -1 to 30, NON_VOTER a534bb5d7293496babfe23e7730d0a91 (127.4.187.70) added. New config: { opid_index: 30 OBSOLETE_local: false peers { permanent_uuid: "7be2a3ced90b4089b2b09fab135c88e3" member_type: VOTER last_known_addr { host: "127.4.187.66" port: 43605 } attrs { replace: true } } peers { permanent_uuid: "8c0a9c6faf5f429a94f72f1e9bb96168" member_type: VOTER last_known_addr { host: "127.4.187.65" port: 43453 } } peers { permanent_uuid: "e9db7a6538b345d6863bdc3fe31600c0" member_type: VOTER last_known_addr { host: "127.4.187.67" port: 35667 } } peers { permanent_uuid: "a534bb5d7293496babfe23e7730d0a91" member_type: NON_VOTER last_known_addr { host: "127.4.187.70" port: 33379 } attrs { promote: true } } }
I20260601 13:38:28.916633  9422 raft_consensus.cc:2955] T d31e60447f064f57a01f291861cff83e P e9db7a6538b345d6863bdc3fe31600c0 [term 1 FOLLOWER]: Committing config change with OpId 1.30: config changed from index -1 to 30, NON_VOTER a534bb5d7293496babfe23e7730d0a91 (127.4.187.70) added. New config: { opid_index: 30 OBSOLETE_local: false peers { permanent_uuid: "7be2a3ced90b4089b2b09fab135c88e3" member_type: VOTER last_known_addr { host: "127.4.187.66" port: 43605 } attrs { replace: true } } peers { permanent_uuid: "8c0a9c6faf5f429a94f72f1e9bb96168" member_type: VOTER last_known_addr { host: "127.4.187.65" port: 43453 } } peers { permanent_uuid: "e9db7a6538b345d6863bdc3fe31600c0" member_type: VOTER last_known_addr { host: "127.4.187.67" port: 35667 } } peers { permanent_uuid: "a534bb5d7293496babfe23e7730d0a91" member_type: NON_VOTER last_known_addr { host: "127.4.187.70" port: 33379 } attrs { promote: true } } }
W20260601 13:38:28.918519  9239 consensus_peers.cc:597] T d31e60447f064f57a01f291861cff83e P 8c0a9c6faf5f429a94f72f1e9bb96168 -> Peer a534bb5d7293496babfe23e7730d0a91 (127.4.187.70:33379): Couldn't send request to peer a534bb5d7293496babfe23e7730d0a91. Error code: TABLET_NOT_FOUND (6). Status: Not found: Tablet not found: d31e60447f064f57a01f291861cff83e. This is attempt 1: this message will repeat every 5th retry.
I20260601 13:38:28.918993  9170 catalog_manager.cc:5696] T d31e60447f064f57a01f291861cff83e P 7be2a3ced90b4089b2b09fab135c88e3 reported cstate change: config changed from index -1 to 30, NON_VOTER a534bb5d7293496babfe23e7730d0a91 (127.4.187.70) added. New cstate: current_term: 1 leader_uuid: "8c0a9c6faf5f429a94f72f1e9bb96168" committed_config { opid_index: 30 OBSOLETE_local: false peers { permanent_uuid: "7be2a3ced90b4089b2b09fab135c88e3" member_type: VOTER last_known_addr { host: "127.4.187.66" port: 43605 } attrs { replace: true } } peers { permanent_uuid: "8c0a9c6faf5f429a94f72f1e9bb96168" member_type: VOTER last_known_addr { host: "127.4.187.65" port: 43453 } } peers { permanent_uuid: "e9db7a6538b345d6863bdc3fe31600c0" member_type: VOTER last_known_addr { host: "127.4.187.67" port: 35667 } } peers { permanent_uuid: "a534bb5d7293496babfe23e7730d0a91" member_type: NON_VOTER last_known_addr { host: "127.4.187.70" port: 33379 } attrs { promote: true } } }
I20260601 13:38:28.919252  9347 consensus_queue.cc:237] T 6989a7f4202a4cdbba6b9880e63950ec P 7be2a3ced90b4089b2b09fab135c88e3 [LEADER]: Queue going to LEADER mode. State: All replicated index: 0, Majority replicated index: 28, Committed index: 28, Last appended: 1.28, Last appended by leader: 0, Current term: 1, Majority size: 2, State: 0, Mode: LEADER, active raft config: opid_index: 29 OBSOLETE_local: false peers { permanent_uuid: "8c0a9c6faf5f429a94f72f1e9bb96168" member_type: VOTER last_known_addr { host: "127.4.187.65" port: 43453 } } peers { permanent_uuid: "7be2a3ced90b4089b2b09fab135c88e3" member_type: VOTER last_known_addr { host: "127.4.187.66" port: 43605 } } peers { permanent_uuid: "e9db7a6538b345d6863bdc3fe31600c0" member_type: VOTER last_known_addr { host: "127.4.187.67" port: 35667 } attrs { replace: true } } peers { permanent_uuid: "1d35a95b7f9a4a808b8fbf197c3c3e54" member_type: NON_VOTER last_known_addr { host: "127.4.187.69" port: 44911 } attrs { promote: true } }
I20260601 13:38:28.920511  9422 raft_consensus.cc:1275] T 6989a7f4202a4cdbba6b9880e63950ec P e9db7a6538b345d6863bdc3fe31600c0 [term 1 FOLLOWER]: Refusing update from remote peer 7be2a3ced90b4089b2b09fab135c88e3: Log matching property violated. Preceding OpId in replica: term: 1 index: 28. Preceding OpId from leader: term: 1 index: 29. (index mismatch)
I20260601 13:38:28.920701  9271 raft_consensus.cc:1275] T 6989a7f4202a4cdbba6b9880e63950ec P 8c0a9c6faf5f429a94f72f1e9bb96168 [term 1 FOLLOWER]: Refusing update from remote peer 7be2a3ced90b4089b2b09fab135c88e3: Log matching property violated. Preceding OpId in replica: term: 1 index: 28. Preceding OpId from leader: term: 1 index: 29. (index mismatch)
W20260601 13:38:28.920784  9315 consensus_peers.cc:597] T 6989a7f4202a4cdbba6b9880e63950ec P 7be2a3ced90b4089b2b09fab135c88e3 -> Peer 1d35a95b7f9a4a808b8fbf197c3c3e54 (127.4.187.69:44911): Couldn't send request to peer 1d35a95b7f9a4a808b8fbf197c3c3e54. Error code: TABLET_NOT_FOUND (6). Status: Not found: Tablet not found: 6989a7f4202a4cdbba6b9880e63950ec. This is attempt 1: this message will repeat every 5th retry.
I20260601 13:38:28.920989  9840 consensus_queue.cc:1048] T 6989a7f4202a4cdbba6b9880e63950ec P 7be2a3ced90b4089b2b09fab135c88e3 [LEADER]: Connected to new peer: Peer: permanent_uuid: "e9db7a6538b345d6863bdc3fe31600c0" member_type: VOTER last_known_addr { host: "127.4.187.67" port: 35667 } attrs { replace: true }, Status: LMP_MISMATCH, Last received: 0.0, Next index: 29, Last known committed idx: 28, Time since last communication: 0.000s
I20260601 13:38:28.922470  9840 consensus_queue.cc:1048] T 6989a7f4202a4cdbba6b9880e63950ec P 7be2a3ced90b4089b2b09fab135c88e3 [LEADER]: Connected to new peer: Peer: permanent_uuid: "8c0a9c6faf5f429a94f72f1e9bb96168" member_type: VOTER last_known_addr { host: "127.4.187.65" port: 43453 }, Status: LMP_MISMATCH, Last received: 0.0, Next index: 29, Last known committed idx: 28, Time since last communication: 0.000s
I20260601 13:38:28.923555  9837 raft_consensus.cc:2955] T 6989a7f4202a4cdbba6b9880e63950ec P 7be2a3ced90b4089b2b09fab135c88e3 [term 1 LEADER]: Committing config change with OpId 1.29: config changed from index -1 to 29, NON_VOTER 1d35a95b7f9a4a808b8fbf197c3c3e54 (127.4.187.69) added. New config: { opid_index: 29 OBSOLETE_local: false peers { permanent_uuid: "8c0a9c6faf5f429a94f72f1e9bb96168" member_type: VOTER last_known_addr { host: "127.4.187.65" port: 43453 } } peers { permanent_uuid: "7be2a3ced90b4089b2b09fab135c88e3" member_type: VOTER last_known_addr { host: "127.4.187.66" port: 43605 } } peers { permanent_uuid: "e9db7a6538b345d6863bdc3fe31600c0" member_type: VOTER last_known_addr { host: "127.4.187.67" port: 35667 } attrs { replace: true } } peers { permanent_uuid: "1d35a95b7f9a4a808b8fbf197c3c3e54" member_type: NON_VOTER last_known_addr { host: "127.4.187.69" port: 44911 } attrs { promote: true } } }
I20260601 13:38:28.924093  9422 raft_consensus.cc:2955] T 6989a7f4202a4cdbba6b9880e63950ec P e9db7a6538b345d6863bdc3fe31600c0 [term 1 FOLLOWER]: Committing config change with OpId 1.29: config changed from index -1 to 29, NON_VOTER 1d35a95b7f9a4a808b8fbf197c3c3e54 (127.4.187.69) added. New config: { opid_index: 29 OBSOLETE_local: false peers { permanent_uuid: "8c0a9c6faf5f429a94f72f1e9bb96168" member_type: VOTER last_known_addr { host: "127.4.187.65" port: 43453 } } peers { permanent_uuid: "7be2a3ced90b4089b2b09fab135c88e3" member_type: VOTER last_known_addr { host: "127.4.187.66" port: 43605 } } peers { permanent_uuid: "e9db7a6538b345d6863bdc3fe31600c0" member_type: VOTER last_known_addr { host: "127.4.187.67" port: 35667 } attrs { replace: true } } peers { permanent_uuid: "1d35a95b7f9a4a808b8fbf197c3c3e54" member_type: NON_VOTER last_known_addr { host: "127.4.187.69" port: 44911 } attrs { promote: true } } }
I20260601 13:38:28.924216  9271 raft_consensus.cc:2955] T 6989a7f4202a4cdbba6b9880e63950ec P 8c0a9c6faf5f429a94f72f1e9bb96168 [term 1 FOLLOWER]: Committing config change with OpId 1.29: config changed from index -1 to 29, NON_VOTER 1d35a95b7f9a4a808b8fbf197c3c3e54 (127.4.187.69) added. New config: { opid_index: 29 OBSOLETE_local: false peers { permanent_uuid: "8c0a9c6faf5f429a94f72f1e9bb96168" member_type: VOTER last_known_addr { host: "127.4.187.65" port: 43453 } } peers { permanent_uuid: "7be2a3ced90b4089b2b09fab135c88e3" member_type: VOTER last_known_addr { host: "127.4.187.66" port: 43605 } } peers { permanent_uuid: "e9db7a6538b345d6863bdc3fe31600c0" member_type: VOTER last_known_addr { host: "127.4.187.67" port: 35667 } attrs { replace: true } } peers { permanent_uuid: "1d35a95b7f9a4a808b8fbf197c3c3e54" member_type: NON_VOTER last_known_addr { host: "127.4.187.69" port: 44911 } attrs { promote: true } } }
I20260601 13:38:28.925889  9165 catalog_manager.cc:5696] T 6989a7f4202a4cdbba6b9880e63950ec P 7be2a3ced90b4089b2b09fab135c88e3 reported cstate change: config changed from index -1 to 29, NON_VOTER 1d35a95b7f9a4a808b8fbf197c3c3e54 (127.4.187.69) added. New cstate: current_term: 1 leader_uuid: "7be2a3ced90b4089b2b09fab135c88e3" committed_config { opid_index: 29 OBSOLETE_local: false peers { permanent_uuid: "8c0a9c6faf5f429a94f72f1e9bb96168" member_type: VOTER last_known_addr { host: "127.4.187.65" port: 43453 } health_report { overall_health: HEALTHY } } peers { permanent_uuid: "7be2a3ced90b4089b2b09fab135c88e3" member_type: VOTER last_known_addr { host: "127.4.187.66" port: 43605 } health_report { overall_health: HEALTHY } } peers { permanent_uuid: "e9db7a6538b345d6863bdc3fe31600c0" member_type: VOTER last_known_addr { host: "127.4.187.67" port: 35667 } attrs { replace: true } health_report { overall_health: HEALTHY } } peers { permanent_uuid: "1d35a95b7f9a4a808b8fbf197c3c3e54" member_type: NON_VOTER last_known_addr { host: "127.4.187.69" port: 44911 } attrs { promote: true } health_report { overall_health: UNKNOWN } } }
I20260601 13:38:29.254647  9683 heartbeater.cc:499] Master 127.4.187.126:46881 was elected leader, sending a full tablet report...
I20260601 13:38:29.263818  9858 ts_tablet_manager.cc:933] T b323350dea65404782308dad4858e578 P 1d35a95b7f9a4a808b8fbf197c3c3e54: Initiating tablet copy from peer 7be2a3ced90b4089b2b09fab135c88e3 (127.4.187.66:43605)
I20260601 13:38:29.264212  9858 tablet_copy_client.cc:323] T b323350dea65404782308dad4858e578 P 1d35a95b7f9a4a808b8fbf197c3c3e54: tablet copy: Beginning tablet copy session from remote peer at address 127.4.187.66:43605
I20260601 13:38:29.268112  9360 tablet_copy_service.cc:140] P 7be2a3ced90b4089b2b09fab135c88e3: Received BeginTabletCopySession request for tablet b323350dea65404782308dad4858e578 from peer 1d35a95b7f9a4a808b8fbf197c3c3e54 ({username='slave'} at 127.0.0.1:41228)
I20260601 13:38:29.268226  9360 tablet_copy_service.cc:161] P 7be2a3ced90b4089b2b09fab135c88e3: Beginning new tablet copy session on tablet b323350dea65404782308dad4858e578 from peer 1d35a95b7f9a4a808b8fbf197c3c3e54 at {username='slave'} at 127.0.0.1:41228: session id = 1d35a95b7f9a4a808b8fbf197c3c3e54-b323350dea65404782308dad4858e578
I20260601 13:38:29.269179  9360 tablet_copy_source_session.cc:215] T b323350dea65404782308dad4858e578 P 7be2a3ced90b4089b2b09fab135c88e3: Tablet Copy: opened 0 blocks and 1 log segments
I20260601 13:38:29.270164  9858 data_dirs.cc:400] Could only allocate 1 dirs of requested 3 for tablet b323350dea65404782308dad4858e578. 1 dirs total, 0 dirs full, 0 dirs failed
I20260601 13:38:29.272313  9858 tablet_copy_client.cc:806] T b323350dea65404782308dad4858e578 P 1d35a95b7f9a4a808b8fbf197c3c3e54: tablet copy: Starting download of 0 data blocks...
I20260601 13:38:29.272500  9858 tablet_copy_client.cc:670] T b323350dea65404782308dad4858e578 P 1d35a95b7f9a4a808b8fbf197c3c3e54: tablet copy: Starting download of 1 WAL segments...
I20260601 13:38:29.273855  9859 tablet_copy_client.cc:1025] T b323350dea65404782308dad4858e578 P 1d35a95b7f9a4a808b8fbf197c3c3e54: tablet copy: Injecting latency into file download: 2000
I20260601 13:38:29.297546  9759 heartbeater.cc:499] Master 127.4.187.126:46881 was elected leader, sending a full tablet report...
I20260601 13:38:29.298161  9861 ts_tablet_manager.cc:933] T 6989a7f4202a4cdbba6b9880e63950ec P 1d35a95b7f9a4a808b8fbf197c3c3e54: Initiating tablet copy from peer 7be2a3ced90b4089b2b09fab135c88e3 (127.4.187.66:43605)
I20260601 13:38:29.298635  9861 tablet_copy_client.cc:323] T 6989a7f4202a4cdbba6b9880e63950ec P 1d35a95b7f9a4a808b8fbf197c3c3e54: tablet copy: Beginning tablet copy session from remote peer at address 127.4.187.66:43605
I20260601 13:38:29.299118  9360 tablet_copy_service.cc:140] P 7be2a3ced90b4089b2b09fab135c88e3: Received BeginTabletCopySession request for tablet 6989a7f4202a4cdbba6b9880e63950ec from peer 1d35a95b7f9a4a808b8fbf197c3c3e54 ({username='slave'} at 127.0.0.1:41228)
