I20260601 13:38:28.189698 11370 raft_consensus.cc:2955] T 2ea8fe786f3f4bcca54962d0d0957874 P c0c83ebd56fe433aab48c3162521e139 [term 1 FOLLOWER]: Committing config change with OpId 1.27: config changed from index 26 to 27, c0c83ebd56fe433aab48c3162521e139 (127.6.115.132) changed from NON_VOTER to VOTER. New config: { opid_index: 27 OBSOLETE_local: false peers { permanent_uuid: "f6c4545e6c61465cb51570256d7ba14c" member_type: VOTER last_known_addr { host: "127.6.115.129" port: 35127 } } peers { permanent_uuid: "03c229ed61cf4e7489dfdfebdb491e80" member_type: VOTER last_known_addr { host: "127.6.115.130" port: 39451 } } peers { permanent_uuid: "f87191ec900943e19d9ff80c17a77370" member_type: VOTER last_known_addr { host: "127.6.115.131" port: 33535 } attrs { replace: true } } peers { permanent_uuid: "c0c83ebd56fe433aab48c3162521e139" member_type: VOTER last_known_addr { host: "127.6.115.132" port: 43535 } attrs { promote: false } } }
I20260601 13:38:28.189826 10975 raft_consensus.cc:2955] T 8ef9840b1a264da79521aa75f2367fd0 P f6c4545e6c61465cb51570256d7ba14c [term 1 FOLLOWER]: Committing config change with OpId 1.28: config changed from index 27 to 28, 3ec43496e30c4bb583f7b6f4c090001e (127.6.115.134) changed from NON_VOTER to VOTER. New config: { opid_index: 28 OBSOLETE_local: false peers { permanent_uuid: "f6c4545e6c61465cb51570256d7ba14c" member_type: VOTER last_known_addr { host: "127.6.115.129" port: 35127 } attrs { replace: true } } peers { permanent_uuid: "03c229ed61cf4e7489dfdfebdb491e80" member_type: VOTER last_known_addr { host: "127.6.115.130" port: 39451 } } peers { permanent_uuid: "f87191ec900943e19d9ff80c17a77370" member_type: VOTER last_known_addr { host: "127.6.115.131" port: 33535 } } peers { permanent_uuid: "3ec43496e30c4bb583f7b6f4c090001e" member_type: VOTER last_known_addr { host: "127.6.115.134" port: 40375 } attrs { promote: false } } }
I20260601 13:38:28.190655 10869 catalog_manager.cc:5696] T 2ea8fe786f3f4bcca54962d0d0957874 P f6c4545e6c61465cb51570256d7ba14c reported cstate change: config changed from index 26 to 27, c0c83ebd56fe433aab48c3162521e139 (127.6.115.132) changed from NON_VOTER to VOTER. New cstate: current_term: 1 leader_uuid: "f6c4545e6c61465cb51570256d7ba14c" committed_config { opid_index: 27 OBSOLETE_local: false peers { permanent_uuid: "f6c4545e6c61465cb51570256d7ba14c" member_type: VOTER last_known_addr { host: "127.6.115.129" port: 35127 } health_report { overall_health: HEALTHY } } peers { permanent_uuid: "03c229ed61cf4e7489dfdfebdb491e80" member_type: VOTER last_known_addr { host: "127.6.115.130" port: 39451 } health_report { overall_health: HEALTHY } } peers { permanent_uuid: "f87191ec900943e19d9ff80c17a77370" member_type: VOTER last_known_addr { host: "127.6.115.131" port: 33535 } attrs { replace: true } health_report { overall_health: UNKNOWN } } peers { permanent_uuid: "c0c83ebd56fe433aab48c3162521e139" member_type: VOTER last_known_addr { host: "127.6.115.132" port: 43535 } attrs { promote: false } health_report { overall_health: HEALTHY } } }
I20260601 13:38:28.190727 11049 raft_consensus.cc:2955] T 2ea8fe786f3f4bcca54962d0d0957874 P 03c229ed61cf4e7489dfdfebdb491e80 [term 1 FOLLOWER]: Committing config change with OpId 1.27: config changed from index 26 to 27, c0c83ebd56fe433aab48c3162521e139 (127.6.115.132) changed from NON_VOTER to VOTER. New config: { opid_index: 27 OBSOLETE_local: false peers { permanent_uuid: "f6c4545e6c61465cb51570256d7ba14c" member_type: VOTER last_known_addr { host: "127.6.115.129" port: 35127 } } peers { permanent_uuid: "03c229ed61cf4e7489dfdfebdb491e80" member_type: VOTER last_known_addr { host: "127.6.115.130" port: 39451 } } peers { permanent_uuid: "f87191ec900943e19d9ff80c17a77370" member_type: VOTER last_known_addr { host: "127.6.115.131" port: 33535 } attrs { replace: true } } peers { permanent_uuid: "c0c83ebd56fe433aab48c3162521e139" member_type: VOTER last_known_addr { host: "127.6.115.132" port: 43535 } attrs { promote: false } } }
I20260601 13:38:28.191828 11121 raft_consensus.cc:2955] T 8ef9840b1a264da79521aa75f2367fd0 P f87191ec900943e19d9ff80c17a77370 [term 1 FOLLOWER]: Committing config change with OpId 1.28: config changed from index 27 to 28, 3ec43496e30c4bb583f7b6f4c090001e (127.6.115.134) changed from NON_VOTER to VOTER. New config: { opid_index: 28 OBSOLETE_local: false peers { permanent_uuid: "f6c4545e6c61465cb51570256d7ba14c" member_type: VOTER last_known_addr { host: "127.6.115.129" port: 35127 } attrs { replace: true } } peers { permanent_uuid: "03c229ed61cf4e7489dfdfebdb491e80" member_type: VOTER last_known_addr { host: "127.6.115.130" port: 39451 } } peers { permanent_uuid: "f87191ec900943e19d9ff80c17a77370" member_type: VOTER last_known_addr { host: "127.6.115.131" port: 33535 } } peers { permanent_uuid: "3ec43496e30c4bb583f7b6f4c090001e" member_type: VOTER last_known_addr { host: "127.6.115.134" port: 40375 } attrs { promote: false } } }
I20260601 13:38:28.192305 11120 raft_consensus.cc:2955] T 2ea8fe786f3f4bcca54962d0d0957874 P f87191ec900943e19d9ff80c17a77370 [term 1 FOLLOWER]: Committing config change with OpId 1.27: config changed from index 26 to 27, c0c83ebd56fe433aab48c3162521e139 (127.6.115.132) changed from NON_VOTER to VOTER. New config: { opid_index: 27 OBSOLETE_local: false peers { permanent_uuid: "f6c4545e6c61465cb51570256d7ba14c" member_type: VOTER last_known_addr { host: "127.6.115.129" port: 35127 } } peers { permanent_uuid: "03c229ed61cf4e7489dfdfebdb491e80" member_type: VOTER last_known_addr { host: "127.6.115.130" port: 39451 } } peers { permanent_uuid: "f87191ec900943e19d9ff80c17a77370" member_type: VOTER last_known_addr { host: "127.6.115.131" port: 33535 } attrs { replace: true } } peers { permanent_uuid: "c0c83ebd56fe433aab48c3162521e139" member_type: VOTER last_known_addr { host: "127.6.115.132" port: 43535 } attrs { promote: false } } }
I20260601 13:38:28.195809 11049 consensus_queue.cc:237] T 8ef9840b1a264da79521aa75f2367fd0 P 03c229ed61cf4e7489dfdfebdb491e80 [LEADER]: Queue going to LEADER mode. State: All replicated index: 0, Majority replicated index: 28, Committed index: 28, Last appended: 1.28, Last appended by leader: 0, Current term: 1, Majority size: 2, State: 0, Mode: LEADER, active raft config: opid_index: 29 OBSOLETE_local: false peers { permanent_uuid: "03c229ed61cf4e7489dfdfebdb491e80" member_type: VOTER last_known_addr { host: "127.6.115.130" port: 39451 } } peers { permanent_uuid: "f87191ec900943e19d9ff80c17a77370" member_type: VOTER last_known_addr { host: "127.6.115.131" port: 33535 } } peers { permanent_uuid: "3ec43496e30c4bb583f7b6f4c090001e" member_type: VOTER last_known_addr { host: "127.6.115.134" port: 40375 } attrs { promote: false } }
I20260601 13:38:28.196704 10975 consensus_queue.cc:237] T 2ea8fe786f3f4bcca54962d0d0957874 P f6c4545e6c61465cb51570256d7ba14c [LEADER]: Queue going to LEADER mode. State: All replicated index: 0, Majority replicated index: 27, Committed index: 27, Last appended: 1.27, Last appended by leader: 0, Current term: 1, Majority size: 2, State: 0, Mode: LEADER, active raft config: opid_index: 28 OBSOLETE_local: false peers { permanent_uuid: "f6c4545e6c61465cb51570256d7ba14c" member_type: VOTER last_known_addr { host: "127.6.115.129" port: 35127 } } peers { permanent_uuid: "03c229ed61cf4e7489dfdfebdb491e80" member_type: VOTER last_known_addr { host: "127.6.115.130" port: 39451 } } peers { permanent_uuid: "c0c83ebd56fe433aab48c3162521e139" member_type: VOTER last_known_addr { host: "127.6.115.132" port: 43535 } attrs { promote: false } }
I20260601 13:38:28.197649 11120 raft_consensus.cc:1275] T 8ef9840b1a264da79521aa75f2367fd0 P f87191ec900943e19d9ff80c17a77370 [term 1 FOLLOWER]: Refusing update from remote peer 03c229ed61cf4e7489dfdfebdb491e80: Log matching property violated. Preceding OpId in replica: term: 1 index: 28. Preceding OpId from leader: term: 1 index: 29. (index mismatch)
I20260601 13:38:28.197705 11522 raft_consensus.cc:1275] T 8ef9840b1a264da79521aa75f2367fd0 P 3ec43496e30c4bb583f7b6f4c090001e [term 1 FOLLOWER]: Refusing update from remote peer 03c229ed61cf4e7489dfdfebdb491e80: Log matching property violated. Preceding OpId in replica: term: 1 index: 28. Preceding OpId from leader: term: 1 index: 29. (index mismatch)
I20260601 13:38:28.198264 11634 consensus_queue.cc:1048] T 8ef9840b1a264da79521aa75f2367fd0 P 03c229ed61cf4e7489dfdfebdb491e80 [LEADER]: Connected to new peer: Peer: permanent_uuid: "f87191ec900943e19d9ff80c17a77370" member_type: VOTER last_known_addr { host: "127.6.115.131" port: 33535 }, Status: LMP_MISMATCH, Last received: 0.0, Next index: 29, Last known committed idx: 28, Time since last communication: 0.000s
I20260601 13:38:28.198612 11049 raft_consensus.cc:1275] T 2ea8fe786f3f4bcca54962d0d0957874 P 03c229ed61cf4e7489dfdfebdb491e80 [term 1 FOLLOWER]: Refusing update from remote peer f6c4545e6c61465cb51570256d7ba14c: Log matching property violated. Preceding OpId in replica: term: 1 index: 27. Preceding OpId from leader: term: 1 index: 28. (index mismatch)
I20260601 13:38:28.198313 11370 raft_consensus.cc:1275] T 2ea8fe786f3f4bcca54962d0d0957874 P c0c83ebd56fe433aab48c3162521e139 [term 1 FOLLOWER]: Refusing update from remote peer f6c4545e6c61465cb51570256d7ba14c: Log matching property violated. Preceding OpId in replica: term: 1 index: 27. Preceding OpId from leader: term: 1 index: 28. (index mismatch)
I20260601 13:38:28.199035 11635 consensus_queue.cc:1048] T 2ea8fe786f3f4bcca54962d0d0957874 P f6c4545e6c61465cb51570256d7ba14c [LEADER]: Connected to new peer: Peer: permanent_uuid: "03c229ed61cf4e7489dfdfebdb491e80" member_type: VOTER last_known_addr { host: "127.6.115.130" port: 39451 }, Status: LMP_MISMATCH, Last received: 0.0, Next index: 28, Last known committed idx: 27, Time since last communication: 0.000s
I20260601 13:38:28.199223 11634 consensus_queue.cc:1048] T 8ef9840b1a264da79521aa75f2367fd0 P 03c229ed61cf4e7489dfdfebdb491e80 [LEADER]: Connected to new peer: Peer: permanent_uuid: "3ec43496e30c4bb583f7b6f4c090001e" member_type: VOTER last_known_addr { host: "127.6.115.134" port: 40375 } attrs { promote: false }, Status: LMP_MISMATCH, Last received: 0.0, Next index: 29, Last known committed idx: 28, Time since last communication: 0.000s
I20260601 13:38:28.199532 11636 consensus_queue.cc:1048] T 2ea8fe786f3f4bcca54962d0d0957874 P f6c4545e6c61465cb51570256d7ba14c [LEADER]: Connected to new peer: Peer: permanent_uuid: "c0c83ebd56fe433aab48c3162521e139" member_type: VOTER last_known_addr { host: "127.6.115.132" port: 43535 } attrs { promote: false }, Status: LMP_MISMATCH, Last received: 0.0, Next index: 28, Last known committed idx: 27, Time since last communication: 0.000s
I20260601 13:38:28.200740 11633 raft_consensus.cc:2955] T 8ef9840b1a264da79521aa75f2367fd0 P 03c229ed61cf4e7489dfdfebdb491e80 [term 1 LEADER]: Committing config change with OpId 1.29: config changed from index 28 to 29, VOTER f6c4545e6c61465cb51570256d7ba14c (127.6.115.129) evicted. New config: { opid_index: 29 OBSOLETE_local: false peers { permanent_uuid: "03c229ed61cf4e7489dfdfebdb491e80" member_type: VOTER last_known_addr { host: "127.6.115.130" port: 39451 } } peers { permanent_uuid: "f87191ec900943e19d9ff80c17a77370" member_type: VOTER last_known_addr { host: "127.6.115.131" port: 33535 } } peers { permanent_uuid: "3ec43496e30c4bb583f7b6f4c090001e" member_type: VOTER last_known_addr { host: "127.6.115.134" port: 40375 } attrs { promote: false } } }
I20260601 13:38:28.201315 11636 raft_consensus.cc:2955] T 2ea8fe786f3f4bcca54962d0d0957874 P f6c4545e6c61465cb51570256d7ba14c [term 1 LEADER]: Committing config change with OpId 1.28: config changed from index 27 to 28, VOTER f87191ec900943e19d9ff80c17a77370 (127.6.115.131) evicted. New config: { opid_index: 28 OBSOLETE_local: false peers { permanent_uuid: "f6c4545e6c61465cb51570256d7ba14c" member_type: VOTER last_known_addr { host: "127.6.115.129" port: 35127 } } peers { permanent_uuid: "03c229ed61cf4e7489dfdfebdb491e80" member_type: VOTER last_known_addr { host: "127.6.115.130" port: 39451 } } peers { permanent_uuid: "c0c83ebd56fe433aab48c3162521e139" member_type: VOTER last_known_addr { host: "127.6.115.132" port: 43535 } attrs { promote: false } } }
I20260601 13:38:28.202392 11370 raft_consensus.cc:2955] T 2ea8fe786f3f4bcca54962d0d0957874 P c0c83ebd56fe433aab48c3162521e139 [term 1 FOLLOWER]: Committing config change with OpId 1.28: config changed from index 27 to 28, VOTER f87191ec900943e19d9ff80c17a77370 (127.6.115.131) evicted. New config: { opid_index: 28 OBSOLETE_local: false peers { permanent_uuid: "f6c4545e6c61465cb51570256d7ba14c" member_type: VOTER last_known_addr { host: "127.6.115.129" port: 35127 } } peers { permanent_uuid: "03c229ed61cf4e7489dfdfebdb491e80" member_type: VOTER last_known_addr { host: "127.6.115.130" port: 39451 } } peers { permanent_uuid: "c0c83ebd56fe433aab48c3162521e139" member_type: VOTER last_known_addr { host: "127.6.115.132" port: 43535 } attrs { promote: false } } }
I20260601 13:38:28.202924 10857 catalog_manager.cc:5209] ChangeConfig:REMOVE_PEER RPC for tablet 8ef9840b1a264da79521aa75f2367fd0 with cas_config_opid_index 28: ChangeConfig:REMOVE_PEER succeeded (attempt 1)
I20260601 13:38:28.203485 11049 raft_consensus.cc:2955] T 2ea8fe786f3f4bcca54962d0d0957874 P 03c229ed61cf4e7489dfdfebdb491e80 [term 1 FOLLOWER]: Committing config change with OpId 1.28: config changed from index 27 to 28, VOTER f87191ec900943e19d9ff80c17a77370 (127.6.115.131) evicted. New config: { opid_index: 28 OBSOLETE_local: false peers { permanent_uuid: "f6c4545e6c61465cb51570256d7ba14c" member_type: VOTER last_known_addr { host: "127.6.115.129" port: 35127 } } peers { permanent_uuid: "03c229ed61cf4e7489dfdfebdb491e80" member_type: VOTER last_known_addr { host: "127.6.115.130" port: 39451 } } peers { permanent_uuid: "c0c83ebd56fe433aab48c3162521e139" member_type: VOTER last_known_addr { host: "127.6.115.132" port: 43535 } attrs { promote: false } } }
I20260601 13:38:28.203544 10870 catalog_manager.cc:5696] T 8ef9840b1a264da79521aa75f2367fd0 P 03c229ed61cf4e7489dfdfebdb491e80 reported cstate change: config changed from index 28 to 29, VOTER f6c4545e6c61465cb51570256d7ba14c (127.6.115.129) evicted. New cstate: current_term: 1 leader_uuid: "03c229ed61cf4e7489dfdfebdb491e80" committed_config { opid_index: 29 OBSOLETE_local: false peers { permanent_uuid: "03c229ed61cf4e7489dfdfebdb491e80" member_type: VOTER last_known_addr { host: "127.6.115.130" port: 39451 } health_report { overall_health: HEALTHY } } peers { permanent_uuid: "f87191ec900943e19d9ff80c17a77370" member_type: VOTER last_known_addr { host: "127.6.115.131" port: 33535 } health_report { overall_health: HEALTHY } } peers { permanent_uuid: "3ec43496e30c4bb583f7b6f4c090001e" member_type: VOTER last_known_addr { host: "127.6.115.134" port: 40375 } attrs { promote: false } health_report { overall_health: UNKNOWN } } }
I20260601 13:38:28.205216 10866 catalog_manager.cc:5696] T 2ea8fe786f3f4bcca54962d0d0957874 P f6c4545e6c61465cb51570256d7ba14c reported cstate change: config changed from index 27 to 28, VOTER f87191ec900943e19d9ff80c17a77370 (127.6.115.131) evicted. New cstate: current_term: 1 leader_uuid: "f6c4545e6c61465cb51570256d7ba14c" committed_config { opid_index: 28 OBSOLETE_local: false peers { permanent_uuid: "f6c4545e6c61465cb51570256d7ba14c" member_type: VOTER last_known_addr { host: "127.6.115.129" port: 35127 } health_report { overall_health: HEALTHY } } peers { permanent_uuid: "03c229ed61cf4e7489dfdfebdb491e80" member_type: VOTER last_known_addr { host: "127.6.115.130" port: 39451 } health_report { overall_health: HEALTHY } } peers { permanent_uuid: "c0c83ebd56fe433aab48c3162521e139" member_type: VOTER last_known_addr { host: "127.6.115.132" port: 43535 } attrs { promote: false } health_report { overall_health: HEALTHY } } }
I20260601 13:38:28.205415 11522 raft_consensus.cc:2955] T 8ef9840b1a264da79521aa75f2367fd0 P 3ec43496e30c4bb583f7b6f4c090001e [term 1 FOLLOWER]: Committing config change with OpId 1.29: config changed from index 28 to 29, VOTER f6c4545e6c61465cb51570256d7ba14c (127.6.115.129) evicted. New config: { opid_index: 29 OBSOLETE_local: false peers { permanent_uuid: "03c229ed61cf4e7489dfdfebdb491e80" member_type: VOTER last_known_addr { host: "127.6.115.130" port: 39451 } } peers { permanent_uuid: "f87191ec900943e19d9ff80c17a77370" member_type: VOTER last_known_addr { host: "127.6.115.131" port: 33535 } } peers { permanent_uuid: "3ec43496e30c4bb583f7b6f4c090001e" member_type: VOTER last_known_addr { host: "127.6.115.134" port: 40375 } attrs { promote: false } } }
I20260601 13:38:28.205543 10856 catalog_manager.cc:5209] ChangeConfig:REMOVE_PEER RPC for tablet 2ea8fe786f3f4bcca54962d0d0957874 with cas_config_opid_index 27: ChangeConfig:REMOVE_PEER succeeded (attempt 1)
I20260601 13:38:28.206964 10961 tablet_service.cc:1558] Processing DeleteTablet for tablet 8ef9840b1a264da79521aa75f2367fd0 with delete_type TABLET_DATA_TOMBSTONED (TS f6c4545e6c61465cb51570256d7ba14c not found in new config with opid_index 29) from {username='slave'} at 127.0.0.1:57246
I20260601 13:38:28.207191 11622 tablet_replica.cc:333] T 8ef9840b1a264da79521aa75f2367fd0 P f6c4545e6c61465cb51570256d7ba14c: stopping tablet replica
I20260601 13:38:28.207329 11622 raft_consensus.cc:2243] T 8ef9840b1a264da79521aa75f2367fd0 P f6c4545e6c61465cb51570256d7ba14c [term 1 FOLLOWER]: Raft consensus shutting down.
I20260601 13:38:28.207494 11622 raft_consensus.cc:2272] T 8ef9840b1a264da79521aa75f2367fd0 P f6c4545e6c61465cb51570256d7ba14c [term 1 FOLLOWER]: Raft consensus is shut down!
I20260601 13:38:28.207690 11120 raft_consensus.cc:2955] T 8ef9840b1a264da79521aa75f2367fd0 P f87191ec900943e19d9ff80c17a77370 [term 1 FOLLOWER]: Committing config change with OpId 1.29: config changed from index 28 to 29, VOTER f6c4545e6c61465cb51570256d7ba14c (127.6.115.129) evicted. New config: { opid_index: 29 OBSOLETE_local: false peers { permanent_uuid: "03c229ed61cf4e7489dfdfebdb491e80" member_type: VOTER last_known_addr { host: "127.6.115.130" port: 39451 } } peers { permanent_uuid: "f87191ec900943e19d9ff80c17a77370" member_type: VOTER last_known_addr { host: "127.6.115.131" port: 33535 } } peers { permanent_uuid: "3ec43496e30c4bb583f7b6f4c090001e" member_type: VOTER last_known_addr { host: "127.6.115.134" port: 40375 } attrs { promote: false } } }
I20260601 13:38:28.208384 11116 tablet_service.cc:1558] Processing DeleteTablet for tablet 2ea8fe786f3f4bcca54962d0d0957874 with delete_type TABLET_DATA_TOMBSTONED (TS f87191ec900943e19d9ff80c17a77370 not found in new config with opid_index 28) from {username='slave'} at 127.0.0.1:34644
I20260601 13:38:28.209640 11646 tablet_replica.cc:333] T 2ea8fe786f3f4bcca54962d0d0957874 P f87191ec900943e19d9ff80c17a77370: stopping tablet replica
I20260601 13:38:28.209765 11622 ts_tablet_manager.cc:1916] T 8ef9840b1a264da79521aa75f2367fd0 P f6c4545e6c61465cb51570256d7ba14c: Deleting tablet data with delete state TABLET_DATA_TOMBSTONED
I20260601 13:38:28.209826 11646 raft_consensus.cc:2243] T 2ea8fe786f3f4bcca54962d0d0957874 P f87191ec900943e19d9ff80c17a77370 [term 1 FOLLOWER]: Raft consensus shutting down.
I20260601 13:38:28.209992 11646 raft_consensus.cc:2272] T 2ea8fe786f3f4bcca54962d0d0957874 P f87191ec900943e19d9ff80c17a77370 [term 1 FOLLOWER]: Raft consensus is shut down!
I20260601 13:38:28.211056 11646 ts_tablet_manager.cc:1916] T 2ea8fe786f3f4bcca54962d0d0957874 P f87191ec900943e19d9ff80c17a77370: Deleting tablet data with delete state TABLET_DATA_TOMBSTONED
I20260601 13:38:28.212107 11622 ts_tablet_manager.cc:1929] T 8ef9840b1a264da79521aa75f2367fd0 P f6c4545e6c61465cb51570256d7ba14c: tablet deleted with delete type TABLET_DATA_TOMBSTONED: last-logged OpId 1.28
I20260601 13:38:28.212340 11622 log.cc:1199] T 8ef9840b1a264da79521aa75f2367fd0 P f6c4545e6c61465cb51570256d7ba14c: Deleting WAL directory at /tmp/dist-test-taskIbeR2C/test-tmp/auto_rebalancer-test.0.AutoRebalancerTest.TestMaxMovesPerServer.1780320999732075-6606-0/minicluster-data/ts-0-root/wals/8ef9840b1a264da79521aa75f2367fd0
I20260601 13:38:28.212941 10856 catalog_manager.cc:5027] TS f6c4545e6c61465cb51570256d7ba14c (127.6.115.129:35127): tablet 8ef9840b1a264da79521aa75f2367fd0 (table test-workload [id=632533e18d604796a169ed6b2e84df59]) successfully deleted
I20260601 13:38:28.213470 11646 ts_tablet_manager.cc:1929] T 2ea8fe786f3f4bcca54962d0d0957874 P f87191ec900943e19d9ff80c17a77370: tablet deleted with delete type TABLET_DATA_TOMBSTONED: last-logged OpId 1.27
I20260601 13:38:28.213574 11646 log.cc:1199] T 2ea8fe786f3f4bcca54962d0d0957874 P f87191ec900943e19d9ff80c17a77370: Deleting WAL directory at /tmp/dist-test-taskIbeR2C/test-tmp/auto_rebalancer-test.0.AutoRebalancerTest.TestMaxMovesPerServer.1780320999732075-6606-0/minicluster-data/ts-2-root/wals/2ea8fe786f3f4bcca54962d0d0957874
I20260601 13:38:28.214095 10858 catalog_manager.cc:5027] TS f87191ec900943e19d9ff80c17a77370 (127.6.115.131:33535): tablet 2ea8fe786f3f4bcca54962d0d0957874 (table test-workload [id=632533e18d604796a169ed6b2e84df59]) successfully deleted
I20260601 13:38:28.237620 11636 raft_consensus.cc:1064] T 3fa3c3fe0b2e4e958e169e95cfd8c696 P f6c4545e6c61465cb51570256d7ba14c: attempting to promote NON_VOTER c0c83ebd56fe433aab48c3162521e139 to VOTER
I20260601 13:38:28.238148 11636 consensus_queue.cc:237] T 3fa3c3fe0b2e4e958e169e95cfd8c696 P f6c4545e6c61465cb51570256d7ba14c [LEADER]: Queue going to LEADER mode. State: All replicated index: 0, Majority replicated index: 27, Committed index: 27, Last appended: 1.27, Last appended by leader: 0, Current term: 1, Majority size: 3, State: 0, Mode: LEADER, active raft config: opid_index: 28 OBSOLETE_local: false peers { permanent_uuid: "f6c4545e6c61465cb51570256d7ba14c" member_type: VOTER last_known_addr { host: "127.6.115.129" port: 35127 } } peers { permanent_uuid: "03c229ed61cf4e7489dfdfebdb491e80" member_type: VOTER last_known_addr { host: "127.6.115.130" port: 39451 } attrs { replace: true } } peers { permanent_uuid: "f87191ec900943e19d9ff80c17a77370" member_type: VOTER last_known_addr { host: "127.6.115.131" port: 33535 } } peers { permanent_uuid: "c0c83ebd56fe433aab48c3162521e139" member_type: VOTER last_known_addr { host: "127.6.115.132" port: 43535 } attrs { promote: false } }
I20260601 13:38:28.239836 11120 raft_consensus.cc:1275] T 3fa3c3fe0b2e4e958e169e95cfd8c696 P f87191ec900943e19d9ff80c17a77370 [term 1 FOLLOWER]: Refusing update from remote peer f6c4545e6c61465cb51570256d7ba14c: Log matching property violated. Preceding OpId in replica: term: 1 index: 27. Preceding OpId from leader: term: 1 index: 28. (index mismatch)
I20260601 13:38:28.239846 11370 raft_consensus.cc:1275] T 3fa3c3fe0b2e4e958e169e95cfd8c696 P c0c83ebd56fe433aab48c3162521e139 [term 1 LEARNER]: Refusing update from remote peer f6c4545e6c61465cb51570256d7ba14c: Log matching property violated. Preceding OpId in replica: term: 1 index: 27. Preceding OpId from leader: term: 1 index: 28. (index mismatch)
I20260601 13:38:28.239846 11049 raft_consensus.cc:1275] T 3fa3c3fe0b2e4e958e169e95cfd8c696 P 03c229ed61cf4e7489dfdfebdb491e80 [term 1 FOLLOWER]: Refusing update from remote peer f6c4545e6c61465cb51570256d7ba14c: Log matching property violated. Preceding OpId in replica: term: 1 index: 27. Preceding OpId from leader: term: 1 index: 28. (index mismatch)
I20260601 13:38:28.240327 11635 consensus_queue.cc:1048] T 3fa3c3fe0b2e4e958e169e95cfd8c696 P f6c4545e6c61465cb51570256d7ba14c [LEADER]: Connected to new peer: Peer: permanent_uuid: "03c229ed61cf4e7489dfdfebdb491e80" member_type: VOTER last_known_addr { host: "127.6.115.130" port: 39451 } attrs { replace: true }, Status: LMP_MISMATCH, Last received: 0.0, Next index: 28, Last known committed idx: 27, Time since last communication: 0.000s
I20260601 13:38:28.240542 11636 consensus_queue.cc:1048] T 3fa3c3fe0b2e4e958e169e95cfd8c696 P f6c4545e6c61465cb51570256d7ba14c [LEADER]: Connected to new peer: Peer: permanent_uuid: "f87191ec900943e19d9ff80c17a77370" member_type: VOTER last_known_addr { host: "127.6.115.131" port: 33535 }, Status: LMP_MISMATCH, Last received: 0.0, Next index: 28, Last known committed idx: 27, Time since last communication: 0.000s
I20260601 13:38:28.240736 11630 consensus_queue.cc:1048] T 3fa3c3fe0b2e4e958e169e95cfd8c696 P f6c4545e6c61465cb51570256d7ba14c [LEADER]: Connected to new peer: Peer: permanent_uuid: "c0c83ebd56fe433aab48c3162521e139" member_type: VOTER last_known_addr { host: "127.6.115.132" port: 43535 } attrs { promote: false }, Status: LMP_MISMATCH, Last received: 0.0, Next index: 28, Last known committed idx: 27, Time since last communication: 0.000s
I20260601 13:38:28.242967 11568 raft_consensus.cc:2955] T 3fa3c3fe0b2e4e958e169e95cfd8c696 P f6c4545e6c61465cb51570256d7ba14c [term 1 LEADER]: Committing config change with OpId 1.28: config changed from index 27 to 28, c0c83ebd56fe433aab48c3162521e139 (127.6.115.132) changed from NON_VOTER to VOTER. New config: { opid_index: 28 OBSOLETE_local: false peers { permanent_uuid: "f6c4545e6c61465cb51570256d7ba14c" member_type: VOTER last_known_addr { host: "127.6.115.129" port: 35127 } } peers { permanent_uuid: "03c229ed61cf4e7489dfdfebdb491e80" member_type: VOTER last_known_addr { host: "127.6.115.130" port: 39451 } attrs { replace: true } } peers { permanent_uuid: "f87191ec900943e19d9ff80c17a77370" member_type: VOTER last_known_addr { host: "127.6.115.131" port: 33535 } } peers { permanent_uuid: "c0c83ebd56fe433aab48c3162521e139" member_type: VOTER last_known_addr { host: "127.6.115.132" port: 43535 } attrs { promote: false } } }
I20260601 13:38:28.243319 11120 raft_consensus.cc:2955] T 3fa3c3fe0b2e4e958e169e95cfd8c696 P f87191ec900943e19d9ff80c17a77370 [term 1 FOLLOWER]: Committing config change with OpId 1.28: config changed from index 27 to 28, c0c83ebd56fe433aab48c3162521e139 (127.6.115.132) changed from NON_VOTER to VOTER. New config: { opid_index: 28 OBSOLETE_local: false peers { permanent_uuid: "f6c4545e6c61465cb51570256d7ba14c" member_type: VOTER last_known_addr { host: "127.6.115.129" port: 35127 } } peers { permanent_uuid: "03c229ed61cf4e7489dfdfebdb491e80" member_type: VOTER last_known_addr { host: "127.6.115.130" port: 39451 } attrs { replace: true } } peers { permanent_uuid: "f87191ec900943e19d9ff80c17a77370" member_type: VOTER last_known_addr { host: "127.6.115.131" port: 33535 } } peers { permanent_uuid: "c0c83ebd56fe433aab48c3162521e139" member_type: VOTER last_known_addr { host: "127.6.115.132" port: 43535 } attrs { promote: false } } }
I20260601 13:38:28.245043 11370 raft_consensus.cc:2955] T 3fa3c3fe0b2e4e958e169e95cfd8c696 P c0c83ebd56fe433aab48c3162521e139 [term 1 FOLLOWER]: Committing config change with OpId 1.28: config changed from index 27 to 28, c0c83ebd56fe433aab48c3162521e139 (127.6.115.132) changed from NON_VOTER to VOTER. New config: { opid_index: 28 OBSOLETE_local: false peers { permanent_uuid: "f6c4545e6c61465cb51570256d7ba14c" member_type: VOTER last_known_addr { host: "127.6.115.129" port: 35127 } } peers { permanent_uuid: "03c229ed61cf4e7489dfdfebdb491e80" member_type: VOTER last_known_addr { host: "127.6.115.130" port: 39451 } attrs { replace: true } } peers { permanent_uuid: "f87191ec900943e19d9ff80c17a77370" member_type: VOTER last_known_addr { host: "127.6.115.131" port: 33535 } } peers { permanent_uuid: "c0c83ebd56fe433aab48c3162521e139" member_type: VOTER last_known_addr { host: "127.6.115.132" port: 43535 } attrs { promote: false } } }
I20260601 13:38:28.245633 10866 catalog_manager.cc:5696] T 3fa3c3fe0b2e4e958e169e95cfd8c696 P f87191ec900943e19d9ff80c17a77370 reported cstate change: config changed from index 27 to 28, c0c83ebd56fe433aab48c3162521e139 (127.6.115.132) changed from NON_VOTER to VOTER. New cstate: current_term: 1 leader_uuid: "f6c4545e6c61465cb51570256d7ba14c" committed_config { opid_index: 28 OBSOLETE_local: false peers { permanent_uuid: "f6c4545e6c61465cb51570256d7ba14c" member_type: VOTER last_known_addr { host: "127.6.115.129" port: 35127 } } peers { permanent_uuid: "03c229ed61cf4e7489dfdfebdb491e80" member_type: VOTER last_known_addr { host: "127.6.115.130" port: 39451 } attrs { replace: true } } peers { permanent_uuid: "f87191ec900943e19d9ff80c17a77370" member_type: VOTER last_known_addr { host: "127.6.115.131" port: 33535 } } peers { permanent_uuid: "c0c83ebd56fe433aab48c3162521e139" member_type: VOTER last_known_addr { host: "127.6.115.132" port: 43535 } attrs { promote: false } } }
I20260601 13:38:28.245074 11049 raft_consensus.cc:2955] T 3fa3c3fe0b2e4e958e169e95cfd8c696 P 03c229ed61cf4e7489dfdfebdb491e80 [term 1 FOLLOWER]: Committing config change with OpId 1.28: config changed from index 27 to 28, c0c83ebd56fe433aab48c3162521e139 (127.6.115.132) changed from NON_VOTER to VOTER. New config: { opid_index: 28 OBSOLETE_local: false peers { permanent_uuid: "f6c4545e6c61465cb51570256d7ba14c" member_type: VOTER last_known_addr { host: "127.6.115.129" port: 35127 } } peers { permanent_uuid: "03c229ed61cf4e7489dfdfebdb491e80" member_type: VOTER last_known_addr { host: "127.6.115.130" port: 39451 } attrs { replace: true } } peers { permanent_uuid: "f87191ec900943e19d9ff80c17a77370" member_type: VOTER last_known_addr { host: "127.6.115.131" port: 33535 } } peers { permanent_uuid: "c0c83ebd56fe433aab48c3162521e139" member_type: VOTER last_known_addr { host: "127.6.115.132" port: 43535 } attrs { promote: false } } }
I20260601 13:38:28.251109 10975 consensus_queue.cc:237] T 3fa3c3fe0b2e4e958e169e95cfd8c696 P f6c4545e6c61465cb51570256d7ba14c [LEADER]: Queue going to LEADER mode. State: All replicated index: 0, Majority replicated index: 28, Committed index: 28, Last appended: 1.28, Last appended by leader: 0, Current term: 1, Majority size: 2, State: 0, Mode: LEADER, active raft config: opid_index: 29 OBSOLETE_local: false peers { permanent_uuid: "f6c4545e6c61465cb51570256d7ba14c" member_type: VOTER last_known_addr { host: "127.6.115.129" port: 35127 } } peers { permanent_uuid: "f87191ec900943e19d9ff80c17a77370" member_type: VOTER last_known_addr { host: "127.6.115.131" port: 33535 } } peers { permanent_uuid: "c0c83ebd56fe433aab48c3162521e139" member_type: VOTER last_known_addr { host: "127.6.115.132" port: 43535 } attrs { promote: false } }
I20260601 13:38:28.252341 11120 raft_consensus.cc:1275] T 3fa3c3fe0b2e4e958e169e95cfd8c696 P f87191ec900943e19d9ff80c17a77370 [term 1 FOLLOWER]: Refusing update from remote peer f6c4545e6c61465cb51570256d7ba14c: Log matching property violated. Preceding OpId in replica: term: 1 index: 28. Preceding OpId from leader: term: 1 index: 29. (index mismatch)
I20260601 13:38:28.252359 11370 raft_consensus.cc:1275] T 3fa3c3fe0b2e4e958e169e95cfd8c696 P c0c83ebd56fe433aab48c3162521e139 [term 1 FOLLOWER]: Refusing update from remote peer f6c4545e6c61465cb51570256d7ba14c: Log matching property violated. Preceding OpId in replica: term: 1 index: 28. Preceding OpId from leader: term: 1 index: 29. (index mismatch)
I20260601 13:38:28.252741 11630 consensus_queue.cc:1048] T 3fa3c3fe0b2e4e958e169e95cfd8c696 P f6c4545e6c61465cb51570256d7ba14c [LEADER]: Connected to new peer: Peer: permanent_uuid: "c0c83ebd56fe433aab48c3162521e139" member_type: VOTER last_known_addr { host: "127.6.115.132" port: 43535 } attrs { promote: false }, Status: LMP_MISMATCH, Last received: 0.0, Next index: 29, Last known committed idx: 28, Time since last communication: 0.000s
I20260601 13:38:28.253116 11630 consensus_queue.cc:1048] T 3fa3c3fe0b2e4e958e169e95cfd8c696 P f6c4545e6c61465cb51570256d7ba14c [LEADER]: Connected to new peer: Peer: permanent_uuid: "f87191ec900943e19d9ff80c17a77370" member_type: VOTER last_known_addr { host: "127.6.115.131" port: 33535 }, Status: LMP_MISMATCH, Last received: 0.0, Next index: 29, Last known committed idx: 28, Time since last communication: 0.000s
I20260601 13:38:28.254489 11636 raft_consensus.cc:2955] T 3fa3c3fe0b2e4e958e169e95cfd8c696 P f6c4545e6c61465cb51570256d7ba14c [term 1 LEADER]: Committing config change with OpId 1.29: config changed from index 28 to 29, VOTER 03c229ed61cf4e7489dfdfebdb491e80 (127.6.115.130) evicted. New config: { opid_index: 29 OBSOLETE_local: false peers { permanent_uuid: "f6c4545e6c61465cb51570256d7ba14c" member_type: VOTER last_known_addr { host: "127.6.115.129" port: 35127 } } peers { permanent_uuid: "f87191ec900943e19d9ff80c17a77370" member_type: VOTER last_known_addr { host: "127.6.115.131" port: 33535 } } peers { permanent_uuid: "c0c83ebd56fe433aab48c3162521e139" member_type: VOTER last_known_addr { host: "127.6.115.132" port: 43535 } attrs { promote: false } } }
I20260601 13:38:28.254881 11120 raft_consensus.cc:2955] T 3fa3c3fe0b2e4e958e169e95cfd8c696 P f87191ec900943e19d9ff80c17a77370 [term 1 FOLLOWER]: Committing config change with OpId 1.29: config changed from index 28 to 29, VOTER 03c229ed61cf4e7489dfdfebdb491e80 (127.6.115.130) evicted. New config: { opid_index: 29 OBSOLETE_local: false peers { permanent_uuid: "f6c4545e6c61465cb51570256d7ba14c" member_type: VOTER last_known_addr { host: "127.6.115.129" port: 35127 } } peers { permanent_uuid: "f87191ec900943e19d9ff80c17a77370" member_type: VOTER last_known_addr { host: "127.6.115.131" port: 33535 } } peers { permanent_uuid: "c0c83ebd56fe433aab48c3162521e139" member_type: VOTER last_known_addr { host: "127.6.115.132" port: 43535 } attrs { promote: false } } }
I20260601 13:38:28.256119 10856 catalog_manager.cc:5209] ChangeConfig:REMOVE_PEER RPC for tablet 3fa3c3fe0b2e4e958e169e95cfd8c696 with cas_config_opid_index 28: ChangeConfig:REMOVE_PEER succeeded (attempt 1)
I20260601 13:38:28.256349 11370 raft_consensus.cc:2955] T 3fa3c3fe0b2e4e958e169e95cfd8c696 P c0c83ebd56fe433aab48c3162521e139 [term 1 FOLLOWER]: Committing config change with OpId 1.29: config changed from index 28 to 29, VOTER 03c229ed61cf4e7489dfdfebdb491e80 (127.6.115.130) evicted. New config: { opid_index: 29 OBSOLETE_local: false peers { permanent_uuid: "f6c4545e6c61465cb51570256d7ba14c" member_type: VOTER last_known_addr { host: "127.6.115.129" port: 35127 } } peers { permanent_uuid: "f87191ec900943e19d9ff80c17a77370" member_type: VOTER last_known_addr { host: "127.6.115.131" port: 33535 } } peers { permanent_uuid: "c0c83ebd56fe433aab48c3162521e139" member_type: VOTER last_known_addr { host: "127.6.115.132" port: 43535 } attrs { promote: false } } }
I20260601 13:38:28.257257 10870 catalog_manager.cc:5696] T 3fa3c3fe0b2e4e958e169e95cfd8c696 P f6c4545e6c61465cb51570256d7ba14c reported cstate change: config changed from index 28 to 29, VOTER 03c229ed61cf4e7489dfdfebdb491e80 (127.6.115.130) evicted. New cstate: current_term: 1 leader_uuid: "f6c4545e6c61465cb51570256d7ba14c" committed_config { opid_index: 29 OBSOLETE_local: false peers { permanent_uuid: "f6c4545e6c61465cb51570256d7ba14c" member_type: VOTER last_known_addr { host: "127.6.115.129" port: 35127 } health_report { overall_health: HEALTHY } } peers { permanent_uuid: "f87191ec900943e19d9ff80c17a77370" member_type: VOTER last_known_addr { host: "127.6.115.131" port: 33535 } health_report { overall_health: HEALTHY } } peers { permanent_uuid: "c0c83ebd56fe433aab48c3162521e139" member_type: VOTER last_known_addr { host: "127.6.115.132" port: 43535 } attrs { promote: false } health_report { overall_health: HEALTHY } } }
I20260601 13:38:28.259770 11042 tablet_service.cc:1558] Processing DeleteTablet for tablet 3fa3c3fe0b2e4e958e169e95cfd8c696 with delete_type TABLET_DATA_TOMBSTONED (TS 03c229ed61cf4e7489dfdfebdb491e80 not found in new config with opid_index 29) from {username='slave'} at 127.0.0.1:34152
I20260601 13:38:28.260001 11627 tablet_replica.cc:333] T 3fa3c3fe0b2e4e958e169e95cfd8c696 P 03c229ed61cf4e7489dfdfebdb491e80: stopping tablet replica
I20260601 13:38:28.260152 11627 raft_consensus.cc:2243] T 3fa3c3fe0b2e4e958e169e95cfd8c696 P 03c229ed61cf4e7489dfdfebdb491e80 [term 1 FOLLOWER]: Raft consensus shutting down.
I20260601 13:38:28.260320 11627 raft_consensus.cc:2272] T 3fa3c3fe0b2e4e958e169e95cfd8c696 P 03c229ed61cf4e7489dfdfebdb491e80 [term 1 FOLLOWER]: Raft consensus is shut down!
I20260601 13:38:28.261044 11627 ts_tablet_manager.cc:1916] T 3fa3c3fe0b2e4e958e169e95cfd8c696 P 03c229ed61cf4e7489dfdfebdb491e80: Deleting tablet data with delete state TABLET_DATA_TOMBSTONED
I20260601 13:38:28.262802 11627 ts_tablet_manager.cc:1929] T 3fa3c3fe0b2e4e958e169e95cfd8c696 P 03c229ed61cf4e7489dfdfebdb491e80: tablet deleted with delete type TABLET_DATA_TOMBSTONED: last-logged OpId 1.28
I20260601 13:38:28.262862 11627 log.cc:1199] T 3fa3c3fe0b2e4e958e169e95cfd8c696 P 03c229ed61cf4e7489dfdfebdb491e80: Deleting WAL directory at /tmp/dist-test-taskIbeR2C/test-tmp/auto_rebalancer-test.0.AutoRebalancerTest.TestMaxMovesPerServer.1780320999732075-6606-0/minicluster-data/ts-1-root/wals/3fa3c3fe0b2e4e958e169e95cfd8c696
I20260601 13:38:28.263566 10857 catalog_manager.cc:5027] TS 03c229ed61cf4e7489dfdfebdb491e80 (127.6.115.130:39451): tablet 3fa3c3fe0b2e4e958e169e95cfd8c696 (table test-workload [id=632533e18d604796a169ed6b2e84df59]) successfully deleted
I20260601 13:38:29.264844 11049 consensus_queue.cc:237] T 8ef9840b1a264da79521aa75f2367fd0 P 03c229ed61cf4e7489dfdfebdb491e80 [LEADER]: Queue going to LEADER mode. State: All replicated index: 0, Majority replicated index: 29, Committed index: 29, Last appended: 1.29, Last appended by leader: 0, Current term: 1, Majority size: 2, State: 0, Mode: LEADER, active raft config: opid_index: 30 OBSOLETE_local: false peers { permanent_uuid: "03c229ed61cf4e7489dfdfebdb491e80" member_type: VOTER last_known_addr { host: "127.6.115.130" port: 39451 } } peers { permanent_uuid: "f87191ec900943e19d9ff80c17a77370" member_type: VOTER last_known_addr { host: "127.6.115.131" port: 33535 } attrs { replace: true } } peers { permanent_uuid: "3ec43496e30c4bb583f7b6f4c090001e" member_type: VOTER last_known_addr { host: "127.6.115.134" port: 40375 } attrs { promote: false } } peers { permanent_uuid: "ce013c6e0eae4902b2ee566b912c9b25" member_type: NON_VOTER last_known_addr { host: "127.6.115.133" port: 41465 } attrs { promote: true } }
I20260601 13:38:29.266649 11522 raft_consensus.cc:1275] T 8ef9840b1a264da79521aa75f2367fd0 P 3ec43496e30c4bb583f7b6f4c090001e [term 1 FOLLOWER]: Refusing update from remote peer 03c229ed61cf4e7489dfdfebdb491e80: Log matching property violated. Preceding OpId in replica: term: 1 index: 29. Preceding OpId from leader: term: 1 index: 30. (index mismatch)
I20260601 13:38:29.266644 11120 raft_consensus.cc:1275] T 8ef9840b1a264da79521aa75f2367fd0 P f87191ec900943e19d9ff80c17a77370 [term 1 FOLLOWER]: Refusing update from remote peer 03c229ed61cf4e7489dfdfebdb491e80: Log matching property violated. Preceding OpId in replica: term: 1 index: 29. Preceding OpId from leader: term: 1 index: 30. (index mismatch)
I20260601 13:38:29.267248 11653 consensus_queue.cc:1048] T 8ef9840b1a264da79521aa75f2367fd0 P 03c229ed61cf4e7489dfdfebdb491e80 [LEADER]: Connected to new peer: Peer: permanent_uuid: "f87191ec900943e19d9ff80c17a77370" member_type: VOTER last_known_addr { host: "127.6.115.131" port: 33535 } attrs { replace: true }, Status: LMP_MISMATCH, Last received: 0.0, Next index: 30, Last known committed idx: 29, Time since last communication: 0.000s
I20260601 13:38:29.267493 11633 consensus_queue.cc:1048] T 8ef9840b1a264da79521aa75f2367fd0 P 03c229ed61cf4e7489dfdfebdb491e80 [LEADER]: Connected to new peer: Peer: permanent_uuid: "3ec43496e30c4bb583f7b6f4c090001e" member_type: VOTER last_known_addr { host: "127.6.115.134" port: 40375 } attrs { promote: false }, Status: LMP_MISMATCH, Last received: 0.0, Next index: 30, Last known committed idx: 29, Time since last communication: 0.000s
I20260601 13:38:29.269526 11653 raft_consensus.cc:2955] T 8ef9840b1a264da79521aa75f2367fd0 P 03c229ed61cf4e7489dfdfebdb491e80 [term 1 LEADER]: Committing config change with OpId 1.30: config changed from index 29 to 30, NON_VOTER ce013c6e0eae4902b2ee566b912c9b25 (127.6.115.133) added. New config: { opid_index: 30 OBSOLETE_local: false peers { permanent_uuid: "03c229ed61cf4e7489dfdfebdb491e80" member_type: VOTER last_known_addr { host: "127.6.115.130" port: 39451 } } peers { permanent_uuid: "f87191ec900943e19d9ff80c17a77370" member_type: VOTER last_known_addr { host: "127.6.115.131" port: 33535 } attrs { replace: true } } peers { permanent_uuid: "3ec43496e30c4bb583f7b6f4c090001e" member_type: VOTER last_known_addr { host: "127.6.115.134" port: 40375 } attrs { promote: false } } peers { permanent_uuid: "ce013c6e0eae4902b2ee566b912c9b25" member_type: NON_VOTER last_known_addr { host: "127.6.115.133" port: 41465 } attrs { promote: true } } }
I20260601 13:38:29.269850 11120 raft_consensus.cc:2955] T 8ef9840b1a264da79521aa75f2367fd0 P f87191ec900943e19d9ff80c17a77370 [term 1 FOLLOWER]: Committing config change with OpId 1.30: config changed from index 29 to 30, NON_VOTER ce013c6e0eae4902b2ee566b912c9b25 (127.6.115.133) added. New config: { opid_index: 30 OBSOLETE_local: false peers { permanent_uuid: "03c229ed61cf4e7489dfdfebdb491e80" member_type: VOTER last_known_addr { host: "127.6.115.130" port: 39451 } } peers { permanent_uuid: "f87191ec900943e19d9ff80c17a77370" member_type: VOTER last_known_addr { host: "127.6.115.131" port: 33535 } attrs { replace: true } } peers { permanent_uuid: "3ec43496e30c4bb583f7b6f4c090001e" member_type: VOTER last_known_addr { host: "127.6.115.134" port: 40375 } attrs { promote: false } } peers { permanent_uuid: "ce013c6e0eae4902b2ee566b912c9b25" member_type: NON_VOTER last_known_addr { host: "127.6.115.133" port: 41465 } attrs { promote: true } } }
I20260601 13:38:29.270836 11522 raft_consensus.cc:2955] T 8ef9840b1a264da79521aa75f2367fd0 P 3ec43496e30c4bb583f7b6f4c090001e [term 1 FOLLOWER]: Committing config change with OpId 1.30: config changed from index 29 to 30, NON_VOTER ce013c6e0eae4902b2ee566b912c9b25 (127.6.115.133) added. New config: { opid_index: 30 OBSOLETE_local: false peers { permanent_uuid: "03c229ed61cf4e7489dfdfebdb491e80" member_type: VOTER last_known_addr { host: "127.6.115.130" port: 39451 } } peers { permanent_uuid: "f87191ec900943e19d9ff80c17a77370" member_type: VOTER last_known_addr { host: "127.6.115.131" port: 33535 } attrs { replace: true } } peers { permanent_uuid: "3ec43496e30c4bb583f7b6f4c090001e" member_type: VOTER last_known_addr { host: "127.6.115.134" port: 40375 } attrs { promote: false } } peers { permanent_uuid: "ce013c6e0eae4902b2ee566b912c9b25" member_type: NON_VOTER last_known_addr { host: "127.6.115.133" port: 41465 } attrs { promote: true } } }
I20260601 13:38:29.272724 10866 catalog_manager.cc:5696] T 8ef9840b1a264da79521aa75f2367fd0 P f87191ec900943e19d9ff80c17a77370 reported cstate change: config changed from index 29 to 30, NON_VOTER ce013c6e0eae4902b2ee566b912c9b25 (127.6.115.133) added. New cstate: current_term: 1 leader_uuid: "03c229ed61cf4e7489dfdfebdb491e80" committed_config { opid_index: 30 OBSOLETE_local: false peers { permanent_uuid: "03c229ed61cf4e7489dfdfebdb491e80" member_type: VOTER last_known_addr { host: "127.6.115.130" port: 39451 } } peers { permanent_uuid: "f87191ec900943e19d9ff80c17a77370" member_type: VOTER last_known_addr { host: "127.6.115.131" port: 33535 } attrs { replace: true } } peers { permanent_uuid: "3ec43496e30c4bb583f7b6f4c090001e" member_type: VOTER last_known_addr { host: "127.6.115.134" port: 40375 } attrs { promote: false } } peers { permanent_uuid: "ce013c6e0eae4902b2ee566b912c9b25" member_type: NON_VOTER last_known_addr { host: "127.6.115.133" port: 41465 } attrs { promote: true } } }
I20260601 13:38:29.272940 10975 consensus_queue.cc:237] T 10693e554f594e2c8beac90fac95a84b P f6c4545e6c61465cb51570256d7ba14c [LEADER]: Queue going to LEADER mode. State: All replicated index: 0, Majority replicated index: 24, Committed index: 24, Last appended: 1.24, Last appended by leader: 0, Current term: 1, Majority size: 2, State: 0, Mode: LEADER, active raft config: opid_index: 25 OBSOLETE_local: false peers { permanent_uuid: "f6c4545e6c61465cb51570256d7ba14c" member_type: VOTER last_known_addr { host: "127.6.115.129" port: 35127 } } peers { permanent_uuid: "f87191ec900943e19d9ff80c17a77370" member_type: VOTER last_known_addr { host: "127.6.115.131" port: 33535 } } peers { permanent_uuid: "03c229ed61cf4e7489dfdfebdb491e80" member_type: VOTER last_known_addr { host: "127.6.115.130" port: 39451 } attrs { replace: true } } peers { permanent_uuid: "c0c83ebd56fe433aab48c3162521e139" member_type: NON_VOTER last_known_addr { host: "127.6.115.132" port: 43535 } attrs { promote: true } }
I20260601 13:38:29.274533 11049 raft_consensus.cc:1275] T 10693e554f594e2c8beac90fac95a84b P 03c229ed61cf4e7489dfdfebdb491e80 [term 1 FOLLOWER]: Refusing update from remote peer f6c4545e6c61465cb51570256d7ba14c: Log matching property violated. Preceding OpId in replica: term: 1 index: 24. Preceding OpId from leader: term: 1 index: 25. (index mismatch)
W20260601 13:38:29.274674 11016 consensus_peers.cc:597] T 8ef9840b1a264da79521aa75f2367fd0 P 03c229ed61cf4e7489dfdfebdb491e80 -> Peer ce013c6e0eae4902b2ee566b912c9b25 (127.6.115.133:41465): Couldn't send request to peer ce013c6e0eae4902b2ee566b912c9b25. Error code: TABLET_NOT_FOUND (6). Status: Not found: Tablet not found: 8ef9840b1a264da79521aa75f2367fd0. This is attempt 1: this message will repeat every 5th retry.
I20260601 13:38:29.274762 11120 raft_consensus.cc:1275] T 10693e554f594e2c8beac90fac95a84b P f87191ec900943e19d9ff80c17a77370 [term 1 FOLLOWER]: Refusing update from remote peer f6c4545e6c61465cb51570256d7ba14c: Log matching property violated. Preceding OpId in replica: term: 1 index: 24. Preceding OpId from leader: term: 1 index: 25. (index mismatch)
I20260601 13:38:29.274921 11636 consensus_queue.cc:1048] T 10693e554f594e2c8beac90fac95a84b P f6c4545e6c61465cb51570256d7ba14c [LEADER]: Connected to new peer: Peer: permanent_uuid: "03c229ed61cf4e7489dfdfebdb491e80" member_type: VOTER last_known_addr { host: "127.6.115.130" port: 39451 } attrs { replace: true }, Status: LMP_MISMATCH, Last received: 0.0, Next index: 25, Last known committed idx: 24, Time since last communication: 0.000s
W20260601 13:38:29.275213 10938 consensus_peers.cc:597] T 10693e554f594e2c8beac90fac95a84b P f6c4545e6c61465cb51570256d7ba14c -> Peer c0c83ebd56fe433aab48c3162521e139 (127.6.115.132:43535): Couldn't send request to peer c0c83ebd56fe433aab48c3162521e139. Error code: TABLET_NOT_FOUND (6). Status: Not found: Tablet not found: 10693e554f594e2c8beac90fac95a84b. This is attempt 1: this message will repeat every 5th retry.
I20260601 13:38:29.275254 11636 consensus_queue.cc:1048] T 10693e554f594e2c8beac90fac95a84b P f6c4545e6c61465cb51570256d7ba14c [LEADER]: Connected to new peer: Peer: permanent_uuid: "f87191ec900943e19d9ff80c17a77370" member_type: VOTER last_known_addr { host: "127.6.115.131" port: 33535 }, Status: LMP_MISMATCH, Last received: 0.0, Next index: 25, Last known committed idx: 24, Time since last communication: 0.000s
I20260601 13:38:29.276698 11636 raft_consensus.cc:2955] T 10693e554f594e2c8beac90fac95a84b P f6c4545e6c61465cb51570256d7ba14c [term 1 LEADER]: Committing config change with OpId 1.25: config changed from index -1 to 25, NON_VOTER c0c83ebd56fe433aab48c3162521e139 (127.6.115.132) added. New config: { opid_index: 25 OBSOLETE_local: false peers { permanent_uuid: "f6c4545e6c61465cb51570256d7ba14c" member_type: VOTER last_known_addr { host: "127.6.115.129" port: 35127 } } peers { permanent_uuid: "f87191ec900943e19d9ff80c17a77370" member_type: VOTER last_known_addr { host: "127.6.115.131" port: 33535 } } peers { permanent_uuid: "03c229ed61cf4e7489dfdfebdb491e80" member_type: VOTER last_known_addr { host: "127.6.115.130" port: 39451 } attrs { replace: true } } peers { permanent_uuid: "c0c83ebd56fe433aab48c3162521e139" member_type: NON_VOTER last_known_addr { host: "127.6.115.132" port: 43535 } attrs { promote: true } } }
I20260601 13:38:29.277549 11120 raft_consensus.cc:2955] T 10693e554f594e2c8beac90fac95a84b P f87191ec900943e19d9ff80c17a77370 [term 1 FOLLOWER]: Committing config change with OpId 1.25: config changed from index -1 to 25, NON_VOTER c0c83ebd56fe433aab48c3162521e139 (127.6.115.132) added. New config: { opid_index: 25 OBSOLETE_local: false peers { permanent_uuid: "f6c4545e6c61465cb51570256d7ba14c" member_type: VOTER last_known_addr { host: "127.6.115.129" port: 35127 } } peers { permanent_uuid: "f87191ec900943e19d9ff80c17a77370" member_type: VOTER last_known_addr { host: "127.6.115.131" port: 33535 } } peers { permanent_uuid: "03c229ed61cf4e7489dfdfebdb491e80" member_type: VOTER last_known_addr { host: "127.6.115.130" port: 39451 } attrs { replace: true } } peers { permanent_uuid: "c0c83ebd56fe433aab48c3162521e139" member_type: NON_VOTER last_known_addr { host: "127.6.115.132" port: 43535 } attrs { promote: true } } }
I20260601 13:38:29.279618 10869 catalog_manager.cc:5696] T 10693e554f594e2c8beac90fac95a84b P f6c4545e6c61465cb51570256d7ba14c reported cstate change: config changed from index -1 to 25, NON_VOTER c0c83ebd56fe433aab48c3162521e139 (127.6.115.132) added. New cstate: current_term: 1 leader_uuid: "f6c4545e6c61465cb51570256d7ba14c" committed_config { opid_index: 25 OBSOLETE_local: false peers { permanent_uuid: "f6c4545e6c61465cb51570256d7ba14c" member_type: VOTER last_known_addr { host: "127.6.115.129" port: 35127 } health_report { overall_health: HEALTHY } } peers { permanent_uuid: "f87191ec900943e19d9ff80c17a77370" member_type: VOTER last_known_addr { host: "127.6.115.131" port: 33535 } health_report { overall_health: HEALTHY } } peers { permanent_uuid: "03c229ed61cf4e7489dfdfebdb491e80" member_type: VOTER last_known_addr { host: "127.6.115.130" port: 39451 } attrs { replace: true } health_report { overall_health: HEALTHY } } peers { permanent_uuid: "c0c83ebd56fe433aab48c3162521e139" member_type: NON_VOTER last_known_addr { host: "127.6.115.132" port: 43535 } attrs { promote: true } health_report { overall_health: UNKNOWN } } }
