I20260601 13:37:45.055732   540 tablet_service.cc:1511] Processing CreateTablet for tablet b8ca916fa65149b9bcb17d2b1f2b79a2 (DEFAULT_TABLE table=range_aware_rebalance_new_range [id=9fc835481da442049691aace10c6ea48]), partition=HASH (key) PARTITION 4, RANGE (key) PARTITION 10 <= VALUES < 20
I20260601 13:37:45.055987   540 data_dirs.cc:400] Could only allocate 1 dirs of requested 3 for tablet b8ca916fa65149b9bcb17d2b1f2b79a2. 1 dirs total, 0 dirs full, 0 dirs failed
I20260601 13:37:45.055962   602 raft_consensus.cc:359] T ed4d2778b21c4c02982d73d96a2bec4b P 1a435056a49540eb850fe7c41bff30a4 [term 0 FOLLOWER]: Replica starting. Triggering 0 pending ops. Active config: opid_index: -1 OBSOLETE_local: false peers { permanent_uuid: "8c18a53c345345a9b553a4c796476ee2" member_type: VOTER last_known_addr { host: "127.29.50.68" port: 41075 } } peers { permanent_uuid: "175bb8891ee8420ba87f3d3fd257a724" member_type: VOTER last_known_addr { host: "127.29.50.65" port: 35137 } } peers { permanent_uuid: "1a435056a49540eb850fe7c41bff30a4" member_type: VOTER last_known_addr { host: "127.29.50.67" port: 34503 } }
I20260601 13:37:45.056082   602 raft_consensus.cc:385] T ed4d2778b21c4c02982d73d96a2bec4b P 1a435056a49540eb850fe7c41bff30a4 [term 0 FOLLOWER]: Consensus starting up: Expiring failure detector timer to make a prompt election more likely
I20260601 13:37:45.056130   602 raft_consensus.cc:740] T ed4d2778b21c4c02982d73d96a2bec4b P 1a435056a49540eb850fe7c41bff30a4 [term 0 FOLLOWER]: Becoming Follower/Learner. State: Replica: 1a435056a49540eb850fe7c41bff30a4, State: Initialized, Role: FOLLOWER
I20260601 13:37:45.056262   602 consensus_queue.cc:260] T ed4d2778b21c4c02982d73d96a2bec4b P 1a435056a49540eb850fe7c41bff30a4 [NON_LEADER]: Queue going to NON_LEADER mode. State: All replicated index: 0, Majority replicated index: 0, Committed index: 0, Last appended: 0.0, Last appended by leader: 0, Current term: 0, Majority size: -1, State: 0, Mode: NON_LEADER, active raft config: opid_index: -1 OBSOLETE_local: false peers { permanent_uuid: "8c18a53c345345a9b553a4c796476ee2" member_type: VOTER last_known_addr { host: "127.29.50.68" port: 41075 } } peers { permanent_uuid: "175bb8891ee8420ba87f3d3fd257a724" member_type: VOTER last_known_addr { host: "127.29.50.65" port: 35137 } } peers { permanent_uuid: "1a435056a49540eb850fe7c41bff30a4" member_type: VOTER last_known_addr { host: "127.29.50.67" port: 34503 } }
I20260601 13:37:45.056555   602 ts_tablet_manager.cc:1434] T ed4d2778b21c4c02982d73d96a2bec4b P 1a435056a49540eb850fe7c41bff30a4: Time spent starting tablet: real 0.001s	user 0.001s	sys 0.000s
I20260601 13:37:45.056759   602 tablet_bootstrap.cc:492] T 88b6e1fbeacb4ad1a4aa1a4612ab75fb P 1a435056a49540eb850fe7c41bff30a4: Bootstrap starting.
I20260601 13:37:45.057510   602 tablet_bootstrap.cc:654] T 88b6e1fbeacb4ad1a4aa1a4612ab75fb P 1a435056a49540eb850fe7c41bff30a4: Neither blocks nor log segments found. Creating new log.
I20260601 13:37:45.058144   541 tablet_service.cc:1511] Processing CreateTablet for tablet 668c841b208e43e1b224cf508c53c61b (DEFAULT_TABLE table=range_aware_rebalance_new_range [id=9fc835481da442049691aace10c6ea48]), partition=HASH (key) PARTITION 5, RANGE (key) PARTITION 10 <= VALUES < 20
I20260601 13:37:45.058408   541 data_dirs.cc:400] Could only allocate 1 dirs of requested 3 for tablet 668c841b208e43e1b224cf508c53c61b. 1 dirs total, 0 dirs full, 0 dirs failed
I20260601 13:37:45.058748   602 tablet_bootstrap.cc:492] T 88b6e1fbeacb4ad1a4aa1a4612ab75fb P 1a435056a49540eb850fe7c41bff30a4: No bootstrap required, opened a new log
I20260601 13:37:45.058858   602 ts_tablet_manager.cc:1403] T 88b6e1fbeacb4ad1a4aa1a4612ab75fb P 1a435056a49540eb850fe7c41bff30a4: Time spent bootstrapping tablet: real 0.002s	user 0.001s	sys 0.000s
I20260601 13:37:45.059279   602 raft_consensus.cc:359] T 88b6e1fbeacb4ad1a4aa1a4612ab75fb P 1a435056a49540eb850fe7c41bff30a4 [term 0 FOLLOWER]: Replica starting. Triggering 0 pending ops. Active config: opid_index: -1 OBSOLETE_local: false peers { permanent_uuid: "26184eecd3944829b018280a64202a7c" member_type: VOTER last_known_addr { host: "127.29.50.66" port: 46121 } } peers { permanent_uuid: "8c18a53c345345a9b553a4c796476ee2" member_type: VOTER last_known_addr { host: "127.29.50.68" port: 41075 } } peers { permanent_uuid: "1a435056a49540eb850fe7c41bff30a4" member_type: VOTER last_known_addr { host: "127.29.50.67" port: 34503 } }
I20260601 13:37:45.059387   602 raft_consensus.cc:385] T 88b6e1fbeacb4ad1a4aa1a4612ab75fb P 1a435056a49540eb850fe7c41bff30a4 [term 0 FOLLOWER]: Consensus starting up: Expiring failure detector timer to make a prompt election more likely
I20260601 13:37:45.059432   602 raft_consensus.cc:740] T 88b6e1fbeacb4ad1a4aa1a4612ab75fb P 1a435056a49540eb850fe7c41bff30a4 [term 0 FOLLOWER]: Becoming Follower/Learner. State: Replica: 1a435056a49540eb850fe7c41bff30a4, State: Initialized, Role: FOLLOWER
I20260601 13:37:45.059553   602 consensus_queue.cc:260] T 88b6e1fbeacb4ad1a4aa1a4612ab75fb P 1a435056a49540eb850fe7c41bff30a4 [NON_LEADER]: Queue going to NON_LEADER mode. State: All replicated index: 0, Majority replicated index: 0, Committed index: 0, Last appended: 0.0, Last appended by leader: 0, Current term: 0, Majority size: -1, State: 0, Mode: NON_LEADER, active raft config: opid_index: -1 OBSOLETE_local: false peers { permanent_uuid: "26184eecd3944829b018280a64202a7c" member_type: VOTER last_known_addr { host: "127.29.50.66" port: 46121 } } peers { permanent_uuid: "8c18a53c345345a9b553a4c796476ee2" member_type: VOTER last_known_addr { host: "127.29.50.68" port: 41075 } } peers { permanent_uuid: "1a435056a49540eb850fe7c41bff30a4" member_type: VOTER last_known_addr { host: "127.29.50.67" port: 34503 } }
I20260601 13:37:45.059826   602 ts_tablet_manager.cc:1434] T 88b6e1fbeacb4ad1a4aa1a4612ab75fb P 1a435056a49540eb850fe7c41bff30a4: Time spent starting tablet: real 0.001s	user 0.000s	sys 0.000s
I20260601 13:37:45.060009   602 tablet_bootstrap.cc:492] T b8ca916fa65149b9bcb17d2b1f2b79a2 P 1a435056a49540eb850fe7c41bff30a4: Bootstrap starting.
I20260601 13:37:45.060491   543 tablet_service.cc:1511] Processing CreateTablet for tablet 8b7394201c2c470a8f2287995a016189 (DEFAULT_TABLE table=range_aware_rebalance_new_range [id=9fc835481da442049691aace10c6ea48]), partition=HASH (key) PARTITION 7, RANGE (key) PARTITION 10 <= VALUES < 20
I20260601 13:37:45.060750   543 data_dirs.cc:400] Could only allocate 1 dirs of requested 3 for tablet 8b7394201c2c470a8f2287995a016189. 1 dirs total, 0 dirs full, 0 dirs failed
I20260601 13:37:45.061352   601 tablet_bootstrap.cc:492] T 1024cfcd28864e6da01df882d5578cef P 26184eecd3944829b018280a64202a7c: No bootstrap required, opened a new log
I20260601 13:37:45.061458   601 ts_tablet_manager.cc:1403] T 1024cfcd28864e6da01df882d5578cef P 26184eecd3944829b018280a64202a7c: Time spent bootstrapping tablet: real 0.033s	user 0.002s	sys 0.000s
I20260601 13:37:45.061853   601 raft_consensus.cc:359] T 1024cfcd28864e6da01df882d5578cef P 26184eecd3944829b018280a64202a7c [term 0 FOLLOWER]: Replica starting. Triggering 0 pending ops. Active config: opid_index: -1 OBSOLETE_local: false peers { permanent_uuid: "8c18a53c345345a9b553a4c796476ee2" member_type: VOTER last_known_addr { host: "127.29.50.68" port: 41075 } } peers { permanent_uuid: "175bb8891ee8420ba87f3d3fd257a724" member_type: VOTER last_known_addr { host: "127.29.50.65" port: 35137 } } peers { permanent_uuid: "26184eecd3944829b018280a64202a7c" member_type: VOTER last_known_addr { host: "127.29.50.66" port: 46121 } }
I20260601 13:37:45.061955   601 raft_consensus.cc:385] T 1024cfcd28864e6da01df882d5578cef P 26184eecd3944829b018280a64202a7c [term 0 FOLLOWER]: Consensus starting up: Expiring failure detector timer to make a prompt election more likely
I20260601 13:37:45.062003   601 raft_consensus.cc:740] T 1024cfcd28864e6da01df882d5578cef P 26184eecd3944829b018280a64202a7c [term 0 FOLLOWER]: Becoming Follower/Learner. State: Replica: 26184eecd3944829b018280a64202a7c, State: Initialized, Role: FOLLOWER
I20260601 13:37:45.062134   601 consensus_queue.cc:260] T 1024cfcd28864e6da01df882d5578cef P 26184eecd3944829b018280a64202a7c [NON_LEADER]: Queue going to NON_LEADER mode. State: All replicated index: 0, Majority replicated index: 0, Committed index: 0, Last appended: 0.0, Last appended by leader: 0, Current term: 0, Majority size: -1, State: 0, Mode: NON_LEADER, active raft config: opid_index: -1 OBSOLETE_local: false peers { permanent_uuid: "8c18a53c345345a9b553a4c796476ee2" member_type: VOTER last_known_addr { host: "127.29.50.68" port: 41075 } } peers { permanent_uuid: "175bb8891ee8420ba87f3d3fd257a724" member_type: VOTER last_known_addr { host: "127.29.50.65" port: 35137 } } peers { permanent_uuid: "26184eecd3944829b018280a64202a7c" member_type: VOTER last_known_addr { host: "127.29.50.66" port: 46121 } }
I20260601 13:37:45.062403   601 ts_tablet_manager.cc:1434] T 1024cfcd28864e6da01df882d5578cef P 26184eecd3944829b018280a64202a7c: Time spent starting tablet: real 0.001s	user 0.001s	sys 0.000s
I20260601 13:37:45.062594   601 tablet_bootstrap.cc:492] T c03b2b24c79543bbac59dd174e254f09 P 26184eecd3944829b018280a64202a7c: Bootstrap starting.
I20260601 13:37:45.063231   678 data_dirs.cc:400] Could only allocate 1 dirs of requested 3 for tablet 8b7394201c2c470a8f2287995a016189. 1 dirs total, 0 dirs full, 0 dirs failed
I20260601 13:37:45.063580   601 tablet_bootstrap.cc:654] T c03b2b24c79543bbac59dd174e254f09 P 26184eecd3944829b018280a64202a7c: Neither blocks nor log segments found. Creating new log.
I20260601 13:37:45.064527   729 tablet_bootstrap.cc:492] T c03b2b24c79543bbac59dd174e254f09 P 8c18a53c345345a9b553a4c796476ee2: Bootstrap starting.
I20260601 13:37:45.065274   603 tablet_bootstrap.cc:492] T 8b7394201c2c470a8f2287995a016189 P 175bb8891ee8420ba87f3d3fd257a724: No bootstrap required, opened a new log
I20260601 13:37:45.065392   603 ts_tablet_manager.cc:1403] T 8b7394201c2c470a8f2287995a016189 P 175bb8891ee8420ba87f3d3fd257a724: Time spent bootstrapping tablet: real 0.022s	user 0.002s	sys 0.000s
I20260601 13:37:45.065689   729 tablet_bootstrap.cc:654] T c03b2b24c79543bbac59dd174e254f09 P 8c18a53c345345a9b553a4c796476ee2: Neither blocks nor log segments found. Creating new log.
I20260601 13:37:45.065790   603 raft_consensus.cc:359] T 8b7394201c2c470a8f2287995a016189 P 175bb8891ee8420ba87f3d3fd257a724 [term 0 FOLLOWER]: Replica starting. Triggering 0 pending ops. Active config: opid_index: -1 OBSOLETE_local: false peers { permanent_uuid: "175bb8891ee8420ba87f3d3fd257a724" member_type: VOTER last_known_addr { host: "127.29.50.65" port: 35137 } } peers { permanent_uuid: "8c18a53c345345a9b553a4c796476ee2" member_type: VOTER last_known_addr { host: "127.29.50.68" port: 41075 } } peers { permanent_uuid: "1a435056a49540eb850fe7c41bff30a4" member_type: VOTER last_known_addr { host: "127.29.50.67" port: 34503 } }
I20260601 13:37:45.065894   603 raft_consensus.cc:385] T 8b7394201c2c470a8f2287995a016189 P 175bb8891ee8420ba87f3d3fd257a724 [term 0 FOLLOWER]: Consensus starting up: Expiring failure detector timer to make a prompt election more likely
I20260601 13:37:45.065930   603 raft_consensus.cc:740] T 8b7394201c2c470a8f2287995a016189 P 175bb8891ee8420ba87f3d3fd257a724 [term 0 FOLLOWER]: Becoming Follower/Learner. State: Replica: 175bb8891ee8420ba87f3d3fd257a724, State: Initialized, Role: FOLLOWER
I20260601 13:37:45.066049   603 consensus_queue.cc:260] T 8b7394201c2c470a8f2287995a016189 P 175bb8891ee8420ba87f3d3fd257a724 [NON_LEADER]: Queue going to NON_LEADER mode. State: All replicated index: 0, Majority replicated index: 0, Committed index: 0, Last appended: 0.0, Last appended by leader: 0, Current term: 0, Majority size: -1, State: 0, Mode: NON_LEADER, active raft config: opid_index: -1 OBSOLETE_local: false peers { permanent_uuid: "175bb8891ee8420ba87f3d3fd257a724" member_type: VOTER last_known_addr { host: "127.29.50.65" port: 35137 } } peers { permanent_uuid: "8c18a53c345345a9b553a4c796476ee2" member_type: VOTER last_known_addr { host: "127.29.50.68" port: 41075 } } peers { permanent_uuid: "1a435056a49540eb850fe7c41bff30a4" member_type: VOTER last_known_addr { host: "127.29.50.67" port: 34503 } }
I20260601 13:37:45.066324   603 ts_tablet_manager.cc:1434] T 8b7394201c2c470a8f2287995a016189 P 175bb8891ee8420ba87f3d3fd257a724: Time spent starting tablet: real 0.001s	user 0.000s	sys 0.000s
I20260601 13:37:45.066473   603 tablet_bootstrap.cc:492] T 7f0bfe5b2e54415d88d8ecc33b7966b7 P 175bb8891ee8420ba87f3d3fd257a724: Bootstrap starting.
I20260601 13:37:45.060985   602 tablet_bootstrap.cc:654] T b8ca916fa65149b9bcb17d2b1f2b79a2 P 1a435056a49540eb850fe7c41bff30a4: Neither blocks nor log segments found. Creating new log.
I20260601 13:37:45.068926   603 tablet_bootstrap.cc:654] T 7f0bfe5b2e54415d88d8ecc33b7966b7 P 175bb8891ee8420ba87f3d3fd257a724: Neither blocks nor log segments found. Creating new log.
I20260601 13:37:45.070087   603 tablet_bootstrap.cc:492] T 7f0bfe5b2e54415d88d8ecc33b7966b7 P 175bb8891ee8420ba87f3d3fd257a724: No bootstrap required, opened a new log
I20260601 13:37:45.070175   603 ts_tablet_manager.cc:1403] T 7f0bfe5b2e54415d88d8ecc33b7966b7 P 175bb8891ee8420ba87f3d3fd257a724: Time spent bootstrapping tablet: real 0.004s	user 0.002s	sys 0.000s
I20260601 13:37:45.070335   729 tablet_bootstrap.cc:492] T c03b2b24c79543bbac59dd174e254f09 P 8c18a53c345345a9b553a4c796476ee2: No bootstrap required, opened a new log
I20260601 13:37:45.070406   729 ts_tablet_manager.cc:1403] T c03b2b24c79543bbac59dd174e254f09 P 8c18a53c345345a9b553a4c796476ee2: Time spent bootstrapping tablet: real 0.006s	user 0.002s	sys 0.000s
I20260601 13:37:45.070621   603 raft_consensus.cc:359] T 7f0bfe5b2e54415d88d8ecc33b7966b7 P 175bb8891ee8420ba87f3d3fd257a724 [term 0 FOLLOWER]: Replica starting. Triggering 0 pending ops. Active config: opid_index: -1 OBSOLETE_local: false peers { permanent_uuid: "175bb8891ee8420ba87f3d3fd257a724" member_type: VOTER last_known_addr { host: "127.29.50.65" port: 35137 } } peers { permanent_uuid: "26184eecd3944829b018280a64202a7c" member_type: VOTER last_known_addr { host: "127.29.50.66" port: 46121 } } peers { permanent_uuid: "8c18a53c345345a9b553a4c796476ee2" member_type: VOTER last_known_addr { host: "127.29.50.68" port: 41075 } }
I20260601 13:37:45.070762   603 raft_consensus.cc:385] T 7f0bfe5b2e54415d88d8ecc33b7966b7 P 175bb8891ee8420ba87f3d3fd257a724 [term 0 FOLLOWER]: Consensus starting up: Expiring failure detector timer to make a prompt election more likely
I20260601 13:37:45.070797   603 raft_consensus.cc:740] T 7f0bfe5b2e54415d88d8ecc33b7966b7 P 175bb8891ee8420ba87f3d3fd257a724 [term 0 FOLLOWER]: Becoming Follower/Learner. State: Replica: 175bb8891ee8420ba87f3d3fd257a724, State: Initialized, Role: FOLLOWER
I20260601 13:37:45.070859   729 raft_consensus.cc:359] T c03b2b24c79543bbac59dd174e254f09 P 8c18a53c345345a9b553a4c796476ee2 [term 0 FOLLOWER]: Replica starting. Triggering 0 pending ops. Active config: opid_index: -1 OBSOLETE_local: false peers { permanent_uuid: "26184eecd3944829b018280a64202a7c" member_type: VOTER last_known_addr { host: "127.29.50.66" port: 46121 } } peers { permanent_uuid: "8c18a53c345345a9b553a4c796476ee2" member_type: VOTER last_known_addr { host: "127.29.50.68" port: 41075 } } peers { permanent_uuid: "175bb8891ee8420ba87f3d3fd257a724" member_type: VOTER last_known_addr { host: "127.29.50.65" port: 35137 } }
I20260601 13:37:45.070932   603 consensus_queue.cc:260] T 7f0bfe5b2e54415d88d8ecc33b7966b7 P 175bb8891ee8420ba87f3d3fd257a724 [NON_LEADER]: Queue going to NON_LEADER mode. State: All replicated index: 0, Majority replicated index: 0, Committed index: 0, Last appended: 0.0, Last appended by leader: 0, Current term: 0, Majority size: -1, State: 0, Mode: NON_LEADER, active raft config: opid_index: -1 OBSOLETE_local: false peers { permanent_uuid: "175bb8891ee8420ba87f3d3fd257a724" member_type: VOTER last_known_addr { host: "127.29.50.65" port: 35137 } } peers { permanent_uuid: "26184eecd3944829b018280a64202a7c" member_type: VOTER last_known_addr { host: "127.29.50.66" port: 46121 } } peers { permanent_uuid: "8c18a53c345345a9b553a4c796476ee2" member_type: VOTER last_known_addr { host: "127.29.50.68" port: 41075 } }
I20260601 13:37:45.070986   729 raft_consensus.cc:385] T c03b2b24c79543bbac59dd174e254f09 P 8c18a53c345345a9b553a4c796476ee2 [term 0 FOLLOWER]: Consensus starting up: Expiring failure detector timer to make a prompt election more likely
I20260601 13:37:45.071036   729 raft_consensus.cc:740] T c03b2b24c79543bbac59dd174e254f09 P 8c18a53c345345a9b553a4c796476ee2 [term 0 FOLLOWER]: Becoming Follower/Learner. State: Replica: 8c18a53c345345a9b553a4c796476ee2, State: Initialized, Role: FOLLOWER
I20260601 13:37:45.071192   729 consensus_queue.cc:260] T c03b2b24c79543bbac59dd174e254f09 P 8c18a53c345345a9b553a4c796476ee2 [NON_LEADER]: Queue going to NON_LEADER mode. State: All replicated index: 0, Majority replicated index: 0, Committed index: 0, Last appended: 0.0, Last appended by leader: 0, Current term: 0, Majority size: -1, State: 0, Mode: NON_LEADER, active raft config: opid_index: -1 OBSOLETE_local: false peers { permanent_uuid: "26184eecd3944829b018280a64202a7c" member_type: VOTER last_known_addr { host: "127.29.50.66" port: 46121 } } peers { permanent_uuid: "8c18a53c345345a9b553a4c796476ee2" member_type: VOTER last_known_addr { host: "127.29.50.68" port: 41075 } } peers { permanent_uuid: "175bb8891ee8420ba87f3d3fd257a724" member_type: VOTER last_known_addr { host: "127.29.50.65" port: 35137 } }
I20260601 13:37:45.071254   603 ts_tablet_manager.cc:1434] T 7f0bfe5b2e54415d88d8ecc33b7966b7 P 175bb8891ee8420ba87f3d3fd257a724: Time spent starting tablet: real 0.001s	user 0.000s	sys 0.000s
I20260601 13:37:45.071445   603 tablet_bootstrap.cc:492] T b8ca916fa65149b9bcb17d2b1f2b79a2 P 175bb8891ee8420ba87f3d3fd257a724: Bootstrap starting.
I20260601 13:37:45.071513   729 ts_tablet_manager.cc:1434] T c03b2b24c79543bbac59dd174e254f09 P 8c18a53c345345a9b553a4c796476ee2: Time spent starting tablet: real 0.001s	user 0.001s	sys 0.000s
I20260601 13:37:45.071703   729 tablet_bootstrap.cc:492] T b8ca916fa65149b9bcb17d2b1f2b79a2 P 8c18a53c345345a9b553a4c796476ee2: Bootstrap starting.
I20260601 13:37:45.072574   603 tablet_bootstrap.cc:654] T b8ca916fa65149b9bcb17d2b1f2b79a2 P 175bb8891ee8420ba87f3d3fd257a724: Neither blocks nor log segments found. Creating new log.
I20260601 13:37:45.072790   729 tablet_bootstrap.cc:654] T b8ca916fa65149b9bcb17d2b1f2b79a2 P 8c18a53c345345a9b553a4c796476ee2: Neither blocks nor log segments found. Creating new log.
I20260601 13:37:45.074025   601 tablet_bootstrap.cc:492] T c03b2b24c79543bbac59dd174e254f09 P 26184eecd3944829b018280a64202a7c: No bootstrap required, opened a new log
I20260601 13:37:45.074007   729 tablet_bootstrap.cc:492] T b8ca916fa65149b9bcb17d2b1f2b79a2 P 8c18a53c345345a9b553a4c796476ee2: No bootstrap required, opened a new log
I20260601 13:37:45.074154 32766 catalog_manager.cc:6241] T 00000000000000000000000000000000 P f2965402f577450998f108fa9bd1ffe5: range_aware_rebalance_new_range [id=9fc835481da442049691aace10c6ea48] alter complete (version 0)
I20260601 13:37:45.074196   601 ts_tablet_manager.cc:1403] T c03b2b24c79543bbac59dd174e254f09 P 26184eecd3944829b018280a64202a7c: Time spent bootstrapping tablet: real 0.012s	user 0.002s	sys 0.000s
I20260601 13:37:45.074216   729 ts_tablet_manager.cc:1403] T b8ca916fa65149b9bcb17d2b1f2b79a2 P 8c18a53c345345a9b553a4c796476ee2: Time spent bootstrapping tablet: real 0.003s	user 0.002s	sys 0.000s
I20260601 13:37:45.074668   601 raft_consensus.cc:359] T c03b2b24c79543bbac59dd174e254f09 P 26184eecd3944829b018280a64202a7c [term 0 FOLLOWER]: Replica starting. Triggering 0 pending ops. Active config: opid_index: -1 OBSOLETE_local: false peers { permanent_uuid: "26184eecd3944829b018280a64202a7c" member_type: VOTER last_known_addr { host: "127.29.50.66" port: 46121 } } peers { permanent_uuid: "8c18a53c345345a9b553a4c796476ee2" member_type: VOTER last_known_addr { host: "127.29.50.68" port: 41075 } } peers { permanent_uuid: "175bb8891ee8420ba87f3d3fd257a724" member_type: VOTER last_known_addr { host: "127.29.50.65" port: 35137 } }
I20260601 13:37:45.074776   601 raft_consensus.cc:385] T c03b2b24c79543bbac59dd174e254f09 P 26184eecd3944829b018280a64202a7c [term 0 FOLLOWER]: Consensus starting up: Expiring failure detector timer to make a prompt election more likely
I20260601 13:37:45.074811   601 raft_consensus.cc:740] T c03b2b24c79543bbac59dd174e254f09 P 26184eecd3944829b018280a64202a7c [term 0 FOLLOWER]: Becoming Follower/Learner. State: Replica: 26184eecd3944829b018280a64202a7c, State: Initialized, Role: FOLLOWER
I20260601 13:37:45.074930   601 consensus_queue.cc:260] T c03b2b24c79543bbac59dd174e254f09 P 26184eecd3944829b018280a64202a7c [NON_LEADER]: Queue going to NON_LEADER mode. State: All replicated index: 0, Majority replicated index: 0, Committed index: 0, Last appended: 0.0, Last appended by leader: 0, Current term: 0, Majority size: -1, State: 0, Mode: NON_LEADER, active raft config: opid_index: -1 OBSOLETE_local: false peers { permanent_uuid: "26184eecd3944829b018280a64202a7c" member_type: VOTER last_known_addr { host: "127.29.50.66" port: 46121 } } peers { permanent_uuid: "8c18a53c345345a9b553a4c796476ee2" member_type: VOTER last_known_addr { host: "127.29.50.68" port: 41075 } } peers { permanent_uuid: "175bb8891ee8420ba87f3d3fd257a724" member_type: VOTER last_known_addr { host: "127.29.50.65" port: 35137 } }
I20260601 13:37:45.075009   603 tablet_bootstrap.cc:492] T b8ca916fa65149b9bcb17d2b1f2b79a2 P 175bb8891ee8420ba87f3d3fd257a724: No bootstrap required, opened a new log
I20260601 13:37:45.075083   603 ts_tablet_manager.cc:1403] T b8ca916fa65149b9bcb17d2b1f2b79a2 P 175bb8891ee8420ba87f3d3fd257a724: Time spent bootstrapping tablet: real 0.004s	user 0.002s	sys 0.000s
I20260601 13:37:45.075227   601 ts_tablet_manager.cc:1434] T c03b2b24c79543bbac59dd174e254f09 P 26184eecd3944829b018280a64202a7c: Time spent starting tablet: real 0.001s	user 0.001s	sys 0.000s
I20260601 13:37:45.075417   601 tablet_bootstrap.cc:492] T 88b6e1fbeacb4ad1a4aa1a4612ab75fb P 26184eecd3944829b018280a64202a7c: Bootstrap starting.
I20260601 13:37:45.075531   603 raft_consensus.cc:359] T b8ca916fa65149b9bcb17d2b1f2b79a2 P 175bb8891ee8420ba87f3d3fd257a724 [term 0 FOLLOWER]: Replica starting. Triggering 0 pending ops. Active config: opid_index: -1 OBSOLETE_local: false peers { permanent_uuid: "175bb8891ee8420ba87f3d3fd257a724" member_type: VOTER last_known_addr { host: "127.29.50.65" port: 35137 } } peers { permanent_uuid: "8c18a53c345345a9b553a4c796476ee2" member_type: VOTER last_known_addr { host: "127.29.50.68" port: 41075 } } peers { permanent_uuid: "1a435056a49540eb850fe7c41bff30a4" member_type: VOTER last_known_addr { host: "127.29.50.67" port: 34503 } }
I20260601 13:37:45.075623   603 raft_consensus.cc:385] T b8ca916fa65149b9bcb17d2b1f2b79a2 P 175bb8891ee8420ba87f3d3fd257a724 [term 0 FOLLOWER]: Consensus starting up: Expiring failure detector timer to make a prompt election more likely
I20260601 13:37:45.075666   603 raft_consensus.cc:740] T b8ca916fa65149b9bcb17d2b1f2b79a2 P 175bb8891ee8420ba87f3d3fd257a724 [term 0 FOLLOWER]: Becoming Follower/Learner. State: Replica: 175bb8891ee8420ba87f3d3fd257a724, State: Initialized, Role: FOLLOWER
I20260601 13:37:45.075768   603 consensus_queue.cc:260] T b8ca916fa65149b9bcb17d2b1f2b79a2 P 175bb8891ee8420ba87f3d3fd257a724 [NON_LEADER]: Queue going to NON_LEADER mode. State: All replicated index: 0, Majority replicated index: 0, Committed index: 0, Last appended: 0.0, Last appended by leader: 0, Current term: 0, Majority size: -1, State: 0, Mode: NON_LEADER, active raft config: opid_index: -1 OBSOLETE_local: false peers { permanent_uuid: "175bb8891ee8420ba87f3d3fd257a724" member_type: VOTER last_known_addr { host: "127.29.50.65" port: 35137 } } peers { permanent_uuid: "8c18a53c345345a9b553a4c796476ee2" member_type: VOTER last_known_addr { host: "127.29.50.68" port: 41075 } } peers { permanent_uuid: "1a435056a49540eb850fe7c41bff30a4" member_type: VOTER last_known_addr { host: "127.29.50.67" port: 34503 } }
I20260601 13:37:45.076108   603 ts_tablet_manager.cc:1434] T b8ca916fa65149b9bcb17d2b1f2b79a2 P 175bb8891ee8420ba87f3d3fd257a724: Time spent starting tablet: real 0.001s	user 0.001s	sys 0.000s
I20260601 13:37:45.076455   601 tablet_bootstrap.cc:654] T 88b6e1fbeacb4ad1a4aa1a4612ab75fb P 26184eecd3944829b018280a64202a7c: Neither blocks nor log segments found. Creating new log.
I20260601 13:37:45.076607   729 raft_consensus.cc:359] T b8ca916fa65149b9bcb17d2b1f2b79a2 P 8c18a53c345345a9b553a4c796476ee2 [term 0 FOLLOWER]: Replica starting. Triggering 0 pending ops. Active config: opid_index: -1 OBSOLETE_local: false peers { permanent_uuid: "175bb8891ee8420ba87f3d3fd257a724" member_type: VOTER last_known_addr { host: "127.29.50.65" port: 35137 } } peers { permanent_uuid: "8c18a53c345345a9b553a4c796476ee2" member_type: VOTER last_known_addr { host: "127.29.50.68" port: 41075 } } peers { permanent_uuid: "1a435056a49540eb850fe7c41bff30a4" member_type: VOTER last_known_addr { host: "127.29.50.67" port: 34503 } }
I20260601 13:37:45.076704   729 raft_consensus.cc:385] T b8ca916fa65149b9bcb17d2b1f2b79a2 P 8c18a53c345345a9b553a4c796476ee2 [term 0 FOLLOWER]: Consensus starting up: Expiring failure detector timer to make a prompt election more likely
I20260601 13:37:45.076735   729 raft_consensus.cc:740] T b8ca916fa65149b9bcb17d2b1f2b79a2 P 8c18a53c345345a9b553a4c796476ee2 [term 0 FOLLOWER]: Becoming Follower/Learner. State: Replica: 8c18a53c345345a9b553a4c796476ee2, State: Initialized, Role: FOLLOWER
I20260601 13:37:45.076846   729 consensus_queue.cc:260] T b8ca916fa65149b9bcb17d2b1f2b79a2 P 8c18a53c345345a9b553a4c796476ee2 [NON_LEADER]: Queue going to NON_LEADER mode. State: All replicated index: 0, Majority replicated index: 0, Committed index: 0, Last appended: 0.0, Last appended by leader: 0, Current term: 0, Majority size: -1, State: 0, Mode: NON_LEADER, active raft config: opid_index: -1 OBSOLETE_local: false peers { permanent_uuid: "175bb8891ee8420ba87f3d3fd257a724" member_type: VOTER last_known_addr { host: "127.29.50.65" port: 35137 } } peers { permanent_uuid: "8c18a53c345345a9b553a4c796476ee2" member_type: VOTER last_known_addr { host: "127.29.50.68" port: 41075 } } peers { permanent_uuid: "1a435056a49540eb850fe7c41bff30a4" member_type: VOTER last_known_addr { host: "127.29.50.67" port: 34503 } }
I20260601 13:37:45.077118   729 ts_tablet_manager.cc:1434] T b8ca916fa65149b9bcb17d2b1f2b79a2 P 8c18a53c345345a9b553a4c796476ee2: Time spent starting tablet: real 0.003s	user 0.001s	sys 0.000s
I20260601 13:37:45.077322   729 tablet_bootstrap.cc:492] T 668c841b208e43e1b224cf508c53c61b P 8c18a53c345345a9b553a4c796476ee2: Bootstrap starting.
I20260601 13:37:45.078125   601 tablet_bootstrap.cc:492] T 88b6e1fbeacb4ad1a4aa1a4612ab75fb P 26184eecd3944829b018280a64202a7c: No bootstrap required, opened a new log
I20260601 13:37:45.078225   601 ts_tablet_manager.cc:1403] T 88b6e1fbeacb4ad1a4aa1a4612ab75fb P 26184eecd3944829b018280a64202a7c: Time spent bootstrapping tablet: real 0.003s	user 0.000s	sys 0.002s
I20260601 13:37:45.078313   729 tablet_bootstrap.cc:654] T 668c841b208e43e1b224cf508c53c61b P 8c18a53c345345a9b553a4c796476ee2: Neither blocks nor log segments found. Creating new log.
I20260601 13:37:45.078683   601 raft_consensus.cc:359] T 88b6e1fbeacb4ad1a4aa1a4612ab75fb P 26184eecd3944829b018280a64202a7c [term 0 FOLLOWER]: Replica starting. Triggering 0 pending ops. Active config: opid_index: -1 OBSOLETE_local: false peers { permanent_uuid: "26184eecd3944829b018280a64202a7c" member_type: VOTER last_known_addr { host: "127.29.50.66" port: 46121 } } peers { permanent_uuid: "8c18a53c345345a9b553a4c796476ee2" member_type: VOTER last_known_addr { host: "127.29.50.68" port: 41075 } } peers { permanent_uuid: "1a435056a49540eb850fe7c41bff30a4" member_type: VOTER last_known_addr { host: "127.29.50.67" port: 34503 } }
I20260601 13:37:45.078779   601 raft_consensus.cc:385] T 88b6e1fbeacb4ad1a4aa1a4612ab75fb P 26184eecd3944829b018280a64202a7c [term 0 FOLLOWER]: Consensus starting up: Expiring failure detector timer to make a prompt election more likely
I20260601 13:37:45.078816   601 raft_consensus.cc:740] T 88b6e1fbeacb4ad1a4aa1a4612ab75fb P 26184eecd3944829b018280a64202a7c [term 0 FOLLOWER]: Becoming Follower/Learner. State: Replica: 26184eecd3944829b018280a64202a7c, State: Initialized, Role: FOLLOWER
I20260601 13:37:45.078943   601 consensus_queue.cc:260] T 88b6e1fbeacb4ad1a4aa1a4612ab75fb P 26184eecd3944829b018280a64202a7c [NON_LEADER]: Queue going to NON_LEADER mode. State: All replicated index: 0, Majority replicated index: 0, Committed index: 0, Last appended: 0.0, Last appended by leader: 0, Current term: 0, Majority size: -1, State: 0, Mode: NON_LEADER, active raft config: opid_index: -1 OBSOLETE_local: false peers { permanent_uuid: "26184eecd3944829b018280a64202a7c" member_type: VOTER last_known_addr { host: "127.29.50.66" port: 46121 } } peers { permanent_uuid: "8c18a53c345345a9b553a4c796476ee2" member_type: VOTER last_known_addr { host: "127.29.50.68" port: 41075 } } peers { permanent_uuid: "1a435056a49540eb850fe7c41bff30a4" member_type: VOTER last_known_addr { host: "127.29.50.67" port: 34503 } }
I20260601 13:37:45.079245   601 ts_tablet_manager.cc:1434] T 88b6e1fbeacb4ad1a4aa1a4612ab75fb P 26184eecd3944829b018280a64202a7c: Time spent starting tablet: real 0.001s	user 0.000s	sys 0.001s
I20260601 13:37:45.079438   601 tablet_bootstrap.cc:492] T 668c841b208e43e1b224cf508c53c61b P 26184eecd3944829b018280a64202a7c: Bootstrap starting.
I20260601 13:37:45.080551   601 tablet_bootstrap.cc:654] T 668c841b208e43e1b224cf508c53c61b P 26184eecd3944829b018280a64202a7c: Neither blocks nor log segments found. Creating new log.
I20260601 13:37:45.081303   602 tablet_bootstrap.cc:492] T b8ca916fa65149b9bcb17d2b1f2b79a2 P 1a435056a49540eb850fe7c41bff30a4: No bootstrap required, opened a new log
I20260601 13:37:45.081406   602 ts_tablet_manager.cc:1403] T b8ca916fa65149b9bcb17d2b1f2b79a2 P 1a435056a49540eb850fe7c41bff30a4: Time spent bootstrapping tablet: real 0.021s	user 0.002s	sys 0.000s
I20260601 13:37:45.081845   602 raft_consensus.cc:359] T b8ca916fa65149b9bcb17d2b1f2b79a2 P 1a435056a49540eb850fe7c41bff30a4 [term 0 FOLLOWER]: Replica starting. Triggering 0 pending ops. Active config: opid_index: -1 OBSOLETE_local: false peers { permanent_uuid: "175bb8891ee8420ba87f3d3fd257a724" member_type: VOTER last_known_addr { host: "127.29.50.65" port: 35137 } } peers { permanent_uuid: "8c18a53c345345a9b553a4c796476ee2" member_type: VOTER last_known_addr { host: "127.29.50.68" port: 41075 } } peers { permanent_uuid: "1a435056a49540eb850fe7c41bff30a4" member_type: VOTER last_known_addr { host: "127.29.50.67" port: 34503 } }
I20260601 13:37:45.081955   602 raft_consensus.cc:385] T b8ca916fa65149b9bcb17d2b1f2b79a2 P 1a435056a49540eb850fe7c41bff30a4 [term 0 FOLLOWER]: Consensus starting up: Expiring failure detector timer to make a prompt election more likely
I20260601 13:37:45.082006   602 raft_consensus.cc:740] T b8ca916fa65149b9bcb17d2b1f2b79a2 P 1a435056a49540eb850fe7c41bff30a4 [term 0 FOLLOWER]: Becoming Follower/Learner. State: Replica: 1a435056a49540eb850fe7c41bff30a4, State: Initialized, Role: FOLLOWER
I20260601 13:37:45.082039   729 tablet_bootstrap.cc:492] T 668c841b208e43e1b224cf508c53c61b P 8c18a53c345345a9b553a4c796476ee2: No bootstrap required, opened a new log
I20260601 13:37:45.082113   729 ts_tablet_manager.cc:1403] T 668c841b208e43e1b224cf508c53c61b P 8c18a53c345345a9b553a4c796476ee2: Time spent bootstrapping tablet: real 0.005s	user 0.002s	sys 0.000s
I20260601 13:37:45.082136   602 consensus_queue.cc:260] T b8ca916fa65149b9bcb17d2b1f2b79a2 P 1a435056a49540eb850fe7c41bff30a4 [NON_LEADER]: Queue going to NON_LEADER mode. State: All replicated index: 0, Majority replicated index: 0, Committed index: 0, Last appended: 0.0, Last appended by leader: 0, Current term: 0, Majority size: -1, State: 0, Mode: NON_LEADER, active raft config: opid_index: -1 OBSOLETE_local: false peers { permanent_uuid: "175bb8891ee8420ba87f3d3fd257a724" member_type: VOTER last_known_addr { host: "127.29.50.65" port: 35137 } } peers { permanent_uuid: "8c18a53c345345a9b553a4c796476ee2" member_type: VOTER last_known_addr { host: "127.29.50.68" port: 41075 } } peers { permanent_uuid: "1a435056a49540eb850fe7c41bff30a4" member_type: VOTER last_known_addr { host: "127.29.50.67" port: 34503 } }
I20260601 13:37:45.082230   601 tablet_bootstrap.cc:492] T 668c841b208e43e1b224cf508c53c61b P 26184eecd3944829b018280a64202a7c: No bootstrap required, opened a new log
I20260601 13:37:45.082322   601 ts_tablet_manager.cc:1403] T 668c841b208e43e1b224cf508c53c61b P 26184eecd3944829b018280a64202a7c: Time spent bootstrapping tablet: real 0.003s	user 0.000s	sys 0.002s
I20260601 13:37:45.082449   602 ts_tablet_manager.cc:1434] T b8ca916fa65149b9bcb17d2b1f2b79a2 P 1a435056a49540eb850fe7c41bff30a4: Time spent starting tablet: real 0.001s	user 0.001s	sys 0.000s
I20260601 13:37:45.082566   729 raft_consensus.cc:359] T 668c841b208e43e1b224cf508c53c61b P 8c18a53c345345a9b553a4c796476ee2 [term 0 FOLLOWER]: Replica starting. Triggering 0 pending ops. Active config: opid_index: -1 OBSOLETE_local: false peers { permanent_uuid: "8c18a53c345345a9b553a4c796476ee2" member_type: VOTER last_known_addr { host: "127.29.50.68" port: 41075 } } peers { permanent_uuid: "26184eecd3944829b018280a64202a7c" member_type: VOTER last_known_addr { host: "127.29.50.66" port: 46121 } } peers { permanent_uuid: "1a435056a49540eb850fe7c41bff30a4" member_type: VOTER last_known_addr { host: "127.29.50.67" port: 34503 } }
I20260601 13:37:45.082676   729 raft_consensus.cc:385] T 668c841b208e43e1b224cf508c53c61b P 8c18a53c345345a9b553a4c796476ee2 [term 0 FOLLOWER]: Consensus starting up: Expiring failure detector timer to make a prompt election more likely
I20260601 13:37:45.082677   601 raft_consensus.cc:359] T 668c841b208e43e1b224cf508c53c61b P 26184eecd3944829b018280a64202a7c [term 0 FOLLOWER]: Replica starting. Triggering 0 pending ops. Active config: opid_index: -1 OBSOLETE_local: false peers { permanent_uuid: "8c18a53c345345a9b553a4c796476ee2" member_type: VOTER last_known_addr { host: "127.29.50.68" port: 41075 } } peers { permanent_uuid: "26184eecd3944829b018280a64202a7c" member_type: VOTER last_known_addr { host: "127.29.50.66" port: 46121 } } peers { permanent_uuid: "1a435056a49540eb850fe7c41bff30a4" member_type: VOTER last_known_addr { host: "127.29.50.67" port: 34503 } }
I20260601 13:37:45.082760   729 raft_consensus.cc:740] T 668c841b208e43e1b224cf508c53c61b P 8c18a53c345345a9b553a4c796476ee2 [term 0 FOLLOWER]: Becoming Follower/Learner. State: Replica: 8c18a53c345345a9b553a4c796476ee2, State: Initialized, Role: FOLLOWER
I20260601 13:37:45.082792   601 raft_consensus.cc:385] T 668c841b208e43e1b224cf508c53c61b P 26184eecd3944829b018280a64202a7c [term 0 FOLLOWER]: Consensus starting up: Expiring failure detector timer to make a prompt election more likely
I20260601 13:37:45.082824   601 raft_consensus.cc:740] T 668c841b208e43e1b224cf508c53c61b P 26184eecd3944829b018280a64202a7c [term 0 FOLLOWER]: Becoming Follower/Learner. State: Replica: 26184eecd3944829b018280a64202a7c, State: Initialized, Role: FOLLOWER
I20260601 13:37:45.082885   729 consensus_queue.cc:260] T 668c841b208e43e1b224cf508c53c61b P 8c18a53c345345a9b553a4c796476ee2 [NON_LEADER]: Queue going to NON_LEADER mode. State: All replicated index: 0, Majority replicated index: 0, Committed index: 0, Last appended: 0.0, Last appended by leader: 0, Current term: 0, Majority size: -1, State: 0, Mode: NON_LEADER, active raft config: opid_index: -1 OBSOLETE_local: false peers { permanent_uuid: "8c18a53c345345a9b553a4c796476ee2" member_type: VOTER last_known_addr { host: "127.29.50.68" port: 41075 } } peers { permanent_uuid: "26184eecd3944829b018280a64202a7c" member_type: VOTER last_known_addr { host: "127.29.50.66" port: 46121 } } peers { permanent_uuid: "1a435056a49540eb850fe7c41bff30a4" member_type: VOTER last_known_addr { host: "127.29.50.67" port: 34503 } }
I20260601 13:37:45.082953   601 consensus_queue.cc:260] T 668c841b208e43e1b224cf508c53c61b P 26184eecd3944829b018280a64202a7c [NON_LEADER]: Queue going to NON_LEADER mode. State: All replicated index: 0, Majority replicated index: 0, Committed index: 0, Last appended: 0.0, Last appended by leader: 0, Current term: 0, Majority size: -1, State: 0, Mode: NON_LEADER, active raft config: opid_index: -1 OBSOLETE_local: false peers { permanent_uuid: "8c18a53c345345a9b553a4c796476ee2" member_type: VOTER last_known_addr { host: "127.29.50.68" port: 41075 } } peers { permanent_uuid: "26184eecd3944829b018280a64202a7c" member_type: VOTER last_known_addr { host: "127.29.50.66" port: 46121 } } peers { permanent_uuid: "1a435056a49540eb850fe7c41bff30a4" member_type: VOTER last_known_addr { host: "127.29.50.67" port: 34503 } }
I20260601 13:37:45.083117   729 ts_tablet_manager.cc:1434] T 668c841b208e43e1b224cf508c53c61b P 8c18a53c345345a9b553a4c796476ee2: Time spent starting tablet: real 0.001s	user 0.001s	sys 0.000s
I20260601 13:37:45.083161   601 ts_tablet_manager.cc:1434] T 668c841b208e43e1b224cf508c53c61b P 26184eecd3944829b018280a64202a7c: Time spent starting tablet: real 0.001s	user 0.000s	sys 0.001s
I20260601 13:37:45.082659   602 tablet_bootstrap.cc:492] T 668c841b208e43e1b224cf508c53c61b P 1a435056a49540eb850fe7c41bff30a4: Bootstrap starting.
I20260601 13:37:45.083292   729 tablet_bootstrap.cc:492] T 7f0bfe5b2e54415d88d8ecc33b7966b7 P 8c18a53c345345a9b553a4c796476ee2: Bootstrap starting.
I20260601 13:37:45.083935   601 tablet_bootstrap.cc:492] T 7f0bfe5b2e54415d88d8ecc33b7966b7 P 26184eecd3944829b018280a64202a7c: Bootstrap starting.
I20260601 13:37:45.084179   602 tablet_bootstrap.cc:654] T 668c841b208e43e1b224cf508c53c61b P 1a435056a49540eb850fe7c41bff30a4: Neither blocks nor log segments found. Creating new log.
I20260601 13:37:45.084273   729 tablet_bootstrap.cc:654] T 7f0bfe5b2e54415d88d8ecc33b7966b7 P 8c18a53c345345a9b553a4c796476ee2: Neither blocks nor log segments found. Creating new log.
I20260601 13:37:45.084946   601 tablet_bootstrap.cc:654] T 7f0bfe5b2e54415d88d8ecc33b7966b7 P 26184eecd3944829b018280a64202a7c: Neither blocks nor log segments found. Creating new log.
I20260601 13:37:45.085970   601 tablet_bootstrap.cc:492] T 7f0bfe5b2e54415d88d8ecc33b7966b7 P 26184eecd3944829b018280a64202a7c: No bootstrap required, opened a new log
I20260601 13:37:45.086038   601 ts_tablet_manager.cc:1403] T 7f0bfe5b2e54415d88d8ecc33b7966b7 P 26184eecd3944829b018280a64202a7c: Time spent bootstrapping tablet: real 0.002s	user 0.000s	sys 0.002s
I20260601 13:37:45.086395   601 raft_consensus.cc:359] T 7f0bfe5b2e54415d88d8ecc33b7966b7 P 26184eecd3944829b018280a64202a7c [term 0 FOLLOWER]: Replica starting. Triggering 0 pending ops. Active config: opid_index: -1 OBSOLETE_local: false peers { permanent_uuid: "175bb8891ee8420ba87f3d3fd257a724" member_type: VOTER last_known_addr { host: "127.29.50.65" port: 35137 } } peers { permanent_uuid: "26184eecd3944829b018280a64202a7c" member_type: VOTER last_known_addr { host: "127.29.50.66" port: 46121 } } peers { permanent_uuid: "8c18a53c345345a9b553a4c796476ee2" member_type: VOTER last_known_addr { host: "127.29.50.68" port: 41075 } }
I20260601 13:37:45.086488   601 raft_consensus.cc:385] T 7f0bfe5b2e54415d88d8ecc33b7966b7 P 26184eecd3944829b018280a64202a7c [term 0 FOLLOWER]: Consensus starting up: Expiring failure detector timer to make a prompt election more likely
I20260601 13:37:45.086548   601 raft_consensus.cc:740] T 7f0bfe5b2e54415d88d8ecc33b7966b7 P 26184eecd3944829b018280a64202a7c [term 0 FOLLOWER]: Becoming Follower/Learner. State: Replica: 26184eecd3944829b018280a64202a7c, State: Initialized, Role: FOLLOWER
I20260601 13:37:45.086689   601 consensus_queue.cc:260] T 7f0bfe5b2e54415d88d8ecc33b7966b7 P 26184eecd3944829b018280a64202a7c [NON_LEADER]: Queue going to NON_LEADER mode. State: All replicated index: 0, Majority replicated index: 0, Committed index: 0, Last appended: 0.0, Last appended by leader: 0, Current term: 0, Majority size: -1, State: 0, Mode: NON_LEADER, active raft config: opid_index: -1 OBSOLETE_local: false peers { permanent_uuid: "175bb8891ee8420ba87f3d3fd257a724" member_type: VOTER last_known_addr { host: "127.29.50.65" port: 35137 } } peers { permanent_uuid: "26184eecd3944829b018280a64202a7c" member_type: VOTER last_known_addr { host: "127.29.50.66" port: 46121 } } peers { permanent_uuid: "8c18a53c345345a9b553a4c796476ee2" member_type: VOTER last_known_addr { host: "127.29.50.68" port: 41075 } }
I20260601 13:37:45.087030   601 ts_tablet_manager.cc:1434] T 7f0bfe5b2e54415d88d8ecc33b7966b7 P 26184eecd3944829b018280a64202a7c: Time spent starting tablet: real 0.001s	user 0.000s	sys 0.001s
I20260601 13:37:45.087234   602 tablet_bootstrap.cc:492] T 668c841b208e43e1b224cf508c53c61b P 1a435056a49540eb850fe7c41bff30a4: No bootstrap required, opened a new log
I20260601 13:37:45.087337   602 ts_tablet_manager.cc:1403] T 668c841b208e43e1b224cf508c53c61b P 1a435056a49540eb850fe7c41bff30a4: Time spent bootstrapping tablet: real 0.005s	user 0.001s	sys 0.001s
I20260601 13:37:45.087697   602 raft_consensus.cc:359] T 668c841b208e43e1b224cf508c53c61b P 1a435056a49540eb850fe7c41bff30a4 [term 0 FOLLOWER]: Replica starting. Triggering 0 pending ops. Active config: opid_index: -1 OBSOLETE_local: false peers { permanent_uuid: "8c18a53c345345a9b553a4c796476ee2" member_type: VOTER last_known_addr { host: "127.29.50.68" port: 41075 } } peers { permanent_uuid: "26184eecd3944829b018280a64202a7c" member_type: VOTER last_known_addr { host: "127.29.50.66" port: 46121 } } peers { permanent_uuid: "1a435056a49540eb850fe7c41bff30a4" member_type: VOTER last_known_addr { host: "127.29.50.67" port: 34503 } }
I20260601 13:37:45.087801   602 raft_consensus.cc:385] T 668c841b208e43e1b224cf508c53c61b P 1a435056a49540eb850fe7c41bff30a4 [term 0 FOLLOWER]: Consensus starting up: Expiring failure detector timer to make a prompt election more likely
I20260601 13:37:45.087852   602 raft_consensus.cc:740] T 668c841b208e43e1b224cf508c53c61b P 1a435056a49540eb850fe7c41bff30a4 [term 0 FOLLOWER]: Becoming Follower/Learner. State: Replica: 1a435056a49540eb850fe7c41bff30a4, State: Initialized, Role: FOLLOWER
I20260601 13:37:45.087987   602 consensus_queue.cc:260] T 668c841b208e43e1b224cf508c53c61b P 1a435056a49540eb850fe7c41bff30a4 [NON_LEADER]: Queue going to NON_LEADER mode. State: All replicated index: 0, Majority replicated index: 0, Committed index: 0, Last appended: 0.0, Last appended by leader: 0, Current term: 0, Majority size: -1, State: 0, Mode: NON_LEADER, active raft config: opid_index: -1 OBSOLETE_local: false peers { permanent_uuid: "8c18a53c345345a9b553a4c796476ee2" member_type: VOTER last_known_addr { host: "127.29.50.68" port: 41075 } } peers { permanent_uuid: "26184eecd3944829b018280a64202a7c" member_type: VOTER last_known_addr { host: "127.29.50.66" port: 46121 } } peers { permanent_uuid: "1a435056a49540eb850fe7c41bff30a4" member_type: VOTER last_known_addr { host: "127.29.50.67" port: 34503 } }
I20260601 13:37:45.088271   602 ts_tablet_manager.cc:1434] T 668c841b208e43e1b224cf508c53c61b P 1a435056a49540eb850fe7c41bff30a4: Time spent starting tablet: real 0.001s	user 0.000s	sys 0.000s
I20260601 13:37:45.088487   602 tablet_bootstrap.cc:492] T 8b7394201c2c470a8f2287995a016189 P 1a435056a49540eb850fe7c41bff30a4: Bootstrap starting.
I20260601 13:37:45.089263   602 tablet_bootstrap.cc:654] T 8b7394201c2c470a8f2287995a016189 P 1a435056a49540eb850fe7c41bff30a4: Neither blocks nor log segments found. Creating new log.
I20260601 13:37:45.090277   602 tablet_bootstrap.cc:492] T 8b7394201c2c470a8f2287995a016189 P 1a435056a49540eb850fe7c41bff30a4: No bootstrap required, opened a new log
I20260601 13:37:45.090288   729 tablet_bootstrap.cc:492] T 7f0bfe5b2e54415d88d8ecc33b7966b7 P 8c18a53c345345a9b553a4c796476ee2: No bootstrap required, opened a new log
I20260601 13:37:45.090373   602 ts_tablet_manager.cc:1403] T 8b7394201c2c470a8f2287995a016189 P 1a435056a49540eb850fe7c41bff30a4: Time spent bootstrapping tablet: real 0.002s	user 0.001s	sys 0.000s
I20260601 13:37:45.090394   729 ts_tablet_manager.cc:1403] T 7f0bfe5b2e54415d88d8ecc33b7966b7 P 8c18a53c345345a9b553a4c796476ee2: Time spent bootstrapping tablet: real 0.007s	user 0.000s	sys 0.002s
I20260601 13:37:45.090770   729 raft_consensus.cc:359] T 7f0bfe5b2e54415d88d8ecc33b7966b7 P 8c18a53c345345a9b553a4c796476ee2 [term 0 FOLLOWER]: Replica starting. Triggering 0 pending ops. Active config: opid_index: -1 OBSOLETE_local: false peers { permanent_uuid: "175bb8891ee8420ba87f3d3fd257a724" member_type: VOTER last_known_addr { host: "127.29.50.65" port: 35137 } } peers { permanent_uuid: "26184eecd3944829b018280a64202a7c" member_type: VOTER last_known_addr { host: "127.29.50.66" port: 46121 } } peers { permanent_uuid: "8c18a53c345345a9b553a4c796476ee2" member_type: VOTER last_known_addr { host: "127.29.50.68" port: 41075 } }
I20260601 13:37:45.090829   602 raft_consensus.cc:359] T 8b7394201c2c470a8f2287995a016189 P 1a435056a49540eb850fe7c41bff30a4 [term 0 FOLLOWER]: Replica starting. Triggering 0 pending ops. Active config: opid_index: -1 OBSOLETE_local: false peers { permanent_uuid: "175bb8891ee8420ba87f3d3fd257a724" member_type: VOTER last_known_addr { host: "127.29.50.65" port: 35137 } } peers { permanent_uuid: "8c18a53c345345a9b553a4c796476ee2" member_type: VOTER last_known_addr { host: "127.29.50.68" port: 41075 } } peers { permanent_uuid: "1a435056a49540eb850fe7c41bff30a4" member_type: VOTER last_known_addr { host: "127.29.50.67" port: 34503 } }
I20260601 13:37:45.090906   729 raft_consensus.cc:385] T 7f0bfe5b2e54415d88d8ecc33b7966b7 P 8c18a53c345345a9b553a4c796476ee2 [term 0 FOLLOWER]: Consensus starting up: Expiring failure detector timer to make a prompt election more likely
I20260601 13:37:45.090924   602 raft_consensus.cc:385] T 8b7394201c2c470a8f2287995a016189 P 1a435056a49540eb850fe7c41bff30a4 [term 0 FOLLOWER]: Consensus starting up: Expiring failure detector timer to make a prompt election more likely
I20260601 13:37:45.090953   729 raft_consensus.cc:740] T 7f0bfe5b2e54415d88d8ecc33b7966b7 P 8c18a53c345345a9b553a4c796476ee2 [term 0 FOLLOWER]: Becoming Follower/Learner. State: Replica: 8c18a53c345345a9b553a4c796476ee2, State: Initialized, Role: FOLLOWER
I20260601 13:37:45.090967   602 raft_consensus.cc:740] T 8b7394201c2c470a8f2287995a016189 P 1a435056a49540eb850fe7c41bff30a4 [term 0 FOLLOWER]: Becoming Follower/Learner. State: Replica: 1a435056a49540eb850fe7c41bff30a4, State: Initialized, Role: FOLLOWER
I20260601 13:37:45.091066   729 consensus_queue.cc:260] T 7f0bfe5b2e54415d88d8ecc33b7966b7 P 8c18a53c345345a9b553a4c796476ee2 [NON_LEADER]: Queue going to NON_LEADER mode. State: All replicated index: 0, Majority replicated index: 0, Committed index: 0, Last appended: 0.0, Last appended by leader: 0, Current term: 0, Majority size: -1, State: 0, Mode: NON_LEADER, active raft config: opid_index: -1 OBSOLETE_local: false peers { permanent_uuid: "175bb8891ee8420ba87f3d3fd257a724" member_type: VOTER last_known_addr { host: "127.29.50.65" port: 35137 } } peers { permanent_uuid: "26184eecd3944829b018280a64202a7c" member_type: VOTER last_known_addr { host: "127.29.50.66" port: 46121 } } peers { permanent_uuid: "8c18a53c345345a9b553a4c796476ee2" member_type: VOTER last_known_addr { host: "127.29.50.68" port: 41075 } }
I20260601 13:37:45.091122   602 consensus_queue.cc:260] T 8b7394201c2c470a8f2287995a016189 P 1a435056a49540eb850fe7c41bff30a4 [NON_LEADER]: Queue going to NON_LEADER mode. State: All replicated index: 0, Majority replicated index: 0, Committed index: 0, Last appended: 0.0, Last appended by leader: 0, Current term: 0, Majority size: -1, State: 0, Mode: NON_LEADER, active raft config: opid_index: -1 OBSOLETE_local: false peers { permanent_uuid: "175bb8891ee8420ba87f3d3fd257a724" member_type: VOTER last_known_addr { host: "127.29.50.65" port: 35137 } } peers { permanent_uuid: "8c18a53c345345a9b553a4c796476ee2" member_type: VOTER last_known_addr { host: "127.29.50.68" port: 41075 } } peers { permanent_uuid: "1a435056a49540eb850fe7c41bff30a4" member_type: VOTER last_known_addr { host: "127.29.50.67" port: 34503 } }
I20260601 13:37:45.091346   729 ts_tablet_manager.cc:1434] T 7f0bfe5b2e54415d88d8ecc33b7966b7 P 8c18a53c345345a9b553a4c796476ee2: Time spent starting tablet: real 0.001s	user 0.000s	sys 0.001s
I20260601 13:37:45.091483   602 ts_tablet_manager.cc:1434] T 8b7394201c2c470a8f2287995a016189 P 1a435056a49540eb850fe7c41bff30a4: Time spent starting tablet: real 0.001s	user 0.001s	sys 0.000s
I20260601 13:37:45.091524   729 tablet_bootstrap.cc:492] T ed4d2778b21c4c02982d73d96a2bec4b P 8c18a53c345345a9b553a4c796476ee2: Bootstrap starting.
I20260601 13:37:45.092689   729 tablet_bootstrap.cc:654] T ed4d2778b21c4c02982d73d96a2bec4b P 8c18a53c345345a9b553a4c796476ee2: Neither blocks nor log segments found. Creating new log.
I20260601 13:37:45.093838   729 tablet_bootstrap.cc:492] T ed4d2778b21c4c02982d73d96a2bec4b P 8c18a53c345345a9b553a4c796476ee2: No bootstrap required, opened a new log
I20260601 13:37:45.093917   729 ts_tablet_manager.cc:1403] T ed4d2778b21c4c02982d73d96a2bec4b P 8c18a53c345345a9b553a4c796476ee2: Time spent bootstrapping tablet: real 0.002s	user 0.000s	sys 0.002s
