I20260601 13:36:51.432129 31797 tablet_service.cc:1511] Processing CreateTablet for tablet 794907416de944b9928a008d60a2e8a6 (DEFAULT_TABLE table=test-workload [id=d708f97b602e49589abe65eda005dd59]), partition=RANGE (key) PARTITION 1073741823 <= VALUES
I20260601 13:36:51.432272 31854 tablet_bootstrap.cc:654] T 62fd00f31f5643ae9e7fb96869d1eeeb P 457962240ac14d62b4589a7e26a80a2d: Neither blocks nor log segments found. Creating new log.
I20260601 13:36:51.432298 31798 data_dirs.cc:400] Could only allocate 1 dirs of requested 3 for tablet 62fd00f31f5643ae9e7fb96869d1eeeb. 1 dirs total, 0 dirs full, 0 dirs failed
I20260601 13:36:51.432526 31797 data_dirs.cc:400] Could only allocate 1 dirs of requested 3 for tablet 794907416de944b9928a008d60a2e8a6. 1 dirs total, 0 dirs full, 0 dirs failed
I20260601 13:36:51.433681 31855 tablet_bootstrap.cc:492] T 794907416de944b9928a008d60a2e8a6 P a0f5c90c6e1440a5b5a658dcae7bc60b: Bootstrap starting.
I20260601 13:36:51.434535 31857 tablet_bootstrap.cc:492] T 62fd00f31f5643ae9e7fb96869d1eeeb P a3bebf192f57412cb70e977c6db24492: Bootstrap starting.
I20260601 13:36:51.434674 31855 tablet_bootstrap.cc:654] T 794907416de944b9928a008d60a2e8a6 P a0f5c90c6e1440a5b5a658dcae7bc60b: Neither blocks nor log segments found. Creating new log.
I20260601 13:36:51.435195 31854 tablet_bootstrap.cc:492] T 62fd00f31f5643ae9e7fb96869d1eeeb P 457962240ac14d62b4589a7e26a80a2d: No bootstrap required, opened a new log
I20260601 13:36:51.435338 31854 ts_tablet_manager.cc:1403] T 62fd00f31f5643ae9e7fb96869d1eeeb P 457962240ac14d62b4589a7e26a80a2d: Time spent bootstrapping tablet: real 0.004s	user 0.002s	sys 0.000s
I20260601 13:36:51.435640 31857 tablet_bootstrap.cc:654] T 62fd00f31f5643ae9e7fb96869d1eeeb P a3bebf192f57412cb70e977c6db24492: Neither blocks nor log segments found. Creating new log.
I20260601 13:36:51.435815 31855 tablet_bootstrap.cc:492] T 794907416de944b9928a008d60a2e8a6 P a0f5c90c6e1440a5b5a658dcae7bc60b: No bootstrap required, opened a new log
I20260601 13:36:51.435920 31855 ts_tablet_manager.cc:1403] T 794907416de944b9928a008d60a2e8a6 P a0f5c90c6e1440a5b5a658dcae7bc60b: Time spent bootstrapping tablet: real 0.002s	user 0.002s	sys 0.000s
I20260601 13:36:51.435868 31854 raft_consensus.cc:359] T 62fd00f31f5643ae9e7fb96869d1eeeb P 457962240ac14d62b4589a7e26a80a2d [term 0 FOLLOWER]: Replica starting. Triggering 0 pending ops. Active config: opid_index: -1 OBSOLETE_local: false peers { permanent_uuid: "457962240ac14d62b4589a7e26a80a2d" member_type: VOTER last_known_addr { host: "127.29.50.65" port: 33003 } } peers { permanent_uuid: "a3bebf192f57412cb70e977c6db24492" member_type: VOTER last_known_addr { host: "127.29.50.67" port: 35567 } } peers { permanent_uuid: "a0f5c90c6e1440a5b5a658dcae7bc60b" member_type: VOTER last_known_addr { host: "127.29.50.66" port: 44481 } }
I20260601 13:36:51.436002 31854 raft_consensus.cc:385] T 62fd00f31f5643ae9e7fb96869d1eeeb P 457962240ac14d62b4589a7e26a80a2d [term 0 FOLLOWER]: Consensus starting up: Expiring failure detector timer to make a prompt election more likely
I20260601 13:36:51.436053 31854 raft_consensus.cc:740] T 62fd00f31f5643ae9e7fb96869d1eeeb P 457962240ac14d62b4589a7e26a80a2d [term 0 FOLLOWER]: Becoming Follower/Learner. State: Replica: 457962240ac14d62b4589a7e26a80a2d, State: Initialized, Role: FOLLOWER
I20260601 13:36:51.436246 31854 consensus_queue.cc:260] T 62fd00f31f5643ae9e7fb96869d1eeeb P 457962240ac14d62b4589a7e26a80a2d [NON_LEADER]: Queue going to NON_LEADER mode. State: All replicated index: 0, Majority replicated index: 0, Committed index: 0, Last appended: 0.0, Last appended by leader: 0, Current term: 0, Majority size: -1, State: 0, Mode: NON_LEADER, active raft config: opid_index: -1 OBSOLETE_local: false peers { permanent_uuid: "457962240ac14d62b4589a7e26a80a2d" member_type: VOTER last_known_addr { host: "127.29.50.65" port: 33003 } } peers { permanent_uuid: "a3bebf192f57412cb70e977c6db24492" member_type: VOTER last_known_addr { host: "127.29.50.67" port: 35567 } } peers { permanent_uuid: "a0f5c90c6e1440a5b5a658dcae7bc60b" member_type: VOTER last_known_addr { host: "127.29.50.66" port: 44481 } }
I20260601 13:36:51.436403 31855 raft_consensus.cc:359] T 794907416de944b9928a008d60a2e8a6 P a0f5c90c6e1440a5b5a658dcae7bc60b [term 0 FOLLOWER]: Replica starting. Triggering 0 pending ops. Active config: opid_index: -1 OBSOLETE_local: false peers { permanent_uuid: "457962240ac14d62b4589a7e26a80a2d" member_type: VOTER last_known_addr { host: "127.29.50.65" port: 33003 } } peers { permanent_uuid: "a0f5c90c6e1440a5b5a658dcae7bc60b" member_type: VOTER last_known_addr { host: "127.29.50.66" port: 44481 } } peers { permanent_uuid: "a3bebf192f57412cb70e977c6db24492" member_type: VOTER last_known_addr { host: "127.29.50.67" port: 35567 } }
I20260601 13:36:51.436512 31855 raft_consensus.cc:385] T 794907416de944b9928a008d60a2e8a6 P a0f5c90c6e1440a5b5a658dcae7bc60b [term 0 FOLLOWER]: Consensus starting up: Expiring failure detector timer to make a prompt election more likely
I20260601 13:36:51.436611 31855 raft_consensus.cc:740] T 794907416de944b9928a008d60a2e8a6 P a0f5c90c6e1440a5b5a658dcae7bc60b [term 0 FOLLOWER]: Becoming Follower/Learner. State: Replica: a0f5c90c6e1440a5b5a658dcae7bc60b, State: Initialized, Role: FOLLOWER
I20260601 13:36:51.436676 31854 ts_tablet_manager.cc:1434] T 62fd00f31f5643ae9e7fb96869d1eeeb P 457962240ac14d62b4589a7e26a80a2d: Time spent starting tablet: real 0.001s	user 0.001s	sys 0.000s
I20260601 13:36:51.436836 31855 consensus_queue.cc:260] T 794907416de944b9928a008d60a2e8a6 P a0f5c90c6e1440a5b5a658dcae7bc60b [NON_LEADER]: Queue going to NON_LEADER mode. State: All replicated index: 0, Majority replicated index: 0, Committed index: 0, Last appended: 0.0, Last appended by leader: 0, Current term: 0, Majority size: -1, State: 0, Mode: NON_LEADER, active raft config: opid_index: -1 OBSOLETE_local: false peers { permanent_uuid: "457962240ac14d62b4589a7e26a80a2d" member_type: VOTER last_known_addr { host: "127.29.50.65" port: 33003 } } peers { permanent_uuid: "a0f5c90c6e1440a5b5a658dcae7bc60b" member_type: VOTER last_known_addr { host: "127.29.50.66" port: 44481 } } peers { permanent_uuid: "a3bebf192f57412cb70e977c6db24492" member_type: VOTER last_known_addr { host: "127.29.50.67" port: 35567 } }
I20260601 13:36:51.436915 31854 tablet_bootstrap.cc:492] T 794907416de944b9928a008d60a2e8a6 P 457962240ac14d62b4589a7e26a80a2d: Bootstrap starting.
I20260601 13:36:51.437263 31855 ts_tablet_manager.cc:1434] T 794907416de944b9928a008d60a2e8a6 P a0f5c90c6e1440a5b5a658dcae7bc60b: Time spent starting tablet: real 0.001s	user 0.001s	sys 0.000s
I20260601 13:36:51.437480 31855 tablet_bootstrap.cc:492] T 62fd00f31f5643ae9e7fb96869d1eeeb P a0f5c90c6e1440a5b5a658dcae7bc60b: Bootstrap starting.
I20260601 13:36:51.438040 31854 tablet_bootstrap.cc:654] T 794907416de944b9928a008d60a2e8a6 P 457962240ac14d62b4589a7e26a80a2d: Neither blocks nor log segments found. Creating new log.
I20260601 13:36:51.438238 31857 tablet_bootstrap.cc:492] T 62fd00f31f5643ae9e7fb96869d1eeeb P a3bebf192f57412cb70e977c6db24492: No bootstrap required, opened a new log
I20260601 13:36:51.438366 31857 ts_tablet_manager.cc:1403] T 62fd00f31f5643ae9e7fb96869d1eeeb P a3bebf192f57412cb70e977c6db24492: Time spent bootstrapping tablet: real 0.004s	user 0.002s	sys 0.000s
I20260601 13:36:51.438820 31855 tablet_bootstrap.cc:654] T 62fd00f31f5643ae9e7fb96869d1eeeb P a0f5c90c6e1440a5b5a658dcae7bc60b: Neither blocks nor log segments found. Creating new log.
I20260601 13:36:51.438856 31857 raft_consensus.cc:359] T 62fd00f31f5643ae9e7fb96869d1eeeb P a3bebf192f57412cb70e977c6db24492 [term 0 FOLLOWER]: Replica starting. Triggering 0 pending ops. Active config: opid_index: -1 OBSOLETE_local: false peers { permanent_uuid: "457962240ac14d62b4589a7e26a80a2d" member_type: VOTER last_known_addr { host: "127.29.50.65" port: 33003 } } peers { permanent_uuid: "a3bebf192f57412cb70e977c6db24492" member_type: VOTER last_known_addr { host: "127.29.50.67" port: 35567 } } peers { permanent_uuid: "a0f5c90c6e1440a5b5a658dcae7bc60b" member_type: VOTER last_known_addr { host: "127.29.50.66" port: 44481 } }
I20260601 13:36:51.438999 31857 raft_consensus.cc:385] T 62fd00f31f5643ae9e7fb96869d1eeeb P a3bebf192f57412cb70e977c6db24492 [term 0 FOLLOWER]: Consensus starting up: Expiring failure detector timer to make a prompt election more likely
I20260601 13:36:51.439069 31857 raft_consensus.cc:740] T 62fd00f31f5643ae9e7fb96869d1eeeb P a3bebf192f57412cb70e977c6db24492 [term 0 FOLLOWER]: Becoming Follower/Learner. State: Replica: a3bebf192f57412cb70e977c6db24492, State: Initialized, Role: FOLLOWER
I20260601 13:36:51.439213 31854 tablet_bootstrap.cc:492] T 794907416de944b9928a008d60a2e8a6 P 457962240ac14d62b4589a7e26a80a2d: No bootstrap required, opened a new log
I20260601 13:36:51.439221 31857 consensus_queue.cc:260] T 62fd00f31f5643ae9e7fb96869d1eeeb P a3bebf192f57412cb70e977c6db24492 [NON_LEADER]: Queue going to NON_LEADER mode. State: All replicated index: 0, Majority replicated index: 0, Committed index: 0, Last appended: 0.0, Last appended by leader: 0, Current term: 0, Majority size: -1, State: 0, Mode: NON_LEADER, active raft config: opid_index: -1 OBSOLETE_local: false peers { permanent_uuid: "457962240ac14d62b4589a7e26a80a2d" member_type: VOTER last_known_addr { host: "127.29.50.65" port: 33003 } } peers { permanent_uuid: "a3bebf192f57412cb70e977c6db24492" member_type: VOTER last_known_addr { host: "127.29.50.67" port: 35567 } } peers { permanent_uuid: "a0f5c90c6e1440a5b5a658dcae7bc60b" member_type: VOTER last_known_addr { host: "127.29.50.66" port: 44481 } }
I20260601 13:36:51.439302 31854 ts_tablet_manager.cc:1403] T 794907416de944b9928a008d60a2e8a6 P 457962240ac14d62b4589a7e26a80a2d: Time spent bootstrapping tablet: real 0.002s	user 0.002s	sys 0.000s
I20260601 13:36:51.439605 31857 ts_tablet_manager.cc:1434] T 62fd00f31f5643ae9e7fb96869d1eeeb P a3bebf192f57412cb70e977c6db24492: Time spent starting tablet: real 0.001s	user 0.001s	sys 0.000s
I20260601 13:36:51.439805 31854 raft_consensus.cc:359] T 794907416de944b9928a008d60a2e8a6 P 457962240ac14d62b4589a7e26a80a2d [term 0 FOLLOWER]: Replica starting. Triggering 0 pending ops. Active config: opid_index: -1 OBSOLETE_local: false peers { permanent_uuid: "457962240ac14d62b4589a7e26a80a2d" member_type: VOTER last_known_addr { host: "127.29.50.65" port: 33003 } } peers { permanent_uuid: "a0f5c90c6e1440a5b5a658dcae7bc60b" member_type: VOTER last_known_addr { host: "127.29.50.66" port: 44481 } } peers { permanent_uuid: "a3bebf192f57412cb70e977c6db24492" member_type: VOTER last_known_addr { host: "127.29.50.67" port: 35567 } }
I20260601 13:36:51.439889 31854 raft_consensus.cc:385] T 794907416de944b9928a008d60a2e8a6 P 457962240ac14d62b4589a7e26a80a2d [term 0 FOLLOWER]: Consensus starting up: Expiring failure detector timer to make a prompt election more likely
I20260601 13:36:51.439921 31854 raft_consensus.cc:740] T 794907416de944b9928a008d60a2e8a6 P 457962240ac14d62b4589a7e26a80a2d [term 0 FOLLOWER]: Becoming Follower/Learner. State: Replica: 457962240ac14d62b4589a7e26a80a2d, State: Initialized, Role: FOLLOWER
I20260601 13:36:51.440043 31857 tablet_bootstrap.cc:492] T 794907416de944b9928a008d60a2e8a6 P a3bebf192f57412cb70e977c6db24492: Bootstrap starting.
I20260601 13:36:51.440023 31854 consensus_queue.cc:260] T 794907416de944b9928a008d60a2e8a6 P 457962240ac14d62b4589a7e26a80a2d [NON_LEADER]: Queue going to NON_LEADER mode. State: All replicated index: 0, Majority replicated index: 0, Committed index: 0, Last appended: 0.0, Last appended by leader: 0, Current term: 0, Majority size: -1, State: 0, Mode: NON_LEADER, active raft config: opid_index: -1 OBSOLETE_local: false peers { permanent_uuid: "457962240ac14d62b4589a7e26a80a2d" member_type: VOTER last_known_addr { host: "127.29.50.65" port: 33003 } } peers { permanent_uuid: "a0f5c90c6e1440a5b5a658dcae7bc60b" member_type: VOTER last_known_addr { host: "127.29.50.66" port: 44481 } } peers { permanent_uuid: "a3bebf192f57412cb70e977c6db24492" member_type: VOTER last_known_addr { host: "127.29.50.67" port: 35567 } }
I20260601 13:36:51.440091 31855 tablet_bootstrap.cc:492] T 62fd00f31f5643ae9e7fb96869d1eeeb P a0f5c90c6e1440a5b5a658dcae7bc60b: No bootstrap required, opened a new log
I20260601 13:36:51.440165 31855 ts_tablet_manager.cc:1403] T 62fd00f31f5643ae9e7fb96869d1eeeb P a0f5c90c6e1440a5b5a658dcae7bc60b: Time spent bootstrapping tablet: real 0.003s	user 0.002s	sys 0.000s
I20260601 13:36:51.440260 31854 ts_tablet_manager.cc:1434] T 794907416de944b9928a008d60a2e8a6 P 457962240ac14d62b4589a7e26a80a2d: Time spent starting tablet: real 0.001s	user 0.001s	sys 0.000s
I20260601 13:36:51.440654 31855 raft_consensus.cc:359] T 62fd00f31f5643ae9e7fb96869d1eeeb P a0f5c90c6e1440a5b5a658dcae7bc60b [term 0 FOLLOWER]: Replica starting. Triggering 0 pending ops. Active config: opid_index: -1 OBSOLETE_local: false peers { permanent_uuid: "457962240ac14d62b4589a7e26a80a2d" member_type: VOTER last_known_addr { host: "127.29.50.65" port: 33003 } } peers { permanent_uuid: "a3bebf192f57412cb70e977c6db24492" member_type: VOTER last_known_addr { host: "127.29.50.67" port: 35567 } } peers { permanent_uuid: "a0f5c90c6e1440a5b5a658dcae7bc60b" member_type: VOTER last_known_addr { host: "127.29.50.66" port: 44481 } }
I20260601 13:36:51.440768 31855 raft_consensus.cc:385] T 62fd00f31f5643ae9e7fb96869d1eeeb P a0f5c90c6e1440a5b5a658dcae7bc60b [term 0 FOLLOWER]: Consensus starting up: Expiring failure detector timer to make a prompt election more likely
I20260601 13:36:51.440804 31855 raft_consensus.cc:740] T 62fd00f31f5643ae9e7fb96869d1eeeb P a0f5c90c6e1440a5b5a658dcae7bc60b [term 0 FOLLOWER]: Becoming Follower/Learner. State: Replica: a0f5c90c6e1440a5b5a658dcae7bc60b, State: Initialized, Role: FOLLOWER
I20260601 13:36:51.440933 31855 consensus_queue.cc:260] T 62fd00f31f5643ae9e7fb96869d1eeeb P a0f5c90c6e1440a5b5a658dcae7bc60b [NON_LEADER]: Queue going to NON_LEADER mode. State: All replicated index: 0, Majority replicated index: 0, Committed index: 0, Last appended: 0.0, Last appended by leader: 0, Current term: 0, Majority size: -1, State: 0, Mode: NON_LEADER, active raft config: opid_index: -1 OBSOLETE_local: false peers { permanent_uuid: "457962240ac14d62b4589a7e26a80a2d" member_type: VOTER last_known_addr { host: "127.29.50.65" port: 33003 } } peers { permanent_uuid: "a3bebf192f57412cb70e977c6db24492" member_type: VOTER last_known_addr { host: "127.29.50.67" port: 35567 } } peers { permanent_uuid: "a0f5c90c6e1440a5b5a658dcae7bc60b" member_type: VOTER last_known_addr { host: "127.29.50.66" port: 44481 } }
I20260601 13:36:51.441408 31855 ts_tablet_manager.cc:1434] T 62fd00f31f5643ae9e7fb96869d1eeeb P a0f5c90c6e1440a5b5a658dcae7bc60b: Time spent starting tablet: real 0.001s	user 0.001s	sys 0.000s
I20260601 13:36:51.441522 31857 tablet_bootstrap.cc:654] T 794907416de944b9928a008d60a2e8a6 P a3bebf192f57412cb70e977c6db24492: Neither blocks nor log segments found. Creating new log.
I20260601 13:36:51.444131 31857 tablet_bootstrap.cc:492] T 794907416de944b9928a008d60a2e8a6 P a3bebf192f57412cb70e977c6db24492: No bootstrap required, opened a new log
I20260601 13:36:51.444202 31857 ts_tablet_manager.cc:1403] T 794907416de944b9928a008d60a2e8a6 P a3bebf192f57412cb70e977c6db24492: Time spent bootstrapping tablet: real 0.004s	user 0.002s	sys 0.000s
I20260601 13:36:51.444641 31857 raft_consensus.cc:359] T 794907416de944b9928a008d60a2e8a6 P a3bebf192f57412cb70e977c6db24492 [term 0 FOLLOWER]: Replica starting. Triggering 0 pending ops. Active config: opid_index: -1 OBSOLETE_local: false peers { permanent_uuid: "457962240ac14d62b4589a7e26a80a2d" member_type: VOTER last_known_addr { host: "127.29.50.65" port: 33003 } } peers { permanent_uuid: "a0f5c90c6e1440a5b5a658dcae7bc60b" member_type: VOTER last_known_addr { host: "127.29.50.66" port: 44481 } } peers { permanent_uuid: "a3bebf192f57412cb70e977c6db24492" member_type: VOTER last_known_addr { host: "127.29.50.67" port: 35567 } }
I20260601 13:36:51.444736 31857 raft_consensus.cc:385] T 794907416de944b9928a008d60a2e8a6 P a3bebf192f57412cb70e977c6db24492 [term 0 FOLLOWER]: Consensus starting up: Expiring failure detector timer to make a prompt election more likely
I20260601 13:36:51.444782 31857 raft_consensus.cc:740] T 794907416de944b9928a008d60a2e8a6 P a3bebf192f57412cb70e977c6db24492 [term 0 FOLLOWER]: Becoming Follower/Learner. State: Replica: a3bebf192f57412cb70e977c6db24492, State: Initialized, Role: FOLLOWER
I20260601 13:36:51.444913 31857 consensus_queue.cc:260] T 794907416de944b9928a008d60a2e8a6 P a3bebf192f57412cb70e977c6db24492 [NON_LEADER]: Queue going to NON_LEADER mode. State: All replicated index: 0, Majority replicated index: 0, Committed index: 0, Last appended: 0.0, Last appended by leader: 0, Current term: 0, Majority size: -1, State: 0, Mode: NON_LEADER, active raft config: opid_index: -1 OBSOLETE_local: false peers { permanent_uuid: "457962240ac14d62b4589a7e26a80a2d" member_type: VOTER last_known_addr { host: "127.29.50.65" port: 33003 } } peers { permanent_uuid: "a0f5c90c6e1440a5b5a658dcae7bc60b" member_type: VOTER last_known_addr { host: "127.29.50.66" port: 44481 } } peers { permanent_uuid: "a3bebf192f57412cb70e977c6db24492" member_type: VOTER last_known_addr { host: "127.29.50.67" port: 35567 } }
I20260601 13:36:51.445158 31857 ts_tablet_manager.cc:1434] T 794907416de944b9928a008d60a2e8a6 P a3bebf192f57412cb70e977c6db24492: Time spent starting tablet: real 0.001s	user 0.000s	sys 0.001s
I20260601 13:36:51.542631 31860 raft_consensus.cc:493] T 794907416de944b9928a008d60a2e8a6 P 457962240ac14d62b4589a7e26a80a2d [term 0 FOLLOWER]: Starting pre-election (no leader contacted us within the election timeout)
I20260601 13:36:51.542807 31860 raft_consensus.cc:515] T 794907416de944b9928a008d60a2e8a6 P 457962240ac14d62b4589a7e26a80a2d [term 0 FOLLOWER]: Starting pre-election with config: opid_index: -1 OBSOLETE_local: false peers { permanent_uuid: "457962240ac14d62b4589a7e26a80a2d" member_type: VOTER last_known_addr { host: "127.29.50.65" port: 33003 } } peers { permanent_uuid: "a0f5c90c6e1440a5b5a658dcae7bc60b" member_type: VOTER last_known_addr { host: "127.29.50.66" port: 44481 } } peers { permanent_uuid: "a3bebf192f57412cb70e977c6db24492" member_type: VOTER last_known_addr { host: "127.29.50.67" port: 35567 } }
I20260601 13:36:51.543401 31860 leader_election.cc:290] T 794907416de944b9928a008d60a2e8a6 P 457962240ac14d62b4589a7e26a80a2d [CANDIDATE]: Term 1 pre-election: Requested pre-vote from peers a0f5c90c6e1440a5b5a658dcae7bc60b (127.29.50.66:44481), a3bebf192f57412cb70e977c6db24492 (127.29.50.67:35567)
I20260601 13:36:51.547317 31808 tablet_service.cc:1917] Received RequestConsensusVote() RPC: tablet_id: "794907416de944b9928a008d60a2e8a6" candidate_uuid: "457962240ac14d62b4589a7e26a80a2d" candidate_term: 1 candidate_status { last_received { term: 0 index: 0 } } ignore_live_leader: false dest_uuid: "a3bebf192f57412cb70e977c6db24492" is_pre_election: true
I20260601 13:36:51.547472 31808 raft_consensus.cc:2468] T 794907416de944b9928a008d60a2e8a6 P a3bebf192f57412cb70e977c6db24492 [term 0 FOLLOWER]: Leader pre-election vote request: Granting yes vote for candidate 457962240ac14d62b4589a7e26a80a2d in term 0.
I20260601 13:36:51.547485 31733 tablet_service.cc:1917] Received RequestConsensusVote() RPC: tablet_id: "794907416de944b9928a008d60a2e8a6" candidate_uuid: "457962240ac14d62b4589a7e26a80a2d" candidate_term: 1 candidate_status { last_received { term: 0 index: 0 } } ignore_live_leader: false dest_uuid: "a0f5c90c6e1440a5b5a658dcae7bc60b" is_pre_election: true
I20260601 13:36:51.547590 31733 raft_consensus.cc:2468] T 794907416de944b9928a008d60a2e8a6 P a0f5c90c6e1440a5b5a658dcae7bc60b [term 0 FOLLOWER]: Leader pre-election vote request: Granting yes vote for candidate 457962240ac14d62b4589a7e26a80a2d in term 0.
I20260601 13:36:51.547765 31621 leader_election.cc:304] T 794907416de944b9928a008d60a2e8a6 P 457962240ac14d62b4589a7e26a80a2d [CANDIDATE]: Term 1 pre-election: Election decided. Result: candidate won. Election summary: received 2 responses out of 3 voters: 2 yes votes; 0 no votes. yes voters: 457962240ac14d62b4589a7e26a80a2d, a3bebf192f57412cb70e977c6db24492; no voters: 
I20260601 13:36:51.547936 31860 raft_consensus.cc:2804] T 794907416de944b9928a008d60a2e8a6 P 457962240ac14d62b4589a7e26a80a2d [term 0 FOLLOWER]: Leader pre-election won for term 1
I20260601 13:36:51.547989 31860 raft_consensus.cc:493] T 794907416de944b9928a008d60a2e8a6 P 457962240ac14d62b4589a7e26a80a2d [term 0 FOLLOWER]: Starting leader election (no leader contacted us within the election timeout)
I20260601 13:36:51.548027 31860 raft_consensus.cc:3060] T 794907416de944b9928a008d60a2e8a6 P 457962240ac14d62b4589a7e26a80a2d [term 0 FOLLOWER]: Advancing to term 1
I20260601 13:36:51.548979 31860 raft_consensus.cc:515] T 794907416de944b9928a008d60a2e8a6 P 457962240ac14d62b4589a7e26a80a2d [term 1 FOLLOWER]: Starting leader election with config: opid_index: -1 OBSOLETE_local: false peers { permanent_uuid: "457962240ac14d62b4589a7e26a80a2d" member_type: VOTER last_known_addr { host: "127.29.50.65" port: 33003 } } peers { permanent_uuid: "a0f5c90c6e1440a5b5a658dcae7bc60b" member_type: VOTER last_known_addr { host: "127.29.50.66" port: 44481 } } peers { permanent_uuid: "a3bebf192f57412cb70e977c6db24492" member_type: VOTER last_known_addr { host: "127.29.50.67" port: 35567 } }
I20260601 13:36:51.549320 31860 leader_election.cc:290] T 794907416de944b9928a008d60a2e8a6 P 457962240ac14d62b4589a7e26a80a2d [CANDIDATE]: Term 1 election: Requested vote from peers a0f5c90c6e1440a5b5a658dcae7bc60b (127.29.50.66:44481), a3bebf192f57412cb70e977c6db24492 (127.29.50.67:35567)
I20260601 13:36:51.549642 31733 tablet_service.cc:1917] Received RequestConsensusVote() RPC: tablet_id: "794907416de944b9928a008d60a2e8a6" candidate_uuid: "457962240ac14d62b4589a7e26a80a2d" candidate_term: 1 candidate_status { last_received { term: 0 index: 0 } } ignore_live_leader: false dest_uuid: "a0f5c90c6e1440a5b5a658dcae7bc60b"
I20260601 13:36:51.549737 31808 tablet_service.cc:1917] Received RequestConsensusVote() RPC: tablet_id: "794907416de944b9928a008d60a2e8a6" candidate_uuid: "457962240ac14d62b4589a7e26a80a2d" candidate_term: 1 candidate_status { last_received { term: 0 index: 0 } } ignore_live_leader: false dest_uuid: "a3bebf192f57412cb70e977c6db24492"
I20260601 13:36:51.549767 31733 raft_consensus.cc:3060] T 794907416de944b9928a008d60a2e8a6 P a0f5c90c6e1440a5b5a658dcae7bc60b [term 0 FOLLOWER]: Advancing to term 1
I20260601 13:36:51.549824 31808 raft_consensus.cc:3060] T 794907416de944b9928a008d60a2e8a6 P a3bebf192f57412cb70e977c6db24492 [term 0 FOLLOWER]: Advancing to term 1
I20260601 13:36:51.550686 31733 raft_consensus.cc:2468] T 794907416de944b9928a008d60a2e8a6 P a0f5c90c6e1440a5b5a658dcae7bc60b [term 1 FOLLOWER]: Leader election vote request: Granting yes vote for candidate 457962240ac14d62b4589a7e26a80a2d in term 1.
I20260601 13:36:51.550686 31808 raft_consensus.cc:2468] T 794907416de944b9928a008d60a2e8a6 P a3bebf192f57412cb70e977c6db24492 [term 1 FOLLOWER]: Leader election vote request: Granting yes vote for candidate 457962240ac14d62b4589a7e26a80a2d in term 1.
I20260601 13:36:51.550993 31621 leader_election.cc:304] T 794907416de944b9928a008d60a2e8a6 P 457962240ac14d62b4589a7e26a80a2d [CANDIDATE]: Term 1 election: Election decided. Result: candidate won. Election summary: received 2 responses out of 3 voters: 2 yes votes; 0 no votes. yes voters: 457962240ac14d62b4589a7e26a80a2d, a0f5c90c6e1440a5b5a658dcae7bc60b; no voters: 
I20260601 13:36:51.551157 31860 raft_consensus.cc:2804] T 794907416de944b9928a008d60a2e8a6 P 457962240ac14d62b4589a7e26a80a2d [term 1 FOLLOWER]: Leader election won for term 1
I20260601 13:36:51.551360 31860 raft_consensus.cc:697] T 794907416de944b9928a008d60a2e8a6 P 457962240ac14d62b4589a7e26a80a2d [term 1 LEADER]: Becoming Leader. State: Replica: 457962240ac14d62b4589a7e26a80a2d, State: Running, Role: LEADER
I20260601 13:36:51.551518 31860 consensus_queue.cc:237] T 794907416de944b9928a008d60a2e8a6 P 457962240ac14d62b4589a7e26a80a2d [LEADER]: Queue going to LEADER mode. State: All replicated index: 0, Majority replicated index: 0, Committed index: 0, Last appended: 0.0, Last appended by leader: 0, Current term: 1, Majority size: 2, State: 0, Mode: LEADER, active raft config: opid_index: -1 OBSOLETE_local: false peers { permanent_uuid: "457962240ac14d62b4589a7e26a80a2d" member_type: VOTER last_known_addr { host: "127.29.50.65" port: 33003 } } peers { permanent_uuid: "a0f5c90c6e1440a5b5a658dcae7bc60b" member_type: VOTER last_known_addr { host: "127.29.50.66" port: 44481 } } peers { permanent_uuid: "a3bebf192f57412cb70e977c6db24492" member_type: VOTER last_known_addr { host: "127.29.50.67" port: 35567 } }
I20260601 13:36:51.553032 31554 catalog_manager.cc:5696] T 794907416de944b9928a008d60a2e8a6 P 457962240ac14d62b4589a7e26a80a2d reported cstate change: term changed from 0 to 1, leader changed from <none> to 457962240ac14d62b4589a7e26a80a2d (127.29.50.65). New cstate: current_term: 1 leader_uuid: "457962240ac14d62b4589a7e26a80a2d" committed_config { opid_index: -1 OBSOLETE_local: false peers { permanent_uuid: "457962240ac14d62b4589a7e26a80a2d" member_type: VOTER last_known_addr { host: "127.29.50.65" port: 33003 } health_report { overall_health: HEALTHY } } peers { permanent_uuid: "a0f5c90c6e1440a5b5a658dcae7bc60b" member_type: VOTER last_known_addr { host: "127.29.50.66" port: 44481 } health_report { overall_health: UNKNOWN } } peers { permanent_uuid: "a3bebf192f57412cb70e977c6db24492" member_type: VOTER last_known_addr { host: "127.29.50.67" port: 35567 } health_report { overall_health: UNKNOWN } } }
I20260601 13:36:51.581338 31865 raft_consensus.cc:493] T 62fd00f31f5643ae9e7fb96869d1eeeb P a0f5c90c6e1440a5b5a658dcae7bc60b [term 0 FOLLOWER]: Starting pre-election (no leader contacted us within the election timeout)
I20260601 13:36:51.581449 31865 raft_consensus.cc:515] T 62fd00f31f5643ae9e7fb96869d1eeeb P a0f5c90c6e1440a5b5a658dcae7bc60b [term 0 FOLLOWER]: Starting pre-election with config: opid_index: -1 OBSOLETE_local: false peers { permanent_uuid: "457962240ac14d62b4589a7e26a80a2d" member_type: VOTER last_known_addr { host: "127.29.50.65" port: 33003 } } peers { permanent_uuid: "a3bebf192f57412cb70e977c6db24492" member_type: VOTER last_known_addr { host: "127.29.50.67" port: 35567 } } peers { permanent_uuid: "a0f5c90c6e1440a5b5a658dcae7bc60b" member_type: VOTER last_known_addr { host: "127.29.50.66" port: 44481 } }
I20260601 13:36:51.581995 31865 leader_election.cc:290] T 62fd00f31f5643ae9e7fb96869d1eeeb P a0f5c90c6e1440a5b5a658dcae7bc60b [CANDIDATE]: Term 1 pre-election: Requested pre-vote from peers 457962240ac14d62b4589a7e26a80a2d (127.29.50.65:33003), a3bebf192f57412cb70e977c6db24492 (127.29.50.67:35567)
I20260601 13:36:51.586387 31808 tablet_service.cc:1917] Received RequestConsensusVote() RPC: tablet_id: "62fd00f31f5643ae9e7fb96869d1eeeb" candidate_uuid: "a0f5c90c6e1440a5b5a658dcae7bc60b" candidate_term: 1 candidate_status { last_received { term: 0 index: 0 } } ignore_live_leader: false dest_uuid: "a3bebf192f57412cb70e977c6db24492" is_pre_election: true
I20260601 13:36:51.586404 31657 tablet_service.cc:1917] Received RequestConsensusVote() RPC: tablet_id: "62fd00f31f5643ae9e7fb96869d1eeeb" candidate_uuid: "a0f5c90c6e1440a5b5a658dcae7bc60b" candidate_term: 1 candidate_status { last_received { term: 0 index: 0 } } ignore_live_leader: false dest_uuid: "457962240ac14d62b4589a7e26a80a2d" is_pre_election: true
I20260601 13:36:51.586505 31808 raft_consensus.cc:2468] T 62fd00f31f5643ae9e7fb96869d1eeeb P a3bebf192f57412cb70e977c6db24492 [term 0 FOLLOWER]: Leader pre-election vote request: Granting yes vote for candidate a0f5c90c6e1440a5b5a658dcae7bc60b in term 0.
I20260601 13:36:51.586567 31657 raft_consensus.cc:2468] T 62fd00f31f5643ae9e7fb96869d1eeeb P 457962240ac14d62b4589a7e26a80a2d [term 0 FOLLOWER]: Leader pre-election vote request: Granting yes vote for candidate a0f5c90c6e1440a5b5a658dcae7bc60b in term 0.
I20260601 13:36:51.586876 31697 leader_election.cc:304] T 62fd00f31f5643ae9e7fb96869d1eeeb P a0f5c90c6e1440a5b5a658dcae7bc60b [CANDIDATE]: Term 1 pre-election: Election decided. Result: candidate won. Election summary: received 2 responses out of 3 voters: 2 yes votes; 0 no votes. yes voters: a0f5c90c6e1440a5b5a658dcae7bc60b, a3bebf192f57412cb70e977c6db24492; no voters: 
I20260601 13:36:51.587044 31865 raft_consensus.cc:2804] T 62fd00f31f5643ae9e7fb96869d1eeeb P a0f5c90c6e1440a5b5a658dcae7bc60b [term 0 FOLLOWER]: Leader pre-election won for term 1
I20260601 13:36:51.587107 31865 raft_consensus.cc:493] T 62fd00f31f5643ae9e7fb96869d1eeeb P a0f5c90c6e1440a5b5a658dcae7bc60b [term 0 FOLLOWER]: Starting leader election (no leader contacted us within the election timeout)
I20260601 13:36:51.587147 31865 raft_consensus.cc:3060] T 62fd00f31f5643ae9e7fb96869d1eeeb P a0f5c90c6e1440a5b5a658dcae7bc60b [term 0 FOLLOWER]: Advancing to term 1
I20260601 13:36:51.587917 31865 raft_consensus.cc:515] T 62fd00f31f5643ae9e7fb96869d1eeeb P a0f5c90c6e1440a5b5a658dcae7bc60b [term 1 FOLLOWER]: Starting leader election with config: opid_index: -1 OBSOLETE_local: false peers { permanent_uuid: "457962240ac14d62b4589a7e26a80a2d" member_type: VOTER last_known_addr { host: "127.29.50.65" port: 33003 } } peers { permanent_uuid: "a3bebf192f57412cb70e977c6db24492" member_type: VOTER last_known_addr { host: "127.29.50.67" port: 35567 } } peers { permanent_uuid: "a0f5c90c6e1440a5b5a658dcae7bc60b" member_type: VOTER last_known_addr { host: "127.29.50.66" port: 44481 } }
I20260601 13:36:51.588238 31865 leader_election.cc:290] T 62fd00f31f5643ae9e7fb96869d1eeeb P a0f5c90c6e1440a5b5a658dcae7bc60b [CANDIDATE]: Term 1 election: Requested vote from peers 457962240ac14d62b4589a7e26a80a2d (127.29.50.65:33003), a3bebf192f57412cb70e977c6db24492 (127.29.50.67:35567)
I20260601 13:36:51.588558 31657 tablet_service.cc:1917] Received RequestConsensusVote() RPC: tablet_id: "62fd00f31f5643ae9e7fb96869d1eeeb" candidate_uuid: "a0f5c90c6e1440a5b5a658dcae7bc60b" candidate_term: 1 candidate_status { last_received { term: 0 index: 0 } } ignore_live_leader: false dest_uuid: "457962240ac14d62b4589a7e26a80a2d"
I20260601 13:36:51.588678 31657 raft_consensus.cc:3060] T 62fd00f31f5643ae9e7fb96869d1eeeb P 457962240ac14d62b4589a7e26a80a2d [term 0 FOLLOWER]: Advancing to term 1
I20260601 13:36:51.589404 31657 raft_consensus.cc:2468] T 62fd00f31f5643ae9e7fb96869d1eeeb P 457962240ac14d62b4589a7e26a80a2d [term 1 FOLLOWER]: Leader election vote request: Granting yes vote for candidate a0f5c90c6e1440a5b5a658dcae7bc60b in term 1.
I20260601 13:36:51.589620 31808 tablet_service.cc:1917] Received RequestConsensusVote() RPC: tablet_id: "62fd00f31f5643ae9e7fb96869d1eeeb" candidate_uuid: "a0f5c90c6e1440a5b5a658dcae7bc60b" candidate_term: 1 candidate_status { last_received { term: 0 index: 0 } } ignore_live_leader: false dest_uuid: "a3bebf192f57412cb70e977c6db24492"
I20260601 13:36:51.589713 31696 leader_election.cc:304] T 62fd00f31f5643ae9e7fb96869d1eeeb P a0f5c90c6e1440a5b5a658dcae7bc60b [CANDIDATE]: Term 1 election: Election decided. Result: candidate won. Election summary: received 2 responses out of 3 voters: 2 yes votes; 0 no votes. yes voters: 457962240ac14d62b4589a7e26a80a2d, a0f5c90c6e1440a5b5a658dcae7bc60b; no voters: 
I20260601 13:36:51.589728 31808 raft_consensus.cc:3060] T 62fd00f31f5643ae9e7fb96869d1eeeb P a3bebf192f57412cb70e977c6db24492 [term 0 FOLLOWER]: Advancing to term 1
I20260601 13:36:51.589923 31865 raft_consensus.cc:2804] T 62fd00f31f5643ae9e7fb96869d1eeeb P a0f5c90c6e1440a5b5a658dcae7bc60b [term 1 FOLLOWER]: Leader election won for term 1
I20260601 13:36:51.590021 31865 raft_consensus.cc:697] T 62fd00f31f5643ae9e7fb96869d1eeeb P a0f5c90c6e1440a5b5a658dcae7bc60b [term 1 LEADER]: Becoming Leader. State: Replica: a0f5c90c6e1440a5b5a658dcae7bc60b, State: Running, Role: LEADER
I20260601 13:36:51.590152 31865 consensus_queue.cc:237] T 62fd00f31f5643ae9e7fb96869d1eeeb P a0f5c90c6e1440a5b5a658dcae7bc60b [LEADER]: Queue going to LEADER mode. State: All replicated index: 0, Majority replicated index: 0, Committed index: 0, Last appended: 0.0, Last appended by leader: 0, Current term: 1, Majority size: 2, State: 0, Mode: LEADER, active raft config: opid_index: -1 OBSOLETE_local: false peers { permanent_uuid: "457962240ac14d62b4589a7e26a80a2d" member_type: VOTER last_known_addr { host: "127.29.50.65" port: 33003 } } peers { permanent_uuid: "a3bebf192f57412cb70e977c6db24492" member_type: VOTER last_known_addr { host: "127.29.50.67" port: 35567 } } peers { permanent_uuid: "a0f5c90c6e1440a5b5a658dcae7bc60b" member_type: VOTER last_known_addr { host: "127.29.50.66" port: 44481 } }
I20260601 13:36:51.590687 31808 raft_consensus.cc:2468] T 62fd00f31f5643ae9e7fb96869d1eeeb P a3bebf192f57412cb70e977c6db24492 [term 1 FOLLOWER]: Leader election vote request: Granting yes vote for candidate a0f5c90c6e1440a5b5a658dcae7bc60b in term 1.
I20260601 13:36:51.591593 31554 catalog_manager.cc:5696] T 62fd00f31f5643ae9e7fb96869d1eeeb P a0f5c90c6e1440a5b5a658dcae7bc60b reported cstate change: term changed from 0 to 1, leader changed from <none> to a0f5c90c6e1440a5b5a658dcae7bc60b (127.29.50.66). New cstate: current_term: 1 leader_uuid: "a0f5c90c6e1440a5b5a658dcae7bc60b" committed_config { opid_index: -1 OBSOLETE_local: false peers { permanent_uuid: "457962240ac14d62b4589a7e26a80a2d" member_type: VOTER last_known_addr { host: "127.29.50.65" port: 33003 } health_report { overall_health: UNKNOWN } } peers { permanent_uuid: "a3bebf192f57412cb70e977c6db24492" member_type: VOTER last_known_addr { host: "127.29.50.67" port: 35567 } health_report { overall_health: UNKNOWN } } peers { permanent_uuid: "a0f5c90c6e1440a5b5a658dcae7bc60b" member_type: VOTER last_known_addr { host: "127.29.50.66" port: 44481 } health_report { overall_health: HEALTHY } } }
I20260601 13:36:52.003334 31860 consensus_queue.cc:1048] T 794907416de944b9928a008d60a2e8a6 P 457962240ac14d62b4589a7e26a80a2d [LEADER]: Connected to new peer: Peer: permanent_uuid: "a3bebf192f57412cb70e977c6db24492" member_type: VOTER last_known_addr { host: "127.29.50.67" port: 35567 }, Status: LMP_MISMATCH, Last received: 0.0, Next index: 1, Last known committed idx: 0, Time since last communication: 0.000s
I20260601 13:36:52.006763 31877 consensus_queue.cc:1048] T 794907416de944b9928a008d60a2e8a6 P 457962240ac14d62b4589a7e26a80a2d [LEADER]: Connected to new peer: Peer: permanent_uuid: "a0f5c90c6e1440a5b5a658dcae7bc60b" member_type: VOTER last_known_addr { host: "127.29.50.66" port: 44481 }, Status: LMP_MISMATCH, Last received: 0.0, Next index: 1, Last known committed idx: 0, Time since last communication: 0.000s
I20260601 13:36:52.037207 31865 consensus_queue.cc:1048] T 62fd00f31f5643ae9e7fb96869d1eeeb P a0f5c90c6e1440a5b5a658dcae7bc60b [LEADER]: Connected to new peer: Peer: permanent_uuid: "a3bebf192f57412cb70e977c6db24492" member_type: VOTER last_known_addr { host: "127.29.50.67" port: 35567 }, Status: LMP_MISMATCH, Last received: 0.0, Next index: 1, Last known committed idx: 0, Time since last communication: 0.000s
I20260601 13:36:52.040076 31861 consensus_queue.cc:1048] T 62fd00f31f5643ae9e7fb96869d1eeeb P a0f5c90c6e1440a5b5a658dcae7bc60b [LEADER]: Connected to new peer: Peer: permanent_uuid: "457962240ac14d62b4589a7e26a80a2d" member_type: VOTER last_known_addr { host: "127.29.50.65" port: 33003 }, Status: LMP_MISMATCH, Last received: 0.0, Next index: 1, Last known committed idx: 0, Time since last communication: 0.000s
I20260601 13:36:52.241080 31608 auto_leader_rebalancer.cc:140] leader rebalance for table test-workload
I20260601 13:36:52.241478 31608 auto_leader_rebalancer.cc:388] table: test-workload, leader rebalance finish, leader transfer count: 0
I20260601 13:36:52.241561 31608 auto_leader_rebalancer.cc:451] All tables' leader rebalancing finished this round
I20260601 13:36:54.241875 31608 auto_leader_rebalancer.cc:140] leader rebalance for table test-workload
I20260601 13:36:54.242260 31608 auto_leader_rebalancer.cc:388] table: test-workload, leader rebalance finish, leader transfer count: 0
I20260601 13:36:54.242327 31608 auto_leader_rebalancer.cc:451] All tables' leader rebalancing finished this round
I20260601 13:36:56.242607 31608 auto_leader_rebalancer.cc:140] leader rebalance for table test-workload
I20260601 13:36:56.242971 31608 auto_leader_rebalancer.cc:388] table: test-workload, leader rebalance finish, leader transfer count: 0
I20260601 13:36:56.243057 31608 auto_leader_rebalancer.cc:451] All tables' leader rebalancing finished this round
I20260601 13:36:58.243350 31608 auto_leader_rebalancer.cc:140] leader rebalance for table test-workload
I20260601 13:36:58.243695 31608 auto_leader_rebalancer.cc:388] table: test-workload, leader rebalance finish, leader transfer count: 0
I20260601 13:36:58.243752 31608 auto_leader_rebalancer.cc:451] All tables' leader rebalancing finished this round
I20260601 13:37:00.244029 31608 auto_leader_rebalancer.cc:140] leader rebalance for table test-workload
I20260601 13:37:00.244482 31608 auto_leader_rebalancer.cc:388] table: test-workload, leader rebalance finish, leader transfer count: 0
I20260601 13:37:00.244546 31608 auto_leader_rebalancer.cc:451] All tables' leader rebalancing finished this round
I20260601 13:37:02.244962 31608 auto_leader_rebalancer.cc:140] leader rebalance for table test-workload
I20260601 13:37:02.245409 31608 auto_leader_rebalancer.cc:388] table: test-workload, leader rebalance finish, leader transfer count: 0
I20260601 13:37:02.245474 31608 auto_leader_rebalancer.cc:451] All tables' leader rebalancing finished this round
I20260601 13:37:02.661518 29897 file_cache.cc:492] Constructed file cache file cache with capacity 419430
W20260601 13:37:02.663800 31886 instance_detector.cc:116] could not retrieve AWS instance metadata: Network error: curl error: HTTP response code said error: The requested URL returned error: 404
I20260601 13:37:02.663893 29897 server_base.cc:1061] running on GCE node
W20260601 13:37:02.663937 31887 instance_detector.cc:116] could not retrieve Azure instance metadata: Network error: curl error: HTTP response code said error: The requested URL returned error: 404
W20260601 13:37:02.663967 31889 instance_detector.cc:116] could not retrieve OpenStack instance metadata: Network error: curl error: HTTP response code said error: The requested URL returned error: 404
I20260601 13:37:02.664264 29897 hybrid_clock.cc:584] initializing the hybrid clock with 'system_unsync' time source
W20260601 13:37:02.664310 29897 system_unsync_time.cc:38] NTP support is disabled. Clock error bounds will not be accurate. This configuration is not suitable for distributed clusters.
I20260601 13:37:02.664326 29897 hybrid_clock.cc:648] HybridClock initialized: now 1780321022664326 us; error 0 us; skew 500 ppm
I20260601 13:37:02.665287 29897 webserver.cc:533] Webserver started at http://127.29.50.68:42407/ using document root <none> and password file <none>
I20260601 13:37:02.665462 29897 fs_manager.cc:362] Metadata directory not provided
I20260601 13:37:02.665505 29897 fs_manager.cc:368] Using write-ahead log directory (fs_wal_dir) as metadata directory
I20260601 13:37:02.665557 29897 server_base.cc:909] This appears to be a new deployment of Kudu; creating new FS layout
I20260601 13:37:02.665890 29897 fs_manager.cc:1068] Generated new instance metadata in path /tmp/dist-test-taskmP8rY3/test-tmp/auto_rebalancer-test.0.AutoRebalancerTest.MovesScheduledIfAddTserver.1780320993836182-29897-0/minicluster-data/ts-3-root/instance:
uuid: "31c1d71a7b424fe5bea5667396699496"
format_stamp: "Formatted at 2026-06-01 13:37:02 on dist-test-slave-qqqj"
I20260601 13:37:02.667232 29897 fs_manager.cc:696] Time spent creating directory manager: real 0.001s	user 0.002s	sys 0.000s
I20260601 13:37:02.668015 31894 log_block_manager.cc:4031] Time spent loading block containers with low live blocks: real 0.000s	user 0.000s	sys 0.000s
I20260601 13:37:02.668331 29897 fs_manager.cc:730] Time spent opening block manager: real 0.001s	user 0.001s	sys 0.000s
I20260601 13:37:02.668438 29897 fs_manager.cc:647] Opened local filesystem: /tmp/dist-test-taskmP8rY3/test-tmp/auto_rebalancer-test.0.AutoRebalancerTest.MovesScheduledIfAddTserver.1780320993836182-29897-0/minicluster-data/ts-3-root
uuid: "31c1d71a7b424fe5bea5667396699496"
format_stamp: "Formatted at 2026-06-01 13:37:02 on dist-test-slave-qqqj"
I20260601 13:37:02.668509 29897 fs_report.cc:389] FS layout report
--------------------
wal directory: /tmp/dist-test-taskmP8rY3/test-tmp/auto_rebalancer-test.0.AutoRebalancerTest.MovesScheduledIfAddTserver.1780320993836182-29897-0/minicluster-data/ts-3-root
metadata directory: /tmp/dist-test-taskmP8rY3/test-tmp/auto_rebalancer-test.0.AutoRebalancerTest.MovesScheduledIfAddTserver.1780320993836182-29897-0/minicluster-data/ts-3-root
1 data directories: /tmp/dist-test-taskmP8rY3/test-tmp/auto_rebalancer-test.0.AutoRebalancerTest.MovesScheduledIfAddTserver.1780320993836182-29897-0/minicluster-data/ts-3-root/data
Total live blocks: 0
Total live bytes: 0
Total live bytes (after alignment): 0
Total number of LBM containers: 0 (0 full)
Did not check for missing blocks
Did not check for orphaned blocks
Total full LBM containers with extra space: 0 (0 repaired)
Total full LBM container extra space in bytes: 0 (0 repaired)
Total incomplete LBM containers: 0 (0 repaired)
Total LBM partial records: 0 (0 repaired)
Total corrupted LBM metadata records in RocksDB: 0 (0 repaired)
I20260601 13:37:02.677924 29897 rpc_server.cc:225] running with OpenSSL 1.1.1  11 Sep 2018
I20260601 13:37:02.678258 29897 kserver.cc:163] Server-wide thread pool size limit: 3276
I20260601 13:37:02.678543 29897 txn_system_client.cc:432] TxnSystemClient initialization is disabled...
I20260601 13:37:02.678995 29897 ts_tablet_manager.cc:585] Loaded tablet metadata (0 total tablets, 0 live tablets)
I20260601 13:37:02.679033 29897 ts_tablet_manager.cc:531] Time spent load tablet metadata: real 0.000s	user 0.000s	sys 0.000s
I20260601 13:37:02.679090 29897 ts_tablet_manager.cc:616] Registered 0 tablets
I20260601 13:37:02.679124 29897 ts_tablet_manager.cc:595] Time spent register tablets: real 0.000s	user 0.000s	sys 0.000s
I20260601 13:37:02.683590 29897 rpc_server.cc:307] RPC server started. Bound to: 127.29.50.68:37533
I20260601 13:37:02.683634 31957 acceptor_pool.cc:272] collecting diagnostics on the listening RPC socket 127.29.50.68:37533 every 8 connection(s)
I20260601 13:37:02.692507 31958 heartbeater.cc:344] Connected to a master server at 127.29.50.126:42731
I20260601 13:37:02.692624 31958 heartbeater.cc:461] Registering TS with master...
I20260601 13:37:02.692852 31958 heartbeater.cc:507] Master 127.29.50.126:42731 requested a full tablet report, sending...
I20260601 13:37:02.693504 31552 ts_manager.cc:194] Registered new tserver with Master: 31c1d71a7b424fe5bea5667396699496 (127.29.50.68:37533)
I20260601 13:37:02.694036 31552 master_service.cc:502] Signed X509 certificate for tserver {username='slave'} at 127.0.0.1:35224
I20260601 13:37:03.255856 31733 consensus_queue.cc:237] T 62fd00f31f5643ae9e7fb96869d1eeeb P a0f5c90c6e1440a5b5a658dcae7bc60b [LEADER]: Queue going to LEADER mode. State: All replicated index: 0, Majority replicated index: 1, Committed index: 1, Last appended: 1.1, Last appended by leader: 0, Current term: 1, Majority size: 2, State: 0, Mode: LEADER, active raft config: opid_index: 2 OBSOLETE_local: false peers { permanent_uuid: "457962240ac14d62b4589a7e26a80a2d" member_type: VOTER last_known_addr { host: "127.29.50.65" port: 33003 } attrs { replace: true } } peers { permanent_uuid: "a3bebf192f57412cb70e977c6db24492" member_type: VOTER last_known_addr { host: "127.29.50.67" port: 35567 } } peers { permanent_uuid: "a0f5c90c6e1440a5b5a658dcae7bc60b" member_type: VOTER last_known_addr { host: "127.29.50.66" port: 44481 } } peers { permanent_uuid: "31c1d71a7b424fe5bea5667396699496" member_type: NON_VOTER last_known_addr { host: "127.29.50.68" port: 37533 } attrs { promote: true } }
I20260601 13:37:03.257581 31657 raft_consensus.cc:1275] T 62fd00f31f5643ae9e7fb96869d1eeeb P 457962240ac14d62b4589a7e26a80a2d [term 1 FOLLOWER]: Refusing update from remote peer a0f5c90c6e1440a5b5a658dcae7bc60b: Log matching property violated. Preceding OpId in replica: term: 1 index: 1. Preceding OpId from leader: term: 1 index: 2. (index mismatch)
I20260601 13:37:03.257766 31808 raft_consensus.cc:1275] T 62fd00f31f5643ae9e7fb96869d1eeeb P a3bebf192f57412cb70e977c6db24492 [term 1 FOLLOWER]: Refusing update from remote peer a0f5c90c6e1440a5b5a658dcae7bc60b: Log matching property violated. Preceding OpId in replica: term: 1 index: 1. Preceding OpId from leader: term: 1 index: 2. (index mismatch)
I20260601 13:37:03.258034 31965 consensus_queue.cc:1048] T 62fd00f31f5643ae9e7fb96869d1eeeb P a0f5c90c6e1440a5b5a658dcae7bc60b [LEADER]: Connected to new peer: Peer: permanent_uuid: "457962240ac14d62b4589a7e26a80a2d" member_type: VOTER last_known_addr { host: "127.29.50.65" port: 33003 } attrs { replace: true }, Status: LMP_MISMATCH, Last received: 0.0, Next index: 2, Last known committed idx: 1, Time since last communication: 0.000s
I20260601 13:37:03.258240 31966 consensus_queue.cc:1048] T 62fd00f31f5643ae9e7fb96869d1eeeb P a0f5c90c6e1440a5b5a658dcae7bc60b [LEADER]: Connected to new peer: Peer: permanent_uuid: "a3bebf192f57412cb70e977c6db24492" member_type: VOTER last_known_addr { host: "127.29.50.67" port: 35567 }, Status: LMP_MISMATCH, Last received: 0.0, Next index: 2, Last known committed idx: 1, Time since last communication: 0.000s
I20260601 13:37:03.259992 31885 raft_consensus.cc:2955] T 62fd00f31f5643ae9e7fb96869d1eeeb P a0f5c90c6e1440a5b5a658dcae7bc60b [term 1 LEADER]: Committing config change with OpId 1.2: config changed from index -1 to 2, NON_VOTER 31c1d71a7b424fe5bea5667396699496 (127.29.50.68) added. New config: { opid_index: 2 OBSOLETE_local: false peers { permanent_uuid: "457962240ac14d62b4589a7e26a80a2d" member_type: VOTER last_known_addr { host: "127.29.50.65" port: 33003 } attrs { replace: true } } peers { permanent_uuid: "a3bebf192f57412cb70e977c6db24492" member_type: VOTER last_known_addr { host: "127.29.50.67" port: 35567 } } peers { permanent_uuid: "a0f5c90c6e1440a5b5a658dcae7bc60b" member_type: VOTER last_known_addr { host: "127.29.50.66" port: 44481 } } peers { permanent_uuid: "31c1d71a7b424fe5bea5667396699496" member_type: NON_VOTER last_known_addr { host: "127.29.50.68" port: 37533 } attrs { promote: true } } }
I20260601 13:37:03.260335 31657 raft_consensus.cc:2955] T 62fd00f31f5643ae9e7fb96869d1eeeb P 457962240ac14d62b4589a7e26a80a2d [term 1 FOLLOWER]: Committing config change with OpId 1.2: config changed from index -1 to 2, NON_VOTER 31c1d71a7b424fe5bea5667396699496 (127.29.50.68) added. New config: { opid_index: 2 OBSOLETE_local: false peers { permanent_uuid: "457962240ac14d62b4589a7e26a80a2d" member_type: VOTER last_known_addr { host: "127.29.50.65" port: 33003 } attrs { replace: true } } peers { permanent_uuid: "a3bebf192f57412cb70e977c6db24492" member_type: VOTER last_known_addr { host: "127.29.50.67" port: 35567 } } peers { permanent_uuid: "a0f5c90c6e1440a5b5a658dcae7bc60b" member_type: VOTER last_known_addr { host: "127.29.50.66" port: 44481 } } peers { permanent_uuid: "31c1d71a7b424fe5bea5667396699496" member_type: NON_VOTER last_known_addr { host: "127.29.50.68" port: 37533 } attrs { promote: true } } }
I20260601 13:37:03.262544 31552 catalog_manager.cc:5696] T 62fd00f31f5643ae9e7fb96869d1eeeb P 457962240ac14d62b4589a7e26a80a2d reported cstate change: config changed from index -1 to 2, NON_VOTER 31c1d71a7b424fe5bea5667396699496 (127.29.50.68) added. New cstate: current_term: 1 leader_uuid: "a0f5c90c6e1440a5b5a658dcae7bc60b" committed_config { opid_index: 2 OBSOLETE_local: false peers { permanent_uuid: "457962240ac14d62b4589a7e26a80a2d" member_type: VOTER last_known_addr { host: "127.29.50.65" port: 33003 } attrs { replace: true } } peers { permanent_uuid: "a3bebf192f57412cb70e977c6db24492" member_type: VOTER last_known_addr { host: "127.29.50.67" port: 35567 } } peers { permanent_uuid: "a0f5c90c6e1440a5b5a658dcae7bc60b" member_type: VOTER last_known_addr { host: "127.29.50.66" port: 44481 } } peers { permanent_uuid: "31c1d71a7b424fe5bea5667396699496" member_type: NON_VOTER last_known_addr { host: "127.29.50.68" port: 37533 } attrs { promote: true } } }
W20260601 13:37:03.262771 31698 consensus_peers.cc:597] T 62fd00f31f5643ae9e7fb96869d1eeeb P a0f5c90c6e1440a5b5a658dcae7bc60b -> Peer 31c1d71a7b424fe5bea5667396699496 (127.29.50.68:37533): Couldn't send request to peer 31c1d71a7b424fe5bea5667396699496. Error code: TABLET_NOT_FOUND (6). Status: Not found: Tablet not found: 62fd00f31f5643ae9e7fb96869d1eeeb. This is attempt 1: this message will repeat every 5th retry.
I20260601 13:37:03.263301 31808 raft_consensus.cc:2955] T 62fd00f31f5643ae9e7fb96869d1eeeb P a3bebf192f57412cb70e977c6db24492 [term 1 FOLLOWER]: Committing config change with OpId 1.2: config changed from index -1 to 2, NON_VOTER 31c1d71a7b424fe5bea5667396699496 (127.29.50.68) added. New config: { opid_index: 2 OBSOLETE_local: false peers { permanent_uuid: "457962240ac14d62b4589a7e26a80a2d" member_type: VOTER last_known_addr { host: "127.29.50.65" port: 33003 } attrs { replace: true } } peers { permanent_uuid: "a3bebf192f57412cb70e977c6db24492" member_type: VOTER last_known_addr { host: "127.29.50.67" port: 35567 } } peers { permanent_uuid: "a0f5c90c6e1440a5b5a658dcae7bc60b" member_type: VOTER last_known_addr { host: "127.29.50.66" port: 44481 } } peers { permanent_uuid: "31c1d71a7b424fe5bea5667396699496" member_type: NON_VOTER last_known_addr { host: "127.29.50.68" port: 37533 } attrs { promote: true } } }
I20260601 13:37:03.694825 31958 heartbeater.cc:499] Master 127.29.50.126:42731 was elected leader, sending a full tablet report...
