I20260601 13:37:44.906912   607 raft_consensus.cc:515] T dcaaa4210f85445e908ded56c132fb73 P 1a435056a49540eb850fe7c41bff30a4 [term 0 FOLLOWER]: Starting pre-election with config: opid_index: -1 OBSOLETE_local: false peers { permanent_uuid: "175bb8891ee8420ba87f3d3fd257a724" member_type: VOTER last_known_addr { host: "127.29.50.65" port: 35137 } } peers { permanent_uuid: "26184eecd3944829b018280a64202a7c" member_type: VOTER last_known_addr { host: "127.29.50.66" port: 46121 } } peers { permanent_uuid: "1a435056a49540eb850fe7c41bff30a4" member_type: VOTER last_known_addr { host: "127.29.50.67" port: 34503 } }
I20260601 13:37:44.907622   607 leader_election.cc:290] T dcaaa4210f85445e908ded56c132fb73 P 1a435056a49540eb850fe7c41bff30a4 [CANDIDATE]: Term 1 pre-election: Requested pre-vote from peers 175bb8891ee8420ba87f3d3fd257a724 (127.29.50.65:35137), 26184eecd3944829b018280a64202a7c (127.29.50.66:46121)
I20260601 13:37:44.911533   480 tablet_service.cc:1917] Received RequestConsensusVote() RPC: tablet_id: "dcaaa4210f85445e908ded56c132fb73" candidate_uuid: "1a435056a49540eb850fe7c41bff30a4" candidate_term: 1 candidate_status { last_received { term: 0 index: 0 } } ignore_live_leader: false dest_uuid: "26184eecd3944829b018280a64202a7c" is_pre_election: true
I20260601 13:37:44.911687   480 raft_consensus.cc:2468] T dcaaa4210f85445e908ded56c132fb73 P 26184eecd3944829b018280a64202a7c [term 0 FOLLOWER]: Leader pre-election vote request: Granting yes vote for candidate 1a435056a49540eb850fe7c41bff30a4 in term 0.
I20260601 13:37:44.911900   403 tablet_service.cc:1917] Received RequestConsensusVote() RPC: tablet_id: "dcaaa4210f85445e908ded56c132fb73" candidate_uuid: "1a435056a49540eb850fe7c41bff30a4" candidate_term: 1 candidate_status { last_received { term: 0 index: 0 } } ignore_live_leader: false dest_uuid: "175bb8891ee8420ba87f3d3fd257a724" is_pre_election: true
I20260601 13:37:44.912032   403 raft_consensus.cc:2468] T dcaaa4210f85445e908ded56c132fb73 P 175bb8891ee8420ba87f3d3fd257a724 [term 0 FOLLOWER]: Leader pre-election vote request: Granting yes vote for candidate 1a435056a49540eb850fe7c41bff30a4 in term 0.
I20260601 13:37:44.912037   520 leader_election.cc:304] T dcaaa4210f85445e908ded56c132fb73 P 1a435056a49540eb850fe7c41bff30a4 [CANDIDATE]: Term 1 pre-election: Election decided. Result: candidate won. Election summary: received 2 responses out of 3 voters: 2 yes votes; 0 no votes. yes voters: 1a435056a49540eb850fe7c41bff30a4, 26184eecd3944829b018280a64202a7c; no voters: 
I20260601 13:37:44.912240   607 raft_consensus.cc:2804] T dcaaa4210f85445e908ded56c132fb73 P 1a435056a49540eb850fe7c41bff30a4 [term 0 FOLLOWER]: Leader pre-election won for term 1
I20260601 13:37:44.912295   607 raft_consensus.cc:493] T dcaaa4210f85445e908ded56c132fb73 P 1a435056a49540eb850fe7c41bff30a4 [term 0 FOLLOWER]: Starting leader election (no leader contacted us within the election timeout)
I20260601 13:37:44.912346   607 raft_consensus.cc:3060] T dcaaa4210f85445e908ded56c132fb73 P 1a435056a49540eb850fe7c41bff30a4 [term 0 FOLLOWER]: Advancing to term 1
I20260601 13:37:44.913367   607 raft_consensus.cc:515] T dcaaa4210f85445e908ded56c132fb73 P 1a435056a49540eb850fe7c41bff30a4 [term 1 FOLLOWER]: Starting leader election with config: opid_index: -1 OBSOLETE_local: false peers { permanent_uuid: "175bb8891ee8420ba87f3d3fd257a724" member_type: VOTER last_known_addr { host: "127.29.50.65" port: 35137 } } peers { permanent_uuid: "26184eecd3944829b018280a64202a7c" member_type: VOTER last_known_addr { host: "127.29.50.66" port: 46121 } } peers { permanent_uuid: "1a435056a49540eb850fe7c41bff30a4" member_type: VOTER last_known_addr { host: "127.29.50.67" port: 34503 } }
I20260601 13:37:44.913671   607 leader_election.cc:290] T dcaaa4210f85445e908ded56c132fb73 P 1a435056a49540eb850fe7c41bff30a4 [CANDIDATE]: Term 1 election: Requested vote from peers 175bb8891ee8420ba87f3d3fd257a724 (127.29.50.65:35137), 26184eecd3944829b018280a64202a7c (127.29.50.66:46121)
I20260601 13:37:44.914032   403 tablet_service.cc:1917] Received RequestConsensusVote() RPC: tablet_id: "dcaaa4210f85445e908ded56c132fb73" candidate_uuid: "1a435056a49540eb850fe7c41bff30a4" candidate_term: 1 candidate_status { last_received { term: 0 index: 0 } } ignore_live_leader: false dest_uuid: "175bb8891ee8420ba87f3d3fd257a724"
I20260601 13:37:44.914142   403 raft_consensus.cc:3060] T dcaaa4210f85445e908ded56c132fb73 P 175bb8891ee8420ba87f3d3fd257a724 [term 0 FOLLOWER]: Advancing to term 1
I20260601 13:37:44.914155   480 tablet_service.cc:1917] Received RequestConsensusVote() RPC: tablet_id: "dcaaa4210f85445e908ded56c132fb73" candidate_uuid: "1a435056a49540eb850fe7c41bff30a4" candidate_term: 1 candidate_status { last_received { term: 0 index: 0 } } ignore_live_leader: false dest_uuid: "26184eecd3944829b018280a64202a7c"
I20260601 13:37:44.914278   480 raft_consensus.cc:3060] T dcaaa4210f85445e908ded56c132fb73 P 26184eecd3944829b018280a64202a7c [term 0 FOLLOWER]: Advancing to term 1
I20260601 13:37:44.914881   403 raft_consensus.cc:2468] T dcaaa4210f85445e908ded56c132fb73 P 175bb8891ee8420ba87f3d3fd257a724 [term 1 FOLLOWER]: Leader election vote request: Granting yes vote for candidate 1a435056a49540eb850fe7c41bff30a4 in term 1.
I20260601 13:37:44.915030   480 raft_consensus.cc:2468] T dcaaa4210f85445e908ded56c132fb73 P 26184eecd3944829b018280a64202a7c [term 1 FOLLOWER]: Leader election vote request: Granting yes vote for candidate 1a435056a49540eb850fe7c41bff30a4 in term 1.
I20260601 13:37:44.915174   520 leader_election.cc:304] T dcaaa4210f85445e908ded56c132fb73 P 1a435056a49540eb850fe7c41bff30a4 [CANDIDATE]: Term 1 election: Election decided. Result: candidate won. Election summary: received 2 responses out of 3 voters: 2 yes votes; 0 no votes. yes voters: 175bb8891ee8420ba87f3d3fd257a724, 1a435056a49540eb850fe7c41bff30a4; no voters: 
I20260601 13:37:44.915319   607 raft_consensus.cc:2804] T dcaaa4210f85445e908ded56c132fb73 P 1a435056a49540eb850fe7c41bff30a4 [term 1 FOLLOWER]: Leader election won for term 1
I20260601 13:37:44.915513   607 raft_consensus.cc:697] T dcaaa4210f85445e908ded56c132fb73 P 1a435056a49540eb850fe7c41bff30a4 [term 1 LEADER]: Becoming Leader. State: Replica: 1a435056a49540eb850fe7c41bff30a4, State: Running, Role: LEADER
I20260601 13:37:44.915683   607 consensus_queue.cc:237] T dcaaa4210f85445e908ded56c132fb73 P 1a435056a49540eb850fe7c41bff30a4 [LEADER]: Queue going to LEADER mode. State: All replicated index: 0, Majority replicated index: 0, Committed index: 0, Last appended: 0.0, Last appended by leader: 0, Current term: 1, Majority size: 2, State: 0, Mode: LEADER, active raft config: opid_index: -1 OBSOLETE_local: false peers { permanent_uuid: "175bb8891ee8420ba87f3d3fd257a724" member_type: VOTER last_known_addr { host: "127.29.50.65" port: 35137 } } peers { permanent_uuid: "26184eecd3944829b018280a64202a7c" member_type: VOTER last_known_addr { host: "127.29.50.66" port: 46121 } } peers { permanent_uuid: "1a435056a49540eb850fe7c41bff30a4" member_type: VOTER last_known_addr { host: "127.29.50.67" port: 34503 } }
I20260601 13:37:44.917279 32766 catalog_manager.cc:5696] T dcaaa4210f85445e908ded56c132fb73 P 1a435056a49540eb850fe7c41bff30a4 reported cstate change: term changed from 0 to 1, leader changed from <none> to 1a435056a49540eb850fe7c41bff30a4 (127.29.50.67). New cstate: current_term: 1 leader_uuid: "1a435056a49540eb850fe7c41bff30a4" committed_config { opid_index: -1 OBSOLETE_local: false peers { permanent_uuid: "175bb8891ee8420ba87f3d3fd257a724" member_type: VOTER last_known_addr { host: "127.29.50.65" port: 35137 } health_report { overall_health: UNKNOWN } } peers { permanent_uuid: "26184eecd3944829b018280a64202a7c" member_type: VOTER last_known_addr { host: "127.29.50.66" port: 46121 } health_report { overall_health: UNKNOWN } } peers { permanent_uuid: "1a435056a49540eb850fe7c41bff30a4" member_type: VOTER last_known_addr { host: "127.29.50.67" port: 34503 } health_report { overall_health: HEALTHY } } }
I20260601 13:37:44.920415   613 raft_consensus.cc:493] T 768353e9dd9f4ff688b0ad2d42be5c9b P 26184eecd3944829b018280a64202a7c [term 0 FOLLOWER]: Starting pre-election (no leader contacted us within the election timeout)
I20260601 13:37:44.920534   613 raft_consensus.cc:515] T 768353e9dd9f4ff688b0ad2d42be5c9b P 26184eecd3944829b018280a64202a7c [term 0 FOLLOWER]: Starting pre-election with config: opid_index: -1 OBSOLETE_local: false peers { permanent_uuid: "26184eecd3944829b018280a64202a7c" member_type: VOTER last_known_addr { host: "127.29.50.66" port: 46121 } } peers { permanent_uuid: "175bb8891ee8420ba87f3d3fd257a724" member_type: VOTER last_known_addr { host: "127.29.50.65" port: 35137 } } peers { permanent_uuid: "1a435056a49540eb850fe7c41bff30a4" member_type: VOTER last_known_addr { host: "127.29.50.67" port: 34503 } }
I20260601 13:37:44.920884   613 leader_election.cc:290] T 768353e9dd9f4ff688b0ad2d42be5c9b P 26184eecd3944829b018280a64202a7c [CANDIDATE]: Term 1 pre-election: Requested pre-vote from peers 175bb8891ee8420ba87f3d3fd257a724 (127.29.50.65:35137), 1a435056a49540eb850fe7c41bff30a4 (127.29.50.67:34503)
I20260601 13:37:44.921152   403 tablet_service.cc:1917] Received RequestConsensusVote() RPC: tablet_id: "768353e9dd9f4ff688b0ad2d42be5c9b" candidate_uuid: "26184eecd3944829b018280a64202a7c" candidate_term: 1 candidate_status { last_received { term: 0 index: 0 } } ignore_live_leader: false dest_uuid: "175bb8891ee8420ba87f3d3fd257a724" is_pre_election: true
I20260601 13:37:44.921248   555 tablet_service.cc:1917] Received RequestConsensusVote() RPC: tablet_id: "768353e9dd9f4ff688b0ad2d42be5c9b" candidate_uuid: "26184eecd3944829b018280a64202a7c" candidate_term: 1 candidate_status { last_received { term: 0 index: 0 } } ignore_live_leader: false dest_uuid: "1a435056a49540eb850fe7c41bff30a4" is_pre_election: true
I20260601 13:37:44.921273   403 raft_consensus.cc:2468] T 768353e9dd9f4ff688b0ad2d42be5c9b P 175bb8891ee8420ba87f3d3fd257a724 [term 0 FOLLOWER]: Leader pre-election vote request: Granting yes vote for candidate 26184eecd3944829b018280a64202a7c in term 0.
I20260601 13:37:44.921339   555 raft_consensus.cc:2468] T 768353e9dd9f4ff688b0ad2d42be5c9b P 1a435056a49540eb850fe7c41bff30a4 [term 0 FOLLOWER]: Leader pre-election vote request: Granting yes vote for candidate 26184eecd3944829b018280a64202a7c in term 0.
I20260601 13:37:44.921568   445 leader_election.cc:304] T 768353e9dd9f4ff688b0ad2d42be5c9b P 26184eecd3944829b018280a64202a7c [CANDIDATE]: Term 1 pre-election: Election decided. Result: candidate won. Election summary: received 2 responses out of 3 voters: 2 yes votes; 0 no votes. yes voters: 175bb8891ee8420ba87f3d3fd257a724, 26184eecd3944829b018280a64202a7c; no voters: 
I20260601 13:37:44.921734   613 raft_consensus.cc:2804] T 768353e9dd9f4ff688b0ad2d42be5c9b P 26184eecd3944829b018280a64202a7c [term 0 FOLLOWER]: Leader pre-election won for term 1
I20260601 13:37:44.921818   613 raft_consensus.cc:493] T 768353e9dd9f4ff688b0ad2d42be5c9b P 26184eecd3944829b018280a64202a7c [term 0 FOLLOWER]: Starting leader election (no leader contacted us within the election timeout)
I20260601 13:37:44.921877   613 raft_consensus.cc:3060] T 768353e9dd9f4ff688b0ad2d42be5c9b P 26184eecd3944829b018280a64202a7c [term 0 FOLLOWER]: Advancing to term 1
I20260601 13:37:44.922540   613 raft_consensus.cc:515] T 768353e9dd9f4ff688b0ad2d42be5c9b P 26184eecd3944829b018280a64202a7c [term 1 FOLLOWER]: Starting leader election with config: opid_index: -1 OBSOLETE_local: false peers { permanent_uuid: "26184eecd3944829b018280a64202a7c" member_type: VOTER last_known_addr { host: "127.29.50.66" port: 46121 } } peers { permanent_uuid: "175bb8891ee8420ba87f3d3fd257a724" member_type: VOTER last_known_addr { host: "127.29.50.65" port: 35137 } } peers { permanent_uuid: "1a435056a49540eb850fe7c41bff30a4" member_type: VOTER last_known_addr { host: "127.29.50.67" port: 34503 } }
I20260601 13:37:44.922865   613 leader_election.cc:290] T 768353e9dd9f4ff688b0ad2d42be5c9b P 26184eecd3944829b018280a64202a7c [CANDIDATE]: Term 1 election: Requested vote from peers 175bb8891ee8420ba87f3d3fd257a724 (127.29.50.65:35137), 1a435056a49540eb850fe7c41bff30a4 (127.29.50.67:34503)
I20260601 13:37:44.923105   403 tablet_service.cc:1917] Received RequestConsensusVote() RPC: tablet_id: "768353e9dd9f4ff688b0ad2d42be5c9b" candidate_uuid: "26184eecd3944829b018280a64202a7c" candidate_term: 1 candidate_status { last_received { term: 0 index: 0 } } ignore_live_leader: false dest_uuid: "175bb8891ee8420ba87f3d3fd257a724"
I20260601 13:37:44.923203   403 raft_consensus.cc:3060] T 768353e9dd9f4ff688b0ad2d42be5c9b P 175bb8891ee8420ba87f3d3fd257a724 [term 0 FOLLOWER]: Advancing to term 1
I20260601 13:37:44.923206   555 tablet_service.cc:1917] Received RequestConsensusVote() RPC: tablet_id: "768353e9dd9f4ff688b0ad2d42be5c9b" candidate_uuid: "26184eecd3944829b018280a64202a7c" candidate_term: 1 candidate_status { last_received { term: 0 index: 0 } } ignore_live_leader: false dest_uuid: "1a435056a49540eb850fe7c41bff30a4"
I20260601 13:37:44.923359   555 raft_consensus.cc:3060] T 768353e9dd9f4ff688b0ad2d42be5c9b P 1a435056a49540eb850fe7c41bff30a4 [term 0 FOLLOWER]: Advancing to term 1
I20260601 13:37:44.923939   403 raft_consensus.cc:2468] T 768353e9dd9f4ff688b0ad2d42be5c9b P 175bb8891ee8420ba87f3d3fd257a724 [term 1 FOLLOWER]: Leader election vote request: Granting yes vote for candidate 26184eecd3944829b018280a64202a7c in term 1.
I20260601 13:37:44.924067   555 raft_consensus.cc:2468] T 768353e9dd9f4ff688b0ad2d42be5c9b P 1a435056a49540eb850fe7c41bff30a4 [term 1 FOLLOWER]: Leader election vote request: Granting yes vote for candidate 26184eecd3944829b018280a64202a7c in term 1.
I20260601 13:37:44.924199   445 leader_election.cc:304] T 768353e9dd9f4ff688b0ad2d42be5c9b P 26184eecd3944829b018280a64202a7c [CANDIDATE]: Term 1 election: Election decided. Result: candidate won. Election summary: received 2 responses out of 3 voters: 2 yes votes; 0 no votes. yes voters: 175bb8891ee8420ba87f3d3fd257a724, 26184eecd3944829b018280a64202a7c; no voters: 
I20260601 13:37:44.924398   613 raft_consensus.cc:2804] T 768353e9dd9f4ff688b0ad2d42be5c9b P 26184eecd3944829b018280a64202a7c [term 1 FOLLOWER]: Leader election won for term 1
I20260601 13:37:44.924507   613 raft_consensus.cc:697] T 768353e9dd9f4ff688b0ad2d42be5c9b P 26184eecd3944829b018280a64202a7c [term 1 LEADER]: Becoming Leader. State: Replica: 26184eecd3944829b018280a64202a7c, State: Running, Role: LEADER
I20260601 13:37:44.924628   613 consensus_queue.cc:237] T 768353e9dd9f4ff688b0ad2d42be5c9b P 26184eecd3944829b018280a64202a7c [LEADER]: Queue going to LEADER mode. State: All replicated index: 0, Majority replicated index: 0, Committed index: 0, Last appended: 0.0, Last appended by leader: 0, Current term: 1, Majority size: 2, State: 0, Mode: LEADER, active raft config: opid_index: -1 OBSOLETE_local: false peers { permanent_uuid: "26184eecd3944829b018280a64202a7c" member_type: VOTER last_known_addr { host: "127.29.50.66" port: 46121 } } peers { permanent_uuid: "175bb8891ee8420ba87f3d3fd257a724" member_type: VOTER last_known_addr { host: "127.29.50.65" port: 35137 } } peers { permanent_uuid: "1a435056a49540eb850fe7c41bff30a4" member_type: VOTER last_known_addr { host: "127.29.50.67" port: 34503 } }
I20260601 13:37:44.926039 32766 catalog_manager.cc:5696] T 768353e9dd9f4ff688b0ad2d42be5c9b P 26184eecd3944829b018280a64202a7c reported cstate change: term changed from 0 to 1, leader changed from <none> to 26184eecd3944829b018280a64202a7c (127.29.50.66). New cstate: current_term: 1 leader_uuid: "26184eecd3944829b018280a64202a7c" committed_config { opid_index: -1 OBSOLETE_local: false peers { permanent_uuid: "26184eecd3944829b018280a64202a7c" member_type: VOTER last_known_addr { host: "127.29.50.66" port: 46121 } health_report { overall_health: HEALTHY } } peers { permanent_uuid: "175bb8891ee8420ba87f3d3fd257a724" member_type: VOTER last_known_addr { host: "127.29.50.65" port: 35137 } health_report { overall_health: UNKNOWN } } peers { permanent_uuid: "1a435056a49540eb850fe7c41bff30a4" member_type: VOTER last_known_addr { host: "127.29.50.67" port: 34503 } health_report { overall_health: UNKNOWN } } }
I20260601 13:37:44.985522 29897 file_cache.cc:492] Constructed file cache file cache with capacity 419430
W20260601 13:37:44.987447   649 instance_detector.cc:116] could not retrieve AWS instance metadata: Network error: curl error: HTTP response code said error: The requested URL returned error: 404
W20260601 13:37:44.987479   650 instance_detector.cc:116] could not retrieve Azure instance metadata: Network error: curl error: HTTP response code said error: The requested URL returned error: 404
I20260601 13:37:44.987568 29897 server_base.cc:1061] running on GCE node
W20260601 13:37:44.987568   652 instance_detector.cc:116] could not retrieve OpenStack instance metadata: Network error: curl error: HTTP response code said error: The requested URL returned error: 404
I20260601 13:37:44.987954 29897 hybrid_clock.cc:584] initializing the hybrid clock with 'system_unsync' time source
W20260601 13:37:44.988018 29897 system_unsync_time.cc:38] NTP support is disabled. Clock error bounds will not be accurate. This configuration is not suitable for distributed clusters.
I20260601 13:37:44.988065 29897 hybrid_clock.cc:648] HybridClock initialized: now 1780321064988064 us; error 0 us; skew 500 ppm
I20260601 13:37:44.989030 29897 webserver.cc:533] Webserver started at http://127.29.50.68:36229/ using document root <none> and password file <none>
I20260601 13:37:44.989212 29897 fs_manager.cc:362] Metadata directory not provided
I20260601 13:37:44.989281 29897 fs_manager.cc:368] Using write-ahead log directory (fs_wal_dir) as metadata directory
I20260601 13:37:44.989358 29897 server_base.cc:909] This appears to be a new deployment of Kudu; creating new FS layout
I20260601 13:37:44.989748 29897 fs_manager.cc:1068] Generated new instance metadata in path /tmp/dist-test-taskmP8rY3/test-tmp/auto_rebalancer-test.0.AutoRebalancerTest.RangeAwareRebalancesNewRangeReplicas.1780320993836182-29897-0/minicluster-data/ts-3-root/instance:
uuid: "8c18a53c345345a9b553a4c796476ee2"
format_stamp: "Formatted at 2026-06-01 13:37:44 on dist-test-slave-qqqj"
I20260601 13:37:44.991285 29897 fs_manager.cc:696] Time spent creating directory manager: real 0.001s	user 0.000s	sys 0.002s
I20260601 13:37:44.992143   657 log_block_manager.cc:4031] Time spent loading block containers with low live blocks: real 0.000s	user 0.000s	sys 0.000s
I20260601 13:37:44.992441 29897 fs_manager.cc:730] Time spent opening block manager: real 0.001s	user 0.000s	sys 0.001s
I20260601 13:37:44.992520 29897 fs_manager.cc:647] Opened local filesystem: /tmp/dist-test-taskmP8rY3/test-tmp/auto_rebalancer-test.0.AutoRebalancerTest.RangeAwareRebalancesNewRangeReplicas.1780320993836182-29897-0/minicluster-data/ts-3-root
uuid: "8c18a53c345345a9b553a4c796476ee2"
format_stamp: "Formatted at 2026-06-01 13:37:44 on dist-test-slave-qqqj"
I20260601 13:37:44.992611 29897 fs_report.cc:389] FS layout report
--------------------
wal directory: /tmp/dist-test-taskmP8rY3/test-tmp/auto_rebalancer-test.0.AutoRebalancerTest.RangeAwareRebalancesNewRangeReplicas.1780320993836182-29897-0/minicluster-data/ts-3-root
metadata directory: /tmp/dist-test-taskmP8rY3/test-tmp/auto_rebalancer-test.0.AutoRebalancerTest.RangeAwareRebalancesNewRangeReplicas.1780320993836182-29897-0/minicluster-data/ts-3-root
1 data directories: /tmp/dist-test-taskmP8rY3/test-tmp/auto_rebalancer-test.0.AutoRebalancerTest.RangeAwareRebalancesNewRangeReplicas.1780320993836182-29897-0/minicluster-data/ts-3-root/data
Total live blocks: 0
Total live bytes: 0
Total live bytes (after alignment): 0
Total number of LBM containers: 0 (0 full)
Did not check for missing blocks
Did not check for orphaned blocks
Total full LBM containers with extra space: 0 (0 repaired)
Total full LBM container extra space in bytes: 0 (0 repaired)
Total incomplete LBM containers: 0 (0 repaired)
Total LBM partial records: 0 (0 repaired)
Total corrupted LBM metadata records in RocksDB: 0 (0 repaired)
I20260601 13:37:45.007339 29897 rpc_server.cc:225] running with OpenSSL 1.1.1  11 Sep 2018
I20260601 13:37:45.007742 29897 kserver.cc:163] Server-wide thread pool size limit: 3276
I20260601 13:37:45.008024 29897 txn_system_client.cc:432] TxnSystemClient initialization is disabled...
I20260601 13:37:45.008582 29897 ts_tablet_manager.cc:585] Loaded tablet metadata (0 total tablets, 0 live tablets)
I20260601 13:37:45.008641 29897 ts_tablet_manager.cc:531] Time spent load tablet metadata: real 0.000s	user 0.000s	sys 0.000s
I20260601 13:37:45.008697 29897 ts_tablet_manager.cc:616] Registered 0 tablets
I20260601 13:37:45.008731 29897 ts_tablet_manager.cc:595] Time spent register tablets: real 0.000s	user 0.000s	sys 0.000s
I20260601 13:37:45.013365 29897 rpc_server.cc:307] RPC server started. Bound to: 127.29.50.68:41075
I20260601 13:37:45.013417   720 acceptor_pool.cc:272] collecting diagnostics on the listening RPC socket 127.29.50.68:41075 every 8 connection(s)
I20260601 13:37:45.014798 32766 catalog_manager.cc:3569] Servicing AlterTable request from {username='slave'} at 127.0.0.1:36214:
table { table_name: "range_aware_rebalance_new_range" } alter_schema_steps { type: ADD_RANGE_PARTITION add_range_partition { range_bounds { rows: "\006\001\n\000\000\000\007\001\024\000\000\000""\006\001\n\000\000\000\007\001\024\000\000\000" indirect_data: """" } } } schema { columns { name: "key" type: INT32 is_key: true is_nullable: false encoding: AUTO_ENCODING compression: DEFAULT_COMPRESSION cfile_block_size: 0 immutable: false } } modify_external_catalogs: true
I20260601 13:37:45.018147   721 heartbeater.cc:344] Connected to a master server at 127.29.50.126:43713
I20260601 13:37:45.018255   721 heartbeater.cc:461] Registering TS with master...
I20260601 13:37:45.018469   721 heartbeater.cc:507] Master 127.29.50.126:43713 requested a full tablet report, sending...
I20260601 13:37:45.019074   300 ts_manager.cc:194] Registered new tserver with Master: 8c18a53c345345a9b553a4c796476ee2 (127.29.50.68:41075)
I20260601 13:37:45.019590   300 master_service.cc:502] Signed X509 certificate for tserver {username='slave'} at 127.0.0.1:36224
W20260601 13:37:45.019753 32766 catalog_manager.cc:5956] Failed to send alter table request: Not found: failed to reset TS proxy: No leader found: Tablet 1024cfcd28864e6da01df882d5578cef has no consensus state
W20260601 13:37:45.020395 32766 catalog_manager.cc:5956] Failed to send alter table request: Not found: failed to reset TS proxy: No leader found: Tablet ed4d2778b21c4c02982d73d96a2bec4b has no consensus state
W20260601 13:37:45.020669 32766 catalog_manager.cc:5956] Failed to send alter table request: Not found: failed to reset TS proxy: No leader found: Tablet 88b6e1fbeacb4ad1a4aa1a4612ab75fb has no consensus state
W20260601 13:37:45.020948 32766 catalog_manager.cc:5956] Failed to send alter table request: Not found: failed to reset TS proxy: No leader found: Tablet c03b2b24c79543bbac59dd174e254f09 has no consensus state
W20260601 13:37:45.021363 32766 catalog_manager.cc:5956] Failed to send alter table request: Not found: failed to reset TS proxy: No leader found: Tablet b8ca916fa65149b9bcb17d2b1f2b79a2 has no consensus state
W20260601 13:37:45.021610 32766 catalog_manager.cc:5956] Failed to send alter table request: Not found: failed to reset TS proxy: No leader found: Tablet 668c841b208e43e1b224cf508c53c61b has no consensus state
W20260601 13:37:45.021858 32766 catalog_manager.cc:5956] Failed to send alter table request: Not found: failed to reset TS proxy: No leader found: Tablet 7f0bfe5b2e54415d88d8ecc33b7966b7 has no consensus state
W20260601 13:37:45.022292 32766 catalog_manager.cc:5956] Failed to send alter table request: Not found: failed to reset TS proxy: No leader found: Tablet 8b7394201c2c470a8f2287995a016189 has no consensus state
I20260601 13:37:45.026355   391 tablet_service.cc:1511] Processing CreateTablet for tablet 1024cfcd28864e6da01df882d5578cef (DEFAULT_TABLE table=range_aware_rebalance_new_range [id=9fc835481da442049691aace10c6ea48]), partition=HASH (key) PARTITION 0, RANGE (key) PARTITION 10 <= VALUES < 20
I20260601 13:37:45.026515   469 tablet_service.cc:1511] Processing CreateTablet for tablet 1024cfcd28864e6da01df882d5578cef (DEFAULT_TABLE table=range_aware_rebalance_new_range [id=9fc835481da442049691aace10c6ea48]), partition=HASH (key) PARTITION 0, RANGE (key) PARTITION 10 <= VALUES < 20
I20260601 13:37:45.026661   391 data_dirs.cc:400] Could only allocate 1 dirs of requested 3 for tablet 1024cfcd28864e6da01df882d5578cef. 1 dirs total, 0 dirs full, 0 dirs failed
I20260601 13:37:45.026799   469 data_dirs.cc:400] Could only allocate 1 dirs of requested 3 for tablet 1024cfcd28864e6da01df882d5578cef. 1 dirs total, 0 dirs full, 0 dirs failed
I20260601 13:37:45.026925   388 tablet_service.cc:1511] Processing CreateTablet for tablet ed4d2778b21c4c02982d73d96a2bec4b (DEFAULT_TABLE table=range_aware_rebalance_new_range [id=9fc835481da442049691aace10c6ea48]), partition=HASH (key) PARTITION 1, RANGE (key) PARTITION 10 <= VALUES < 20
I20260601 13:37:45.027149   388 data_dirs.cc:400] Could only allocate 1 dirs of requested 3 for tablet ed4d2778b21c4c02982d73d96a2bec4b. 1 dirs total, 0 dirs full, 0 dirs failed
I20260601 13:37:45.028810   603 tablet_bootstrap.cc:492] T 1024cfcd28864e6da01df882d5578cef P 175bb8891ee8420ba87f3d3fd257a724: Bootstrap starting.
I20260601 13:37:45.028899   601 tablet_bootstrap.cc:492] T 1024cfcd28864e6da01df882d5578cef P 26184eecd3944829b018280a64202a7c: Bootstrap starting.
I20260601 13:37:45.029800   603 tablet_bootstrap.cc:654] T 1024cfcd28864e6da01df882d5578cef P 175bb8891ee8420ba87f3d3fd257a724: Neither blocks nor log segments found. Creating new log.
I20260601 13:37:45.029973   601 tablet_bootstrap.cc:654] T 1024cfcd28864e6da01df882d5578cef P 26184eecd3944829b018280a64202a7c: Neither blocks nor log segments found. Creating new log.
I20260601 13:37:45.030221   467 tablet_service.cc:1511] Processing CreateTablet for tablet c03b2b24c79543bbac59dd174e254f09 (DEFAULT_TABLE table=range_aware_rebalance_new_range [id=9fc835481da442049691aace10c6ea48]), partition=HASH (key) PARTITION 3, RANGE (key) PARTITION 10 <= VALUES < 20
I20260601 13:37:45.030339   466 tablet_service.cc:1511] Processing CreateTablet for tablet 88b6e1fbeacb4ad1a4aa1a4612ab75fb (DEFAULT_TABLE table=range_aware_rebalance_new_range [id=9fc835481da442049691aace10c6ea48]), partition=HASH (key) PARTITION 2, RANGE (key) PARTITION 10 <= VALUES < 20
I20260601 13:37:45.030460   467 data_dirs.cc:400] Could only allocate 1 dirs of requested 3 for tablet c03b2b24c79543bbac59dd174e254f09. 1 dirs total, 0 dirs full, 0 dirs failed
I20260601 13:37:45.030575   466 data_dirs.cc:400] Could only allocate 1 dirs of requested 3 for tablet 88b6e1fbeacb4ad1a4aa1a4612ab75fb. 1 dirs total, 0 dirs full, 0 dirs failed
I20260601 13:37:45.031262   603 tablet_bootstrap.cc:492] T 1024cfcd28864e6da01df882d5578cef P 175bb8891ee8420ba87f3d3fd257a724: No bootstrap required, opened a new log
I20260601 13:37:45.031345   603 ts_tablet_manager.cc:1403] T 1024cfcd28864e6da01df882d5578cef P 175bb8891ee8420ba87f3d3fd257a724: Time spent bootstrapping tablet: real 0.003s	user 0.000s	sys 0.002s
I20260601 13:37:45.031802   603 raft_consensus.cc:359] T 1024cfcd28864e6da01df882d5578cef P 175bb8891ee8420ba87f3d3fd257a724 [term 0 FOLLOWER]: Replica starting. Triggering 0 pending ops. Active config: opid_index: -1 OBSOLETE_local: false peers { permanent_uuid: "8c18a53c345345a9b553a4c796476ee2" member_type: VOTER last_known_addr { host: "127.29.50.68" port: 41075 } } peers { permanent_uuid: "175bb8891ee8420ba87f3d3fd257a724" member_type: VOTER last_known_addr { host: "127.29.50.65" port: 35137 } } peers { permanent_uuid: "26184eecd3944829b018280a64202a7c" member_type: VOTER last_known_addr { host: "127.29.50.66" port: 46121 } }
I20260601 13:37:45.031911   603 raft_consensus.cc:385] T 1024cfcd28864e6da01df882d5578cef P 175bb8891ee8420ba87f3d3fd257a724 [term 0 FOLLOWER]: Consensus starting up: Expiring failure detector timer to make a prompt election more likely
I20260601 13:37:45.031942   603 raft_consensus.cc:740] T 1024cfcd28864e6da01df882d5578cef P 175bb8891ee8420ba87f3d3fd257a724 [term 0 FOLLOWER]: Becoming Follower/Learner. State: Replica: 175bb8891ee8420ba87f3d3fd257a724, State: Initialized, Role: FOLLOWER
I20260601 13:37:45.032063   603 consensus_queue.cc:260] T 1024cfcd28864e6da01df882d5578cef P 175bb8891ee8420ba87f3d3fd257a724 [NON_LEADER]: Queue going to NON_LEADER mode. State: All replicated index: 0, Majority replicated index: 0, Committed index: 0, Last appended: 0.0, Last appended by leader: 0, Current term: 0, Majority size: -1, State: 0, Mode: NON_LEADER, active raft config: opid_index: -1 OBSOLETE_local: false peers { permanent_uuid: "8c18a53c345345a9b553a4c796476ee2" member_type: VOTER last_known_addr { host: "127.29.50.68" port: 41075 } } peers { permanent_uuid: "175bb8891ee8420ba87f3d3fd257a724" member_type: VOTER last_known_addr { host: "127.29.50.65" port: 35137 } } peers { permanent_uuid: "26184eecd3944829b018280a64202a7c" member_type: VOTER last_known_addr { host: "127.29.50.66" port: 46121 } }
I20260601 13:37:45.032333   603 ts_tablet_manager.cc:1434] T 1024cfcd28864e6da01df882d5578cef P 175bb8891ee8420ba87f3d3fd257a724: Time spent starting tablet: real 0.001s	user 0.000s	sys 0.000s
I20260601 13:37:45.032853   465 tablet_service.cc:1511] Processing CreateTablet for tablet 668c841b208e43e1b224cf508c53c61b (DEFAULT_TABLE table=range_aware_rebalance_new_range [id=9fc835481da442049691aace10c6ea48]), partition=HASH (key) PARTITION 5, RANGE (key) PARTITION 10 <= VALUES < 20
I20260601 13:37:45.032990   603 tablet_bootstrap.cc:492] T ed4d2778b21c4c02982d73d96a2bec4b P 175bb8891ee8420ba87f3d3fd257a724: Bootstrap starting.
I20260601 13:37:45.033085   465 data_dirs.cc:400] Could only allocate 1 dirs of requested 3 for tablet 668c841b208e43e1b224cf508c53c61b. 1 dirs total, 0 dirs full, 0 dirs failed
I20260601 13:37:45.033809   603 tablet_bootstrap.cc:654] T ed4d2778b21c4c02982d73d96a2bec4b P 175bb8891ee8420ba87f3d3fd257a724: Neither blocks nor log segments found. Creating new log.
I20260601 13:37:45.034822   603 tablet_bootstrap.cc:492] T ed4d2778b21c4c02982d73d96a2bec4b P 175bb8891ee8420ba87f3d3fd257a724: No bootstrap required, opened a new log
I20260601 13:37:45.034915   603 ts_tablet_manager.cc:1403] T ed4d2778b21c4c02982d73d96a2bec4b P 175bb8891ee8420ba87f3d3fd257a724: Time spent bootstrapping tablet: real 0.002s	user 0.001s	sys 0.000s
I20260601 13:37:45.035151   470 tablet_service.cc:1511] Processing CreateTablet for tablet 7f0bfe5b2e54415d88d8ecc33b7966b7 (DEFAULT_TABLE table=range_aware_rebalance_new_range [id=9fc835481da442049691aace10c6ea48]), partition=HASH (key) PARTITION 6, RANGE (key) PARTITION 10 <= VALUES < 20
I20260601 13:37:45.035358   470 data_dirs.cc:400] Could only allocate 1 dirs of requested 3 for tablet 7f0bfe5b2e54415d88d8ecc33b7966b7. 1 dirs total, 0 dirs full, 0 dirs failed
I20260601 13:37:45.035328   603 raft_consensus.cc:359] T ed4d2778b21c4c02982d73d96a2bec4b P 175bb8891ee8420ba87f3d3fd257a724 [term 0 FOLLOWER]: Replica starting. Triggering 0 pending ops. Active config: opid_index: -1 OBSOLETE_local: false peers { permanent_uuid: "8c18a53c345345a9b553a4c796476ee2" member_type: VOTER last_known_addr { host: "127.29.50.68" port: 41075 } } peers { permanent_uuid: "175bb8891ee8420ba87f3d3fd257a724" member_type: VOTER last_known_addr { host: "127.29.50.65" port: 35137 } } peers { permanent_uuid: "1a435056a49540eb850fe7c41bff30a4" member_type: VOTER last_known_addr { host: "127.29.50.67" port: 34503 } }
I20260601 13:37:45.035465   603 raft_consensus.cc:385] T ed4d2778b21c4c02982d73d96a2bec4b P 175bb8891ee8420ba87f3d3fd257a724 [term 0 FOLLOWER]: Consensus starting up: Expiring failure detector timer to make a prompt election more likely
I20260601 13:37:45.035511   603 raft_consensus.cc:740] T ed4d2778b21c4c02982d73d96a2bec4b P 175bb8891ee8420ba87f3d3fd257a724 [term 0 FOLLOWER]: Becoming Follower/Learner. State: Replica: 175bb8891ee8420ba87f3d3fd257a724, State: Initialized, Role: FOLLOWER
I20260601 13:37:45.035637   603 consensus_queue.cc:260] T ed4d2778b21c4c02982d73d96a2bec4b P 175bb8891ee8420ba87f3d3fd257a724 [NON_LEADER]: Queue going to NON_LEADER mode. State: All replicated index: 0, Majority replicated index: 0, Committed index: 0, Last appended: 0.0, Last appended by leader: 0, Current term: 0, Majority size: -1, State: 0, Mode: NON_LEADER, active raft config: opid_index: -1 OBSOLETE_local: false peers { permanent_uuid: "8c18a53c345345a9b553a4c796476ee2" member_type: VOTER last_known_addr { host: "127.29.50.68" port: 41075 } } peers { permanent_uuid: "175bb8891ee8420ba87f3d3fd257a724" member_type: VOTER last_known_addr { host: "127.29.50.65" port: 35137 } } peers { permanent_uuid: "1a435056a49540eb850fe7c41bff30a4" member_type: VOTER last_known_addr { host: "127.29.50.67" port: 34503 } }
I20260601 13:37:45.035910   603 ts_tablet_manager.cc:1434] T ed4d2778b21c4c02982d73d96a2bec4b P 175bb8891ee8420ba87f3d3fd257a724: Time spent starting tablet: real 0.001s	user 0.000s	sys 0.000s
I20260601 13:37:45.036996   388 tablet_service.cc:1511] Processing CreateTablet for tablet b8ca916fa65149b9bcb17d2b1f2b79a2 (DEFAULT_TABLE table=range_aware_rebalance_new_range [id=9fc835481da442049691aace10c6ea48]), partition=HASH (key) PARTITION 4, RANGE (key) PARTITION 10 <= VALUES < 20
I20260601 13:37:45.037123   391 tablet_service.cc:1511] Processing CreateTablet for tablet c03b2b24c79543bbac59dd174e254f09 (DEFAULT_TABLE table=range_aware_rebalance_new_range [id=9fc835481da442049691aace10c6ea48]), partition=HASH (key) PARTITION 3, RANGE (key) PARTITION 10 <= VALUES < 20
I20260601 13:37:45.037304   388 data_dirs.cc:400] Could only allocate 1 dirs of requested 3 for tablet b8ca916fa65149b9bcb17d2b1f2b79a2. 1 dirs total, 0 dirs full, 0 dirs failed
I20260601 13:37:45.037456   391 data_dirs.cc:400] Could only allocate 1 dirs of requested 3 for tablet c03b2b24c79543bbac59dd174e254f09. 1 dirs total, 0 dirs full, 0 dirs failed
I20260601 13:37:45.037585   393 tablet_service.cc:1511] Processing CreateTablet for tablet 8b7394201c2c470a8f2287995a016189 (DEFAULT_TABLE table=range_aware_rebalance_new_range [id=9fc835481da442049691aace10c6ea48]), partition=HASH (key) PARTITION 7, RANGE (key) PARTITION 10 <= VALUES < 20
I20260601 13:37:45.037711   385 tablet_service.cc:1511] Processing CreateTablet for tablet 7f0bfe5b2e54415d88d8ecc33b7966b7 (DEFAULT_TABLE table=range_aware_rebalance_new_range [id=9fc835481da442049691aace10c6ea48]), partition=HASH (key) PARTITION 6, RANGE (key) PARTITION 10 <= VALUES < 20
I20260601 13:37:45.037822   393 data_dirs.cc:400] Could only allocate 1 dirs of requested 3 for tablet 8b7394201c2c470a8f2287995a016189. 1 dirs total, 0 dirs full, 0 dirs failed
I20260601 13:37:45.037938   385 data_dirs.cc:400] Could only allocate 1 dirs of requested 3 for tablet 7f0bfe5b2e54415d88d8ecc33b7966b7. 1 dirs total, 0 dirs full, 0 dirs failed
I20260601 13:37:45.039222   603 tablet_bootstrap.cc:492] T c03b2b24c79543bbac59dd174e254f09 P 175bb8891ee8420ba87f3d3fd257a724: Bootstrap starting.
I20260601 13:37:45.040230   603 tablet_bootstrap.cc:654] T c03b2b24c79543bbac59dd174e254f09 P 175bb8891ee8420ba87f3d3fd257a724: Neither blocks nor log segments found. Creating new log.
W20260601 13:37:45.040320 32755 catalog_manager.cc:4809] Async tablet task AlterTable RPC for tablet c03b2b24c79543bbac59dd174e254f09 (table range_aware_rebalance_new_range [id=9fc835481da442049691aace10c6ea48], current schema version=0) failed: Not found: failed to reset TS proxy: No leader found: Tablet c03b2b24c79543bbac59dd174e254f09 consensus state has no leader
I20260601 13:37:45.041116   685 tablet_service.cc:1511] Processing CreateTablet for tablet 1024cfcd28864e6da01df882d5578cef (DEFAULT_TABLE table=range_aware_rebalance_new_range [id=9fc835481da442049691aace10c6ea48]), partition=HASH (key) PARTITION 0, RANGE (key) PARTITION 10 <= VALUES < 20
I20260601 13:37:45.041211   684 tablet_service.cc:1511] Processing CreateTablet for tablet ed4d2778b21c4c02982d73d96a2bec4b (DEFAULT_TABLE table=range_aware_rebalance_new_range [id=9fc835481da442049691aace10c6ea48]), partition=HASH (key) PARTITION 1, RANGE (key) PARTITION 10 <= VALUES < 20
I20260601 13:37:45.041378   685 data_dirs.cc:400] Could only allocate 1 dirs of requested 3 for tablet 1024cfcd28864e6da01df882d5578cef. 1 dirs total, 0 dirs full, 0 dirs failed
I20260601 13:37:45.041540   684 data_dirs.cc:400] Could only allocate 1 dirs of requested 3 for tablet ed4d2778b21c4c02982d73d96a2bec4b. 1 dirs total, 0 dirs full, 0 dirs failed
I20260601 13:37:45.041639   683 tablet_service.cc:1511] Processing CreateTablet for tablet 88b6e1fbeacb4ad1a4aa1a4612ab75fb (DEFAULT_TABLE table=range_aware_rebalance_new_range [id=9fc835481da442049691aace10c6ea48]), partition=HASH (key) PARTITION 2, RANGE (key) PARTITION 10 <= VALUES < 20
I20260601 13:37:45.041882   683 data_dirs.cc:400] Could only allocate 1 dirs of requested 3 for tablet 88b6e1fbeacb4ad1a4aa1a4612ab75fb. 1 dirs total, 0 dirs full, 0 dirs failed
I20260601 13:37:45.041970   603 tablet_bootstrap.cc:492] T c03b2b24c79543bbac59dd174e254f09 P 175bb8891ee8420ba87f3d3fd257a724: No bootstrap required, opened a new log
I20260601 13:37:45.042044   603 ts_tablet_manager.cc:1403] T c03b2b24c79543bbac59dd174e254f09 P 175bb8891ee8420ba87f3d3fd257a724: Time spent bootstrapping tablet: real 0.003s	user 0.000s	sys 0.002s
I20260601 13:37:45.042464   603 raft_consensus.cc:359] T c03b2b24c79543bbac59dd174e254f09 P 175bb8891ee8420ba87f3d3fd257a724 [term 0 FOLLOWER]: Replica starting. Triggering 0 pending ops. Active config: opid_index: -1 OBSOLETE_local: false peers { permanent_uuid: "26184eecd3944829b018280a64202a7c" member_type: VOTER last_known_addr { host: "127.29.50.66" port: 46121 } } peers { permanent_uuid: "8c18a53c345345a9b553a4c796476ee2" member_type: VOTER last_known_addr { host: "127.29.50.68" port: 41075 } } peers { permanent_uuid: "175bb8891ee8420ba87f3d3fd257a724" member_type: VOTER last_known_addr { host: "127.29.50.65" port: 35137 } }
I20260601 13:37:45.042553   603 raft_consensus.cc:385] T c03b2b24c79543bbac59dd174e254f09 P 175bb8891ee8420ba87f3d3fd257a724 [term 0 FOLLOWER]: Consensus starting up: Expiring failure detector timer to make a prompt election more likely
I20260601 13:37:45.042594   603 raft_consensus.cc:740] T c03b2b24c79543bbac59dd174e254f09 P 175bb8891ee8420ba87f3d3fd257a724 [term 0 FOLLOWER]: Becoming Follower/Learner. State: Replica: 175bb8891ee8420ba87f3d3fd257a724, State: Initialized, Role: FOLLOWER
I20260601 13:37:45.042713   603 consensus_queue.cc:260] T c03b2b24c79543bbac59dd174e254f09 P 175bb8891ee8420ba87f3d3fd257a724 [NON_LEADER]: Queue going to NON_LEADER mode. State: All replicated index: 0, Majority replicated index: 0, Committed index: 0, Last appended: 0.0, Last appended by leader: 0, Current term: 0, Majority size: -1, State: 0, Mode: NON_LEADER, active raft config: opid_index: -1 OBSOLETE_local: false peers { permanent_uuid: "26184eecd3944829b018280a64202a7c" member_type: VOTER last_known_addr { host: "127.29.50.66" port: 46121 } } peers { permanent_uuid: "8c18a53c345345a9b553a4c796476ee2" member_type: VOTER last_known_addr { host: "127.29.50.68" port: 41075 } } peers { permanent_uuid: "175bb8891ee8420ba87f3d3fd257a724" member_type: VOTER last_known_addr { host: "127.29.50.65" port: 35137 } }
I20260601 13:37:45.042963   603 ts_tablet_manager.cc:1434] T c03b2b24c79543bbac59dd174e254f09 P 175bb8891ee8420ba87f3d3fd257a724: Time spent starting tablet: real 0.001s	user 0.000s	sys 0.000s
I20260601 13:37:45.043622   603 tablet_bootstrap.cc:492] T 8b7394201c2c470a8f2287995a016189 P 175bb8891ee8420ba87f3d3fd257a724: Bootstrap starting.
I20260601 13:37:45.043864   682 tablet_service.cc:1511] Processing CreateTablet for tablet c03b2b24c79543bbac59dd174e254f09 (DEFAULT_TABLE table=range_aware_rebalance_new_range [id=9fc835481da442049691aace10c6ea48]), partition=HASH (key) PARTITION 3, RANGE (key) PARTITION 10 <= VALUES < 20
I20260601 13:37:45.044122   682 data_dirs.cc:400] Could only allocate 1 dirs of requested 3 for tablet c03b2b24c79543bbac59dd174e254f09. 1 dirs total, 0 dirs full, 0 dirs failed
I20260601 13:37:45.044555   603 tablet_bootstrap.cc:654] T 8b7394201c2c470a8f2287995a016189 P 175bb8891ee8420ba87f3d3fd257a724: Neither blocks nor log segments found. Creating new log.
I20260601 13:37:45.045398   729 tablet_bootstrap.cc:492] T 1024cfcd28864e6da01df882d5578cef P 8c18a53c345345a9b553a4c796476ee2: Bootstrap starting.
I20260601 13:37:45.046015   681 tablet_service.cc:1511] Processing CreateTablet for tablet b8ca916fa65149b9bcb17d2b1f2b79a2 (DEFAULT_TABLE table=range_aware_rebalance_new_range [id=9fc835481da442049691aace10c6ea48]), partition=HASH (key) PARTITION 4, RANGE (key) PARTITION 10 <= VALUES < 20
I20260601 13:37:45.046274   681 data_dirs.cc:400] Could only allocate 1 dirs of requested 3 for tablet b8ca916fa65149b9bcb17d2b1f2b79a2. 1 dirs total, 0 dirs full, 0 dirs failed
I20260601 13:37:45.046623   729 tablet_bootstrap.cc:654] T 1024cfcd28864e6da01df882d5578cef P 8c18a53c345345a9b553a4c796476ee2: Neither blocks nor log segments found. Creating new log.
I20260601 13:37:45.047636   729 tablet_bootstrap.cc:492] T 1024cfcd28864e6da01df882d5578cef P 8c18a53c345345a9b553a4c796476ee2: No bootstrap required, opened a new log
I20260601 13:37:45.047725   729 ts_tablet_manager.cc:1403] T 1024cfcd28864e6da01df882d5578cef P 8c18a53c345345a9b553a4c796476ee2: Time spent bootstrapping tablet: real 0.002s	user 0.002s	sys 0.000s
I20260601 13:37:45.048106   729 raft_consensus.cc:359] T 1024cfcd28864e6da01df882d5578cef P 8c18a53c345345a9b553a4c796476ee2 [term 0 FOLLOWER]: Replica starting. Triggering 0 pending ops. Active config: opid_index: -1 OBSOLETE_local: false peers { permanent_uuid: "8c18a53c345345a9b553a4c796476ee2" member_type: VOTER last_known_addr { host: "127.29.50.68" port: 41075 } } peers { permanent_uuid: "175bb8891ee8420ba87f3d3fd257a724" member_type: VOTER last_known_addr { host: "127.29.50.65" port: 35137 } } peers { permanent_uuid: "26184eecd3944829b018280a64202a7c" member_type: VOTER last_known_addr { host: "127.29.50.66" port: 46121 } }
I20260601 13:37:45.048215   729 raft_consensus.cc:385] T 1024cfcd28864e6da01df882d5578cef P 8c18a53c345345a9b553a4c796476ee2 [term 0 FOLLOWER]: Consensus starting up: Expiring failure detector timer to make a prompt election more likely
I20260601 13:37:45.048272   729 raft_consensus.cc:740] T 1024cfcd28864e6da01df882d5578cef P 8c18a53c345345a9b553a4c796476ee2 [term 0 FOLLOWER]: Becoming Follower/Learner. State: Replica: 8c18a53c345345a9b553a4c796476ee2, State: Initialized, Role: FOLLOWER
I20260601 13:37:45.048260   680 tablet_service.cc:1511] Processing CreateTablet for tablet 668c841b208e43e1b224cf508c53c61b (DEFAULT_TABLE table=range_aware_rebalance_new_range [id=9fc835481da442049691aace10c6ea48]), partition=HASH (key) PARTITION 5, RANGE (key) PARTITION 10 <= VALUES < 20
I20260601 13:37:45.048447   729 consensus_queue.cc:260] T 1024cfcd28864e6da01df882d5578cef P 8c18a53c345345a9b553a4c796476ee2 [NON_LEADER]: Queue going to NON_LEADER mode. State: All replicated index: 0, Majority replicated index: 0, Committed index: 0, Last appended: 0.0, Last appended by leader: 0, Current term: 0, Majority size: -1, State: 0, Mode: NON_LEADER, active raft config: opid_index: -1 OBSOLETE_local: false peers { permanent_uuid: "8c18a53c345345a9b553a4c796476ee2" member_type: VOTER last_known_addr { host: "127.29.50.68" port: 41075 } } peers { permanent_uuid: "175bb8891ee8420ba87f3d3fd257a724" member_type: VOTER last_known_addr { host: "127.29.50.65" port: 35137 } } peers { permanent_uuid: "26184eecd3944829b018280a64202a7c" member_type: VOTER last_known_addr { host: "127.29.50.66" port: 46121 } }
I20260601 13:37:45.048506   680 data_dirs.cc:400] Could only allocate 1 dirs of requested 3 for tablet 668c841b208e43e1b224cf508c53c61b. 1 dirs total, 0 dirs full, 0 dirs failed
I20260601 13:37:45.048713   679 tablet_service.cc:1511] Processing CreateTablet for tablet 7f0bfe5b2e54415d88d8ecc33b7966b7 (DEFAULT_TABLE table=range_aware_rebalance_new_range [id=9fc835481da442049691aace10c6ea48]), partition=HASH (key) PARTITION 6, RANGE (key) PARTITION 10 <= VALUES < 20
I20260601 13:37:45.048970   679 data_dirs.cc:400] Could only allocate 1 dirs of requested 3 for tablet 7f0bfe5b2e54415d88d8ecc33b7966b7. 1 dirs total, 0 dirs full, 0 dirs failed
I20260601 13:37:45.050462   729 ts_tablet_manager.cc:1434] T 1024cfcd28864e6da01df882d5578cef P 8c18a53c345345a9b553a4c796476ee2: Time spent starting tablet: real 0.003s	user 0.001s	sys 0.000s
I20260601 13:37:45.050473   721 heartbeater.cc:499] Master 127.29.50.126:43713 was elected leader, sending a full tablet report...
I20260601 13:37:45.050652   729 tablet_bootstrap.cc:492] T 88b6e1fbeacb4ad1a4aa1a4612ab75fb P 8c18a53c345345a9b553a4c796476ee2: Bootstrap starting.
I20260601 13:37:45.050958   678 tablet_service.cc:1511] Processing CreateTablet for tablet 8b7394201c2c470a8f2287995a016189 (DEFAULT_TABLE table=range_aware_rebalance_new_range [id=9fc835481da442049691aace10c6ea48]), partition=HASH (key) PARTITION 7, RANGE (key) PARTITION 10 <= VALUES < 20
I20260601 13:37:45.051591   729 tablet_bootstrap.cc:654] T 88b6e1fbeacb4ad1a4aa1a4612ab75fb P 8c18a53c345345a9b553a4c796476ee2: Neither blocks nor log segments found. Creating new log.
I20260601 13:37:45.051736   544 tablet_service.cc:1511] Processing CreateTablet for tablet ed4d2778b21c4c02982d73d96a2bec4b (DEFAULT_TABLE table=range_aware_rebalance_new_range [id=9fc835481da442049691aace10c6ea48]), partition=HASH (key) PARTITION 1, RANGE (key) PARTITION 10 <= VALUES < 20
I20260601 13:37:45.051998   544 data_dirs.cc:400] Could only allocate 1 dirs of requested 3 for tablet ed4d2778b21c4c02982d73d96a2bec4b. 1 dirs total, 0 dirs full, 0 dirs failed
I20260601 13:37:45.052728   729 tablet_bootstrap.cc:492] T 88b6e1fbeacb4ad1a4aa1a4612ab75fb P 8c18a53c345345a9b553a4c796476ee2: No bootstrap required, opened a new log
I20260601 13:37:45.052842   729 ts_tablet_manager.cc:1403] T 88b6e1fbeacb4ad1a4aa1a4612ab75fb P 8c18a53c345345a9b553a4c796476ee2: Time spent bootstrapping tablet: real 0.002s	user 0.002s	sys 0.000s
I20260601 13:37:45.053201   729 raft_consensus.cc:359] T 88b6e1fbeacb4ad1a4aa1a4612ab75fb P 8c18a53c345345a9b553a4c796476ee2 [term 0 FOLLOWER]: Replica starting. Triggering 0 pending ops. Active config: opid_index: -1 OBSOLETE_local: false peers { permanent_uuid: "26184eecd3944829b018280a64202a7c" member_type: VOTER last_known_addr { host: "127.29.50.66" port: 46121 } } peers { permanent_uuid: "8c18a53c345345a9b553a4c796476ee2" member_type: VOTER last_known_addr { host: "127.29.50.68" port: 41075 } } peers { permanent_uuid: "1a435056a49540eb850fe7c41bff30a4" member_type: VOTER last_known_addr { host: "127.29.50.67" port: 34503 } }
I20260601 13:37:45.053309   729 raft_consensus.cc:385] T 88b6e1fbeacb4ad1a4aa1a4612ab75fb P 8c18a53c345345a9b553a4c796476ee2 [term 0 FOLLOWER]: Consensus starting up: Expiring failure detector timer to make a prompt election more likely
I20260601 13:37:45.053360   729 raft_consensus.cc:740] T 88b6e1fbeacb4ad1a4aa1a4612ab75fb P 8c18a53c345345a9b553a4c796476ee2 [term 0 FOLLOWER]: Becoming Follower/Learner. State: Replica: 8c18a53c345345a9b553a4c796476ee2, State: Initialized, Role: FOLLOWER
I20260601 13:37:45.053542   602 tablet_bootstrap.cc:492] T ed4d2778b21c4c02982d73d96a2bec4b P 1a435056a49540eb850fe7c41bff30a4: Bootstrap starting.
I20260601 13:37:45.053494   729 consensus_queue.cc:260] T 88b6e1fbeacb4ad1a4aa1a4612ab75fb P 8c18a53c345345a9b553a4c796476ee2 [NON_LEADER]: Queue going to NON_LEADER mode. State: All replicated index: 0, Majority replicated index: 0, Committed index: 0, Last appended: 0.0, Last appended by leader: 0, Current term: 0, Majority size: -1, State: 0, Mode: NON_LEADER, active raft config: opid_index: -1 OBSOLETE_local: false peers { permanent_uuid: "26184eecd3944829b018280a64202a7c" member_type: VOTER last_known_addr { host: "127.29.50.66" port: 46121 } } peers { permanent_uuid: "8c18a53c345345a9b553a4c796476ee2" member_type: VOTER last_known_addr { host: "127.29.50.68" port: 41075 } } peers { permanent_uuid: "1a435056a49540eb850fe7c41bff30a4" member_type: VOTER last_known_addr { host: "127.29.50.67" port: 34503 } }
I20260601 13:37:45.053792   729 ts_tablet_manager.cc:1434] T 88b6e1fbeacb4ad1a4aa1a4612ab75fb P 8c18a53c345345a9b553a4c796476ee2: Time spent starting tablet: real 0.001s	user 0.001s	sys 0.000s
I20260601 13:37:45.053754   545 tablet_service.cc:1511] Processing CreateTablet for tablet 88b6e1fbeacb4ad1a4aa1a4612ab75fb (DEFAULT_TABLE table=range_aware_rebalance_new_range [id=9fc835481da442049691aace10c6ea48]), partition=HASH (key) PARTITION 2, RANGE (key) PARTITION 10 <= VALUES < 20
I20260601 13:37:45.053944   545 data_dirs.cc:400] Could only allocate 1 dirs of requested 3 for tablet 88b6e1fbeacb4ad1a4aa1a4612ab75fb. 1 dirs total, 0 dirs full, 0 dirs failed
I20260601 13:37:45.054527   602 tablet_bootstrap.cc:654] T ed4d2778b21c4c02982d73d96a2bec4b P 1a435056a49540eb850fe7c41bff30a4: Neither blocks nor log segments found. Creating new log.
I20260601 13:37:45.055403   602 tablet_bootstrap.cc:492] T ed4d2778b21c4c02982d73d96a2bec4b P 1a435056a49540eb850fe7c41bff30a4: No bootstrap required, opened a new log
I20260601 13:37:45.055516   602 ts_tablet_manager.cc:1403] T ed4d2778b21c4c02982d73d96a2bec4b P 1a435056a49540eb850fe7c41bff30a4: Time spent bootstrapping tablet: real 0.002s	user 0.001s	sys 0.001s
