I20260601 13:37:45.094251   729 raft_consensus.cc:359] T ed4d2778b21c4c02982d73d96a2bec4b P 8c18a53c345345a9b553a4c796476ee2 [term 0 FOLLOWER]: Replica starting. Triggering 0 pending ops. Active config: opid_index: -1 OBSOLETE_local: false peers { permanent_uuid: "8c18a53c345345a9b553a4c796476ee2" member_type: VOTER last_known_addr { host: "127.29.50.68" port: 41075 } } peers { permanent_uuid: "175bb8891ee8420ba87f3d3fd257a724" member_type: VOTER last_known_addr { host: "127.29.50.65" port: 35137 } } peers { permanent_uuid: "1a435056a49540eb850fe7c41bff30a4" member_type: VOTER last_known_addr { host: "127.29.50.67" port: 34503 } }
I20260601 13:37:45.094326   729 raft_consensus.cc:385] T ed4d2778b21c4c02982d73d96a2bec4b P 8c18a53c345345a9b553a4c796476ee2 [term 0 FOLLOWER]: Consensus starting up: Expiring failure detector timer to make a prompt election more likely
I20260601 13:37:45.094347   729 raft_consensus.cc:740] T ed4d2778b21c4c02982d73d96a2bec4b P 8c18a53c345345a9b553a4c796476ee2 [term 0 FOLLOWER]: Becoming Follower/Learner. State: Replica: 8c18a53c345345a9b553a4c796476ee2, State: Initialized, Role: FOLLOWER
I20260601 13:37:45.094420   729 consensus_queue.cc:260] T ed4d2778b21c4c02982d73d96a2bec4b P 8c18a53c345345a9b553a4c796476ee2 [NON_LEADER]: Queue going to NON_LEADER mode. State: All replicated index: 0, Majority replicated index: 0, Committed index: 0, Last appended: 0.0, Last appended by leader: 0, Current term: 0, Majority size: -1, State: 0, Mode: NON_LEADER, active raft config: opid_index: -1 OBSOLETE_local: false peers { permanent_uuid: "8c18a53c345345a9b553a4c796476ee2" member_type: VOTER last_known_addr { host: "127.29.50.68" port: 41075 } } peers { permanent_uuid: "175bb8891ee8420ba87f3d3fd257a724" member_type: VOTER last_known_addr { host: "127.29.50.65" port: 35137 } } peers { permanent_uuid: "1a435056a49540eb850fe7c41bff30a4" member_type: VOTER last_known_addr { host: "127.29.50.67" port: 34503 } }
I20260601 13:37:45.094646   729 ts_tablet_manager.cc:1434] T ed4d2778b21c4c02982d73d96a2bec4b P 8c18a53c345345a9b553a4c796476ee2: Time spent starting tablet: real 0.001s	user 0.000s	sys 0.000s
I20260601 13:37:45.094842   729 tablet_bootstrap.cc:492] T 8b7394201c2c470a8f2287995a016189 P 8c18a53c345345a9b553a4c796476ee2: Bootstrap starting.
I20260601 13:37:45.095719   732 raft_consensus.cc:493] T 668c841b208e43e1b224cf508c53c61b P 8c18a53c345345a9b553a4c796476ee2 [term 0 FOLLOWER]: Starting pre-election (no leader contacted us within the election timeout)
I20260601 13:37:45.095719   729 tablet_bootstrap.cc:654] T 8b7394201c2c470a8f2287995a016189 P 8c18a53c345345a9b553a4c796476ee2: Neither blocks nor log segments found. Creating new log.
I20260601 13:37:45.095842   732 raft_consensus.cc:515] T 668c841b208e43e1b224cf508c53c61b P 8c18a53c345345a9b553a4c796476ee2 [term 0 FOLLOWER]: Starting pre-election with config: opid_index: -1 OBSOLETE_local: false peers { permanent_uuid: "8c18a53c345345a9b553a4c796476ee2" member_type: VOTER last_known_addr { host: "127.29.50.68" port: 41075 } } peers { permanent_uuid: "26184eecd3944829b018280a64202a7c" member_type: VOTER last_known_addr { host: "127.29.50.66" port: 46121 } } peers { permanent_uuid: "1a435056a49540eb850fe7c41bff30a4" member_type: VOTER last_known_addr { host: "127.29.50.67" port: 34503 } }
I20260601 13:37:45.096350   732 leader_election.cc:290] T 668c841b208e43e1b224cf508c53c61b P 8c18a53c345345a9b553a4c796476ee2 [CANDIDATE]: Term 1 pre-election: Requested pre-vote from peers 26184eecd3944829b018280a64202a7c (127.29.50.66:46121), 1a435056a49540eb850fe7c41bff30a4 (127.29.50.67:34503)
I20260601 13:37:45.098043   729 tablet_bootstrap.cc:492] T 8b7394201c2c470a8f2287995a016189 P 8c18a53c345345a9b553a4c796476ee2: No bootstrap required, opened a new log
I20260601 13:37:45.098125   729 ts_tablet_manager.cc:1403] T 8b7394201c2c470a8f2287995a016189 P 8c18a53c345345a9b553a4c796476ee2: Time spent bootstrapping tablet: real 0.003s	user 0.001s	sys 0.000s
I20260601 13:37:45.098515   729 raft_consensus.cc:359] T 8b7394201c2c470a8f2287995a016189 P 8c18a53c345345a9b553a4c796476ee2 [term 0 FOLLOWER]: Replica starting. Triggering 0 pending ops. Active config: opid_index: -1 OBSOLETE_local: false peers { permanent_uuid: "175bb8891ee8420ba87f3d3fd257a724" member_type: VOTER last_known_addr { host: "127.29.50.65" port: 35137 } } peers { permanent_uuid: "8c18a53c345345a9b553a4c796476ee2" member_type: VOTER last_known_addr { host: "127.29.50.68" port: 41075 } } peers { permanent_uuid: "1a435056a49540eb850fe7c41bff30a4" member_type: VOTER last_known_addr { host: "127.29.50.67" port: 34503 } }
I20260601 13:37:45.098623   729 raft_consensus.cc:385] T 8b7394201c2c470a8f2287995a016189 P 8c18a53c345345a9b553a4c796476ee2 [term 0 FOLLOWER]: Consensus starting up: Expiring failure detector timer to make a prompt election more likely
I20260601 13:37:45.098655   729 raft_consensus.cc:740] T 8b7394201c2c470a8f2287995a016189 P 8c18a53c345345a9b553a4c796476ee2 [term 0 FOLLOWER]: Becoming Follower/Learner. State: Replica: 8c18a53c345345a9b553a4c796476ee2, State: Initialized, Role: FOLLOWER
I20260601 13:37:45.098789   729 consensus_queue.cc:260] T 8b7394201c2c470a8f2287995a016189 P 8c18a53c345345a9b553a4c796476ee2 [NON_LEADER]: Queue going to NON_LEADER mode. State: All replicated index: 0, Majority replicated index: 0, Committed index: 0, Last appended: 0.0, Last appended by leader: 0, Current term: 0, Majority size: -1, State: 0, Mode: NON_LEADER, active raft config: opid_index: -1 OBSOLETE_local: false peers { permanent_uuid: "175bb8891ee8420ba87f3d3fd257a724" member_type: VOTER last_known_addr { host: "127.29.50.65" port: 35137 } } peers { permanent_uuid: "8c18a53c345345a9b553a4c796476ee2" member_type: VOTER last_known_addr { host: "127.29.50.68" port: 41075 } } peers { permanent_uuid: "1a435056a49540eb850fe7c41bff30a4" member_type: VOTER last_known_addr { host: "127.29.50.67" port: 34503 } }
I20260601 13:37:45.099025   729 ts_tablet_manager.cc:1434] T 8b7394201c2c470a8f2287995a016189 P 8c18a53c345345a9b553a4c796476ee2: Time spent starting tablet: real 0.001s	user 0.001s	sys 0.000s
I20260601 13:37:45.100252   480 tablet_service.cc:1917] Received RequestConsensusVote() RPC: tablet_id: "668c841b208e43e1b224cf508c53c61b" candidate_uuid: "8c18a53c345345a9b553a4c796476ee2" candidate_term: 1 candidate_status { last_received { term: 0 index: 0 } } ignore_live_leader: false dest_uuid: "26184eecd3944829b018280a64202a7c" is_pre_election: true
I20260601 13:37:45.100425   480 raft_consensus.cc:2468] T 668c841b208e43e1b224cf508c53c61b P 26184eecd3944829b018280a64202a7c [term 0 FOLLOWER]: Leader pre-election vote request: Granting yes vote for candidate 8c18a53c345345a9b553a4c796476ee2 in term 0.
I20260601 13:37:45.100791   660 leader_election.cc:304] T 668c841b208e43e1b224cf508c53c61b P 8c18a53c345345a9b553a4c796476ee2 [CANDIDATE]: Term 1 pre-election: Election decided. Result: candidate won. Election summary: received 2 responses out of 3 voters: 2 yes votes; 0 no votes. yes voters: 26184eecd3944829b018280a64202a7c, 8c18a53c345345a9b553a4c796476ee2; no voters: 
I20260601 13:37:45.100951   732 raft_consensus.cc:2804] T 668c841b208e43e1b224cf508c53c61b P 8c18a53c345345a9b553a4c796476ee2 [term 0 FOLLOWER]: Leader pre-election won for term 1
I20260601 13:37:45.101022   732 raft_consensus.cc:493] T 668c841b208e43e1b224cf508c53c61b P 8c18a53c345345a9b553a4c796476ee2 [term 0 FOLLOWER]: Starting leader election (no leader contacted us within the election timeout)
I20260601 13:37:45.101065   732 raft_consensus.cc:3060] T 668c841b208e43e1b224cf508c53c61b P 8c18a53c345345a9b553a4c796476ee2 [term 0 FOLLOWER]: Advancing to term 1
I20260601 13:37:45.102103   732 raft_consensus.cc:515] T 668c841b208e43e1b224cf508c53c61b P 8c18a53c345345a9b553a4c796476ee2 [term 1 FOLLOWER]: Starting leader election with config: opid_index: -1 OBSOLETE_local: false peers { permanent_uuid: "8c18a53c345345a9b553a4c796476ee2" member_type: VOTER last_known_addr { host: "127.29.50.68" port: 41075 } } peers { permanent_uuid: "26184eecd3944829b018280a64202a7c" member_type: VOTER last_known_addr { host: "127.29.50.66" port: 46121 } } peers { permanent_uuid: "1a435056a49540eb850fe7c41bff30a4" member_type: VOTER last_known_addr { host: "127.29.50.67" port: 34503 } }
I20260601 13:37:45.102272   555 tablet_service.cc:1917] Received RequestConsensusVote() RPC: tablet_id: "668c841b208e43e1b224cf508c53c61b" candidate_uuid: "8c18a53c345345a9b553a4c796476ee2" candidate_term: 1 candidate_status { last_received { term: 0 index: 0 } } ignore_live_leader: false dest_uuid: "1a435056a49540eb850fe7c41bff30a4" is_pre_election: true
I20260601 13:37:45.102404   555 raft_consensus.cc:2468] T 668c841b208e43e1b224cf508c53c61b P 1a435056a49540eb850fe7c41bff30a4 [term 0 FOLLOWER]: Leader pre-election vote request: Granting yes vote for candidate 8c18a53c345345a9b553a4c796476ee2 in term 0.
I20260601 13:37:45.102538   732 leader_election.cc:290] T 668c841b208e43e1b224cf508c53c61b P 8c18a53c345345a9b553a4c796476ee2 [CANDIDATE]: Term 1 election: Requested vote from peers 26184eecd3944829b018280a64202a7c (127.29.50.66:46121), 1a435056a49540eb850fe7c41bff30a4 (127.29.50.67:34503)
I20260601 13:37:45.102634   732 raft_consensus.cc:493] T ed4d2778b21c4c02982d73d96a2bec4b P 8c18a53c345345a9b553a4c796476ee2 [term 0 FOLLOWER]: Starting pre-election (no leader contacted us within the election timeout)
I20260601 13:37:45.102705   732 raft_consensus.cc:515] T ed4d2778b21c4c02982d73d96a2bec4b P 8c18a53c345345a9b553a4c796476ee2 [term 0 FOLLOWER]: Starting pre-election with config: opid_index: -1 OBSOLETE_local: false peers { permanent_uuid: "8c18a53c345345a9b553a4c796476ee2" member_type: VOTER last_known_addr { host: "127.29.50.68" port: 41075 } } peers { permanent_uuid: "175bb8891ee8420ba87f3d3fd257a724" member_type: VOTER last_known_addr { host: "127.29.50.65" port: 35137 } } peers { permanent_uuid: "1a435056a49540eb850fe7c41bff30a4" member_type: VOTER last_known_addr { host: "127.29.50.67" port: 34503 } }
I20260601 13:37:45.102806   555 tablet_service.cc:1917] Received RequestConsensusVote() RPC: tablet_id: "668c841b208e43e1b224cf508c53c61b" candidate_uuid: "8c18a53c345345a9b553a4c796476ee2" candidate_term: 1 candidate_status { last_received { term: 0 index: 0 } } ignore_live_leader: false dest_uuid: "1a435056a49540eb850fe7c41bff30a4"
I20260601 13:37:45.102910   555 raft_consensus.cc:3060] T 668c841b208e43e1b224cf508c53c61b P 1a435056a49540eb850fe7c41bff30a4 [term 0 FOLLOWER]: Advancing to term 1
I20260601 13:37:45.103080   732 leader_election.cc:290] T ed4d2778b21c4c02982d73d96a2bec4b P 8c18a53c345345a9b553a4c796476ee2 [CANDIDATE]: Term 1 pre-election: Requested pre-vote from peers 175bb8891ee8420ba87f3d3fd257a724 (127.29.50.65:35137), 1a435056a49540eb850fe7c41bff30a4 (127.29.50.67:34503)
I20260601 13:37:45.103332   480 tablet_service.cc:1917] Received RequestConsensusVote() RPC: tablet_id: "668c841b208e43e1b224cf508c53c61b" candidate_uuid: "8c18a53c345345a9b553a4c796476ee2" candidate_term: 1 candidate_status { last_received { term: 0 index: 0 } } ignore_live_leader: false dest_uuid: "26184eecd3944829b018280a64202a7c"
I20260601 13:37:45.103440   480 raft_consensus.cc:3060] T 668c841b208e43e1b224cf508c53c61b P 26184eecd3944829b018280a64202a7c [term 0 FOLLOWER]: Advancing to term 1
I20260601 13:37:45.103914   555 raft_consensus.cc:2468] T 668c841b208e43e1b224cf508c53c61b P 1a435056a49540eb850fe7c41bff30a4 [term 1 FOLLOWER]: Leader election vote request: Granting yes vote for candidate 8c18a53c345345a9b553a4c796476ee2 in term 1.
I20260601 13:37:45.104197   661 leader_election.cc:304] T 668c841b208e43e1b224cf508c53c61b P 8c18a53c345345a9b553a4c796476ee2 [CANDIDATE]: Term 1 election: Election decided. Result: candidate won. Election summary: received 2 responses out of 3 voters: 2 yes votes; 0 no votes. yes voters: 1a435056a49540eb850fe7c41bff30a4, 8c18a53c345345a9b553a4c796476ee2; no voters: 
I20260601 13:37:45.104346   480 raft_consensus.cc:2468] T 668c841b208e43e1b224cf508c53c61b P 26184eecd3944829b018280a64202a7c [term 1 FOLLOWER]: Leader election vote request: Granting yes vote for candidate 8c18a53c345345a9b553a4c796476ee2 in term 1.
I20260601 13:37:45.104486   554 tablet_service.cc:1917] Received RequestConsensusVote() RPC: tablet_id: "ed4d2778b21c4c02982d73d96a2bec4b" candidate_uuid: "8c18a53c345345a9b553a4c796476ee2" candidate_term: 1 candidate_status { last_received { term: 0 index: 0 } } ignore_live_leader: false dest_uuid: "1a435056a49540eb850fe7c41bff30a4" is_pre_election: true
I20260601 13:37:45.104617   554 raft_consensus.cc:2468] T ed4d2778b21c4c02982d73d96a2bec4b P 1a435056a49540eb850fe7c41bff30a4 [term 0 FOLLOWER]: Leader pre-election vote request: Granting yes vote for candidate 8c18a53c345345a9b553a4c796476ee2 in term 0.
I20260601 13:37:45.104843   732 raft_consensus.cc:2804] T 668c841b208e43e1b224cf508c53c61b P 8c18a53c345345a9b553a4c796476ee2 [term 1 FOLLOWER]: Leader election won for term 1
I20260601 13:37:45.104902   732 raft_consensus.cc:697] T 668c841b208e43e1b224cf508c53c61b P 8c18a53c345345a9b553a4c796476ee2 [term 1 LEADER]: Becoming Leader. State: Replica: 8c18a53c345345a9b553a4c796476ee2, State: Running, Role: LEADER
I20260601 13:37:45.104943   661 leader_election.cc:304] T ed4d2778b21c4c02982d73d96a2bec4b P 8c18a53c345345a9b553a4c796476ee2 [CANDIDATE]: Term 1 pre-election: Election decided. Result: candidate won. Election summary: received 2 responses out of 3 voters: 2 yes votes; 0 no votes. yes voters: 1a435056a49540eb850fe7c41bff30a4, 8c18a53c345345a9b553a4c796476ee2; no voters: 
I20260601 13:37:45.104992   732 consensus_queue.cc:237] T 668c841b208e43e1b224cf508c53c61b P 8c18a53c345345a9b553a4c796476ee2 [LEADER]: Queue going to LEADER mode. State: All replicated index: 0, Majority replicated index: 0, Committed index: 0, Last appended: 0.0, Last appended by leader: 0, Current term: 1, Majority size: 2, State: 0, Mode: LEADER, active raft config: opid_index: -1 OBSOLETE_local: false peers { permanent_uuid: "8c18a53c345345a9b553a4c796476ee2" member_type: VOTER last_known_addr { host: "127.29.50.68" port: 41075 } } peers { permanent_uuid: "26184eecd3944829b018280a64202a7c" member_type: VOTER last_known_addr { host: "127.29.50.66" port: 46121 } } peers { permanent_uuid: "1a435056a49540eb850fe7c41bff30a4" member_type: VOTER last_known_addr { host: "127.29.50.67" port: 34503 } }
I20260601 13:37:45.105306   606 raft_consensus.cc:493] T 7f0bfe5b2e54415d88d8ecc33b7966b7 P 175bb8891ee8420ba87f3d3fd257a724 [term 0 FOLLOWER]: Starting pre-election (no leader contacted us within the election timeout)
I20260601 13:37:45.105378   606 raft_consensus.cc:515] T 7f0bfe5b2e54415d88d8ecc33b7966b7 P 175bb8891ee8420ba87f3d3fd257a724 [term 0 FOLLOWER]: Starting pre-election with config: opid_index: -1 OBSOLETE_local: false peers { permanent_uuid: "175bb8891ee8420ba87f3d3fd257a724" member_type: VOTER last_known_addr { host: "127.29.50.65" port: 35137 } } peers { permanent_uuid: "26184eecd3944829b018280a64202a7c" member_type: VOTER last_known_addr { host: "127.29.50.66" port: 46121 } } peers { permanent_uuid: "8c18a53c345345a9b553a4c796476ee2" member_type: VOTER last_known_addr { host: "127.29.50.68" port: 41075 } }
I20260601 13:37:45.105763   606 leader_election.cc:290] T 7f0bfe5b2e54415d88d8ecc33b7966b7 P 175bb8891ee8420ba87f3d3fd257a724 [CANDIDATE]: Term 1 pre-election: Requested pre-vote from peers 26184eecd3944829b018280a64202a7c (127.29.50.66:46121), 8c18a53c345345a9b553a4c796476ee2 (127.29.50.68:41075)
I20260601 13:37:45.106364   480 tablet_service.cc:1917] Received RequestConsensusVote() RPC: tablet_id: "7f0bfe5b2e54415d88d8ecc33b7966b7" candidate_uuid: "175bb8891ee8420ba87f3d3fd257a724" candidate_term: 1 candidate_status { last_received { term: 0 index: 0 } } ignore_live_leader: false dest_uuid: "26184eecd3944829b018280a64202a7c" is_pre_election: true
I20260601 13:37:45.106487   480 raft_consensus.cc:2468] T 7f0bfe5b2e54415d88d8ecc33b7966b7 P 26184eecd3944829b018280a64202a7c [term 0 FOLLOWER]: Leader pre-election vote request: Granting yes vote for candidate 175bb8891ee8420ba87f3d3fd257a724 in term 0.
I20260601 13:37:45.106762   368 leader_election.cc:304] T 7f0bfe5b2e54415d88d8ecc33b7966b7 P 175bb8891ee8420ba87f3d3fd257a724 [CANDIDATE]: Term 1 pre-election: Election decided. Result: candidate won. Election summary: received 2 responses out of 3 voters: 2 yes votes; 0 no votes. yes voters: 175bb8891ee8420ba87f3d3fd257a724, 26184eecd3944829b018280a64202a7c; no voters: 
I20260601 13:37:45.106837 32767 catalog_manager.cc:5696] T 668c841b208e43e1b224cf508c53c61b P 8c18a53c345345a9b553a4c796476ee2 reported cstate change: term changed from 0 to 1, leader changed from <none> to 8c18a53c345345a9b553a4c796476ee2 (127.29.50.68). New cstate: current_term: 1 leader_uuid: "8c18a53c345345a9b553a4c796476ee2" committed_config { opid_index: -1 OBSOLETE_local: false peers { permanent_uuid: "8c18a53c345345a9b553a4c796476ee2" member_type: VOTER last_known_addr { host: "127.29.50.68" port: 41075 } health_report { overall_health: HEALTHY } } peers { permanent_uuid: "26184eecd3944829b018280a64202a7c" member_type: VOTER last_known_addr { host: "127.29.50.66" port: 46121 } health_report { overall_health: UNKNOWN } } peers { permanent_uuid: "1a435056a49540eb850fe7c41bff30a4" member_type: VOTER last_known_addr { host: "127.29.50.67" port: 34503 } health_report { overall_health: UNKNOWN } } }
I20260601 13:37:45.107545   606 raft_consensus.cc:2804] T 7f0bfe5b2e54415d88d8ecc33b7966b7 P 175bb8891ee8420ba87f3d3fd257a724 [term 0 FOLLOWER]: Leader pre-election won for term 1
I20260601 13:37:45.107604   606 raft_consensus.cc:493] T 7f0bfe5b2e54415d88d8ecc33b7966b7 P 175bb8891ee8420ba87f3d3fd257a724 [term 0 FOLLOWER]: Starting leader election (no leader contacted us within the election timeout)
I20260601 13:37:45.107646   606 raft_consensus.cc:3060] T 7f0bfe5b2e54415d88d8ecc33b7966b7 P 175bb8891ee8420ba87f3d3fd257a724 [term 0 FOLLOWER]: Advancing to term 1
I20260601 13:37:45.107753   403 tablet_service.cc:1917] Received RequestConsensusVote() RPC: tablet_id: "ed4d2778b21c4c02982d73d96a2bec4b" candidate_uuid: "8c18a53c345345a9b553a4c796476ee2" candidate_term: 1 candidate_status { last_received { term: 0 index: 0 } } ignore_live_leader: false dest_uuid: "175bb8891ee8420ba87f3d3fd257a724" is_pre_election: true
I20260601 13:37:45.107863   403 raft_consensus.cc:2468] T ed4d2778b21c4c02982d73d96a2bec4b P 175bb8891ee8420ba87f3d3fd257a724 [term 0 FOLLOWER]: Leader pre-election vote request: Granting yes vote for candidate 8c18a53c345345a9b553a4c796476ee2 in term 0.
I20260601 13:37:45.108294   753 raft_consensus.cc:2804] T ed4d2778b21c4c02982d73d96a2bec4b P 8c18a53c345345a9b553a4c796476ee2 [term 0 FOLLOWER]: Leader pre-election won for term 1
I20260601 13:37:45.108346   753 raft_consensus.cc:493] T ed4d2778b21c4c02982d73d96a2bec4b P 8c18a53c345345a9b553a4c796476ee2 [term 0 FOLLOWER]: Starting leader election (no leader contacted us within the election timeout)
I20260601 13:37:45.108438   753 raft_consensus.cc:3060] T ed4d2778b21c4c02982d73d96a2bec4b P 8c18a53c345345a9b553a4c796476ee2 [term 0 FOLLOWER]: Advancing to term 1
I20260601 13:37:45.108611   606 raft_consensus.cc:515] T 7f0bfe5b2e54415d88d8ecc33b7966b7 P 175bb8891ee8420ba87f3d3fd257a724 [term 1 FOLLOWER]: Starting leader election with config: opid_index: -1 OBSOLETE_local: false peers { permanent_uuid: "175bb8891ee8420ba87f3d3fd257a724" member_type: VOTER last_known_addr { host: "127.29.50.65" port: 35137 } } peers { permanent_uuid: "26184eecd3944829b018280a64202a7c" member_type: VOTER last_known_addr { host: "127.29.50.66" port: 46121 } } peers { permanent_uuid: "8c18a53c345345a9b553a4c796476ee2" member_type: VOTER last_known_addr { host: "127.29.50.68" port: 41075 } }
I20260601 13:37:45.108984   606 leader_election.cc:290] T 7f0bfe5b2e54415d88d8ecc33b7966b7 P 175bb8891ee8420ba87f3d3fd257a724 [CANDIDATE]: Term 1 election: Requested vote from peers 26184eecd3944829b018280a64202a7c (127.29.50.66:46121), 8c18a53c345345a9b553a4c796476ee2 (127.29.50.68:41075)
I20260601 13:37:45.109207   480 tablet_service.cc:1917] Received RequestConsensusVote() RPC: tablet_id: "7f0bfe5b2e54415d88d8ecc33b7966b7" candidate_uuid: "175bb8891ee8420ba87f3d3fd257a724" candidate_term: 1 candidate_status { last_received { term: 0 index: 0 } } ignore_live_leader: false dest_uuid: "26184eecd3944829b018280a64202a7c"
I20260601 13:37:45.109310   480 raft_consensus.cc:3060] T 7f0bfe5b2e54415d88d8ecc33b7966b7 P 26184eecd3944829b018280a64202a7c [term 0 FOLLOWER]: Advancing to term 1
I20260601 13:37:45.109820   753 raft_consensus.cc:515] T ed4d2778b21c4c02982d73d96a2bec4b P 8c18a53c345345a9b553a4c796476ee2 [term 1 FOLLOWER]: Starting leader election with config: opid_index: -1 OBSOLETE_local: false peers { permanent_uuid: "8c18a53c345345a9b553a4c796476ee2" member_type: VOTER last_known_addr { host: "127.29.50.68" port: 41075 } } peers { permanent_uuid: "175bb8891ee8420ba87f3d3fd257a724" member_type: VOTER last_known_addr { host: "127.29.50.65" port: 35137 } } peers { permanent_uuid: "1a435056a49540eb850fe7c41bff30a4" member_type: VOTER last_known_addr { host: "127.29.50.67" port: 34503 } }
I20260601 13:37:45.110137   480 raft_consensus.cc:2468] T 7f0bfe5b2e54415d88d8ecc33b7966b7 P 26184eecd3944829b018280a64202a7c [term 1 FOLLOWER]: Leader election vote request: Granting yes vote for candidate 175bb8891ee8420ba87f3d3fd257a724 in term 1.
I20260601 13:37:45.110406   368 leader_election.cc:304] T 7f0bfe5b2e54415d88d8ecc33b7966b7 P 175bb8891ee8420ba87f3d3fd257a724 [CANDIDATE]: Term 1 election: Election decided. Result: candidate won. Election summary: received 2 responses out of 3 voters: 2 yes votes; 0 no votes. yes voters: 175bb8891ee8420ba87f3d3fd257a724, 26184eecd3944829b018280a64202a7c; no voters: 
I20260601 13:37:45.110411   403 tablet_service.cc:1917] Received RequestConsensusVote() RPC: tablet_id: "ed4d2778b21c4c02982d73d96a2bec4b" candidate_uuid: "8c18a53c345345a9b553a4c796476ee2" candidate_term: 1 candidate_status { last_received { term: 0 index: 0 } } ignore_live_leader: false dest_uuid: "175bb8891ee8420ba87f3d3fd257a724"
I20260601 13:37:45.110531   403 raft_consensus.cc:3060] T ed4d2778b21c4c02982d73d96a2bec4b P 175bb8891ee8420ba87f3d3fd257a724 [term 0 FOLLOWER]: Advancing to term 1
I20260601 13:37:45.110585   606 raft_consensus.cc:2804] T 7f0bfe5b2e54415d88d8ecc33b7966b7 P 175bb8891ee8420ba87f3d3fd257a724 [term 1 FOLLOWER]: Leader election won for term 1
I20260601 13:37:45.110657   606 raft_consensus.cc:697] T 7f0bfe5b2e54415d88d8ecc33b7966b7 P 175bb8891ee8420ba87f3d3fd257a724 [term 1 LEADER]: Becoming Leader. State: Replica: 175bb8891ee8420ba87f3d3fd257a724, State: Running, Role: LEADER
I20260601 13:37:45.110777   606 consensus_queue.cc:237] T 7f0bfe5b2e54415d88d8ecc33b7966b7 P 175bb8891ee8420ba87f3d3fd257a724 [LEADER]: Queue going to LEADER mode. State: All replicated index: 0, Majority replicated index: 0, Committed index: 0, Last appended: 0.0, Last appended by leader: 0, Current term: 1, Majority size: 2, State: 0, Mode: LEADER, active raft config: opid_index: -1 OBSOLETE_local: false peers { permanent_uuid: "175bb8891ee8420ba87f3d3fd257a724" member_type: VOTER last_known_addr { host: "127.29.50.65" port: 35137 } } peers { permanent_uuid: "26184eecd3944829b018280a64202a7c" member_type: VOTER last_known_addr { host: "127.29.50.66" port: 46121 } } peers { permanent_uuid: "8c18a53c345345a9b553a4c796476ee2" member_type: VOTER last_known_addr { host: "127.29.50.68" port: 41075 } }
I20260601 13:37:45.110817   695 tablet_service.cc:1917] Received RequestConsensusVote() RPC: tablet_id: "7f0bfe5b2e54415d88d8ecc33b7966b7" candidate_uuid: "175bb8891ee8420ba87f3d3fd257a724" candidate_term: 1 candidate_status { last_received { term: 0 index: 0 } } ignore_live_leader: false dest_uuid: "8c18a53c345345a9b553a4c796476ee2" is_pre_election: true
I20260601 13:37:45.110932   695 raft_consensus.cc:2468] T 7f0bfe5b2e54415d88d8ecc33b7966b7 P 8c18a53c345345a9b553a4c796476ee2 [term 0 FOLLOWER]: Leader pre-election vote request: Granting yes vote for candidate 175bb8891ee8420ba87f3d3fd257a724 in term 0.
I20260601 13:37:45.111168   694 tablet_service.cc:1917] Received RequestConsensusVote() RPC: tablet_id: "7f0bfe5b2e54415d88d8ecc33b7966b7" candidate_uuid: "175bb8891ee8420ba87f3d3fd257a724" candidate_term: 1 candidate_status { last_received { term: 0 index: 0 } } ignore_live_leader: false dest_uuid: "8c18a53c345345a9b553a4c796476ee2"
I20260601 13:37:45.111291   694 raft_consensus.cc:3060] T 7f0bfe5b2e54415d88d8ecc33b7966b7 P 8c18a53c345345a9b553a4c796476ee2 [term 0 FOLLOWER]: Advancing to term 1
I20260601 13:37:45.111340   403 raft_consensus.cc:2468] T ed4d2778b21c4c02982d73d96a2bec4b P 175bb8891ee8420ba87f3d3fd257a724 [term 1 FOLLOWER]: Leader election vote request: Granting yes vote for candidate 8c18a53c345345a9b553a4c796476ee2 in term 1.
I20260601 13:37:45.111615   660 leader_election.cc:304] T ed4d2778b21c4c02982d73d96a2bec4b P 8c18a53c345345a9b553a4c796476ee2 [CANDIDATE]: Term 1 election: Election decided. Result: candidate won. Election summary: received 2 responses out of 3 voters: 2 yes votes; 0 no votes. yes voters: 175bb8891ee8420ba87f3d3fd257a724, 8c18a53c345345a9b553a4c796476ee2; no voters: 
I20260601 13:37:45.111821   752 raft_consensus.cc:2804] T ed4d2778b21c4c02982d73d96a2bec4b P 8c18a53c345345a9b553a4c796476ee2 [term 1 FOLLOWER]: Leader election won for term 1
I20260601 13:37:45.111999   752 raft_consensus.cc:697] T ed4d2778b21c4c02982d73d96a2bec4b P 8c18a53c345345a9b553a4c796476ee2 [term 1 LEADER]: Becoming Leader. State: Replica: 8c18a53c345345a9b553a4c796476ee2, State: Running, Role: LEADER
I20260601 13:37:45.112205   753 leader_election.cc:290] T ed4d2778b21c4c02982d73d96a2bec4b P 8c18a53c345345a9b553a4c796476ee2 [CANDIDATE]: Term 1 election: Requested vote from peers 175bb8891ee8420ba87f3d3fd257a724 (127.29.50.65:35137), 1a435056a49540eb850fe7c41bff30a4 (127.29.50.67:34503)
I20260601 13:37:45.112190   554 tablet_service.cc:1917] Received RequestConsensusVote() RPC: tablet_id: "ed4d2778b21c4c02982d73d96a2bec4b" candidate_uuid: "8c18a53c345345a9b553a4c796476ee2" candidate_term: 1 candidate_status { last_received { term: 0 index: 0 } } ignore_live_leader: false dest_uuid: "1a435056a49540eb850fe7c41bff30a4"
I20260601 13:37:45.112257 32767 catalog_manager.cc:5696] T 7f0bfe5b2e54415d88d8ecc33b7966b7 P 175bb8891ee8420ba87f3d3fd257a724 reported cstate change: term changed from 0 to 1, leader changed from <none> to 175bb8891ee8420ba87f3d3fd257a724 (127.29.50.65). New cstate: current_term: 1 leader_uuid: "175bb8891ee8420ba87f3d3fd257a724" committed_config { opid_index: -1 OBSOLETE_local: false peers { permanent_uuid: "175bb8891ee8420ba87f3d3fd257a724" member_type: VOTER last_known_addr { host: "127.29.50.65" port: 35137 } health_report { overall_health: HEALTHY } } peers { permanent_uuid: "26184eecd3944829b018280a64202a7c" member_type: VOTER last_known_addr { host: "127.29.50.66" port: 46121 } health_report { overall_health: UNKNOWN } } peers { permanent_uuid: "8c18a53c345345a9b553a4c796476ee2" member_type: VOTER last_known_addr { host: "127.29.50.68" port: 41075 } health_report { overall_health: UNKNOWN } } }
I20260601 13:37:45.112411   554 raft_consensus.cc:3060] T ed4d2778b21c4c02982d73d96a2bec4b P 1a435056a49540eb850fe7c41bff30a4 [term 0 FOLLOWER]: Advancing to term 1
I20260601 13:37:45.112174   752 consensus_queue.cc:237] T ed4d2778b21c4c02982d73d96a2bec4b P 8c18a53c345345a9b553a4c796476ee2 [LEADER]: Queue going to LEADER mode. State: All replicated index: 0, Majority replicated index: 0, Committed index: 0, Last appended: 0.0, Last appended by leader: 0, Current term: 1, Majority size: 2, State: 0, Mode: LEADER, active raft config: opid_index: -1 OBSOLETE_local: false peers { permanent_uuid: "8c18a53c345345a9b553a4c796476ee2" member_type: VOTER last_known_addr { host: "127.29.50.68" port: 41075 } } peers { permanent_uuid: "175bb8891ee8420ba87f3d3fd257a724" member_type: VOTER last_known_addr { host: "127.29.50.65" port: 35137 } } peers { permanent_uuid: "1a435056a49540eb850fe7c41bff30a4" member_type: VOTER last_known_addr { host: "127.29.50.67" port: 34503 } }
I20260601 13:37:45.113340   554 raft_consensus.cc:2468] T ed4d2778b21c4c02982d73d96a2bec4b P 1a435056a49540eb850fe7c41bff30a4 [term 1 FOLLOWER]: Leader election vote request: Granting yes vote for candidate 8c18a53c345345a9b553a4c796476ee2 in term 1.
I20260601 13:37:45.112224   694 raft_consensus.cc:2468] T 7f0bfe5b2e54415d88d8ecc33b7966b7 P 8c18a53c345345a9b553a4c796476ee2 [term 1 FOLLOWER]: Leader election vote request: Granting yes vote for candidate 175bb8891ee8420ba87f3d3fd257a724 in term 1.
I20260601 13:37:45.114140   300 catalog_manager.cc:5696] T ed4d2778b21c4c02982d73d96a2bec4b P 8c18a53c345345a9b553a4c796476ee2 reported cstate change: term changed from 0 to 1, leader changed from <none> to 8c18a53c345345a9b553a4c796476ee2 (127.29.50.68). New cstate: current_term: 1 leader_uuid: "8c18a53c345345a9b553a4c796476ee2" committed_config { opid_index: -1 OBSOLETE_local: false peers { permanent_uuid: "8c18a53c345345a9b553a4c796476ee2" member_type: VOTER last_known_addr { host: "127.29.50.68" port: 41075 } health_report { overall_health: HEALTHY } } peers { permanent_uuid: "175bb8891ee8420ba87f3d3fd257a724" member_type: VOTER last_known_addr { host: "127.29.50.65" port: 35137 } health_report { overall_health: UNKNOWN } } peers { permanent_uuid: "1a435056a49540eb850fe7c41bff30a4" member_type: VOTER last_known_addr { host: "127.29.50.67" port: 34503 } health_report { overall_health: UNKNOWN } } }
I20260601 13:37:45.165634   613 consensus_queue.cc:1048] T d617f3ee8a77496f86bebbda713216e4 P 26184eecd3944829b018280a64202a7c [LEADER]: Connected to new peer: Peer: permanent_uuid: "1a435056a49540eb850fe7c41bff30a4" member_type: VOTER last_known_addr { host: "127.29.50.67" port: 34503 }, Status: LMP_MISMATCH, Last received: 0.0, Next index: 1, Last known committed idx: 0, Time since last communication: 0.000s
I20260601 13:37:45.167707   637 raft_consensus.cc:493] T b8ca916fa65149b9bcb17d2b1f2b79a2 P 175bb8891ee8420ba87f3d3fd257a724 [term 0 FOLLOWER]: Starting pre-election (no leader contacted us within the election timeout)
I20260601 13:37:45.167826   637 raft_consensus.cc:515] T b8ca916fa65149b9bcb17d2b1f2b79a2 P 175bb8891ee8420ba87f3d3fd257a724 [term 0 FOLLOWER]: Starting pre-election with config: opid_index: -1 OBSOLETE_local: false peers { permanent_uuid: "175bb8891ee8420ba87f3d3fd257a724" member_type: VOTER last_known_addr { host: "127.29.50.65" port: 35137 } } peers { permanent_uuid: "8c18a53c345345a9b553a4c796476ee2" member_type: VOTER last_known_addr { host: "127.29.50.68" port: 41075 } } peers { permanent_uuid: "1a435056a49540eb850fe7c41bff30a4" member_type: VOTER last_known_addr { host: "127.29.50.67" port: 34503 } }
I20260601 13:37:45.168254   637 leader_election.cc:290] T b8ca916fa65149b9bcb17d2b1f2b79a2 P 175bb8891ee8420ba87f3d3fd257a724 [CANDIDATE]: Term 1 pre-election: Requested pre-vote from peers 8c18a53c345345a9b553a4c796476ee2 (127.29.50.68:41075), 1a435056a49540eb850fe7c41bff30a4 (127.29.50.67:34503)
I20260601 13:37:45.168721   555 tablet_service.cc:1917] Received RequestConsensusVote() RPC: tablet_id: "b8ca916fa65149b9bcb17d2b1f2b79a2" candidate_uuid: "175bb8891ee8420ba87f3d3fd257a724" candidate_term: 1 candidate_status { last_received { term: 0 index: 0 } } ignore_live_leader: false dest_uuid: "1a435056a49540eb850fe7c41bff30a4" is_pre_election: true
I20260601 13:37:45.168871   555 raft_consensus.cc:2468] T b8ca916fa65149b9bcb17d2b1f2b79a2 P 1a435056a49540eb850fe7c41bff30a4 [term 0 FOLLOWER]: Leader pre-election vote request: Granting yes vote for candidate 175bb8891ee8420ba87f3d3fd257a724 in term 0.
I20260601 13:37:45.169059   635 consensus_queue.cc:1048] T d617f3ee8a77496f86bebbda713216e4 P 26184eecd3944829b018280a64202a7c [LEADER]: Connected to new peer: Peer: permanent_uuid: "175bb8891ee8420ba87f3d3fd257a724" member_type: VOTER last_known_addr { host: "127.29.50.65" port: 35137 }, Status: LMP_MISMATCH, Last received: 0.0, Next index: 1, Last known committed idx: 0, Time since last communication: 0.000s
I20260601 13:37:45.169137   369 leader_election.cc:304] T b8ca916fa65149b9bcb17d2b1f2b79a2 P 175bb8891ee8420ba87f3d3fd257a724 [CANDIDATE]: Term 1 pre-election: Election decided. Result: candidate won. Election summary: received 2 responses out of 3 voters: 2 yes votes; 0 no votes. yes voters: 175bb8891ee8420ba87f3d3fd257a724, 1a435056a49540eb850fe7c41bff30a4; no voters: 
I20260601 13:37:45.169277   637 raft_consensus.cc:2804] T b8ca916fa65149b9bcb17d2b1f2b79a2 P 175bb8891ee8420ba87f3d3fd257a724 [term 0 FOLLOWER]: Leader pre-election won for term 1
I20260601 13:37:45.169361   637 raft_consensus.cc:493] T b8ca916fa65149b9bcb17d2b1f2b79a2 P 175bb8891ee8420ba87f3d3fd257a724 [term 0 FOLLOWER]: Starting leader election (no leader contacted us within the election timeout)
I20260601 13:37:45.169415   637 raft_consensus.cc:3060] T b8ca916fa65149b9bcb17d2b1f2b79a2 P 175bb8891ee8420ba87f3d3fd257a724 [term 0 FOLLOWER]: Advancing to term 1
I20260601 13:37:45.169667   694 tablet_service.cc:1917] Received RequestConsensusVote() RPC: tablet_id: "b8ca916fa65149b9bcb17d2b1f2b79a2" candidate_uuid: "175bb8891ee8420ba87f3d3fd257a724" candidate_term: 1 candidate_status { last_received { term: 0 index: 0 } } ignore_live_leader: false dest_uuid: "8c18a53c345345a9b553a4c796476ee2" is_pre_election: true
I20260601 13:37:45.169765   694 raft_consensus.cc:2468] T b8ca916fa65149b9bcb17d2b1f2b79a2 P 8c18a53c345345a9b553a4c796476ee2 [term 0 FOLLOWER]: Leader pre-election vote request: Granting yes vote for candidate 175bb8891ee8420ba87f3d3fd257a724 in term 0.
I20260601 13:37:45.170482   606 raft_consensus.cc:493] T c03b2b24c79543bbac59dd174e254f09 P 175bb8891ee8420ba87f3d3fd257a724 [term 0 FOLLOWER]: Starting pre-election (no leader contacted us within the election timeout)
I20260601 13:37:45.170545   637 raft_consensus.cc:515] T b8ca916fa65149b9bcb17d2b1f2b79a2 P 175bb8891ee8420ba87f3d3fd257a724 [term 1 FOLLOWER]: Starting leader election with config: opid_index: -1 OBSOLETE_local: false peers { permanent_uuid: "175bb8891ee8420ba87f3d3fd257a724" member_type: VOTER last_known_addr { host: "127.29.50.65" port: 35137 } } peers { permanent_uuid: "8c18a53c345345a9b553a4c796476ee2" member_type: VOTER last_known_addr { host: "127.29.50.68" port: 41075 } } peers { permanent_uuid: "1a435056a49540eb850fe7c41bff30a4" member_type: VOTER last_known_addr { host: "127.29.50.67" port: 34503 } }
I20260601 13:37:45.170945   637 leader_election.cc:290] T b8ca916fa65149b9bcb17d2b1f2b79a2 P 175bb8891ee8420ba87f3d3fd257a724 [CANDIDATE]: Term 1 election: Requested vote from peers 8c18a53c345345a9b553a4c796476ee2 (127.29.50.68:41075), 1a435056a49540eb850fe7c41bff30a4 (127.29.50.67:34503)
I20260601 13:37:45.170559   606 raft_consensus.cc:515] T c03b2b24c79543bbac59dd174e254f09 P 175bb8891ee8420ba87f3d3fd257a724 [term 0 FOLLOWER]: Starting pre-election with config: opid_index: -1 OBSOLETE_local: false peers { permanent_uuid: "26184eecd3944829b018280a64202a7c" member_type: VOTER last_known_addr { host: "127.29.50.66" port: 46121 } } peers { permanent_uuid: "8c18a53c345345a9b553a4c796476ee2" member_type: VOTER last_known_addr { host: "127.29.50.68" port: 41075 } } peers { permanent_uuid: "175bb8891ee8420ba87f3d3fd257a724" member_type: VOTER last_known_addr { host: "127.29.50.65" port: 35137 } }
I20260601 13:37:45.171226   555 tablet_service.cc:1917] Received RequestConsensusVote() RPC: tablet_id: "b8ca916fa65149b9bcb17d2b1f2b79a2" candidate_uuid: "175bb8891ee8420ba87f3d3fd257a724" candidate_term: 1 candidate_status { last_received { term: 0 index: 0 } } ignore_live_leader: false dest_uuid: "1a435056a49540eb850fe7c41bff30a4"
I20260601 13:37:45.171345   555 raft_consensus.cc:3060] T b8ca916fa65149b9bcb17d2b1f2b79a2 P 1a435056a49540eb850fe7c41bff30a4 [term 0 FOLLOWER]: Advancing to term 1
I20260601 13:37:45.171452   606 leader_election.cc:290] T c03b2b24c79543bbac59dd174e254f09 P 175bb8891ee8420ba87f3d3fd257a724 [CANDIDATE]: Term 1 pre-election: Requested pre-vote from peers 26184eecd3944829b018280a64202a7c (127.29.50.66:46121), 8c18a53c345345a9b553a4c796476ee2 (127.29.50.68:41075)
I20260601 13:37:45.171854   480 tablet_service.cc:1917] Received RequestConsensusVote() RPC: tablet_id: "c03b2b24c79543bbac59dd174e254f09" candidate_uuid: "175bb8891ee8420ba87f3d3fd257a724" candidate_term: 1 candidate_status { last_received { term: 0 index: 0 } } ignore_live_leader: false dest_uuid: "26184eecd3944829b018280a64202a7c" is_pre_election: true
I20260601 13:37:45.171975   480 raft_consensus.cc:2468] T c03b2b24c79543bbac59dd174e254f09 P 26184eecd3944829b018280a64202a7c [term 0 FOLLOWER]: Leader pre-election vote request: Granting yes vote for candidate 175bb8891ee8420ba87f3d3fd257a724 in term 0.
I20260601 13:37:45.172279   555 raft_consensus.cc:2468] T b8ca916fa65149b9bcb17d2b1f2b79a2 P 1a435056a49540eb850fe7c41bff30a4 [term 1 FOLLOWER]: Leader election vote request: Granting yes vote for candidate 175bb8891ee8420ba87f3d3fd257a724 in term 1.
I20260601 13:37:45.172421   368 leader_election.cc:304] T c03b2b24c79543bbac59dd174e254f09 P 175bb8891ee8420ba87f3d3fd257a724 [CANDIDATE]: Term 1 pre-election: Election decided. Result: candidate won. Election summary: received 2 responses out of 3 voters: 2 yes votes; 0 no votes. yes voters: 175bb8891ee8420ba87f3d3fd257a724, 26184eecd3944829b018280a64202a7c; no voters: 
I20260601 13:37:45.172602   606 raft_consensus.cc:2804] T c03b2b24c79543bbac59dd174e254f09 P 175bb8891ee8420ba87f3d3fd257a724 [term 0 FOLLOWER]: Leader pre-election won for term 1
I20260601 13:37:45.172683   606 raft_consensus.cc:493] T c03b2b24c79543bbac59dd174e254f09 P 175bb8891ee8420ba87f3d3fd257a724 [term 0 FOLLOWER]: Starting leader election (no leader contacted us within the election timeout)
I20260601 13:37:45.172748   606 raft_consensus.cc:3060] T c03b2b24c79543bbac59dd174e254f09 P 175bb8891ee8420ba87f3d3fd257a724 [term 0 FOLLOWER]: Advancing to term 1
I20260601 13:37:45.172906   694 tablet_service.cc:1917] Received RequestConsensusVote() RPC: tablet_id: "b8ca916fa65149b9bcb17d2b1f2b79a2" candidate_uuid: "175bb8891ee8420ba87f3d3fd257a724" candidate_term: 1 candidate_status { last_received { term: 0 index: 0 } } ignore_live_leader: false dest_uuid: "8c18a53c345345a9b553a4c796476ee2"
I20260601 13:37:45.173012   694 raft_consensus.cc:3060] T b8ca916fa65149b9bcb17d2b1f2b79a2 P 8c18a53c345345a9b553a4c796476ee2 [term 0 FOLLOWER]: Advancing to term 1
I20260601 13:37:45.173525   606 raft_consensus.cc:515] T c03b2b24c79543bbac59dd174e254f09 P 175bb8891ee8420ba87f3d3fd257a724 [term 1 FOLLOWER]: Starting leader election with config: opid_index: -1 OBSOLETE_local: false peers { permanent_uuid: "26184eecd3944829b018280a64202a7c" member_type: VOTER last_known_addr { host: "127.29.50.66" port: 46121 } } peers { permanent_uuid: "8c18a53c345345a9b553a4c796476ee2" member_type: VOTER last_known_addr { host: "127.29.50.68" port: 41075 } } peers { permanent_uuid: "175bb8891ee8420ba87f3d3fd257a724" member_type: VOTER last_known_addr { host: "127.29.50.65" port: 35137 } }
I20260601 13:37:45.173629   694 raft_consensus.cc:2468] T b8ca916fa65149b9bcb17d2b1f2b79a2 P 8c18a53c345345a9b553a4c796476ee2 [term 1 FOLLOWER]: Leader election vote request: Granting yes vote for candidate 175bb8891ee8420ba87f3d3fd257a724 in term 1.
I20260601 13:37:45.173863   695 tablet_service.cc:1917] Received RequestConsensusVote() RPC: tablet_id: "c03b2b24c79543bbac59dd174e254f09" candidate_uuid: "175bb8891ee8420ba87f3d3fd257a724" candidate_term: 1 candidate_status { last_received { term: 0 index: 0 } } ignore_live_leader: false dest_uuid: "8c18a53c345345a9b553a4c796476ee2" is_pre_election: true
I20260601 13:37:45.173938   606 leader_election.cc:290] T c03b2b24c79543bbac59dd174e254f09 P 175bb8891ee8420ba87f3d3fd257a724 [CANDIDATE]: Term 1 election: Requested vote from peers 26184eecd3944829b018280a64202a7c (127.29.50.66:46121), 8c18a53c345345a9b553a4c796476ee2 (127.29.50.68:41075)
I20260601 13:37:45.173967   695 raft_consensus.cc:2468] T c03b2b24c79543bbac59dd174e254f09 P 8c18a53c345345a9b553a4c796476ee2 [term 0 FOLLOWER]: Leader pre-election vote request: Granting yes vote for candidate 175bb8891ee8420ba87f3d3fd257a724 in term 0.
I20260601 13:37:45.172588   369 leader_election.cc:304] T b8ca916fa65149b9bcb17d2b1f2b79a2 P 175bb8891ee8420ba87f3d3fd257a724 [CANDIDATE]: Term 1 election: Election decided. Result: candidate won. Election summary: received 2 responses out of 3 voters: 2 yes votes; 0 no votes. yes voters: 175bb8891ee8420ba87f3d3fd257a724, 1a435056a49540eb850fe7c41bff30a4; no voters: 
I20260601 13:37:45.174208   480 tablet_service.cc:1917] Received RequestConsensusVote() RPC: tablet_id: "c03b2b24c79543bbac59dd174e254f09" candidate_uuid: "175bb8891ee8420ba87f3d3fd257a724" candidate_term: 1 candidate_status { last_received { term: 0 index: 0 } } ignore_live_leader: false dest_uuid: "26184eecd3944829b018280a64202a7c"
I20260601 13:37:45.174324   480 raft_consensus.cc:3060] T c03b2b24c79543bbac59dd174e254f09 P 26184eecd3944829b018280a64202a7c [term 0 FOLLOWER]: Advancing to term 1
I20260601 13:37:45.174391   695 tablet_service.cc:1917] Received RequestConsensusVote() RPC: tablet_id: "c03b2b24c79543bbac59dd174e254f09" candidate_uuid: "175bb8891ee8420ba87f3d3fd257a724" candidate_term: 1 candidate_status { last_received { term: 0 index: 0 } } ignore_live_leader: false dest_uuid: "8c18a53c345345a9b553a4c796476ee2"
I20260601 13:37:45.174481   606 raft_consensus.cc:2804] T b8ca916fa65149b9bcb17d2b1f2b79a2 P 175bb8891ee8420ba87f3d3fd257a724 [term 1 FOLLOWER]: Leader election won for term 1
I20260601 13:37:45.174482   695 raft_consensus.cc:3060] T c03b2b24c79543bbac59dd174e254f09 P 8c18a53c345345a9b553a4c796476ee2 [term 0 FOLLOWER]: Advancing to term 1
I20260601 13:37:45.174644   606 raft_consensus.cc:697] T b8ca916fa65149b9bcb17d2b1f2b79a2 P 175bb8891ee8420ba87f3d3fd257a724 [term 1 LEADER]: Becoming Leader. State: Replica: 175bb8891ee8420ba87f3d3fd257a724, State: Running, Role: LEADER
I20260601 13:37:45.174782   606 consensus_queue.cc:237] T b8ca916fa65149b9bcb17d2b1f2b79a2 P 175bb8891ee8420ba87f3d3fd257a724 [LEADER]: Queue going to LEADER mode. State: All replicated index: 0, Majority replicated index: 0, Committed index: 0, Last appended: 0.0, Last appended by leader: 0, Current term: 1, Majority size: 2, State: 0, Mode: LEADER, active raft config: opid_index: -1 OBSOLETE_local: false peers { permanent_uuid: "175bb8891ee8420ba87f3d3fd257a724" member_type: VOTER last_known_addr { host: "127.29.50.65" port: 35137 } } peers { permanent_uuid: "8c18a53c345345a9b553a4c796476ee2" member_type: VOTER last_known_addr { host: "127.29.50.68" port: 41075 } } peers { permanent_uuid: "1a435056a49540eb850fe7c41bff30a4" member_type: VOTER last_known_addr { host: "127.29.50.67" port: 34503 } }
I20260601 13:37:45.175194   480 raft_consensus.cc:2468] T c03b2b24c79543bbac59dd174e254f09 P 26184eecd3944829b018280a64202a7c [term 1 FOLLOWER]: Leader election vote request: Granting yes vote for candidate 175bb8891ee8420ba87f3d3fd257a724 in term 1.
I20260601 13:37:45.175508   368 leader_election.cc:304] T c03b2b24c79543bbac59dd174e254f09 P 175bb8891ee8420ba87f3d3fd257a724 [CANDIDATE]: Term 1 election: Election decided. Result: candidate won. Election summary: received 2 responses out of 3 voters: 2 yes votes; 0 no votes. yes voters: 175bb8891ee8420ba87f3d3fd257a724, 26184eecd3944829b018280a64202a7c; no voters: 
I20260601 13:37:45.175658   695 raft_consensus.cc:2468] T c03b2b24c79543bbac59dd174e254f09 P 8c18a53c345345a9b553a4c796476ee2 [term 1 FOLLOWER]: Leader election vote request: Granting yes vote for candidate 175bb8891ee8420ba87f3d3fd257a724 in term 1.
I20260601 13:37:45.175925   637 raft_consensus.cc:2804] T c03b2b24c79543bbac59dd174e254f09 P 175bb8891ee8420ba87f3d3fd257a724 [term 1 FOLLOWER]: Leader election won for term 1
I20260601 13:37:45.176033   637 raft_consensus.cc:697] T c03b2b24c79543bbac59dd174e254f09 P 175bb8891ee8420ba87f3d3fd257a724 [term 1 LEADER]: Becoming Leader. State: Replica: 175bb8891ee8420ba87f3d3fd257a724, State: Running, Role: LEADER
I20260601 13:37:45.176167   637 consensus_queue.cc:237] T c03b2b24c79543bbac59dd174e254f09 P 175bb8891ee8420ba87f3d3fd257a724 [LEADER]: Queue going to LEADER mode. State: All replicated index: 0, Majority replicated index: 0, Committed index: 0, Last appended: 0.0, Last appended by leader: 0, Current term: 1, Majority size: 2, State: 0, Mode: LEADER, active raft config: opid_index: -1 OBSOLETE_local: false peers { permanent_uuid: "26184eecd3944829b018280a64202a7c" member_type: VOTER last_known_addr { host: "127.29.50.66" port: 46121 } } peers { permanent_uuid: "8c18a53c345345a9b553a4c796476ee2" member_type: VOTER last_known_addr { host: "127.29.50.68" port: 41075 } } peers { permanent_uuid: "175bb8891ee8420ba87f3d3fd257a724" member_type: VOTER last_known_addr { host: "127.29.50.65" port: 35137 } }
I20260601 13:37:45.176466 32767 catalog_manager.cc:5696] T b8ca916fa65149b9bcb17d2b1f2b79a2 P 175bb8891ee8420ba87f3d3fd257a724 reported cstate change: term changed from 0 to 1, leader changed from <none> to 175bb8891ee8420ba87f3d3fd257a724 (127.29.50.65). New cstate: current_term: 1 leader_uuid: "175bb8891ee8420ba87f3d3fd257a724" committed_config { opid_index: -1 OBSOLETE_local: false peers { permanent_uuid: "175bb8891ee8420ba87f3d3fd257a724" member_type: VOTER last_known_addr { host: "127.29.50.65" port: 35137 } health_report { overall_health: HEALTHY } } peers { permanent_uuid: "8c18a53c345345a9b553a4c796476ee2" member_type: VOTER last_known_addr { host: "127.29.50.68" port: 41075 } health_report { overall_health: UNKNOWN } } peers { permanent_uuid: "1a435056a49540eb850fe7c41bff30a4" member_type: VOTER last_known_addr { host: "127.29.50.67" port: 34503 } health_report { overall_health: UNKNOWN } } }
I20260601 13:37:45.179288 32767 catalog_manager.cc:5696] T c03b2b24c79543bbac59dd174e254f09 P 175bb8891ee8420ba87f3d3fd257a724 reported cstate change: term changed from 0 to 1, leader changed from <none> to 175bb8891ee8420ba87f3d3fd257a724 (127.29.50.65). New cstate: current_term: 1 leader_uuid: "175bb8891ee8420ba87f3d3fd257a724" committed_config { opid_index: -1 OBSOLETE_local: false peers { permanent_uuid: "26184eecd3944829b018280a64202a7c" member_type: VOTER last_known_addr { host: "127.29.50.66" port: 46121 } health_report { overall_health: UNKNOWN } } peers { permanent_uuid: "8c18a53c345345a9b553a4c796476ee2" member_type: VOTER last_known_addr { host: "127.29.50.68" port: 41075 } health_report { overall_health: UNKNOWN } } peers { permanent_uuid: "175bb8891ee8420ba87f3d3fd257a724" member_type: VOTER last_known_addr { host: "127.29.50.65" port: 35137 } health_report { overall_health: HEALTHY } } }
I20260601 13:37:45.182977   752 raft_consensus.cc:493] T 88b6e1fbeacb4ad1a4aa1a4612ab75fb P 8c18a53c345345a9b553a4c796476ee2 [term 0 FOLLOWER]: Starting pre-election (no leader contacted us within the election timeout)
I20260601 13:37:45.183054   752 raft_consensus.cc:515] T 88b6e1fbeacb4ad1a4aa1a4612ab75fb P 8c18a53c345345a9b553a4c796476ee2 [term 0 FOLLOWER]: Starting pre-election with config: opid_index: -1 OBSOLETE_local: false peers { permanent_uuid: "26184eecd3944829b018280a64202a7c" member_type: VOTER last_known_addr { host: "127.29.50.66" port: 46121 } } peers { permanent_uuid: "8c18a53c345345a9b553a4c796476ee2" member_type: VOTER last_known_addr { host: "127.29.50.68" port: 41075 } } peers { permanent_uuid: "1a435056a49540eb850fe7c41bff30a4" member_type: VOTER last_known_addr { host: "127.29.50.67" port: 34503 } }
I20260601 13:37:45.183341   752 leader_election.cc:290] T 88b6e1fbeacb4ad1a4aa1a4612ab75fb P 8c18a53c345345a9b553a4c796476ee2 [CANDIDATE]: Term 1 pre-election: Requested pre-vote from peers 26184eecd3944829b018280a64202a7c (127.29.50.66:46121), 1a435056a49540eb850fe7c41bff30a4 (127.29.50.67:34503)
I20260601 13:37:45.183581   480 tablet_service.cc:1917] Received RequestConsensusVote() RPC: tablet_id: "88b6e1fbeacb4ad1a4aa1a4612ab75fb" candidate_uuid: "8c18a53c345345a9b553a4c796476ee2" candidate_term: 1 candidate_status { last_received { term: 0 index: 0 } } ignore_live_leader: false dest_uuid: "26184eecd3944829b018280a64202a7c" is_pre_election: true
I20260601 13:37:45.183641   555 tablet_service.cc:1917] Received RequestConsensusVote() RPC: tablet_id: "88b6e1fbeacb4ad1a4aa1a4612ab75fb" candidate_uuid: "8c18a53c345345a9b553a4c796476ee2" candidate_term: 1 candidate_status { last_received { term: 0 index: 0 } } ignore_live_leader: false dest_uuid: "1a435056a49540eb850fe7c41bff30a4" is_pre_election: true
I20260601 13:37:45.183679   480 raft_consensus.cc:2468] T 88b6e1fbeacb4ad1a4aa1a4612ab75fb P 26184eecd3944829b018280a64202a7c [term 0 FOLLOWER]: Leader pre-election vote request: Granting yes vote for candidate 8c18a53c345345a9b553a4c796476ee2 in term 0.
I20260601 13:37:45.183789   555 raft_consensus.cc:2468] T 88b6e1fbeacb4ad1a4aa1a4612ab75fb P 1a435056a49540eb850fe7c41bff30a4 [term 0 FOLLOWER]: Leader pre-election vote request: Granting yes vote for candidate 8c18a53c345345a9b553a4c796476ee2 in term 0.
I20260601 13:37:45.184056   661 leader_election.cc:304] T 88b6e1fbeacb4ad1a4aa1a4612ab75fb P 8c18a53c345345a9b553a4c796476ee2 [CANDIDATE]: Term 1 pre-election: Election decided. Result: candidate won. Election summary: received 2 responses out of 3 voters: 2 yes votes; 0 no votes. yes voters: 1a435056a49540eb850fe7c41bff30a4, 8c18a53c345345a9b553a4c796476ee2; no voters: 
I20260601 13:37:45.184263   752 raft_consensus.cc:2804] T 88b6e1fbeacb4ad1a4aa1a4612ab75fb P 8c18a53c345345a9b553a4c796476ee2 [term 0 FOLLOWER]: Leader pre-election won for term 1
