I20260601 13:38:21.868847 19334 consensus_queue.cc:1048] T 43d49fa8316d4262b8c2f687121d51da P 245afb5fbaa94a69aee4aab3e9dd5297 [LEADER]: Connected to new peer: Peer: permanent_uuid: "cb0c19ceb695469da8c7d96f2d1c626d" member_type: VOTER last_known_addr { host: "127.13.251.194" port: 43515 }, Status: LMP_MISMATCH, Last received: 0.0, Next index: 27, Last known committed idx: 26, Time since last communication: 0.000s
I20260601 13:38:21.870486 19361 raft_consensus.cc:2955] T 43d49fa8316d4262b8c2f687121d51da P 245afb5fbaa94a69aee4aab3e9dd5297 [term 1 LEADER]: Committing config change with OpId 1.27: config changed from index 26 to 27, VOTER c67909fa51db4ee789b19117597aafbe (127.13.251.193) evicted. New config: { opid_index: 27 OBSOLETE_local: false peers { permanent_uuid: "cb0c19ceb695469da8c7d96f2d1c626d" member_type: VOTER last_known_addr { host: "127.13.251.194" port: 43515 } } peers { permanent_uuid: "245afb5fbaa94a69aee4aab3e9dd5297" member_type: VOTER last_known_addr { host: "127.13.251.195" port: 46135 } } peers { permanent_uuid: "e6a5b3d4f47c447485973ade72157efe" member_type: VOTER last_known_addr { host: "127.13.251.197" port: 43461 } attrs { promote: false } } }
I20260601 13:38:21.870975 18796 raft_consensus.cc:2955] T 43d49fa8316d4262b8c2f687121d51da P cb0c19ceb695469da8c7d96f2d1c626d [term 1 FOLLOWER]: Committing config change with OpId 1.27: config changed from index 26 to 27, VOTER c67909fa51db4ee789b19117597aafbe (127.13.251.193) evicted. New config: { opid_index: 27 OBSOLETE_local: false peers { permanent_uuid: "cb0c19ceb695469da8c7d96f2d1c626d" member_type: VOTER last_known_addr { host: "127.13.251.194" port: 43515 } } peers { permanent_uuid: "245afb5fbaa94a69aee4aab3e9dd5297" member_type: VOTER last_known_addr { host: "127.13.251.195" port: 46135 } } peers { permanent_uuid: "e6a5b3d4f47c447485973ade72157efe" member_type: VOTER last_known_addr { host: "127.13.251.197" port: 43461 } attrs { promote: false } } }
I20260601 13:38:21.872560 19191 raft_consensus.cc:2955] T 43d49fa8316d4262b8c2f687121d51da P e6a5b3d4f47c447485973ade72157efe [term 1 FOLLOWER]: Committing config change with OpId 1.27: config changed from index 26 to 27, VOTER c67909fa51db4ee789b19117597aafbe (127.13.251.193) evicted. New config: { opid_index: 27 OBSOLETE_local: false peers { permanent_uuid: "cb0c19ceb695469da8c7d96f2d1c626d" member_type: VOTER last_known_addr { host: "127.13.251.194" port: 43515 } } peers { permanent_uuid: "245afb5fbaa94a69aee4aab3e9dd5297" member_type: VOTER last_known_addr { host: "127.13.251.195" port: 46135 } } peers { permanent_uuid: "e6a5b3d4f47c447485973ade72157efe" member_type: VOTER last_known_addr { host: "127.13.251.197" port: 43461 } attrs { promote: false } } }
I20260601 13:38:21.873358 18604 catalog_manager.cc:5209] ChangeConfig:REMOVE_PEER RPC for tablet 43d49fa8316d4262b8c2f687121d51da with cas_config_opid_index 26: ChangeConfig:REMOVE_PEER succeeded (attempt 1)
I20260601 13:38:21.874004 18614 catalog_manager.cc:5696] T 43d49fa8316d4262b8c2f687121d51da P 245afb5fbaa94a69aee4aab3e9dd5297 reported cstate change: config changed from index 26 to 27, VOTER c67909fa51db4ee789b19117597aafbe (127.13.251.193) evicted. New cstate: current_term: 1 leader_uuid: "245afb5fbaa94a69aee4aab3e9dd5297" committed_config { opid_index: 27 OBSOLETE_local: false peers { permanent_uuid: "cb0c19ceb695469da8c7d96f2d1c626d" member_type: VOTER last_known_addr { host: "127.13.251.194" port: 43515 } health_report { overall_health: HEALTHY } } peers { permanent_uuid: "245afb5fbaa94a69aee4aab3e9dd5297" member_type: VOTER last_known_addr { host: "127.13.251.195" port: 46135 } health_report { overall_health: HEALTHY } } peers { permanent_uuid: "e6a5b3d4f47c447485973ade72157efe" member_type: VOTER last_known_addr { host: "127.13.251.197" port: 43461 } attrs { promote: false } health_report { overall_health: HEALTHY } } }
I20260601 13:38:21.875444 19365 ts_tablet_manager.cc:1929] T c9a838fadf0a4e09a14f0a018712b775 P cb0c19ceb695469da8c7d96f2d1c626d: tablet deleted with delete type TABLET_DATA_TOMBSTONED: last-logged OpId 1.27
I20260601 13:38:21.875555 19365 log.cc:1199] T c9a838fadf0a4e09a14f0a018712b775 P cb0c19ceb695469da8c7d96f2d1c626d: Deleting WAL directory at /tmp/dist-test-taskyoVrpI/test-tmp/auto_rebalancer-test.0.AutoRebalancerTest.TestMaxMovesPerServer.1780320993635758-14319-0/minicluster-data/ts-1-root/wals/c9a838fadf0a4e09a14f0a018712b775
I20260601 13:38:21.876147 18604 catalog_manager.cc:5027] TS cb0c19ceb695469da8c7d96f2d1c626d (127.13.251.194:43515): tablet c9a838fadf0a4e09a14f0a018712b775 (table test-workload [id=3918071c72874958ad9488566ea4640d]) successfully deleted
I20260601 13:38:21.877003 18707 tablet_service.cc:1558] Processing DeleteTablet for tablet 43d49fa8316d4262b8c2f687121d51da with delete_type TABLET_DATA_TOMBSTONED (TS c67909fa51db4ee789b19117597aafbe not found in new config with opid_index 27) from {username='slave'} at 127.0.0.1:59354
I20260601 13:38:21.877388 19366 tablet_replica.cc:333] T 43d49fa8316d4262b8c2f687121d51da P c67909fa51db4ee789b19117597aafbe: stopping tablet replica
I20260601 13:38:21.877566 19366 raft_consensus.cc:2243] T 43d49fa8316d4262b8c2f687121d51da P c67909fa51db4ee789b19117597aafbe [term 1 FOLLOWER]: Raft consensus shutting down.
I20260601 13:38:21.877796 19366 raft_consensus.cc:2272] T 43d49fa8316d4262b8c2f687121d51da P c67909fa51db4ee789b19117597aafbe [term 1 FOLLOWER]: Raft consensus is shut down!
I20260601 13:38:21.878407 19366 ts_tablet_manager.cc:1916] T 43d49fa8316d4262b8c2f687121d51da P c67909fa51db4ee789b19117597aafbe: Deleting tablet data with delete state TABLET_DATA_TOMBSTONED
I20260601 13:38:21.880613 19366 ts_tablet_manager.cc:1929] T 43d49fa8316d4262b8c2f687121d51da P c67909fa51db4ee789b19117597aafbe: tablet deleted with delete type TABLET_DATA_TOMBSTONED: last-logged OpId 1.26
I20260601 13:38:21.880682 19366 log.cc:1199] T 43d49fa8316d4262b8c2f687121d51da P c67909fa51db4ee789b19117597aafbe: Deleting WAL directory at /tmp/dist-test-taskyoVrpI/test-tmp/auto_rebalancer-test.0.AutoRebalancerTest.TestMaxMovesPerServer.1780320993635758-14319-0/minicluster-data/ts-0-root/wals/43d49fa8316d4262b8c2f687121d51da
I20260601 13:38:21.881218 18604 catalog_manager.cc:5027] TS c67909fa51db4ee789b19117597aafbe (127.13.251.193:38163): tablet 43d49fa8316d4262b8c2f687121d51da (table test-workload [id=3918071c72874958ad9488566ea4640d]) successfully deleted
I20260601 13:38:21.998441 19367 raft_consensus.cc:1064] T 92970fadcc494034a6dc18ad20f06d46 P cb0c19ceb695469da8c7d96f2d1c626d: attempting to promote NON_VOTER e6a5b3d4f47c447485973ade72157efe to VOTER
I20260601 13:38:21.998939 19367 consensus_queue.cc:237] T 92970fadcc494034a6dc18ad20f06d46 P cb0c19ceb695469da8c7d96f2d1c626d [LEADER]: Queue going to LEADER mode. State: All replicated index: 0, Majority replicated index: 26, Committed index: 26, Last appended: 1.26, Last appended by leader: 0, Current term: 1, Majority size: 3, State: 0, Mode: LEADER, active raft config: opid_index: 27 OBSOLETE_local: false peers { permanent_uuid: "c67909fa51db4ee789b19117597aafbe" member_type: VOTER last_known_addr { host: "127.13.251.193" port: 38163 } } peers { permanent_uuid: "cb0c19ceb695469da8c7d96f2d1c626d" member_type: VOTER last_known_addr { host: "127.13.251.194" port: 43515 } } peers { permanent_uuid: "245afb5fbaa94a69aee4aab3e9dd5297" member_type: VOTER last_known_addr { host: "127.13.251.195" port: 46135 } attrs { replace: true } } peers { permanent_uuid: "e6a5b3d4f47c447485973ade72157efe" member_type: VOTER last_known_addr { host: "127.13.251.197" port: 43461 } attrs { promote: false } }
I20260601 13:38:22.000466 18717 raft_consensus.cc:1275] T 92970fadcc494034a6dc18ad20f06d46 P c67909fa51db4ee789b19117597aafbe [term 1 FOLLOWER]: Refusing update from remote peer cb0c19ceb695469da8c7d96f2d1c626d: Log matching property violated. Preceding OpId in replica: term: 1 index: 26. Preceding OpId from leader: term: 1 index: 27. (index mismatch)
I20260601 13:38:22.000466 18869 raft_consensus.cc:1275] T 92970fadcc494034a6dc18ad20f06d46 P 245afb5fbaa94a69aee4aab3e9dd5297 [term 1 FOLLOWER]: Refusing update from remote peer cb0c19ceb695469da8c7d96f2d1c626d: Log matching property violated. Preceding OpId in replica: term: 1 index: 26. Preceding OpId from leader: term: 1 index: 27. (index mismatch)
I20260601 13:38:22.000592 19191 raft_consensus.cc:1275] T 92970fadcc494034a6dc18ad20f06d46 P e6a5b3d4f47c447485973ade72157efe [term 1 LEARNER]: Refusing update from remote peer cb0c19ceb695469da8c7d96f2d1c626d: Log matching property violated. Preceding OpId in replica: term: 1 index: 26. Preceding OpId from leader: term: 1 index: 27. (index mismatch)
I20260601 13:38:22.000976 19336 consensus_queue.cc:1048] T 92970fadcc494034a6dc18ad20f06d46 P cb0c19ceb695469da8c7d96f2d1c626d [LEADER]: Connected to new peer: Peer: permanent_uuid: "c67909fa51db4ee789b19117597aafbe" member_type: VOTER last_known_addr { host: "127.13.251.193" port: 38163 }, Status: LMP_MISMATCH, Last received: 0.0, Next index: 27, Last known committed idx: 26, Time since last communication: 0.000s
I20260601 13:38:22.001163 19368 consensus_queue.cc:1048] T 92970fadcc494034a6dc18ad20f06d46 P cb0c19ceb695469da8c7d96f2d1c626d [LEADER]: Connected to new peer: Peer: permanent_uuid: "245afb5fbaa94a69aee4aab3e9dd5297" member_type: VOTER last_known_addr { host: "127.13.251.195" port: 46135 } attrs { replace: true }, Status: LMP_MISMATCH, Last received: 0.0, Next index: 27, Last known committed idx: 26, Time since last communication: 0.000s
I20260601 13:38:22.001354 19370 consensus_queue.cc:1048] T 92970fadcc494034a6dc18ad20f06d46 P cb0c19ceb695469da8c7d96f2d1c626d [LEADER]: Connected to new peer: Peer: permanent_uuid: "e6a5b3d4f47c447485973ade72157efe" member_type: VOTER last_known_addr { host: "127.13.251.197" port: 43461 } attrs { promote: false }, Status: LMP_MISMATCH, Last received: 0.0, Next index: 27, Last known committed idx: 26, Time since last communication: 0.000s
I20260601 13:38:22.003772 19336 raft_consensus.cc:2955] T 92970fadcc494034a6dc18ad20f06d46 P cb0c19ceb695469da8c7d96f2d1c626d [term 1 LEADER]: Committing config change with OpId 1.27: config changed from index 26 to 27, e6a5b3d4f47c447485973ade72157efe (127.13.251.197) changed from NON_VOTER to VOTER. New config: { opid_index: 27 OBSOLETE_local: false peers { permanent_uuid: "c67909fa51db4ee789b19117597aafbe" member_type: VOTER last_known_addr { host: "127.13.251.193" port: 38163 } } peers { permanent_uuid: "cb0c19ceb695469da8c7d96f2d1c626d" member_type: VOTER last_known_addr { host: "127.13.251.194" port: 43515 } } peers { permanent_uuid: "245afb5fbaa94a69aee4aab3e9dd5297" member_type: VOTER last_known_addr { host: "127.13.251.195" port: 46135 } attrs { replace: true } } peers { permanent_uuid: "e6a5b3d4f47c447485973ade72157efe" member_type: VOTER last_known_addr { host: "127.13.251.197" port: 43461 } attrs { promote: false } } }
I20260601 13:38:22.004205 19191 raft_consensus.cc:2955] T 92970fadcc494034a6dc18ad20f06d46 P e6a5b3d4f47c447485973ade72157efe [term 1 FOLLOWER]: Committing config change with OpId 1.27: config changed from index 26 to 27, e6a5b3d4f47c447485973ade72157efe (127.13.251.197) changed from NON_VOTER to VOTER. New config: { opid_index: 27 OBSOLETE_local: false peers { permanent_uuid: "c67909fa51db4ee789b19117597aafbe" member_type: VOTER last_known_addr { host: "127.13.251.193" port: 38163 } } peers { permanent_uuid: "cb0c19ceb695469da8c7d96f2d1c626d" member_type: VOTER last_known_addr { host: "127.13.251.194" port: 43515 } } peers { permanent_uuid: "245afb5fbaa94a69aee4aab3e9dd5297" member_type: VOTER last_known_addr { host: "127.13.251.195" port: 46135 } attrs { replace: true } } peers { permanent_uuid: "e6a5b3d4f47c447485973ade72157efe" member_type: VOTER last_known_addr { host: "127.13.251.197" port: 43461 } attrs { promote: false } } }
I20260601 13:38:22.006577 18620 catalog_manager.cc:5696] T 92970fadcc494034a6dc18ad20f06d46 P e6a5b3d4f47c447485973ade72157efe reported cstate change: config changed from index 26 to 27, e6a5b3d4f47c447485973ade72157efe (127.13.251.197) changed from NON_VOTER to VOTER. New cstate: current_term: 1 leader_uuid: "cb0c19ceb695469da8c7d96f2d1c626d" committed_config { opid_index: 27 OBSOLETE_local: false peers { permanent_uuid: "c67909fa51db4ee789b19117597aafbe" member_type: VOTER last_known_addr { host: "127.13.251.193" port: 38163 } } peers { permanent_uuid: "cb0c19ceb695469da8c7d96f2d1c626d" member_type: VOTER last_known_addr { host: "127.13.251.194" port: 43515 } } peers { permanent_uuid: "245afb5fbaa94a69aee4aab3e9dd5297" member_type: VOTER last_known_addr { host: "127.13.251.195" port: 46135 } attrs { replace: true } } peers { permanent_uuid: "e6a5b3d4f47c447485973ade72157efe" member_type: VOTER last_known_addr { host: "127.13.251.197" port: 43461 } attrs { promote: false } } }
I20260601 13:38:22.007097 18869 raft_consensus.cc:2955] T 92970fadcc494034a6dc18ad20f06d46 P 245afb5fbaa94a69aee4aab3e9dd5297 [term 1 FOLLOWER]: Committing config change with OpId 1.27: config changed from index 26 to 27, e6a5b3d4f47c447485973ade72157efe (127.13.251.197) changed from NON_VOTER to VOTER. New config: { opid_index: 27 OBSOLETE_local: false peers { permanent_uuid: "c67909fa51db4ee789b19117597aafbe" member_type: VOTER last_known_addr { host: "127.13.251.193" port: 38163 } } peers { permanent_uuid: "cb0c19ceb695469da8c7d96f2d1c626d" member_type: VOTER last_known_addr { host: "127.13.251.194" port: 43515 } } peers { permanent_uuid: "245afb5fbaa94a69aee4aab3e9dd5297" member_type: VOTER last_known_addr { host: "127.13.251.195" port: 46135 } attrs { replace: true } } peers { permanent_uuid: "e6a5b3d4f47c447485973ade72157efe" member_type: VOTER last_known_addr { host: "127.13.251.197" port: 43461 } attrs { promote: false } } }
I20260601 13:38:22.007308 18717 raft_consensus.cc:2955] T 92970fadcc494034a6dc18ad20f06d46 P c67909fa51db4ee789b19117597aafbe [term 1 FOLLOWER]: Committing config change with OpId 1.27: config changed from index 26 to 27, e6a5b3d4f47c447485973ade72157efe (127.13.251.197) changed from NON_VOTER to VOTER. New config: { opid_index: 27 OBSOLETE_local: false peers { permanent_uuid: "c67909fa51db4ee789b19117597aafbe" member_type: VOTER last_known_addr { host: "127.13.251.193" port: 38163 } } peers { permanent_uuid: "cb0c19ceb695469da8c7d96f2d1c626d" member_type: VOTER last_known_addr { host: "127.13.251.194" port: 43515 } } peers { permanent_uuid: "245afb5fbaa94a69aee4aab3e9dd5297" member_type: VOTER last_known_addr { host: "127.13.251.195" port: 46135 } attrs { replace: true } } peers { permanent_uuid: "e6a5b3d4f47c447485973ade72157efe" member_type: VOTER last_known_addr { host: "127.13.251.197" port: 43461 } attrs { promote: false } } }
I20260601 13:38:22.010170 18796 consensus_queue.cc:237] T 92970fadcc494034a6dc18ad20f06d46 P cb0c19ceb695469da8c7d96f2d1c626d [LEADER]: Queue going to LEADER mode. State: All replicated index: 0, Majority replicated index: 27, Committed index: 27, Last appended: 1.27, Last appended by leader: 0, Current term: 1, Majority size: 2, State: 0, Mode: LEADER, active raft config: opid_index: 28 OBSOLETE_local: false peers { permanent_uuid: "c67909fa51db4ee789b19117597aafbe" member_type: VOTER last_known_addr { host: "127.13.251.193" port: 38163 } } peers { permanent_uuid: "cb0c19ceb695469da8c7d96f2d1c626d" member_type: VOTER last_known_addr { host: "127.13.251.194" port: 43515 } } peers { permanent_uuid: "e6a5b3d4f47c447485973ade72157efe" member_type: VOTER last_known_addr { host: "127.13.251.197" port: 43461 } attrs { promote: false } }
I20260601 13:38:22.011307 19191 raft_consensus.cc:1275] T 92970fadcc494034a6dc18ad20f06d46 P e6a5b3d4f47c447485973ade72157efe [term 1 FOLLOWER]: Refusing update from remote peer cb0c19ceb695469da8c7d96f2d1c626d: Log matching property violated. Preceding OpId in replica: term: 1 index: 27. Preceding OpId from leader: term: 1 index: 28. (index mismatch)
I20260601 13:38:22.011548 18717 raft_consensus.cc:1275] T 92970fadcc494034a6dc18ad20f06d46 P c67909fa51db4ee789b19117597aafbe [term 1 FOLLOWER]: Refusing update from remote peer cb0c19ceb695469da8c7d96f2d1c626d: Log matching property violated. Preceding OpId in replica: term: 1 index: 27. Preceding OpId from leader: term: 1 index: 28. (index mismatch)
I20260601 13:38:22.011960 19336 consensus_queue.cc:1048] T 92970fadcc494034a6dc18ad20f06d46 P cb0c19ceb695469da8c7d96f2d1c626d [LEADER]: Connected to new peer: Peer: permanent_uuid: "e6a5b3d4f47c447485973ade72157efe" member_type: VOTER last_known_addr { host: "127.13.251.197" port: 43461 } attrs { promote: false }, Status: LMP_MISMATCH, Last received: 0.0, Next index: 28, Last known committed idx: 27, Time since last communication: 0.000s
I20260601 13:38:22.012140 19368 consensus_queue.cc:1048] T 92970fadcc494034a6dc18ad20f06d46 P cb0c19ceb695469da8c7d96f2d1c626d [LEADER]: Connected to new peer: Peer: permanent_uuid: "c67909fa51db4ee789b19117597aafbe" member_type: VOTER last_known_addr { host: "127.13.251.193" port: 38163 }, Status: LMP_MISMATCH, Last received: 0.0, Next index: 28, Last known committed idx: 27, Time since last communication: 0.000s
I20260601 13:38:22.013852 19370 raft_consensus.cc:2955] T 92970fadcc494034a6dc18ad20f06d46 P cb0c19ceb695469da8c7d96f2d1c626d [term 1 LEADER]: Committing config change with OpId 1.28: config changed from index 27 to 28, VOTER 245afb5fbaa94a69aee4aab3e9dd5297 (127.13.251.195) evicted. New config: { opid_index: 28 OBSOLETE_local: false peers { permanent_uuid: "c67909fa51db4ee789b19117597aafbe" member_type: VOTER last_known_addr { host: "127.13.251.193" port: 38163 } } peers { permanent_uuid: "cb0c19ceb695469da8c7d96f2d1c626d" member_type: VOTER last_known_addr { host: "127.13.251.194" port: 43515 } } peers { permanent_uuid: "e6a5b3d4f47c447485973ade72157efe" member_type: VOTER last_known_addr { host: "127.13.251.197" port: 43461 } attrs { promote: false } } }
I20260601 13:38:22.014271 18717 raft_consensus.cc:2955] T 92970fadcc494034a6dc18ad20f06d46 P c67909fa51db4ee789b19117597aafbe [term 1 FOLLOWER]: Committing config change with OpId 1.28: config changed from index 27 to 28, VOTER 245afb5fbaa94a69aee4aab3e9dd5297 (127.13.251.195) evicted. New config: { opid_index: 28 OBSOLETE_local: false peers { permanent_uuid: "c67909fa51db4ee789b19117597aafbe" member_type: VOTER last_known_addr { host: "127.13.251.193" port: 38163 } } peers { permanent_uuid: "cb0c19ceb695469da8c7d96f2d1c626d" member_type: VOTER last_known_addr { host: "127.13.251.194" port: 43515 } } peers { permanent_uuid: "e6a5b3d4f47c447485973ade72157efe" member_type: VOTER last_known_addr { host: "127.13.251.197" port: 43461 } attrs { promote: false } } }
I20260601 13:38:22.015946 19334 raft_consensus.cc:1064] T 6de174b43131478ea0263391ac855f1e P 245afb5fbaa94a69aee4aab3e9dd5297: attempting to promote NON_VOTER 49cf804e27b745f5a17cff731e6559d9 to VOTER
I20260601 13:38:22.016117 19191 raft_consensus.cc:2955] T 92970fadcc494034a6dc18ad20f06d46 P e6a5b3d4f47c447485973ade72157efe [term 1 FOLLOWER]: Committing config change with OpId 1.28: config changed from index 27 to 28, VOTER 245afb5fbaa94a69aee4aab3e9dd5297 (127.13.251.195) evicted. New config: { opid_index: 28 OBSOLETE_local: false peers { permanent_uuid: "c67909fa51db4ee789b19117597aafbe" member_type: VOTER last_known_addr { host: "127.13.251.193" port: 38163 } } peers { permanent_uuid: "cb0c19ceb695469da8c7d96f2d1c626d" member_type: VOTER last_known_addr { host: "127.13.251.194" port: 43515 } } peers { permanent_uuid: "e6a5b3d4f47c447485973ade72157efe" member_type: VOTER last_known_addr { host: "127.13.251.197" port: 43461 } attrs { promote: false } } }
I20260601 13:38:22.016290 18604 catalog_manager.cc:5209] ChangeConfig:REMOVE_PEER RPC for tablet 92970fadcc494034a6dc18ad20f06d46 with cas_config_opid_index 27: ChangeConfig:REMOVE_PEER succeeded (attempt 1)
I20260601 13:38:22.016386 19334 consensus_queue.cc:237] T 6de174b43131478ea0263391ac855f1e P 245afb5fbaa94a69aee4aab3e9dd5297 [LEADER]: Queue going to LEADER mode. State: All replicated index: 0, Majority replicated index: 24, Committed index: 24, Last appended: 1.24, Last appended by leader: 0, Current term: 1, Majority size: 3, State: 0, Mode: LEADER, active raft config: opid_index: 25 OBSOLETE_local: false peers { permanent_uuid: "c67909fa51db4ee789b19117597aafbe" member_type: VOTER last_known_addr { host: "127.13.251.193" port: 38163 } attrs { replace: true } } peers { permanent_uuid: "cb0c19ceb695469da8c7d96f2d1c626d" member_type: VOTER last_known_addr { host: "127.13.251.194" port: 43515 } } peers { permanent_uuid: "245afb5fbaa94a69aee4aab3e9dd5297" member_type: VOTER last_known_addr { host: "127.13.251.195" port: 46135 } } peers { permanent_uuid: "49cf804e27b745f5a17cff731e6559d9" member_type: VOTER last_known_addr { host: "127.13.251.196" port: 37935 } attrs { promote: false } }
I20260601 13:38:22.018008 19115 raft_consensus.cc:1275] T 6de174b43131478ea0263391ac855f1e P 49cf804e27b745f5a17cff731e6559d9 [term 1 LEARNER]: Refusing update from remote peer 245afb5fbaa94a69aee4aab3e9dd5297: Log matching property violated. Preceding OpId in replica: term: 1 index: 24. Preceding OpId from leader: term: 1 index: 25. (index mismatch)
I20260601 13:38:22.018122 18620 catalog_manager.cc:5696] T 92970fadcc494034a6dc18ad20f06d46 P c67909fa51db4ee789b19117597aafbe reported cstate change: config changed from index 27 to 28, VOTER 245afb5fbaa94a69aee4aab3e9dd5297 (127.13.251.195) evicted. New cstate: current_term: 1 leader_uuid: "cb0c19ceb695469da8c7d96f2d1c626d" committed_config { opid_index: 28 OBSOLETE_local: false peers { permanent_uuid: "c67909fa51db4ee789b19117597aafbe" member_type: VOTER last_known_addr { host: "127.13.251.193" port: 38163 } } peers { permanent_uuid: "cb0c19ceb695469da8c7d96f2d1c626d" member_type: VOTER last_known_addr { host: "127.13.251.194" port: 43515 } } peers { permanent_uuid: "e6a5b3d4f47c447485973ade72157efe" member_type: VOTER last_known_addr { host: "127.13.251.197" port: 43461 } attrs { promote: false } } }
I20260601 13:38:22.018513 19360 consensus_queue.cc:1048] T 6de174b43131478ea0263391ac855f1e P 245afb5fbaa94a69aee4aab3e9dd5297 [LEADER]: Connected to new peer: Peer: permanent_uuid: "49cf804e27b745f5a17cff731e6559d9" member_type: VOTER last_known_addr { host: "127.13.251.196" port: 37935 } attrs { promote: false }, Status: LMP_MISMATCH, Last received: 0.0, Next index: 25, Last known committed idx: 24, Time since last communication: 0.000s
I20260601 13:38:22.018646 18796 raft_consensus.cc:1275] T 6de174b43131478ea0263391ac855f1e P cb0c19ceb695469da8c7d96f2d1c626d [term 1 FOLLOWER]: Refusing update from remote peer 245afb5fbaa94a69aee4aab3e9dd5297: Log matching property violated. Preceding OpId in replica: term: 1 index: 24. Preceding OpId from leader: term: 1 index: 25. (index mismatch)
I20260601 13:38:22.019160 19360 consensus_queue.cc:1048] T 6de174b43131478ea0263391ac855f1e P 245afb5fbaa94a69aee4aab3e9dd5297 [LEADER]: Connected to new peer: Peer: permanent_uuid: "cb0c19ceb695469da8c7d96f2d1c626d" member_type: VOTER last_known_addr { host: "127.13.251.194" port: 43515 }, Status: LMP_MISMATCH, Last received: 0.0, Next index: 25, Last known committed idx: 24, Time since last communication: 0.000s
I20260601 13:38:22.021129 18717 raft_consensus.cc:1275] T 6de174b43131478ea0263391ac855f1e P c67909fa51db4ee789b19117597aafbe [term 1 FOLLOWER]: Refusing update from remote peer 245afb5fbaa94a69aee4aab3e9dd5297: Log matching property violated. Preceding OpId in replica: term: 1 index: 24. Preceding OpId from leader: term: 1 index: 25. (index mismatch)
I20260601 13:38:22.021485 19360 consensus_queue.cc:1048] T 6de174b43131478ea0263391ac855f1e P 245afb5fbaa94a69aee4aab3e9dd5297 [LEADER]: Connected to new peer: Peer: permanent_uuid: "c67909fa51db4ee789b19117597aafbe" member_type: VOTER last_known_addr { host: "127.13.251.193" port: 38163 } attrs { replace: true }, Status: LMP_MISMATCH, Last received: 0.0, Next index: 25, Last known committed idx: 24, Time since last communication: 0.000s
I20260601 13:38:22.022450 18863 tablet_service.cc:1558] Processing DeleteTablet for tablet 92970fadcc494034a6dc18ad20f06d46 with delete_type TABLET_DATA_TOMBSTONED (TS 245afb5fbaa94a69aee4aab3e9dd5297 not found in new config with opid_index 28) from {username='slave'} at 127.0.0.1:58334
I20260601 13:38:22.023140 19378 tablet_replica.cc:333] T 92970fadcc494034a6dc18ad20f06d46 P 245afb5fbaa94a69aee4aab3e9dd5297: stopping tablet replica
I20260601 13:38:22.023304 19378 raft_consensus.cc:2243] T 92970fadcc494034a6dc18ad20f06d46 P 245afb5fbaa94a69aee4aab3e9dd5297 [term 1 FOLLOWER]: Raft consensus shutting down.
I20260601 13:38:22.023486 19378 raft_consensus.cc:2272] T 92970fadcc494034a6dc18ad20f06d46 P 245afb5fbaa94a69aee4aab3e9dd5297 [term 1 FOLLOWER]: Raft consensus is shut down!
I20260601 13:38:22.023331 19361 raft_consensus.cc:2955] T 6de174b43131478ea0263391ac855f1e P 245afb5fbaa94a69aee4aab3e9dd5297 [term 1 LEADER]: Committing config change with OpId 1.25: config changed from index 24 to 25, 49cf804e27b745f5a17cff731e6559d9 (127.13.251.196) changed from NON_VOTER to VOTER. New config: { opid_index: 25 OBSOLETE_local: false peers { permanent_uuid: "c67909fa51db4ee789b19117597aafbe" member_type: VOTER last_known_addr { host: "127.13.251.193" port: 38163 } attrs { replace: true } } peers { permanent_uuid: "cb0c19ceb695469da8c7d96f2d1c626d" member_type: VOTER last_known_addr { host: "127.13.251.194" port: 43515 } } peers { permanent_uuid: "245afb5fbaa94a69aee4aab3e9dd5297" member_type: VOTER last_known_addr { host: "127.13.251.195" port: 46135 } } peers { permanent_uuid: "49cf804e27b745f5a17cff731e6559d9" member_type: VOTER last_known_addr { host: "127.13.251.196" port: 37935 } attrs { promote: false } } }
I20260601 13:38:22.023770 18717 raft_consensus.cc:2955] T 6de174b43131478ea0263391ac855f1e P c67909fa51db4ee789b19117597aafbe [term 1 FOLLOWER]: Committing config change with OpId 1.25: config changed from index 24 to 25, 49cf804e27b745f5a17cff731e6559d9 (127.13.251.196) changed from NON_VOTER to VOTER. New config: { opid_index: 25 OBSOLETE_local: false peers { permanent_uuid: "c67909fa51db4ee789b19117597aafbe" member_type: VOTER last_known_addr { host: "127.13.251.193" port: 38163 } attrs { replace: true } } peers { permanent_uuid: "cb0c19ceb695469da8c7d96f2d1c626d" member_type: VOTER last_known_addr { host: "127.13.251.194" port: 43515 } } peers { permanent_uuid: "245afb5fbaa94a69aee4aab3e9dd5297" member_type: VOTER last_known_addr { host: "127.13.251.195" port: 46135 } } peers { permanent_uuid: "49cf804e27b745f5a17cff731e6559d9" member_type: VOTER last_known_addr { host: "127.13.251.196" port: 37935 } attrs { promote: false } } }
I20260601 13:38:22.024526 19115 raft_consensus.cc:2955] T 6de174b43131478ea0263391ac855f1e P 49cf804e27b745f5a17cff731e6559d9 [term 1 FOLLOWER]: Committing config change with OpId 1.25: config changed from index 24 to 25, 49cf804e27b745f5a17cff731e6559d9 (127.13.251.196) changed from NON_VOTER to VOTER. New config: { opid_index: 25 OBSOLETE_local: false peers { permanent_uuid: "c67909fa51db4ee789b19117597aafbe" member_type: VOTER last_known_addr { host: "127.13.251.193" port: 38163 } attrs { replace: true } } peers { permanent_uuid: "cb0c19ceb695469da8c7d96f2d1c626d" member_type: VOTER last_known_addr { host: "127.13.251.194" port: 43515 } } peers { permanent_uuid: "245afb5fbaa94a69aee4aab3e9dd5297" member_type: VOTER last_known_addr { host: "127.13.251.195" port: 46135 } } peers { permanent_uuid: "49cf804e27b745f5a17cff731e6559d9" member_type: VOTER last_known_addr { host: "127.13.251.196" port: 37935 } attrs { promote: false } } }
I20260601 13:38:22.026197 19378 ts_tablet_manager.cc:1916] T 92970fadcc494034a6dc18ad20f06d46 P 245afb5fbaa94a69aee4aab3e9dd5297: Deleting tablet data with delete state TABLET_DATA_TOMBSTONED
I20260601 13:38:22.027081 18620 catalog_manager.cc:5696] T 6de174b43131478ea0263391ac855f1e P 245afb5fbaa94a69aee4aab3e9dd5297 reported cstate change: config changed from index 24 to 25, 49cf804e27b745f5a17cff731e6559d9 (127.13.251.196) changed from NON_VOTER to VOTER. New cstate: current_term: 1 leader_uuid: "245afb5fbaa94a69aee4aab3e9dd5297" committed_config { opid_index: 25 OBSOLETE_local: false peers { permanent_uuid: "c67909fa51db4ee789b19117597aafbe" member_type: VOTER last_known_addr { host: "127.13.251.193" port: 38163 } attrs { replace: true } health_report { overall_health: HEALTHY } } peers { permanent_uuid: "cb0c19ceb695469da8c7d96f2d1c626d" member_type: VOTER last_known_addr { host: "127.13.251.194" port: 43515 } health_report { overall_health: HEALTHY } } peers { permanent_uuid: "245afb5fbaa94a69aee4aab3e9dd5297" member_type: VOTER last_known_addr { host: "127.13.251.195" port: 46135 } health_report { overall_health: HEALTHY } } peers { permanent_uuid: "49cf804e27b745f5a17cff731e6559d9" member_type: VOTER last_known_addr { host: "127.13.251.196" port: 37935 } attrs { promote: false } health_report { overall_health: HEALTHY } } }
I20260601 13:38:22.027220 18796 raft_consensus.cc:2955] T 6de174b43131478ea0263391ac855f1e P cb0c19ceb695469da8c7d96f2d1c626d [term 1 FOLLOWER]: Committing config change with OpId 1.25: config changed from index 24 to 25, 49cf804e27b745f5a17cff731e6559d9 (127.13.251.196) changed from NON_VOTER to VOTER. New config: { opid_index: 25 OBSOLETE_local: false peers { permanent_uuid: "c67909fa51db4ee789b19117597aafbe" member_type: VOTER last_known_addr { host: "127.13.251.193" port: 38163 } attrs { replace: true } } peers { permanent_uuid: "cb0c19ceb695469da8c7d96f2d1c626d" member_type: VOTER last_known_addr { host: "127.13.251.194" port: 43515 } } peers { permanent_uuid: "245afb5fbaa94a69aee4aab3e9dd5297" member_type: VOTER last_known_addr { host: "127.13.251.195" port: 46135 } } peers { permanent_uuid: "49cf804e27b745f5a17cff731e6559d9" member_type: VOTER last_known_addr { host: "127.13.251.196" port: 37935 } attrs { promote: false } } }
I20260601 13:38:22.030010 18869 consensus_queue.cc:237] T 6de174b43131478ea0263391ac855f1e P 245afb5fbaa94a69aee4aab3e9dd5297 [LEADER]: Queue going to LEADER mode. State: All replicated index: 0, Majority replicated index: 25, Committed index: 25, Last appended: 1.25, Last appended by leader: 0, Current term: 1, Majority size: 2, State: 0, Mode: LEADER, active raft config: opid_index: 26 OBSOLETE_local: false peers { permanent_uuid: "cb0c19ceb695469da8c7d96f2d1c626d" member_type: VOTER last_known_addr { host: "127.13.251.194" port: 43515 } } peers { permanent_uuid: "245afb5fbaa94a69aee4aab3e9dd5297" member_type: VOTER last_known_addr { host: "127.13.251.195" port: 46135 } } peers { permanent_uuid: "49cf804e27b745f5a17cff731e6559d9" member_type: VOTER last_known_addr { host: "127.13.251.196" port: 37935 } attrs { promote: false } }
I20260601 13:38:22.031002 19378 ts_tablet_manager.cc:1929] T 92970fadcc494034a6dc18ad20f06d46 P 245afb5fbaa94a69aee4aab3e9dd5297: tablet deleted with delete type TABLET_DATA_TOMBSTONED: last-logged OpId 1.27
I20260601 13:38:22.031087 19378 log.cc:1199] T 92970fadcc494034a6dc18ad20f06d46 P 245afb5fbaa94a69aee4aab3e9dd5297: Deleting WAL directory at /tmp/dist-test-taskyoVrpI/test-tmp/auto_rebalancer-test.0.AutoRebalancerTest.TestMaxMovesPerServer.1780320993635758-14319-0/minicluster-data/ts-2-root/wals/92970fadcc494034a6dc18ad20f06d46
I20260601 13:38:22.031276 18796 raft_consensus.cc:1275] T 6de174b43131478ea0263391ac855f1e P cb0c19ceb695469da8c7d96f2d1c626d [term 1 FOLLOWER]: Refusing update from remote peer 245afb5fbaa94a69aee4aab3e9dd5297: Log matching property violated. Preceding OpId in replica: term: 1 index: 25. Preceding OpId from leader: term: 1 index: 26. (index mismatch)
I20260601 13:38:22.031622 19360 consensus_queue.cc:1048] T 6de174b43131478ea0263391ac855f1e P 245afb5fbaa94a69aee4aab3e9dd5297 [LEADER]: Connected to new peer: Peer: permanent_uuid: "cb0c19ceb695469da8c7d96f2d1c626d" member_type: VOTER last_known_addr { host: "127.13.251.194" port: 43515 }, Status: LMP_MISMATCH, Last received: 0.0, Next index: 26, Last known committed idx: 25, Time since last communication: 0.000s
I20260601 13:38:22.031716 19115 raft_consensus.cc:1275] T 6de174b43131478ea0263391ac855f1e P 49cf804e27b745f5a17cff731e6559d9 [term 1 FOLLOWER]: Refusing update from remote peer 245afb5fbaa94a69aee4aab3e9dd5297: Log matching property violated. Preceding OpId in replica: term: 1 index: 25. Preceding OpId from leader: term: 1 index: 26. (index mismatch)
I20260601 13:38:22.031728 18604 catalog_manager.cc:5027] TS 245afb5fbaa94a69aee4aab3e9dd5297 (127.13.251.195:46135): tablet 92970fadcc494034a6dc18ad20f06d46 (table test-workload [id=3918071c72874958ad9488566ea4640d]) successfully deleted
I20260601 13:38:22.032193 19360 consensus_queue.cc:1048] T 6de174b43131478ea0263391ac855f1e P 245afb5fbaa94a69aee4aab3e9dd5297 [LEADER]: Connected to new peer: Peer: permanent_uuid: "49cf804e27b745f5a17cff731e6559d9" member_type: VOTER last_known_addr { host: "127.13.251.196" port: 37935 } attrs { promote: false }, Status: LMP_MISMATCH, Last received: 0.0, Next index: 26, Last known committed idx: 25, Time since last communication: 0.000s
I20260601 13:38:22.033499 19334 raft_consensus.cc:2955] T 6de174b43131478ea0263391ac855f1e P 245afb5fbaa94a69aee4aab3e9dd5297 [term 1 LEADER]: Committing config change with OpId 1.26: config changed from index 25 to 26, VOTER c67909fa51db4ee789b19117597aafbe (127.13.251.193) evicted. New config: { opid_index: 26 OBSOLETE_local: false peers { permanent_uuid: "cb0c19ceb695469da8c7d96f2d1c626d" member_type: VOTER last_known_addr { host: "127.13.251.194" port: 43515 } } peers { permanent_uuid: "245afb5fbaa94a69aee4aab3e9dd5297" member_type: VOTER last_known_addr { host: "127.13.251.195" port: 46135 } } peers { permanent_uuid: "49cf804e27b745f5a17cff731e6559d9" member_type: VOTER last_known_addr { host: "127.13.251.196" port: 37935 } attrs { promote: false } } }
I20260601 13:38:22.033895 18796 raft_consensus.cc:2955] T 6de174b43131478ea0263391ac855f1e P cb0c19ceb695469da8c7d96f2d1c626d [term 1 FOLLOWER]: Committing config change with OpId 1.26: config changed from index 25 to 26, VOTER c67909fa51db4ee789b19117597aafbe (127.13.251.193) evicted. New config: { opid_index: 26 OBSOLETE_local: false peers { permanent_uuid: "cb0c19ceb695469da8c7d96f2d1c626d" member_type: VOTER last_known_addr { host: "127.13.251.194" port: 43515 } } peers { permanent_uuid: "245afb5fbaa94a69aee4aab3e9dd5297" member_type: VOTER last_known_addr { host: "127.13.251.195" port: 46135 } } peers { permanent_uuid: "49cf804e27b745f5a17cff731e6559d9" member_type: VOTER last_known_addr { host: "127.13.251.196" port: 37935 } attrs { promote: false } } }
I20260601 13:38:22.034217 19115 raft_consensus.cc:2955] T 6de174b43131478ea0263391ac855f1e P 49cf804e27b745f5a17cff731e6559d9 [term 1 FOLLOWER]: Committing config change with OpId 1.26: config changed from index 25 to 26, VOTER c67909fa51db4ee789b19117597aafbe (127.13.251.193) evicted. New config: { opid_index: 26 OBSOLETE_local: false peers { permanent_uuid: "cb0c19ceb695469da8c7d96f2d1c626d" member_type: VOTER last_known_addr { host: "127.13.251.194" port: 43515 } } peers { permanent_uuid: "245afb5fbaa94a69aee4aab3e9dd5297" member_type: VOTER last_known_addr { host: "127.13.251.195" port: 46135 } } peers { permanent_uuid: "49cf804e27b745f5a17cff731e6559d9" member_type: VOTER last_known_addr { host: "127.13.251.196" port: 37935 } attrs { promote: false } } }
I20260601 13:38:22.035651 18604 catalog_manager.cc:5209] ChangeConfig:REMOVE_PEER RPC for tablet 6de174b43131478ea0263391ac855f1e with cas_config_opid_index 25: ChangeConfig:REMOVE_PEER succeeded (attempt 1)
I20260601 13:38:22.036038 18616 catalog_manager.cc:5696] T 6de174b43131478ea0263391ac855f1e P cb0c19ceb695469da8c7d96f2d1c626d reported cstate change: config changed from index 25 to 26, VOTER c67909fa51db4ee789b19117597aafbe (127.13.251.193) evicted. New cstate: current_term: 1 leader_uuid: "245afb5fbaa94a69aee4aab3e9dd5297" committed_config { opid_index: 26 OBSOLETE_local: false peers { permanent_uuid: "cb0c19ceb695469da8c7d96f2d1c626d" member_type: VOTER last_known_addr { host: "127.13.251.194" port: 43515 } } peers { permanent_uuid: "245afb5fbaa94a69aee4aab3e9dd5297" member_type: VOTER last_known_addr { host: "127.13.251.195" port: 46135 } } peers { permanent_uuid: "49cf804e27b745f5a17cff731e6559d9" member_type: VOTER last_known_addr { host: "127.13.251.196" port: 37935 } attrs { promote: false } } }
I20260601 13:38:22.038501 18707 tablet_service.cc:1558] Processing DeleteTablet for tablet 6de174b43131478ea0263391ac855f1e with delete_type TABLET_DATA_TOMBSTONED (TS c67909fa51db4ee789b19117597aafbe not found in new config with opid_index 26) from {username='slave'} at 127.0.0.1:59354
I20260601 13:38:22.039023 19366 tablet_replica.cc:333] T 6de174b43131478ea0263391ac855f1e P c67909fa51db4ee789b19117597aafbe: stopping tablet replica
I20260601 13:38:22.039184 19366 raft_consensus.cc:2243] T 6de174b43131478ea0263391ac855f1e P c67909fa51db4ee789b19117597aafbe [term 1 FOLLOWER]: Raft consensus shutting down.
I20260601 13:38:22.039390 19366 raft_consensus.cc:2272] T 6de174b43131478ea0263391ac855f1e P c67909fa51db4ee789b19117597aafbe [term 1 FOLLOWER]: Raft consensus is shut down!
I20260601 13:38:22.039984 19366 ts_tablet_manager.cc:1916] T 6de174b43131478ea0263391ac855f1e P c67909fa51db4ee789b19117597aafbe: Deleting tablet data with delete state TABLET_DATA_TOMBSTONED
I20260601 13:38:22.042135 19366 ts_tablet_manager.cc:1929] T 6de174b43131478ea0263391ac855f1e P c67909fa51db4ee789b19117597aafbe: tablet deleted with delete type TABLET_DATA_TOMBSTONED: last-logged OpId 1.25
I20260601 13:38:22.042243 19366 log.cc:1199] T 6de174b43131478ea0263391ac855f1e P c67909fa51db4ee789b19117597aafbe: Deleting WAL directory at /tmp/dist-test-taskyoVrpI/test-tmp/auto_rebalancer-test.0.AutoRebalancerTest.TestMaxMovesPerServer.1780320993635758-14319-0/minicluster-data/ts-0-root/wals/6de174b43131478ea0263391ac855f1e
I20260601 13:38:22.042749 18604 catalog_manager.cc:5027] TS c67909fa51db4ee789b19117597aafbe (127.13.251.193:38163): tablet 6de174b43131478ea0263391ac855f1e (table test-workload [id=3918071c72874958ad9488566ea4640d]) successfully deleted
I20260601 13:38:22.245445 19331 raft_consensus.cc:1064] T 35cc3ee18273432ab6aa0e0749b37918 P c67909fa51db4ee789b19117597aafbe: attempting to promote NON_VOTER d01ded64bbc64266a7f3efda641db17a to VOTER
I20260601 13:38:22.246001 19331 consensus_queue.cc:237] T 35cc3ee18273432ab6aa0e0749b37918 P c67909fa51db4ee789b19117597aafbe [LEADER]: Queue going to LEADER mode. State: All replicated index: 0, Majority replicated index: 26, Committed index: 26, Last appended: 1.26, Last appended by leader: 0, Current term: 1, Majority size: 3, State: 0, Mode: LEADER, active raft config: opid_index: 27 OBSOLETE_local: false peers { permanent_uuid: "c67909fa51db4ee789b19117597aafbe" member_type: VOTER last_known_addr { host: "127.13.251.193" port: 38163 } } peers { permanent_uuid: "cb0c19ceb695469da8c7d96f2d1c626d" member_type: VOTER last_known_addr { host: "127.13.251.194" port: 43515 } attrs { replace: true } } peers { permanent_uuid: "245afb5fbaa94a69aee4aab3e9dd5297" member_type: VOTER last_known_addr { host: "127.13.251.195" port: 46135 } } peers { permanent_uuid: "d01ded64bbc64266a7f3efda641db17a" member_type: VOTER last_known_addr { host: "127.13.251.198" port: 33999 } attrs { promote: false } }
I20260601 13:38:22.247676 18796 raft_consensus.cc:1275] T 35cc3ee18273432ab6aa0e0749b37918 P cb0c19ceb695469da8c7d96f2d1c626d [term 1 FOLLOWER]: Refusing update from remote peer c67909fa51db4ee789b19117597aafbe: Log matching property violated. Preceding OpId in replica: term: 1 index: 26. Preceding OpId from leader: term: 1 index: 27. (index mismatch)
I20260601 13:38:22.247705 19266 raft_consensus.cc:1275] T 35cc3ee18273432ab6aa0e0749b37918 P d01ded64bbc64266a7f3efda641db17a [term 1 LEARNER]: Refusing update from remote peer c67909fa51db4ee789b19117597aafbe: Log matching property violated. Preceding OpId in replica: term: 1 index: 26. Preceding OpId from leader: term: 1 index: 27. (index mismatch)
I20260601 13:38:22.248032 19331 consensus_queue.cc:1048] T 35cc3ee18273432ab6aa0e0749b37918 P c67909fa51db4ee789b19117597aafbe [LEADER]: Connected to new peer: Peer: permanent_uuid: "d01ded64bbc64266a7f3efda641db17a" member_type: VOTER last_known_addr { host: "127.13.251.198" port: 33999 } attrs { promote: false }, Status: LMP_MISMATCH, Last received: 0.0, Next index: 27, Last known committed idx: 26, Time since last communication: 0.000s
I20260601 13:38:22.248204 19349 consensus_queue.cc:1048] T 35cc3ee18273432ab6aa0e0749b37918 P c67909fa51db4ee789b19117597aafbe [LEADER]: Connected to new peer: Peer: permanent_uuid: "cb0c19ceb695469da8c7d96f2d1c626d" member_type: VOTER last_known_addr { host: "127.13.251.194" port: 43515 } attrs { replace: true }, Status: LMP_MISMATCH, Last received: 0.0, Next index: 27, Last known committed idx: 26, Time since last communication: 0.000s
I20260601 13:38:22.248077 18869 raft_consensus.cc:1275] T 35cc3ee18273432ab6aa0e0749b37918 P 245afb5fbaa94a69aee4aab3e9dd5297 [term 1 FOLLOWER]: Refusing update from remote peer c67909fa51db4ee789b19117597aafbe: Log matching property violated. Preceding OpId in replica: term: 1 index: 26. Preceding OpId from leader: term: 1 index: 27. (index mismatch)
I20260601 13:38:22.248605 19349 consensus_queue.cc:1048] T 35cc3ee18273432ab6aa0e0749b37918 P c67909fa51db4ee789b19117597aafbe [LEADER]: Connected to new peer: Peer: permanent_uuid: "245afb5fbaa94a69aee4aab3e9dd5297" member_type: VOTER last_known_addr { host: "127.13.251.195" port: 46135 }, Status: LMP_MISMATCH, Last received: 0.0, Next index: 27, Last known committed idx: 26, Time since last communication: 0.000s
I20260601 13:38:22.250744 19331 raft_consensus.cc:2955] T 35cc3ee18273432ab6aa0e0749b37918 P c67909fa51db4ee789b19117597aafbe [term 1 LEADER]: Committing config change with OpId 1.27: config changed from index 26 to 27, d01ded64bbc64266a7f3efda641db17a (127.13.251.198) changed from NON_VOTER to VOTER. New config: { opid_index: 27 OBSOLETE_local: false peers { permanent_uuid: "c67909fa51db4ee789b19117597aafbe" member_type: VOTER last_known_addr { host: "127.13.251.193" port: 38163 } } peers { permanent_uuid: "cb0c19ceb695469da8c7d96f2d1c626d" member_type: VOTER last_known_addr { host: "127.13.251.194" port: 43515 } attrs { replace: true } } peers { permanent_uuid: "245afb5fbaa94a69aee4aab3e9dd5297" member_type: VOTER last_known_addr { host: "127.13.251.195" port: 46135 } } peers { permanent_uuid: "d01ded64bbc64266a7f3efda641db17a" member_type: VOTER last_known_addr { host: "127.13.251.198" port: 33999 } attrs { promote: false } } }
I20260601 13:38:22.251264 19266 raft_consensus.cc:2955] T 35cc3ee18273432ab6aa0e0749b37918 P d01ded64bbc64266a7f3efda641db17a [term 1 FOLLOWER]: Committing config change with OpId 1.27: config changed from index 26 to 27, d01ded64bbc64266a7f3efda641db17a (127.13.251.198) changed from NON_VOTER to VOTER. New config: { opid_index: 27 OBSOLETE_local: false peers { permanent_uuid: "c67909fa51db4ee789b19117597aafbe" member_type: VOTER last_known_addr { host: "127.13.251.193" port: 38163 } } peers { permanent_uuid: "cb0c19ceb695469da8c7d96f2d1c626d" member_type: VOTER last_known_addr { host: "127.13.251.194" port: 43515 } attrs { replace: true } } peers { permanent_uuid: "245afb5fbaa94a69aee4aab3e9dd5297" member_type: VOTER last_known_addr { host: "127.13.251.195" port: 46135 } } peers { permanent_uuid: "d01ded64bbc64266a7f3efda641db17a" member_type: VOTER last_known_addr { host: "127.13.251.198" port: 33999 } attrs { promote: false } } }
I20260601 13:38:22.251407 18796 raft_consensus.cc:2955] T 35cc3ee18273432ab6aa0e0749b37918 P cb0c19ceb695469da8c7d96f2d1c626d [term 1 FOLLOWER]: Committing config change with OpId 1.27: config changed from index 26 to 27, d01ded64bbc64266a7f3efda641db17a (127.13.251.198) changed from NON_VOTER to VOTER. New config: { opid_index: 27 OBSOLETE_local: false peers { permanent_uuid: "c67909fa51db4ee789b19117597aafbe" member_type: VOTER last_known_addr { host: "127.13.251.193" port: 38163 } } peers { permanent_uuid: "cb0c19ceb695469da8c7d96f2d1c626d" member_type: VOTER last_known_addr { host: "127.13.251.194" port: 43515 } attrs { replace: true } } peers { permanent_uuid: "245afb5fbaa94a69aee4aab3e9dd5297" member_type: VOTER last_known_addr { host: "127.13.251.195" port: 46135 } } peers { permanent_uuid: "d01ded64bbc64266a7f3efda641db17a" member_type: VOTER last_known_addr { host: "127.13.251.198" port: 33999 } attrs { promote: false } } }
I20260601 13:38:22.253852 18618 catalog_manager.cc:5696] T 35cc3ee18273432ab6aa0e0749b37918 P cb0c19ceb695469da8c7d96f2d1c626d reported cstate change: config changed from index 26 to 27, d01ded64bbc64266a7f3efda641db17a (127.13.251.198) changed from NON_VOTER to VOTER. New cstate: current_term: 1 leader_uuid: "c67909fa51db4ee789b19117597aafbe" committed_config { opid_index: 27 OBSOLETE_local: false peers { permanent_uuid: "c67909fa51db4ee789b19117597aafbe" member_type: VOTER last_known_addr { host: "127.13.251.193" port: 38163 } } peers { permanent_uuid: "cb0c19ceb695469da8c7d96f2d1c626d" member_type: VOTER last_known_addr { host: "127.13.251.194" port: 43515 } attrs { replace: true } } peers { permanent_uuid: "245afb5fbaa94a69aee4aab3e9dd5297" member_type: VOTER last_known_addr { host: "127.13.251.195" port: 46135 } } peers { permanent_uuid: "d01ded64bbc64266a7f3efda641db17a" member_type: VOTER last_known_addr { host: "127.13.251.198" port: 33999 } attrs { promote: false } } }
I20260601 13:38:22.254609 18869 raft_consensus.cc:2955] T 35cc3ee18273432ab6aa0e0749b37918 P 245afb5fbaa94a69aee4aab3e9dd5297 [term 1 FOLLOWER]: Committing config change with OpId 1.27: config changed from index 26 to 27, d01ded64bbc64266a7f3efda641db17a (127.13.251.198) changed from NON_VOTER to VOTER. New config: { opid_index: 27 OBSOLETE_local: false peers { permanent_uuid: "c67909fa51db4ee789b19117597aafbe" member_type: VOTER last_known_addr { host: "127.13.251.193" port: 38163 } } peers { permanent_uuid: "cb0c19ceb695469da8c7d96f2d1c626d" member_type: VOTER last_known_addr { host: "127.13.251.194" port: 43515 } attrs { replace: true } } peers { permanent_uuid: "245afb5fbaa94a69aee4aab3e9dd5297" member_type: VOTER last_known_addr { host: "127.13.251.195" port: 46135 } } peers { permanent_uuid: "d01ded64bbc64266a7f3efda641db17a" member_type: VOTER last_known_addr { host: "127.13.251.198" port: 33999 } attrs { promote: false } } }
I20260601 13:38:22.257790 18718 consensus_queue.cc:237] T 35cc3ee18273432ab6aa0e0749b37918 P c67909fa51db4ee789b19117597aafbe [LEADER]: Queue going to LEADER mode. State: All replicated index: 0, Majority replicated index: 27, Committed index: 27, Last appended: 1.27, Last appended by leader: 0, Current term: 1, Majority size: 2, State: 0, Mode: LEADER, active raft config: opid_index: 28 OBSOLETE_local: false peers { permanent_uuid: "c67909fa51db4ee789b19117597aafbe" member_type: VOTER last_known_addr { host: "127.13.251.193" port: 38163 } } peers { permanent_uuid: "245afb5fbaa94a69aee4aab3e9dd5297" member_type: VOTER last_known_addr { host: "127.13.251.195" port: 46135 } } peers { permanent_uuid: "d01ded64bbc64266a7f3efda641db17a" member_type: VOTER last_known_addr { host: "127.13.251.198" port: 33999 } attrs { promote: false } }
I20260601 13:38:22.259143 18869 raft_consensus.cc:1275] T 35cc3ee18273432ab6aa0e0749b37918 P 245afb5fbaa94a69aee4aab3e9dd5297 [term 1 FOLLOWER]: Refusing update from remote peer c67909fa51db4ee789b19117597aafbe: Log matching property violated. Preceding OpId in replica: term: 1 index: 27. Preceding OpId from leader: term: 1 index: 28. (index mismatch)
I20260601 13:38:22.259143 19266 raft_consensus.cc:1275] T 35cc3ee18273432ab6aa0e0749b37918 P d01ded64bbc64266a7f3efda641db17a [term 1 FOLLOWER]: Refusing update from remote peer c67909fa51db4ee789b19117597aafbe: Log matching property violated. Preceding OpId in replica: term: 1 index: 27. Preceding OpId from leader: term: 1 index: 28. (index mismatch)
I20260601 13:38:22.259598 19350 consensus_queue.cc:1048] T 35cc3ee18273432ab6aa0e0749b37918 P c67909fa51db4ee789b19117597aafbe [LEADER]: Connected to new peer: Peer: permanent_uuid: "245afb5fbaa94a69aee4aab3e9dd5297" member_type: VOTER last_known_addr { host: "127.13.251.195" port: 46135 }, Status: LMP_MISMATCH, Last received: 0.0, Next index: 28, Last known committed idx: 27, Time since last communication: 0.000s
I20260601 13:38:22.259946 19346 consensus_queue.cc:1048] T 35cc3ee18273432ab6aa0e0749b37918 P c67909fa51db4ee789b19117597aafbe [LEADER]: Connected to new peer: Peer: permanent_uuid: "d01ded64bbc64266a7f3efda641db17a" member_type: VOTER last_known_addr { host: "127.13.251.198" port: 33999 } attrs { promote: false }, Status: LMP_MISMATCH, Last received: 0.0, Next index: 28, Last known committed idx: 27, Time since last communication: 0.000s
I20260601 13:38:22.261173 19348 raft_consensus.cc:2955] T 35cc3ee18273432ab6aa0e0749b37918 P c67909fa51db4ee789b19117597aafbe [term 1 LEADER]: Committing config change with OpId 1.28: config changed from index 27 to 28, VOTER cb0c19ceb695469da8c7d96f2d1c626d (127.13.251.194) evicted. New config: { opid_index: 28 OBSOLETE_local: false peers { permanent_uuid: "c67909fa51db4ee789b19117597aafbe" member_type: VOTER last_known_addr { host: "127.13.251.193" port: 38163 } } peers { permanent_uuid: "245afb5fbaa94a69aee4aab3e9dd5297" member_type: VOTER last_known_addr { host: "127.13.251.195" port: 46135 } } peers { permanent_uuid: "d01ded64bbc64266a7f3efda641db17a" member_type: VOTER last_known_addr { host: "127.13.251.198" port: 33999 } attrs { promote: false } } }
