I20260601 13:36:41.621912 22075 consensus_queue.cc:237] T 4d5cedb8cab148bfaede69896718e4ca P d9dfae7afebf45d7bee3cd7c428d7f04 [LEADER]: Queue going to LEADER mode. State: All replicated index: 0, Majority replicated index: 1, Committed index: 1, Last appended: 1.1, Last appended by leader: 0, Current term: 1, Majority size: 2, State: 0, Mode: LEADER, active raft config: opid_index: 2 OBSOLETE_local: false peers { permanent_uuid: "ef54e7858bc1464c9538ff99438aae60" member_type: VOTER last_known_addr { host: "127.20.212.65" port: 38469 } attrs { replace: true } } peers { permanent_uuid: "d9dfae7afebf45d7bee3cd7c428d7f04" member_type: VOTER last_known_addr { host: "127.20.212.66" port: 34747 } } peers { permanent_uuid: "a98dec070887435195a2757e605f805c" member_type: VOTER last_known_addr { host: "127.20.212.67" port: 46063 } } peers { permanent_uuid: "cba07635436f4d4da8e81e4cec1d6baa" member_type: NON_VOTER last_known_addr { host: "127.20.212.68" port: 41513 } attrs { promote: true } }
I20260601 13:36:41.623740 22150 raft_consensus.cc:1275] T 4d5cedb8cab148bfaede69896718e4ca P a98dec070887435195a2757e605f805c [term 1 FOLLOWER]: Refusing update from remote peer d9dfae7afebf45d7bee3cd7c428d7f04: Log matching property violated. Preceding OpId in replica: term: 1 index: 1. Preceding OpId from leader: term: 1 index: 2. (index mismatch)
I20260601 13:36:41.623901 21998 raft_consensus.cc:1275] T 4d5cedb8cab148bfaede69896718e4ca P ef54e7858bc1464c9538ff99438aae60 [term 1 FOLLOWER]: Refusing update from remote peer d9dfae7afebf45d7bee3cd7c428d7f04: Log matching property violated. Preceding OpId in replica: term: 1 index: 1. Preceding OpId from leader: term: 1 index: 2. (index mismatch)
I20260601 13:36:41.624230 22348 consensus_queue.cc:1048] T 4d5cedb8cab148bfaede69896718e4ca P d9dfae7afebf45d7bee3cd7c428d7f04 [LEADER]: Connected to new peer: Peer: permanent_uuid: "a98dec070887435195a2757e605f805c" member_type: VOTER last_known_addr { host: "127.20.212.67" port: 46063 }, Status: LMP_MISMATCH, Last received: 0.0, Next index: 2, Last known committed idx: 1, Time since last communication: 0.000s
I20260601 13:36:41.624459 22357 consensus_queue.cc:1048] T 4d5cedb8cab148bfaede69896718e4ca P d9dfae7afebf45d7bee3cd7c428d7f04 [LEADER]: Connected to new peer: Peer: permanent_uuid: "ef54e7858bc1464c9538ff99438aae60" member_type: VOTER last_known_addr { host: "127.20.212.65" port: 38469 } attrs { replace: true }, Status: LMP_MISMATCH, Last received: 0.0, Next index: 2, Last known committed idx: 1, Time since last communication: 0.000s
I20260601 13:36:41.626333 22358 raft_consensus.cc:2955] T 4d5cedb8cab148bfaede69896718e4ca P d9dfae7afebf45d7bee3cd7c428d7f04 [term 1 LEADER]: Committing config change with OpId 1.2: config changed from index -1 to 2, NON_VOTER cba07635436f4d4da8e81e4cec1d6baa (127.20.212.68) added. New config: { opid_index: 2 OBSOLETE_local: false peers { permanent_uuid: "ef54e7858bc1464c9538ff99438aae60" member_type: VOTER last_known_addr { host: "127.20.212.65" port: 38469 } attrs { replace: true } } peers { permanent_uuid: "d9dfae7afebf45d7bee3cd7c428d7f04" member_type: VOTER last_known_addr { host: "127.20.212.66" port: 34747 } } peers { permanent_uuid: "a98dec070887435195a2757e605f805c" member_type: VOTER last_known_addr { host: "127.20.212.67" port: 46063 } } peers { permanent_uuid: "cba07635436f4d4da8e81e4cec1d6baa" member_type: NON_VOTER last_known_addr { host: "127.20.212.68" port: 41513 } attrs { promote: true } } }
I20260601 13:36:41.626719 21998 raft_consensus.cc:2955] T 4d5cedb8cab148bfaede69896718e4ca P ef54e7858bc1464c9538ff99438aae60 [term 1 FOLLOWER]: Committing config change with OpId 1.2: config changed from index -1 to 2, NON_VOTER cba07635436f4d4da8e81e4cec1d6baa (127.20.212.68) added. New config: { opid_index: 2 OBSOLETE_local: false peers { permanent_uuid: "ef54e7858bc1464c9538ff99438aae60" member_type: VOTER last_known_addr { host: "127.20.212.65" port: 38469 } attrs { replace: true } } peers { permanent_uuid: "d9dfae7afebf45d7bee3cd7c428d7f04" member_type: VOTER last_known_addr { host: "127.20.212.66" port: 34747 } } peers { permanent_uuid: "a98dec070887435195a2757e605f805c" member_type: VOTER last_known_addr { host: "127.20.212.67" port: 46063 } } peers { permanent_uuid: "cba07635436f4d4da8e81e4cec1d6baa" member_type: NON_VOTER last_known_addr { host: "127.20.212.68" port: 41513 } attrs { promote: true } } }
W20260601 13:36:41.629114 22039 consensus_peers.cc:597] T 4d5cedb8cab148bfaede69896718e4ca P d9dfae7afebf45d7bee3cd7c428d7f04 -> Peer cba07635436f4d4da8e81e4cec1d6baa (127.20.212.68:41513): Couldn't send request to peer cba07635436f4d4da8e81e4cec1d6baa. Error code: TABLET_NOT_FOUND (6). Status: Not found: Tablet not found: 4d5cedb8cab148bfaede69896718e4ca. This is attempt 1: this message will repeat every 5th retry.
I20260601 13:36:41.629350 21894 catalog_manager.cc:5696] T 4d5cedb8cab148bfaede69896718e4ca P d9dfae7afebf45d7bee3cd7c428d7f04 reported cstate change: config changed from index -1 to 2, NON_VOTER cba07635436f4d4da8e81e4cec1d6baa (127.20.212.68) added. New cstate: current_term: 1 leader_uuid: "d9dfae7afebf45d7bee3cd7c428d7f04" committed_config { opid_index: 2 OBSOLETE_local: false peers { permanent_uuid: "ef54e7858bc1464c9538ff99438aae60" member_type: VOTER last_known_addr { host: "127.20.212.65" port: 38469 } attrs { replace: true } health_report { overall_health: HEALTHY } } peers { permanent_uuid: "d9dfae7afebf45d7bee3cd7c428d7f04" member_type: VOTER last_known_addr { host: "127.20.212.66" port: 34747 } health_report { overall_health: HEALTHY } } peers { permanent_uuid: "a98dec070887435195a2757e605f805c" member_type: VOTER last_known_addr { host: "127.20.212.67" port: 46063 } health_report { overall_health: HEALTHY } } peers { permanent_uuid: "cba07635436f4d4da8e81e4cec1d6baa" member_type: NON_VOTER last_known_addr { host: "127.20.212.68" port: 41513 } attrs { promote: true } health_report { overall_health: UNKNOWN } } }
I20260601 13:36:41.629485 22150 raft_consensus.cc:2955] T 4d5cedb8cab148bfaede69896718e4ca P a98dec070887435195a2757e605f805c [term 1 FOLLOWER]: Committing config change with OpId 1.2: config changed from index -1 to 2, NON_VOTER cba07635436f4d4da8e81e4cec1d6baa (127.20.212.68) added. New config: { opid_index: 2 OBSOLETE_local: false peers { permanent_uuid: "ef54e7858bc1464c9538ff99438aae60" member_type: VOTER last_known_addr { host: "127.20.212.65" port: 38469 } attrs { replace: true } } peers { permanent_uuid: "d9dfae7afebf45d7bee3cd7c428d7f04" member_type: VOTER last_known_addr { host: "127.20.212.66" port: 34747 } } peers { permanent_uuid: "a98dec070887435195a2757e605f805c" member_type: VOTER last_known_addr { host: "127.20.212.67" port: 46063 } } peers { permanent_uuid: "cba07635436f4d4da8e81e4cec1d6baa" member_type: NON_VOTER last_known_addr { host: "127.20.212.68" port: 41513 } attrs { promote: true } } }
I20260601 13:36:41.634398 21998 consensus_queue.cc:237] T e2fe0893062d4f6d8f099bd5b3a118b4 P ef54e7858bc1464c9538ff99438aae60 [LEADER]: Queue going to LEADER mode. State: All replicated index: 0, Majority replicated index: 1, Committed index: 1, Last appended: 1.1, Last appended by leader: 0, Current term: 1, Majority size: 2, State: 0, Mode: LEADER, active raft config: opid_index: 2 OBSOLETE_local: false peers { permanent_uuid: "ef54e7858bc1464c9538ff99438aae60" member_type: VOTER last_known_addr { host: "127.20.212.65" port: 38469 } } peers { permanent_uuid: "d9dfae7afebf45d7bee3cd7c428d7f04" member_type: VOTER last_known_addr { host: "127.20.212.66" port: 34747 } attrs { replace: true } } peers { permanent_uuid: "a98dec070887435195a2757e605f805c" member_type: VOTER last_known_addr { host: "127.20.212.67" port: 46063 } } peers { permanent_uuid: "cba07635436f4d4da8e81e4cec1d6baa" member_type: NON_VOTER last_known_addr { host: "127.20.212.68" port: 41513 } attrs { promote: true } }
I20260601 13:36:41.636070 22150 raft_consensus.cc:1275] T e2fe0893062d4f6d8f099bd5b3a118b4 P a98dec070887435195a2757e605f805c [term 1 FOLLOWER]: Refusing update from remote peer ef54e7858bc1464c9538ff99438aae60: Log matching property violated. Preceding OpId in replica: term: 1 index: 1. Preceding OpId from leader: term: 1 index: 2. (index mismatch)
I20260601 13:36:41.636476 22370 consensus_queue.cc:1048] T e2fe0893062d4f6d8f099bd5b3a118b4 P ef54e7858bc1464c9538ff99438aae60 [LEADER]: Connected to new peer: Peer: permanent_uuid: "a98dec070887435195a2757e605f805c" member_type: VOTER last_known_addr { host: "127.20.212.67" port: 46063 }, Status: LMP_MISMATCH, Last received: 0.0, Next index: 2, Last known committed idx: 1, Time since last communication: 0.000s
I20260601 13:36:41.636551 22075 raft_consensus.cc:1275] T e2fe0893062d4f6d8f099bd5b3a118b4 P d9dfae7afebf45d7bee3cd7c428d7f04 [term 1 FOLLOWER]: Refusing update from remote peer ef54e7858bc1464c9538ff99438aae60: Log matching property violated. Preceding OpId in replica: term: 1 index: 1. Preceding OpId from leader: term: 1 index: 2. (index mismatch)
I20260601 13:36:41.636958 22228 consensus_queue.cc:1048] T e2fe0893062d4f6d8f099bd5b3a118b4 P ef54e7858bc1464c9538ff99438aae60 [LEADER]: Connected to new peer: Peer: permanent_uuid: "d9dfae7afebf45d7bee3cd7c428d7f04" member_type: VOTER last_known_addr { host: "127.20.212.66" port: 34747 } attrs { replace: true }, Status: LMP_MISMATCH, Last received: 0.0, Next index: 2, Last known committed idx: 1, Time since last communication: 0.000s
I20260601 13:36:41.638279 22369 raft_consensus.cc:2955] T e2fe0893062d4f6d8f099bd5b3a118b4 P ef54e7858bc1464c9538ff99438aae60 [term 1 LEADER]: Committing config change with OpId 1.2: config changed from index -1 to 2, NON_VOTER cba07635436f4d4da8e81e4cec1d6baa (127.20.212.68) added. New config: { opid_index: 2 OBSOLETE_local: false peers { permanent_uuid: "ef54e7858bc1464c9538ff99438aae60" member_type: VOTER last_known_addr { host: "127.20.212.65" port: 38469 } } peers { permanent_uuid: "d9dfae7afebf45d7bee3cd7c428d7f04" member_type: VOTER last_known_addr { host: "127.20.212.66" port: 34747 } attrs { replace: true } } peers { permanent_uuid: "a98dec070887435195a2757e605f805c" member_type: VOTER last_known_addr { host: "127.20.212.67" port: 46063 } } peers { permanent_uuid: "cba07635436f4d4da8e81e4cec1d6baa" member_type: NON_VOTER last_known_addr { host: "127.20.212.68" port: 41513 } attrs { promote: true } } }
I20260601 13:36:41.638648 22150 raft_consensus.cc:2955] T e2fe0893062d4f6d8f099bd5b3a118b4 P a98dec070887435195a2757e605f805c [term 1 FOLLOWER]: Committing config change with OpId 1.2: config changed from index -1 to 2, NON_VOTER cba07635436f4d4da8e81e4cec1d6baa (127.20.212.68) added. New config: { opid_index: 2 OBSOLETE_local: false peers { permanent_uuid: "ef54e7858bc1464c9538ff99438aae60" member_type: VOTER last_known_addr { host: "127.20.212.65" port: 38469 } } peers { permanent_uuid: "d9dfae7afebf45d7bee3cd7c428d7f04" member_type: VOTER last_known_addr { host: "127.20.212.66" port: 34747 } attrs { replace: true } } peers { permanent_uuid: "a98dec070887435195a2757e605f805c" member_type: VOTER last_known_addr { host: "127.20.212.67" port: 46063 } } peers { permanent_uuid: "cba07635436f4d4da8e81e4cec1d6baa" member_type: NON_VOTER last_known_addr { host: "127.20.212.68" port: 41513 } attrs { promote: true } } }
I20260601 13:36:41.641080 21896 catalog_manager.cc:5696] T e2fe0893062d4f6d8f099bd5b3a118b4 P ef54e7858bc1464c9538ff99438aae60 reported cstate change: config changed from index -1 to 2, NON_VOTER cba07635436f4d4da8e81e4cec1d6baa (127.20.212.68) added. New cstate: current_term: 1 leader_uuid: "ef54e7858bc1464c9538ff99438aae60" committed_config { opid_index: 2 OBSOLETE_local: false peers { permanent_uuid: "ef54e7858bc1464c9538ff99438aae60" member_type: VOTER last_known_addr { host: "127.20.212.65" port: 38469 } health_report { overall_health: HEALTHY } } peers { permanent_uuid: "d9dfae7afebf45d7bee3cd7c428d7f04" member_type: VOTER last_known_addr { host: "127.20.212.66" port: 34747 } attrs { replace: true } health_report { overall_health: UNKNOWN } } peers { permanent_uuid: "a98dec070887435195a2757e605f805c" member_type: VOTER last_known_addr { host: "127.20.212.67" port: 46063 } health_report { overall_health: HEALTHY } } peers { permanent_uuid: "cba07635436f4d4da8e81e4cec1d6baa" member_type: NON_VOTER last_known_addr { host: "127.20.212.68" port: 41513 } attrs { promote: true } health_report { overall_health: UNKNOWN } } }
I20260601 13:36:41.641212 21998 consensus_queue.cc:237] T b31c04bca8a14c07bf9d73f2a1beca2d P ef54e7858bc1464c9538ff99438aae60 [LEADER]: Queue going to LEADER mode. State: All replicated index: 0, Majority replicated index: 1, Committed index: 1, Last appended: 1.1, Last appended by leader: 0, Current term: 1, Majority size: 2, State: 0, Mode: LEADER, active raft config: opid_index: 2 OBSOLETE_local: false peers { permanent_uuid: "ef54e7858bc1464c9538ff99438aae60" member_type: VOTER last_known_addr { host: "127.20.212.65" port: 38469 } } peers { permanent_uuid: "d9dfae7afebf45d7bee3cd7c428d7f04" member_type: VOTER last_known_addr { host: "127.20.212.66" port: 34747 } } peers { permanent_uuid: "a98dec070887435195a2757e605f805c" member_type: VOTER last_known_addr { host: "127.20.212.67" port: 46063 } attrs { replace: true } } peers { permanent_uuid: "cba07635436f4d4da8e81e4cec1d6baa" member_type: NON_VOTER last_known_addr { host: "127.20.212.68" port: 41513 } attrs { promote: true } }
I20260601 13:36:41.642774 22075 raft_consensus.cc:1275] T b31c04bca8a14c07bf9d73f2a1beca2d P d9dfae7afebf45d7bee3cd7c428d7f04 [term 1 FOLLOWER]: Refusing update from remote peer ef54e7858bc1464c9538ff99438aae60: Log matching property violated. Preceding OpId in replica: term: 1 index: 1. Preceding OpId from leader: term: 1 index: 2. (index mismatch)
I20260601 13:36:41.642786 22150 raft_consensus.cc:1275] T b31c04bca8a14c07bf9d73f2a1beca2d P a98dec070887435195a2757e605f805c [term 1 FOLLOWER]: Refusing update from remote peer ef54e7858bc1464c9538ff99438aae60: Log matching property violated. Preceding OpId in replica: term: 1 index: 1. Preceding OpId from leader: term: 1 index: 2. (index mismatch)
W20260601 13:36:41.643052 21963 consensus_peers.cc:597] T e2fe0893062d4f6d8f099bd5b3a118b4 P ef54e7858bc1464c9538ff99438aae60 -> Peer cba07635436f4d4da8e81e4cec1d6baa (127.20.212.68:41513): Couldn't send request to peer cba07635436f4d4da8e81e4cec1d6baa. Error code: TABLET_NOT_FOUND (6). Status: Not found: Tablet not found: e2fe0893062d4f6d8f099bd5b3a118b4. This is attempt 1: this message will repeat every 5th retry.
I20260601 13:36:41.643267 22369 consensus_queue.cc:1048] T b31c04bca8a14c07bf9d73f2a1beca2d P ef54e7858bc1464c9538ff99438aae60 [LEADER]: Connected to new peer: Peer: permanent_uuid: "d9dfae7afebf45d7bee3cd7c428d7f04" member_type: VOTER last_known_addr { host: "127.20.212.66" port: 34747 }, Status: LMP_MISMATCH, Last received: 0.0, Next index: 2, Last known committed idx: 1, Time since last communication: 0.000s
I20260601 13:36:41.643380 22075 raft_consensus.cc:2955] T e2fe0893062d4f6d8f099bd5b3a118b4 P d9dfae7afebf45d7bee3cd7c428d7f04 [term 1 FOLLOWER]: Committing config change with OpId 1.2: config changed from index -1 to 2, NON_VOTER cba07635436f4d4da8e81e4cec1d6baa (127.20.212.68) added. New config: { opid_index: 2 OBSOLETE_local: false peers { permanent_uuid: "ef54e7858bc1464c9538ff99438aae60" member_type: VOTER last_known_addr { host: "127.20.212.65" port: 38469 } } peers { permanent_uuid: "d9dfae7afebf45d7bee3cd7c428d7f04" member_type: VOTER last_known_addr { host: "127.20.212.66" port: 34747 } attrs { replace: true } } peers { permanent_uuid: "a98dec070887435195a2757e605f805c" member_type: VOTER last_known_addr { host: "127.20.212.67" port: 46063 } } peers { permanent_uuid: "cba07635436f4d4da8e81e4cec1d6baa" member_type: NON_VOTER last_known_addr { host: "127.20.212.68" port: 41513 } attrs { promote: true } } }
W20260601 13:36:41.643839 21963 consensus_peers.cc:597] T b31c04bca8a14c07bf9d73f2a1beca2d P ef54e7858bc1464c9538ff99438aae60 -> Peer cba07635436f4d4da8e81e4cec1d6baa (127.20.212.68:41513): Couldn't send request to peer cba07635436f4d4da8e81e4cec1d6baa. Error code: TABLET_NOT_FOUND (6). Status: Not found: Tablet not found: b31c04bca8a14c07bf9d73f2a1beca2d. This is attempt 1: this message will repeat every 5th retry.
I20260601 13:36:41.644558 22369 consensus_queue.cc:1048] T b31c04bca8a14c07bf9d73f2a1beca2d P ef54e7858bc1464c9538ff99438aae60 [LEADER]: Connected to new peer: Peer: permanent_uuid: "a98dec070887435195a2757e605f805c" member_type: VOTER last_known_addr { host: "127.20.212.67" port: 46063 } attrs { replace: true }, Status: LMP_MISMATCH, Last received: 0.0, Next index: 2, Last known committed idx: 1, Time since last communication: 0.000s
I20260601 13:36:41.645700 22228 raft_consensus.cc:2955] T b31c04bca8a14c07bf9d73f2a1beca2d P ef54e7858bc1464c9538ff99438aae60 [term 1 LEADER]: Committing config change with OpId 1.2: config changed from index -1 to 2, NON_VOTER cba07635436f4d4da8e81e4cec1d6baa (127.20.212.68) added. New config: { opid_index: 2 OBSOLETE_local: false peers { permanent_uuid: "ef54e7858bc1464c9538ff99438aae60" member_type: VOTER last_known_addr { host: "127.20.212.65" port: 38469 } } peers { permanent_uuid: "d9dfae7afebf45d7bee3cd7c428d7f04" member_type: VOTER last_known_addr { host: "127.20.212.66" port: 34747 } } peers { permanent_uuid: "a98dec070887435195a2757e605f805c" member_type: VOTER last_known_addr { host: "127.20.212.67" port: 46063 } attrs { replace: true } } peers { permanent_uuid: "cba07635436f4d4da8e81e4cec1d6baa" member_type: NON_VOTER last_known_addr { host: "127.20.212.68" port: 41513 } attrs { promote: true } } }
I20260601 13:36:41.646456 22074 raft_consensus.cc:2955] T b31c04bca8a14c07bf9d73f2a1beca2d P d9dfae7afebf45d7bee3cd7c428d7f04 [term 1 FOLLOWER]: Committing config change with OpId 1.2: config changed from index -1 to 2, NON_VOTER cba07635436f4d4da8e81e4cec1d6baa (127.20.212.68) added. New config: { opid_index: 2 OBSOLETE_local: false peers { permanent_uuid: "ef54e7858bc1464c9538ff99438aae60" member_type: VOTER last_known_addr { host: "127.20.212.65" port: 38469 } } peers { permanent_uuid: "d9dfae7afebf45d7bee3cd7c428d7f04" member_type: VOTER last_known_addr { host: "127.20.212.66" port: 34747 } } peers { permanent_uuid: "a98dec070887435195a2757e605f805c" member_type: VOTER last_known_addr { host: "127.20.212.67" port: 46063 } attrs { replace: true } } peers { permanent_uuid: "cba07635436f4d4da8e81e4cec1d6baa" member_type: NON_VOTER last_known_addr { host: "127.20.212.68" port: 41513 } attrs { promote: true } } }
I20260601 13:36:41.647120 22150 raft_consensus.cc:2955] T b31c04bca8a14c07bf9d73f2a1beca2d P a98dec070887435195a2757e605f805c [term 1 FOLLOWER]: Committing config change with OpId 1.2: config changed from index -1 to 2, NON_VOTER cba07635436f4d4da8e81e4cec1d6baa (127.20.212.68) added. New config: { opid_index: 2 OBSOLETE_local: false peers { permanent_uuid: "ef54e7858bc1464c9538ff99438aae60" member_type: VOTER last_known_addr { host: "127.20.212.65" port: 38469 } } peers { permanent_uuid: "d9dfae7afebf45d7bee3cd7c428d7f04" member_type: VOTER last_known_addr { host: "127.20.212.66" port: 34747 } } peers { permanent_uuid: "a98dec070887435195a2757e605f805c" member_type: VOTER last_known_addr { host: "127.20.212.67" port: 46063 } attrs { replace: true } } peers { permanent_uuid: "cba07635436f4d4da8e81e4cec1d6baa" member_type: NON_VOTER last_known_addr { host: "127.20.212.68" port: 41513 } attrs { promote: true } } }
I20260601 13:36:41.648960 21896 catalog_manager.cc:5696] T b31c04bca8a14c07bf9d73f2a1beca2d P d9dfae7afebf45d7bee3cd7c428d7f04 reported cstate change: config changed from index -1 to 2, NON_VOTER cba07635436f4d4da8e81e4cec1d6baa (127.20.212.68) added. New cstate: current_term: 1 leader_uuid: "ef54e7858bc1464c9538ff99438aae60" committed_config { opid_index: 2 OBSOLETE_local: false peers { permanent_uuid: "ef54e7858bc1464c9538ff99438aae60" member_type: VOTER last_known_addr { host: "127.20.212.65" port: 38469 } } peers { permanent_uuid: "d9dfae7afebf45d7bee3cd7c428d7f04" member_type: VOTER last_known_addr { host: "127.20.212.66" port: 34747 } } peers { permanent_uuid: "a98dec070887435195a2757e605f805c" member_type: VOTER last_known_addr { host: "127.20.212.67" port: 46063 } attrs { replace: true } } peers { permanent_uuid: "cba07635436f4d4da8e81e4cec1d6baa" member_type: NON_VOTER last_known_addr { host: "127.20.212.68" port: 41513 } attrs { promote: true } } }
I20260601 13:36:41.653457 22150 consensus_queue.cc:237] T a4c37ac754884a0192450c951dbce82f P a98dec070887435195a2757e605f805c [LEADER]: Queue going to LEADER mode. State: All replicated index: 0, Majority replicated index: 1, Committed index: 1, Last appended: 1.1, Last appended by leader: 0, Current term: 1, Majority size: 2, State: 0, Mode: LEADER, active raft config: opid_index: 2 OBSOLETE_local: false peers { permanent_uuid: "ef54e7858bc1464c9538ff99438aae60" member_type: VOTER last_known_addr { host: "127.20.212.65" port: 38469 } } peers { permanent_uuid: "d9dfae7afebf45d7bee3cd7c428d7f04" member_type: VOTER last_known_addr { host: "127.20.212.66" port: 34747 } attrs { replace: true } } peers { permanent_uuid: "a98dec070887435195a2757e605f805c" member_type: VOTER last_known_addr { host: "127.20.212.67" port: 46063 } } peers { permanent_uuid: "cba07635436f4d4da8e81e4cec1d6baa" member_type: NON_VOTER last_known_addr { host: "127.20.212.68" port: 41513 } attrs { promote: true } }
I20260601 13:36:41.655254 21998 raft_consensus.cc:1275] T a4c37ac754884a0192450c951dbce82f P ef54e7858bc1464c9538ff99438aae60 [term 1 FOLLOWER]: Refusing update from remote peer a98dec070887435195a2757e605f805c: Log matching property violated. Preceding OpId in replica: term: 1 index: 1. Preceding OpId from leader: term: 1 index: 2. (index mismatch)
I20260601 13:36:41.655293 22074 raft_consensus.cc:1275] T a4c37ac754884a0192450c951dbce82f P d9dfae7afebf45d7bee3cd7c428d7f04 [term 1 FOLLOWER]: Refusing update from remote peer a98dec070887435195a2757e605f805c: Log matching property violated. Preceding OpId in replica: term: 1 index: 1. Preceding OpId from leader: term: 1 index: 2. (index mismatch)
I20260601 13:36:41.655634 22380 consensus_queue.cc:1048] T a4c37ac754884a0192450c951dbce82f P a98dec070887435195a2757e605f805c [LEADER]: Connected to new peer: Peer: permanent_uuid: "ef54e7858bc1464c9538ff99438aae60" member_type: VOTER last_known_addr { host: "127.20.212.65" port: 38469 }, Status: LMP_MISMATCH, Last received: 0.0, Next index: 2, Last known committed idx: 1, Time since last communication: 0.000s
I20260601 13:36:41.655826 22336 consensus_queue.cc:1048] T a4c37ac754884a0192450c951dbce82f P a98dec070887435195a2757e605f805c [LEADER]: Connected to new peer: Peer: permanent_uuid: "d9dfae7afebf45d7bee3cd7c428d7f04" member_type: VOTER last_known_addr { host: "127.20.212.66" port: 34747 } attrs { replace: true }, Status: LMP_MISMATCH, Last received: 0.0, Next index: 2, Last known committed idx: 1, Time since last communication: 0.000s
I20260601 13:36:41.657970 22336 raft_consensus.cc:2955] T a4c37ac754884a0192450c951dbce82f P a98dec070887435195a2757e605f805c [term 1 LEADER]: Committing config change with OpId 1.2: config changed from index -1 to 2, NON_VOTER cba07635436f4d4da8e81e4cec1d6baa (127.20.212.68) added. New config: { opid_index: 2 OBSOLETE_local: false peers { permanent_uuid: "ef54e7858bc1464c9538ff99438aae60" member_type: VOTER last_known_addr { host: "127.20.212.65" port: 38469 } } peers { permanent_uuid: "d9dfae7afebf45d7bee3cd7c428d7f04" member_type: VOTER last_known_addr { host: "127.20.212.66" port: 34747 } attrs { replace: true } } peers { permanent_uuid: "a98dec070887435195a2757e605f805c" member_type: VOTER last_known_addr { host: "127.20.212.67" port: 46063 } } peers { permanent_uuid: "cba07635436f4d4da8e81e4cec1d6baa" member_type: NON_VOTER last_known_addr { host: "127.20.212.68" port: 41513 } attrs { promote: true } } }
I20260601 13:36:41.658417 21998 raft_consensus.cc:2955] T a4c37ac754884a0192450c951dbce82f P ef54e7858bc1464c9538ff99438aae60 [term 1 FOLLOWER]: Committing config change with OpId 1.2: config changed from index -1 to 2, NON_VOTER cba07635436f4d4da8e81e4cec1d6baa (127.20.212.68) added. New config: { opid_index: 2 OBSOLETE_local: false peers { permanent_uuid: "ef54e7858bc1464c9538ff99438aae60" member_type: VOTER last_known_addr { host: "127.20.212.65" port: 38469 } } peers { permanent_uuid: "d9dfae7afebf45d7bee3cd7c428d7f04" member_type: VOTER last_known_addr { host: "127.20.212.66" port: 34747 } attrs { replace: true } } peers { permanent_uuid: "a98dec070887435195a2757e605f805c" member_type: VOTER last_known_addr { host: "127.20.212.67" port: 46063 } } peers { permanent_uuid: "cba07635436f4d4da8e81e4cec1d6baa" member_type: NON_VOTER last_known_addr { host: "127.20.212.68" port: 41513 } attrs { promote: true } } }
W20260601 13:36:41.659298 22114 consensus_peers.cc:597] T a4c37ac754884a0192450c951dbce82f P a98dec070887435195a2757e605f805c -> Peer cba07635436f4d4da8e81e4cec1d6baa (127.20.212.68:41513): Couldn't send request to peer cba07635436f4d4da8e81e4cec1d6baa. Error code: TABLET_NOT_FOUND (6). Status: Not found: Tablet not found: a4c37ac754884a0192450c951dbce82f. This is attempt 1: this message will repeat every 5th retry.
I20260601 13:36:41.660386 21895 catalog_manager.cc:5696] T a4c37ac754884a0192450c951dbce82f P a98dec070887435195a2757e605f805c reported cstate change: config changed from index -1 to 2, NON_VOTER cba07635436f4d4da8e81e4cec1d6baa (127.20.212.68) added. New cstate: current_term: 1 leader_uuid: "a98dec070887435195a2757e605f805c" committed_config { opid_index: 2 OBSOLETE_local: false peers { permanent_uuid: "ef54e7858bc1464c9538ff99438aae60" member_type: VOTER last_known_addr { host: "127.20.212.65" port: 38469 } health_report { overall_health: HEALTHY } } peers { permanent_uuid: "d9dfae7afebf45d7bee3cd7c428d7f04" member_type: VOTER last_known_addr { host: "127.20.212.66" port: 34747 } attrs { replace: true } health_report { overall_health: UNKNOWN } } peers { permanent_uuid: "a98dec070887435195a2757e605f805c" member_type: VOTER last_known_addr { host: "127.20.212.67" port: 46063 } health_report { overall_health: HEALTHY } } peers { permanent_uuid: "cba07635436f4d4da8e81e4cec1d6baa" member_type: NON_VOTER last_known_addr { host: "127.20.212.68" port: 41513 } attrs { promote: true } health_report { overall_health: UNKNOWN } } }
I20260601 13:36:41.661304 22074 raft_consensus.cc:2955] T a4c37ac754884a0192450c951dbce82f P d9dfae7afebf45d7bee3cd7c428d7f04 [term 1 FOLLOWER]: Committing config change with OpId 1.2: config changed from index -1 to 2, NON_VOTER cba07635436f4d4da8e81e4cec1d6baa (127.20.212.68) added. New config: { opid_index: 2 OBSOLETE_local: false peers { permanent_uuid: "ef54e7858bc1464c9538ff99438aae60" member_type: VOTER last_known_addr { host: "127.20.212.65" port: 38469 } } peers { permanent_uuid: "d9dfae7afebf45d7bee3cd7c428d7f04" member_type: VOTER last_known_addr { host: "127.20.212.66" port: 34747 } attrs { replace: true } } peers { permanent_uuid: "a98dec070887435195a2757e605f805c" member_type: VOTER last_known_addr { host: "127.20.212.67" port: 46063 } } peers { permanent_uuid: "cba07635436f4d4da8e81e4cec1d6baa" member_type: NON_VOTER last_known_addr { host: "127.20.212.68" port: 41513 } attrs { promote: true } } }
I20260601 13:36:41.724817 21329 tablet_server.cc:179] TabletServer@127.20.212.65:0 shutting down...
I20260601 13:36:41.729285 21329 ts_tablet_manager.cc:1507] Shutting down tablet manager...
I20260601 13:36:41.729526 21329 tablet_replica.cc:333] T a4c37ac754884a0192450c951dbce82f P ef54e7858bc1464c9538ff99438aae60: stopping tablet replica
I20260601 13:36:41.729684 21329 raft_consensus.cc:2243] T a4c37ac754884a0192450c951dbce82f P ef54e7858bc1464c9538ff99438aae60 [term 1 FOLLOWER]: Raft consensus shutting down.
I20260601 13:36:41.729875 21329 raft_consensus.cc:2272] T a4c37ac754884a0192450c951dbce82f P ef54e7858bc1464c9538ff99438aae60 [term 1 FOLLOWER]: Raft consensus is shut down!
I20260601 13:36:41.730502 21329 tablet_replica.cc:333] T b31c04bca8a14c07bf9d73f2a1beca2d P ef54e7858bc1464c9538ff99438aae60: stopping tablet replica
I20260601 13:36:41.730628 21329 raft_consensus.cc:2243] T b31c04bca8a14c07bf9d73f2a1beca2d P ef54e7858bc1464c9538ff99438aae60 [term 1 LEADER]: Raft consensus shutting down.
I20260601 13:36:41.730877 21329 raft_consensus.cc:2272] T b31c04bca8a14c07bf9d73f2a1beca2d P ef54e7858bc1464c9538ff99438aae60 [term 1 FOLLOWER]: Raft consensus is shut down!
I20260601 13:36:41.731387 21329 tablet_replica.cc:333] T e89d47ffa5014c588f7500e400e3adec P ef54e7858bc1464c9538ff99438aae60: stopping tablet replica
I20260601 13:36:41.731504 21329 raft_consensus.cc:2243] T e89d47ffa5014c588f7500e400e3adec P ef54e7858bc1464c9538ff99438aae60 [term 1 FOLLOWER]: Raft consensus shutting down.
I20260601 13:36:41.731617 21329 raft_consensus.cc:2272] T e89d47ffa5014c588f7500e400e3adec P ef54e7858bc1464c9538ff99438aae60 [term 1 FOLLOWER]: Raft consensus is shut down!
I20260601 13:36:41.731936 21329 tablet_replica.cc:333] T e2fe0893062d4f6d8f099bd5b3a118b4 P ef54e7858bc1464c9538ff99438aae60: stopping tablet replica
I20260601 13:36:41.732046 21329 raft_consensus.cc:2243] T e2fe0893062d4f6d8f099bd5b3a118b4 P ef54e7858bc1464c9538ff99438aae60 [term 1 LEADER]: Raft consensus shutting down.
I20260601 13:36:41.732295 21329 raft_consensus.cc:2272] T e2fe0893062d4f6d8f099bd5b3a118b4 P ef54e7858bc1464c9538ff99438aae60 [term 1 FOLLOWER]: Raft consensus is shut down!
I20260601 13:36:41.732720 21329 tablet_replica.cc:333] T 090e49dbc5d644198de1dbcff9667389 P ef54e7858bc1464c9538ff99438aae60: stopping tablet replica
I20260601 13:36:41.732841 21329 raft_consensus.cc:2243] T 090e49dbc5d644198de1dbcff9667389 P ef54e7858bc1464c9538ff99438aae60 [term 1 FOLLOWER]: Raft consensus shutting down.
I20260601 13:36:41.732946 21329 raft_consensus.cc:2272] T 090e49dbc5d644198de1dbcff9667389 P ef54e7858bc1464c9538ff99438aae60 [term 1 FOLLOWER]: Raft consensus is shut down!
I20260601 13:36:41.733274 21329 tablet_replica.cc:333] T 6c0af59630b14a6487fb0b81eab6c853 P ef54e7858bc1464c9538ff99438aae60: stopping tablet replica
I20260601 13:36:41.733383 21329 raft_consensus.cc:2243] T 6c0af59630b14a6487fb0b81eab6c853 P ef54e7858bc1464c9538ff99438aae60 [term 1 LEADER]: Raft consensus shutting down.
I20260601 13:36:41.733556 21329 raft_consensus.cc:2272] T 6c0af59630b14a6487fb0b81eab6c853 P ef54e7858bc1464c9538ff99438aae60 [term 1 FOLLOWER]: Raft consensus is shut down!
I20260601 13:36:41.733933 21329 tablet_replica.cc:333] T 04253490623e4a8c8c5118e6c32804a5 P ef54e7858bc1464c9538ff99438aae60: stopping tablet replica
I20260601 13:36:41.734038 21329 raft_consensus.cc:2243] T 04253490623e4a8c8c5118e6c32804a5 P ef54e7858bc1464c9538ff99438aae60 [term 2 FOLLOWER]: Raft consensus shutting down.
I20260601 13:36:41.734148 21329 raft_consensus.cc:2272] T 04253490623e4a8c8c5118e6c32804a5 P ef54e7858bc1464c9538ff99438aae60 [term 2 FOLLOWER]: Raft consensus is shut down!
I20260601 13:36:41.734452 21329 tablet_replica.cc:333] T 4d5cedb8cab148bfaede69896718e4ca P ef54e7858bc1464c9538ff99438aae60: stopping tablet replica
I20260601 13:36:41.734558 21329 raft_consensus.cc:2243] T 4d5cedb8cab148bfaede69896718e4ca P ef54e7858bc1464c9538ff99438aae60 [term 1 FOLLOWER]: Raft consensus shutting down.
I20260601 13:36:41.734659 21329 raft_consensus.cc:2272] T 4d5cedb8cab148bfaede69896718e4ca P ef54e7858bc1464c9538ff99438aae60 [term 1 FOLLOWER]: Raft consensus is shut down!
I20260601 13:36:41.738873 21329 tablet_server.cc:196] TabletServer@127.20.212.65:0 shutdown complete.
I20260601 13:36:41.741195 21329 tablet_server.cc:179] TabletServer@127.20.212.66:0 shutting down...
I20260601 13:36:41.746064 21329 ts_tablet_manager.cc:1507] Shutting down tablet manager...
I20260601 13:36:41.746279 21329 tablet_replica.cc:333] T e2fe0893062d4f6d8f099bd5b3a118b4 P d9dfae7afebf45d7bee3cd7c428d7f04: stopping tablet replica
I20260601 13:36:41.746399 21329 raft_consensus.cc:2243] T e2fe0893062d4f6d8f099bd5b3a118b4 P d9dfae7afebf45d7bee3cd7c428d7f04 [term 1 FOLLOWER]: Raft consensus shutting down.
I20260601 13:36:41.746537 21329 raft_consensus.cc:2272] T e2fe0893062d4f6d8f099bd5b3a118b4 P d9dfae7afebf45d7bee3cd7c428d7f04 [term 1 FOLLOWER]: Raft consensus is shut down!
I20260601 13:36:41.747097 21329 tablet_replica.cc:333] T 4d5cedb8cab148bfaede69896718e4ca P d9dfae7afebf45d7bee3cd7c428d7f04: stopping tablet replica
I20260601 13:36:41.747220 21329 raft_consensus.cc:2243] T 4d5cedb8cab148bfaede69896718e4ca P d9dfae7afebf45d7bee3cd7c428d7f04 [term 1 LEADER]: Raft consensus shutting down.
I20260601 13:36:41.747431 21329 raft_consensus.cc:2272] T 4d5cedb8cab148bfaede69896718e4ca P d9dfae7afebf45d7bee3cd7c428d7f04 [term 1 FOLLOWER]: Raft consensus is shut down!
I20260601 13:36:41.747901 21329 tablet_replica.cc:333] T 04253490623e4a8c8c5118e6c32804a5 P d9dfae7afebf45d7bee3cd7c428d7f04: stopping tablet replica
I20260601 13:36:41.748019 21329 raft_consensus.cc:2243] T 04253490623e4a8c8c5118e6c32804a5 P d9dfae7afebf45d7bee3cd7c428d7f04 [term 2 LEADER]: Raft consensus shutting down.
I20260601 13:36:41.748195 21329 raft_consensus.cc:2272] T 04253490623e4a8c8c5118e6c32804a5 P d9dfae7afebf45d7bee3cd7c428d7f04 [term 2 FOLLOWER]: Raft consensus is shut down!
I20260601 13:36:41.748523 21329 tablet_replica.cc:333] T e89d47ffa5014c588f7500e400e3adec P d9dfae7afebf45d7bee3cd7c428d7f04: stopping tablet replica
I20260601 13:36:41.748636 21329 raft_consensus.cc:2243] T e89d47ffa5014c588f7500e400e3adec P d9dfae7afebf45d7bee3cd7c428d7f04 [term 1 FOLLOWER]: Raft consensus shutting down.
I20260601 13:36:41.748746 21329 raft_consensus.cc:2272] T e89d47ffa5014c588f7500e400e3adec P d9dfae7afebf45d7bee3cd7c428d7f04 [term 1 FOLLOWER]: Raft consensus is shut down!
I20260601 13:36:41.749054 21329 tablet_replica.cc:333] T b31c04bca8a14c07bf9d73f2a1beca2d P d9dfae7afebf45d7bee3cd7c428d7f04: stopping tablet replica
I20260601 13:36:41.749166 21329 raft_consensus.cc:2243] T b31c04bca8a14c07bf9d73f2a1beca2d P d9dfae7afebf45d7bee3cd7c428d7f04 [term 1 FOLLOWER]: Raft consensus shutting down.
I20260601 13:36:41.749284 21329 raft_consensus.cc:2272] T b31c04bca8a14c07bf9d73f2a1beca2d P d9dfae7afebf45d7bee3cd7c428d7f04 [term 1 FOLLOWER]: Raft consensus is shut down!
I20260601 13:36:41.749853 21329 tablet_replica.cc:333] T 6c0af59630b14a6487fb0b81eab6c853 P d9dfae7afebf45d7bee3cd7c428d7f04: stopping tablet replica
I20260601 13:36:41.749969 21329 raft_consensus.cc:2243] T 6c0af59630b14a6487fb0b81eab6c853 P d9dfae7afebf45d7bee3cd7c428d7f04 [term 1 FOLLOWER]: Raft consensus shutting down.
I20260601 13:36:41.750083 21329 raft_consensus.cc:2272] T 6c0af59630b14a6487fb0b81eab6c853 P d9dfae7afebf45d7bee3cd7c428d7f04 [term 1 FOLLOWER]: Raft consensus is shut down!
I20260601 13:36:41.750419 21329 tablet_replica.cc:333] T a4c37ac754884a0192450c951dbce82f P d9dfae7afebf45d7bee3cd7c428d7f04: stopping tablet replica
I20260601 13:36:41.750523 21329 raft_consensus.cc:2243] T a4c37ac754884a0192450c951dbce82f P d9dfae7afebf45d7bee3cd7c428d7f04 [term 1 FOLLOWER]: Raft consensus shutting down.
I20260601 13:36:41.750624 21329 raft_consensus.cc:2272] T a4c37ac754884a0192450c951dbce82f P d9dfae7afebf45d7bee3cd7c428d7f04 [term 1 FOLLOWER]: Raft consensus is shut down!
I20260601 13:36:41.751096 21329 tablet_replica.cc:333] T 090e49dbc5d644198de1dbcff9667389 P d9dfae7afebf45d7bee3cd7c428d7f04: stopping tablet replica
I20260601 13:36:41.751204 21329 raft_consensus.cc:2243] T 090e49dbc5d644198de1dbcff9667389 P d9dfae7afebf45d7bee3cd7c428d7f04 [term 1 LEADER]: Raft consensus shutting down.
I20260601 13:36:41.751367 21329 raft_consensus.cc:2272] T 090e49dbc5d644198de1dbcff9667389 P d9dfae7afebf45d7bee3cd7c428d7f04 [term 1 FOLLOWER]: Raft consensus is shut down!
I20260601 13:36:41.765225 21329 tablet_server.cc:196] TabletServer@127.20.212.66:0 shutdown complete.
I20260601 13:36:41.768323 21329 tablet_server.cc:179] TabletServer@127.20.212.67:0 shutting down...
I20260601 13:36:41.774713 21329 ts_tablet_manager.cc:1507] Shutting down tablet manager...
I20260601 13:36:41.774923 21329 tablet_replica.cc:333] T e2fe0893062d4f6d8f099bd5b3a118b4 P a98dec070887435195a2757e605f805c: stopping tablet replica
I20260601 13:36:41.775072 21329 raft_consensus.cc:2243] T e2fe0893062d4f6d8f099bd5b3a118b4 P a98dec070887435195a2757e605f805c [term 1 FOLLOWER]: Raft consensus shutting down.
I20260601 13:36:41.775192 21329 raft_consensus.cc:2272] T e2fe0893062d4f6d8f099bd5b3a118b4 P a98dec070887435195a2757e605f805c [term 1 FOLLOWER]: Raft consensus is shut down!
I20260601 13:36:41.775719 21329 tablet_replica.cc:333] T 04253490623e4a8c8c5118e6c32804a5 P a98dec070887435195a2757e605f805c: stopping tablet replica
I20260601 13:36:41.775804 21329 raft_consensus.cc:2243] T 04253490623e4a8c8c5118e6c32804a5 P a98dec070887435195a2757e605f805c [term 2 FOLLOWER]: Raft consensus shutting down.
I20260601 13:36:41.775883 21329 raft_consensus.cc:2272] T 04253490623e4a8c8c5118e6c32804a5 P a98dec070887435195a2757e605f805c [term 2 FOLLOWER]: Raft consensus is shut down!
I20260601 13:36:41.776161 21329 tablet_replica.cc:333] T 4d5cedb8cab148bfaede69896718e4ca P a98dec070887435195a2757e605f805c: stopping tablet replica
I20260601 13:36:41.776232 21329 raft_consensus.cc:2243] T 4d5cedb8cab148bfaede69896718e4ca P a98dec070887435195a2757e605f805c [term 1 FOLLOWER]: Raft consensus shutting down.
I20260601 13:36:41.776310 21329 raft_consensus.cc:2272] T 4d5cedb8cab148bfaede69896718e4ca P a98dec070887435195a2757e605f805c [term 1 FOLLOWER]: Raft consensus is shut down!
I20260601 13:36:41.776757 21329 tablet_replica.cc:333] T 6c0af59630b14a6487fb0b81eab6c853 P a98dec070887435195a2757e605f805c: stopping tablet replica
I20260601 13:36:41.776829 21329 raft_consensus.cc:2243] T 6c0af59630b14a6487fb0b81eab6c853 P a98dec070887435195a2757e605f805c [term 1 FOLLOWER]: Raft consensus shutting down.
I20260601 13:36:41.776903 21329 raft_consensus.cc:2272] T 6c0af59630b14a6487fb0b81eab6c853 P a98dec070887435195a2757e605f805c [term 1 FOLLOWER]: Raft consensus is shut down!
I20260601 13:36:41.777164 21329 tablet_replica.cc:333] T e89d47ffa5014c588f7500e400e3adec P a98dec070887435195a2757e605f805c: stopping tablet replica
I20260601 13:36:41.777243 21329 raft_consensus.cc:2243] T e89d47ffa5014c588f7500e400e3adec P a98dec070887435195a2757e605f805c [term 1 LEADER]: Raft consensus shutting down.
I20260601 13:36:41.777387 21329 raft_consensus.cc:2272] T e89d47ffa5014c588f7500e400e3adec P a98dec070887435195a2757e605f805c [term 1 FOLLOWER]: Raft consensus is shut down!
I20260601 13:36:41.777649 21329 tablet_replica.cc:333] T b31c04bca8a14c07bf9d73f2a1beca2d P a98dec070887435195a2757e605f805c: stopping tablet replica
I20260601 13:36:41.777715 21329 raft_consensus.cc:2243] T b31c04bca8a14c07bf9d73f2a1beca2d P a98dec070887435195a2757e605f805c [term 1 FOLLOWER]: Raft consensus shutting down.
I20260601 13:36:41.777848 21329 raft_consensus.cc:2272] T b31c04bca8a14c07bf9d73f2a1beca2d P a98dec070887435195a2757e605f805c [term 1 FOLLOWER]: Raft consensus is shut down!
I20260601 13:36:41.778298 21329 tablet_replica.cc:333] T a4c37ac754884a0192450c951dbce82f P a98dec070887435195a2757e605f805c: stopping tablet replica
I20260601 13:36:41.778369 21329 raft_consensus.cc:2243] T a4c37ac754884a0192450c951dbce82f P a98dec070887435195a2757e605f805c [term 1 LEADER]: Raft consensus shutting down.
I20260601 13:36:41.778514 21329 raft_consensus.cc:2272] T a4c37ac754884a0192450c951dbce82f P a98dec070887435195a2757e605f805c [term 1 FOLLOWER]: Raft consensus is shut down!
I20260601 13:36:41.778952 21329 tablet_replica.cc:333] T 090e49dbc5d644198de1dbcff9667389 P a98dec070887435195a2757e605f805c: stopping tablet replica
I20260601 13:36:41.779016 21329 raft_consensus.cc:2243] T 090e49dbc5d644198de1dbcff9667389 P a98dec070887435195a2757e605f805c [term 1 FOLLOWER]: Raft consensus shutting down.
I20260601 13:36:41.779150 21329 raft_consensus.cc:2272] T 090e49dbc5d644198de1dbcff9667389 P a98dec070887435195a2757e605f805c [term 1 FOLLOWER]: Raft consensus is shut down!
I20260601 13:36:41.792749 21329 tablet_server.cc:196] TabletServer@127.20.212.67:0 shutdown complete.
I20260601 13:36:41.795353 21329 tablet_server.cc:179] TabletServer@127.20.212.68:0 shutting down...
I20260601 13:36:41.800081 21329 ts_tablet_manager.cc:1507] Shutting down tablet manager...
I20260601 13:36:41.812049 21329 tablet_server.cc:196] TabletServer@127.20.212.68:0 shutdown complete.
I20260601 13:36:41.814189 21329 master.cc:562] Master@127.20.212.126:36277 shutting down...
W20260601 13:36:41.818933 21944 auto_rebalancer.cc:835] Removing replace marker failed: Catalog manager is not initialized. State: Closing
W20260601 13:36:41.819036 21944 auto_rebalancer.cc:863] Could not move replica: Service unavailable: Catalog manager is not initialized. State: Closing
W20260601 13:36:41.819123 21944 auto_rebalancer.cc:300] scheduled replica move failed to complete: Service unavailable: Catalog manager is not initialized. State: Closing
I20260601 13:36:41.819541 21329 raft_consensus.cc:2243] T 00000000000000000000000000000000 P 831afade89cd40cb916ce95afb62c1e1 [term 1 LEADER]: Raft consensus shutting down.
I20260601 13:36:41.819712 21329 raft_consensus.cc:2272] T 00000000000000000000000000000000 P 831afade89cd40cb916ce95afb62c1e1 [term 1 FOLLOWER]: Raft consensus is shut down!
I20260601 13:36:41.819804 21329 tablet_replica.cc:333] T 00000000000000000000000000000000 P 831afade89cd40cb916ce95afb62c1e1: stopping tablet replica
I20260601 13:36:41.832612 21329 master.cc:584] Master@127.20.212.126:36277 shutdown complete.
[       OK ] AutoRebalancerTest.AutoRebalancingTurnOffAndOn (7263 ms)
[ RUN      ] AutoRebalancerTest.NextLeaderResumesAutoRebalancing
I20260601 13:36:41.844166 21329 internal_mini_cluster.cc:156] Creating distributed mini masters. Addrs: 127.20.212.126:36567,127.20.212.125:38249,127.20.212.124:34237
I20260601 13:36:41.844583 21329 file_cache.cc:492] Constructed file cache file cache with capacity 419430
W20260601 13:36:41.846503 22385 instance_detector.cc:116] could not retrieve Azure instance metadata: Network error: curl error: HTTP response code said error: The requested URL returned error: 404
W20260601 13:36:41.846613 22387 instance_detector.cc:116] could not retrieve OpenStack instance metadata: Network error: curl error: HTTP response code said error: The requested URL returned error: 404
W20260601 13:36:41.846540 22384 instance_detector.cc:116] could not retrieve AWS instance metadata: Network error: curl error: HTTP response code said error: The requested URL returned error: 404
I20260601 13:36:41.846688 21329 server_base.cc:1061] running on GCE node
I20260601 13:36:41.846962 21329 hybrid_clock.cc:584] initializing the hybrid clock with 'system_unsync' time source
W20260601 13:36:41.847015 21329 system_unsync_time.cc:38] NTP support is disabled. Clock error bounds will not be accurate. This configuration is not suitable for distributed clusters.
I20260601 13:36:41.847060 21329 hybrid_clock.cc:648] HybridClock initialized: now 1780321001847058 us; error 0 us; skew 500 ppm
I20260601 13:36:41.847836 21329 webserver.cc:533] Webserver started at http://127.20.212.126:43079/ using document root <none> and password file <none>
I20260601 13:36:41.848004 21329 fs_manager.cc:362] Metadata directory not provided
I20260601 13:36:41.848052 21329 fs_manager.cc:368] Using write-ahead log directory (fs_wal_dir) as metadata directory
I20260601 13:36:41.848124 21329 server_base.cc:909] This appears to be a new deployment of Kudu; creating new FS layout
I20260601 13:36:41.848503 21329 fs_manager.cc:1068] Generated new instance metadata in path /tmp/dist-test-taskiTsxGl/test-tmp/auto_rebalancer-test.0.AutoRebalancerTest.NextLeaderResumesAutoRebalancing.1780320991917824-21329-0/minicluster-data/master-0-root/instance:
uuid: "cf3ca36341f745a5a7f950531bb22a50"
format_stamp: "Formatted at 2026-06-01 13:36:41 on dist-test-slave-mfrq"
I20260601 13:36:41.850024 21329 fs_manager.cc:696] Time spent creating directory manager: real 0.001s	user 0.001s	sys 0.000s
I20260601 13:36:41.850930 22392 log_block_manager.cc:4031] Time spent loading block containers with low live blocks: real 0.000s	user 0.000s	sys 0.000s
I20260601 13:36:41.851176 21329 fs_manager.cc:730] Time spent opening block manager: real 0.001s	user 0.001s	sys 0.000s
I20260601 13:36:41.851235 21329 fs_manager.cc:647] Opened local filesystem: /tmp/dist-test-taskiTsxGl/test-tmp/auto_rebalancer-test.0.AutoRebalancerTest.NextLeaderResumesAutoRebalancing.1780320991917824-21329-0/minicluster-data/master-0-root
uuid: "cf3ca36341f745a5a7f950531bb22a50"
format_stamp: "Formatted at 2026-06-01 13:36:41 on dist-test-slave-mfrq"
I20260601 13:36:41.851331 21329 fs_report.cc:389] FS layout report
--------------------
wal directory: /tmp/dist-test-taskiTsxGl/test-tmp/auto_rebalancer-test.0.AutoRebalancerTest.NextLeaderResumesAutoRebalancing.1780320991917824-21329-0/minicluster-data/master-0-root
metadata directory: /tmp/dist-test-taskiTsxGl/test-tmp/auto_rebalancer-test.0.AutoRebalancerTest.NextLeaderResumesAutoRebalancing.1780320991917824-21329-0/minicluster-data/master-0-root
1 data directories: /tmp/dist-test-taskiTsxGl/test-tmp/auto_rebalancer-test.0.AutoRebalancerTest.NextLeaderResumesAutoRebalancing.1780320991917824-21329-0/minicluster-data/master-0-root/data
Total live blocks: 0
Total live bytes: 0
Total live bytes (after alignment): 0
Total number of LBM containers: 0 (0 full)
Did not check for missing blocks
Did not check for orphaned blocks
Total full LBM containers with extra space: 0 (0 repaired)
Total full LBM container extra space in bytes: 0 (0 repaired)
Total incomplete LBM containers: 0 (0 repaired)
Total LBM partial records: 0 (0 repaired)
Total corrupted LBM metadata records in RocksDB: 0 (0 repaired)
I20260601 13:36:41.860796 21329 rpc_server.cc:225] running with OpenSSL 1.1.1  11 Sep 2018
I20260601 13:36:41.861161 21329 kserver.cc:163] Server-wide thread pool size limit: 3276
I20260601 13:36:41.865300 21329 rpc_server.cc:307] RPC server started. Bound to: 127.20.212.126:36567
I20260601 13:36:41.866743 21329 file_cache.cc:492] Constructed file cache file cache with capacity 419430
I20260601 13:36:41.870705 22444 acceptor_pool.cc:272] collecting diagnostics on the listening RPC socket 127.20.212.126:36567 every 8 connection(s)
I20260601 13:36:41.871490 22445 data_dirs.cc:400] Could only allocate 1 dirs of requested 3 for tablet 00000000000000000000000000000000. 1 dirs total, 0 dirs full, 0 dirs failed
W20260601 13:36:41.871642 22448 instance_detector.cc:116] could not retrieve Azure instance metadata: Network error: curl error: HTTP response code said error: The requested URL returned error: 404
W20260601 13:36:41.871706 22447 instance_detector.cc:116] could not retrieve AWS instance metadata: Network error: curl error: HTTP response code said error: The requested URL returned error: 404
I20260601 13:36:41.871795 21329 server_base.cc:1061] running on GCE node
I20260601 13:36:41.872674 22445 sys_catalog.cc:422] member_type: VOTER last_known_addr { host: "127.20.212.126" port: 36567 } has no permanent_uuid. Determining permanent_uuid...
W20260601 13:36:41.873329 22450 instance_detector.cc:116] could not retrieve OpenStack instance metadata: Network error: curl error: HTTP response code said error: The requested URL returned error: 404
I20260601 13:36:41.873497 21329 hybrid_clock.cc:584] initializing the hybrid clock with 'system_unsync' time source
W20260601 13:36:41.873543 21329 system_unsync_time.cc:38] NTP support is disabled. Clock error bounds will not be accurate. This configuration is not suitable for distributed clusters.
I20260601 13:36:41.873569 21329 hybrid_clock.cc:648] HybridClock initialized: now 1780321001873567 us; error 0 us; skew 500 ppm
I20260601 13:36:41.874523 21329 webserver.cc:533] Webserver started at http://127.20.212.125:35231/ using document root <none> and password file <none>
I20260601 13:36:41.874694 21329 fs_manager.cc:362] Metadata directory not provided
I20260601 13:36:41.874763 21329 fs_manager.cc:368] Using write-ahead log directory (fs_wal_dir) as metadata directory
I20260601 13:36:41.874846 21329 server_base.cc:909] This appears to be a new deployment of Kudu; creating new FS layout
I20260601 13:36:41.875205 21329 fs_manager.cc:1068] Generated new instance metadata in path /tmp/dist-test-taskiTsxGl/test-tmp/auto_rebalancer-test.0.AutoRebalancerTest.NextLeaderResumesAutoRebalancing.1780320991917824-21329-0/minicluster-data/master-1-root/instance:
uuid: "48b4b8d12c3d4b768599d6b435feda3f"
format_stamp: "Formatted at 2026-06-01 13:36:41 on dist-test-slave-mfrq"
I20260601 13:36:41.876828 21329 fs_manager.cc:696] Time spent creating directory manager: real 0.001s	user 0.000s	sys 0.002s
I20260601 13:36:41.877357 22445 sys_catalog.cc:422] member_type: VOTER last_known_addr { host: "127.20.212.125" port: 38249 } has no permanent_uuid. Determining permanent_uuid...
W20260601 13:36:41.877997 22393 proxy.cc:239] Call had error, refreshing address and retrying: Network error: Client connection negotiation failed: client connection to 127.20.212.125:38249: connect: Connection refused (error 111) [suppressed 1 similar messages]
I20260601 13:36:41.878093 22457 log_block_manager.cc:4031] Time spent loading block containers with low live blocks: real 0.000s	user 0.000s	sys 0.000s
I20260601 13:36:41.878342 21329 fs_manager.cc:730] Time spent opening block manager: real 0.001s	user 0.000s	sys 0.001s
I20260601 13:36:41.878418 21329 fs_manager.cc:647] Opened local filesystem: /tmp/dist-test-taskiTsxGl/test-tmp/auto_rebalancer-test.0.AutoRebalancerTest.NextLeaderResumesAutoRebalancing.1780320991917824-21329-0/minicluster-data/master-1-root
uuid: "48b4b8d12c3d4b768599d6b435feda3f"
format_stamp: "Formatted at 2026-06-01 13:36:41 on dist-test-slave-mfrq"
