I20260601 13:37:37.114114  1678 raft_consensus.cc:515] T 5a1967ab45ed4cd9a941821f690e5d84 P 19bf7211fa004f568f4bf844e202832b [term 0 FOLLOWER]: Starting pre-election with config: opid_index: -1 OBSOLETE_local: false peers { permanent_uuid: "0f94eaf74b7f434c82826947e5fa7372" member_type: VOTER last_known_addr { host: "127.30.155.1" port: 39065 } } peers { permanent_uuid: "c76ecc24778f4bf4859c862de7acf490" member_type: VOTER last_known_addr { host: "127.30.155.2" port: 45617 } } peers { permanent_uuid: "19bf7211fa004f568f4bf844e202832b" member_type: VOTER last_known_addr { host: "127.30.155.3" port: 40459 } }
I20260601 13:37:37.114565  1678 leader_election.cc:290] T 5a1967ab45ed4cd9a941821f690e5d84 P 19bf7211fa004f568f4bf844e202832b [CANDIDATE]: Term 1 pre-election: Requested pre-vote from peers 0f94eaf74b7f434c82826947e5fa7372 (127.30.155.1:39065), c76ecc24778f4bf4859c862de7acf490 (127.30.155.2:45617)
I20260601 13:37:37.114856  1478 tablet_service.cc:1917] Received RequestConsensusVote() RPC: tablet_id: "5a1967ab45ed4cd9a941821f690e5d84" candidate_uuid: "19bf7211fa004f568f4bf844e202832b" candidate_term: 1 candidate_status { last_received { term: 0 index: 0 } } ignore_live_leader: false dest_uuid: "0f94eaf74b7f434c82826947e5fa7372" is_pre_election: true
I20260601 13:37:37.114974  1478 raft_consensus.cc:2468] T 5a1967ab45ed4cd9a941821f690e5d84 P 0f94eaf74b7f434c82826947e5fa7372 [term 0 FOLLOWER]: Leader pre-election vote request: Granting yes vote for candidate 19bf7211fa004f568f4bf844e202832b in term 0.
I20260601 13:37:37.114997  1554 tablet_service.cc:1917] Received RequestConsensusVote() RPC: tablet_id: "5a1967ab45ed4cd9a941821f690e5d84" candidate_uuid: "19bf7211fa004f568f4bf844e202832b" candidate_term: 1 candidate_status { last_received { term: 0 index: 0 } } ignore_live_leader: false dest_uuid: "c76ecc24778f4bf4859c862de7acf490" is_pre_election: true
I20260601 13:37:37.115248  1554 raft_consensus.cc:2468] T 5a1967ab45ed4cd9a941821f690e5d84 P c76ecc24778f4bf4859c862de7acf490 [term 0 FOLLOWER]: Leader pre-election vote request: Granting yes vote for candidate 19bf7211fa004f568f4bf844e202832b in term 0.
I20260601 13:37:37.115289  1594 leader_election.cc:304] T 5a1967ab45ed4cd9a941821f690e5d84 P 19bf7211fa004f568f4bf844e202832b [CANDIDATE]: Term 1 pre-election: Election decided. Result: candidate won. Election summary: received 2 responses out of 3 voters: 2 yes votes; 0 no votes. yes voters: 0f94eaf74b7f434c82826947e5fa7372, 19bf7211fa004f568f4bf844e202832b; no voters: 
I20260601 13:37:37.115453  1678 raft_consensus.cc:2804] T 5a1967ab45ed4cd9a941821f690e5d84 P 19bf7211fa004f568f4bf844e202832b [term 0 FOLLOWER]: Leader pre-election won for term 1
I20260601 13:37:37.115501  1678 raft_consensus.cc:493] T 5a1967ab45ed4cd9a941821f690e5d84 P 19bf7211fa004f568f4bf844e202832b [term 0 FOLLOWER]: Starting leader election (no leader contacted us within the election timeout)
I20260601 13:37:37.115538  1678 raft_consensus.cc:3060] T 5a1967ab45ed4cd9a941821f690e5d84 P 19bf7211fa004f568f4bf844e202832b [term 0 FOLLOWER]: Advancing to term 1
I20260601 13:37:37.116994  1678 raft_consensus.cc:515] T 5a1967ab45ed4cd9a941821f690e5d84 P 19bf7211fa004f568f4bf844e202832b [term 1 FOLLOWER]: Starting leader election with config: opid_index: -1 OBSOLETE_local: false peers { permanent_uuid: "0f94eaf74b7f434c82826947e5fa7372" member_type: VOTER last_known_addr { host: "127.30.155.1" port: 39065 } } peers { permanent_uuid: "c76ecc24778f4bf4859c862de7acf490" member_type: VOTER last_known_addr { host: "127.30.155.2" port: 45617 } } peers { permanent_uuid: "19bf7211fa004f568f4bf844e202832b" member_type: VOTER last_known_addr { host: "127.30.155.3" port: 40459 } }
I20260601 13:37:37.117375  1629 tablet_service.cc:1917] Received RequestConsensusVote() RPC: tablet_id: "a28dcfefda414683a8d264621503c360" candidate_uuid: "0f94eaf74b7f434c82826947e5fa7372" candidate_term: 1 candidate_status { last_received { term: 0 index: 0 } } ignore_live_leader: false dest_uuid: "19bf7211fa004f568f4bf844e202832b" is_pre_election: true
I20260601 13:37:37.117491  1629 raft_consensus.cc:2468] T a28dcfefda414683a8d264621503c360 P 19bf7211fa004f568f4bf844e202832b [term 0 FOLLOWER]: Leader pre-election vote request: Granting yes vote for candidate 0f94eaf74b7f434c82826947e5fa7372 in term 0.
I20260601 13:37:37.117532  1678 leader_election.cc:290] T 5a1967ab45ed4cd9a941821f690e5d84 P 19bf7211fa004f568f4bf844e202832b [CANDIDATE]: Term 1 election: Requested vote from peers 0f94eaf74b7f434c82826947e5fa7372 (127.30.155.1:39065), c76ecc24778f4bf4859c862de7acf490 (127.30.155.2:45617)
I20260601 13:37:37.117764  1444 leader_election.cc:304] T a28dcfefda414683a8d264621503c360 P 0f94eaf74b7f434c82826947e5fa7372 [CANDIDATE]: Term 1 pre-election: Election decided. Result: candidate won. Election summary: received 2 responses out of 3 voters: 2 yes votes; 0 no votes. yes voters: 0f94eaf74b7f434c82826947e5fa7372, 19bf7211fa004f568f4bf844e202832b; no voters: 
I20260601 13:37:37.117914  1478 tablet_service.cc:1917] Received RequestConsensusVote() RPC: tablet_id: "5a1967ab45ed4cd9a941821f690e5d84" candidate_uuid: "19bf7211fa004f568f4bf844e202832b" candidate_term: 1 candidate_status { last_received { term: 0 index: 0 } } ignore_live_leader: false dest_uuid: "0f94eaf74b7f434c82826947e5fa7372"
I20260601 13:37:37.117970  1554 tablet_service.cc:1917] Received RequestConsensusVote() RPC: tablet_id: "5a1967ab45ed4cd9a941821f690e5d84" candidate_uuid: "19bf7211fa004f568f4bf844e202832b" candidate_term: 1 candidate_status { last_received { term: 0 index: 0 } } ignore_live_leader: false dest_uuid: "c76ecc24778f4bf4859c862de7acf490"
I20260601 13:37:37.117936  1682 raft_consensus.cc:2804] T a28dcfefda414683a8d264621503c360 P 0f94eaf74b7f434c82826947e5fa7372 [term 0 FOLLOWER]: Leader pre-election won for term 1
I20260601 13:37:37.118042  1478 raft_consensus.cc:3060] T 5a1967ab45ed4cd9a941821f690e5d84 P 0f94eaf74b7f434c82826947e5fa7372 [term 0 FOLLOWER]: Advancing to term 1
I20260601 13:37:37.118075  1682 raft_consensus.cc:493] T a28dcfefda414683a8d264621503c360 P 0f94eaf74b7f434c82826947e5fa7372 [term 0 FOLLOWER]: Starting leader election (no leader contacted us within the election timeout)
I20260601 13:37:37.118101  1554 raft_consensus.cc:3060] T 5a1967ab45ed4cd9a941821f690e5d84 P c76ecc24778f4bf4859c862de7acf490 [term 0 FOLLOWER]: Advancing to term 1
I20260601 13:37:37.118134  1682 raft_consensus.cc:3060] T a28dcfefda414683a8d264621503c360 P 0f94eaf74b7f434c82826947e5fa7372 [term 0 FOLLOWER]: Advancing to term 1
I20260601 13:37:37.118360  1553 tablet_service.cc:1917] Received RequestConsensusVote() RPC: tablet_id: "a28dcfefda414683a8d264621503c360" candidate_uuid: "0f94eaf74b7f434c82826947e5fa7372" candidate_term: 1 candidate_status { last_received { term: 0 index: 0 } } ignore_live_leader: false dest_uuid: "c76ecc24778f4bf4859c862de7acf490" is_pre_election: true
I20260601 13:37:37.118458  1553 raft_consensus.cc:2468] T a28dcfefda414683a8d264621503c360 P c76ecc24778f4bf4859c862de7acf490 [term 0 FOLLOWER]: Leader pre-election vote request: Granting yes vote for candidate 0f94eaf74b7f434c82826947e5fa7372 in term 0.
I20260601 13:37:37.119045  1554 raft_consensus.cc:2468] T 5a1967ab45ed4cd9a941821f690e5d84 P c76ecc24778f4bf4859c862de7acf490 [term 1 FOLLOWER]: Leader election vote request: Granting yes vote for candidate 19bf7211fa004f568f4bf844e202832b in term 1.
I20260601 13:37:37.119048  1682 raft_consensus.cc:515] T a28dcfefda414683a8d264621503c360 P 0f94eaf74b7f434c82826947e5fa7372 [term 1 FOLLOWER]: Starting leader election with config: opid_index: -1 OBSOLETE_local: false peers { permanent_uuid: "0f94eaf74b7f434c82826947e5fa7372" member_type: VOTER last_known_addr { host: "127.30.155.1" port: 39065 } } peers { permanent_uuid: "c76ecc24778f4bf4859c862de7acf490" member_type: VOTER last_known_addr { host: "127.30.155.2" port: 45617 } } peers { permanent_uuid: "19bf7211fa004f568f4bf844e202832b" member_type: VOTER last_known_addr { host: "127.30.155.3" port: 40459 } }
I20260601 13:37:37.119210  1478 raft_consensus.cc:2468] T 5a1967ab45ed4cd9a941821f690e5d84 P 0f94eaf74b7f434c82826947e5fa7372 [term 1 FOLLOWER]: Leader election vote request: Granting yes vote for candidate 19bf7211fa004f568f4bf844e202832b in term 1.
I20260601 13:37:37.119349  1592 leader_election.cc:304] T 5a1967ab45ed4cd9a941821f690e5d84 P 19bf7211fa004f568f4bf844e202832b [CANDIDATE]: Term 1 election: Election decided. Result: candidate won. Election summary: received 2 responses out of 3 voters: 2 yes votes; 0 no votes. yes voters: 19bf7211fa004f568f4bf844e202832b, c76ecc24778f4bf4859c862de7acf490; no voters: 
I20260601 13:37:37.119438  1682 leader_election.cc:290] T a28dcfefda414683a8d264621503c360 P 0f94eaf74b7f434c82826947e5fa7372 [CANDIDATE]: Term 1 election: Requested vote from peers c76ecc24778f4bf4859c862de7acf490 (127.30.155.2:45617), 19bf7211fa004f568f4bf844e202832b (127.30.155.3:40459)
I20260601 13:37:37.119592  1678 raft_consensus.cc:2804] T 5a1967ab45ed4cd9a941821f690e5d84 P 19bf7211fa004f568f4bf844e202832b [term 1 FOLLOWER]: Leader election won for term 1
I20260601 13:37:37.119709  1678 raft_consensus.cc:697] T 5a1967ab45ed4cd9a941821f690e5d84 P 19bf7211fa004f568f4bf844e202832b [term 1 LEADER]: Becoming Leader. State: Replica: 19bf7211fa004f568f4bf844e202832b, State: Running, Role: LEADER
I20260601 13:37:37.119720  1554 tablet_service.cc:1917] Received RequestConsensusVote() RPC: tablet_id: "a28dcfefda414683a8d264621503c360" candidate_uuid: "0f94eaf74b7f434c82826947e5fa7372" candidate_term: 1 candidate_status { last_received { term: 0 index: 0 } } ignore_live_leader: false dest_uuid: "c76ecc24778f4bf4859c862de7acf490"
I20260601 13:37:37.119801  1629 tablet_service.cc:1917] Received RequestConsensusVote() RPC: tablet_id: "a28dcfefda414683a8d264621503c360" candidate_uuid: "0f94eaf74b7f434c82826947e5fa7372" candidate_term: 1 candidate_status { last_received { term: 0 index: 0 } } ignore_live_leader: false dest_uuid: "19bf7211fa004f568f4bf844e202832b"
I20260601 13:37:37.119831  1554 raft_consensus.cc:3060] T a28dcfefda414683a8d264621503c360 P c76ecc24778f4bf4859c862de7acf490 [term 0 FOLLOWER]: Advancing to term 1
I20260601 13:37:37.119886  1629 raft_consensus.cc:3060] T a28dcfefda414683a8d264621503c360 P 19bf7211fa004f568f4bf844e202832b [term 0 FOLLOWER]: Advancing to term 1
I20260601 13:37:37.120594  1554 raft_consensus.cc:2468] T a28dcfefda414683a8d264621503c360 P c76ecc24778f4bf4859c862de7acf490 [term 1 FOLLOWER]: Leader election vote request: Granting yes vote for candidate 0f94eaf74b7f434c82826947e5fa7372 in term 1.
I20260601 13:37:37.120617  1629 raft_consensus.cc:2468] T a28dcfefda414683a8d264621503c360 P 19bf7211fa004f568f4bf844e202832b [term 1 FOLLOWER]: Leader election vote request: Granting yes vote for candidate 0f94eaf74b7f434c82826947e5fa7372 in term 1.
I20260601 13:37:37.119885  1678 consensus_queue.cc:237] T 5a1967ab45ed4cd9a941821f690e5d84 P 19bf7211fa004f568f4bf844e202832b [LEADER]: Queue going to LEADER mode. State: All replicated index: 0, Majority replicated index: 0, Committed index: 0, Last appended: 0.0, Last appended by leader: 0, Current term: 1, Majority size: 2, State: 0, Mode: LEADER, active raft config: opid_index: -1 OBSOLETE_local: false peers { permanent_uuid: "0f94eaf74b7f434c82826947e5fa7372" member_type: VOTER last_known_addr { host: "127.30.155.1" port: 39065 } } peers { permanent_uuid: "c76ecc24778f4bf4859c862de7acf490" member_type: VOTER last_known_addr { host: "127.30.155.2" port: 45617 } } peers { permanent_uuid: "19bf7211fa004f568f4bf844e202832b" member_type: VOTER last_known_addr { host: "127.30.155.3" port: 40459 } }
I20260601 13:37:37.120983  1441 leader_election.cc:304] T a28dcfefda414683a8d264621503c360 P 0f94eaf74b7f434c82826947e5fa7372 [CANDIDATE]: Term 1 election: Election decided. Result: candidate won. Election summary: received 2 responses out of 3 voters: 2 yes votes; 0 no votes. yes voters: 0f94eaf74b7f434c82826947e5fa7372, c76ecc24778f4bf4859c862de7acf490; no voters: 
I20260601 13:37:37.121276  1682 raft_consensus.cc:2804] T a28dcfefda414683a8d264621503c360 P 0f94eaf74b7f434c82826947e5fa7372 [term 1 FOLLOWER]: Leader election won for term 1
I20260601 13:37:37.121562  1682 raft_consensus.cc:697] T a28dcfefda414683a8d264621503c360 P 0f94eaf74b7f434c82826947e5fa7372 [term 1 LEADER]: Becoming Leader. State: Replica: 0f94eaf74b7f434c82826947e5fa7372, State: Running, Role: LEADER
I20260601 13:37:37.121701  1682 consensus_queue.cc:237] T a28dcfefda414683a8d264621503c360 P 0f94eaf74b7f434c82826947e5fa7372 [LEADER]: Queue going to LEADER mode. State: All replicated index: 0, Majority replicated index: 0, Committed index: 0, Last appended: 0.0, Last appended by leader: 0, Current term: 1, Majority size: 2, State: 0, Mode: LEADER, active raft config: opid_index: -1 OBSOLETE_local: false peers { permanent_uuid: "0f94eaf74b7f434c82826947e5fa7372" member_type: VOTER last_known_addr { host: "127.30.155.1" port: 39065 } } peers { permanent_uuid: "c76ecc24778f4bf4859c862de7acf490" member_type: VOTER last_known_addr { host: "127.30.155.2" port: 45617 } } peers { permanent_uuid: "19bf7211fa004f568f4bf844e202832b" member_type: VOTER last_known_addr { host: "127.30.155.3" port: 40459 } }
I20260601 13:37:37.122870  1373 catalog_manager.cc:5696] T 5a1967ab45ed4cd9a941821f690e5d84 P 19bf7211fa004f568f4bf844e202832b reported cstate change: term changed from 0 to 1, leader changed from <none> to 19bf7211fa004f568f4bf844e202832b (127.30.155.3). New cstate: current_term: 1 leader_uuid: "19bf7211fa004f568f4bf844e202832b" committed_config { opid_index: -1 OBSOLETE_local: false peers { permanent_uuid: "0f94eaf74b7f434c82826947e5fa7372" member_type: VOTER last_known_addr { host: "127.30.155.1" port: 39065 } health_report { overall_health: UNKNOWN } } peers { permanent_uuid: "c76ecc24778f4bf4859c862de7acf490" member_type: VOTER last_known_addr { host: "127.30.155.2" port: 45617 } health_report { overall_health: UNKNOWN } } peers { permanent_uuid: "19bf7211fa004f568f4bf844e202832b" member_type: VOTER last_known_addr { host: "127.30.155.3" port: 40459 } health_report { overall_health: HEALTHY } } }
I20260601 13:37:37.123427  1374 catalog_manager.cc:5696] T a28dcfefda414683a8d264621503c360 P 0f94eaf74b7f434c82826947e5fa7372 reported cstate change: term changed from 0 to 1, leader changed from <none> to 0f94eaf74b7f434c82826947e5fa7372 (127.30.155.1). New cstate: current_term: 1 leader_uuid: "0f94eaf74b7f434c82826947e5fa7372" committed_config { opid_index: -1 OBSOLETE_local: false peers { permanent_uuid: "0f94eaf74b7f434c82826947e5fa7372" member_type: VOTER last_known_addr { host: "127.30.155.1" port: 39065 } health_report { overall_health: HEALTHY } } peers { permanent_uuid: "c76ecc24778f4bf4859c862de7acf490" member_type: VOTER last_known_addr { host: "127.30.155.2" port: 45617 } health_report { overall_health: UNKNOWN } } peers { permanent_uuid: "19bf7211fa004f568f4bf844e202832b" member_type: VOTER last_known_addr { host: "127.30.155.3" port: 40459 } health_report { overall_health: UNKNOWN } } }
I20260601 13:37:37.146936 31340 tablet_server.cc:179] TabletServer@127.30.155.1:0 shutting down...
I20260601 13:37:37.152825 31340 ts_tablet_manager.cc:1507] Shutting down tablet manager...
I20260601 13:37:37.153247 31340 tablet_replica.cc:333] T 5a1967ab45ed4cd9a941821f690e5d84 P 0f94eaf74b7f434c82826947e5fa7372: stopping tablet replica
I20260601 13:37:37.153383 31340 raft_consensus.cc:2243] T 5a1967ab45ed4cd9a941821f690e5d84 P 0f94eaf74b7f434c82826947e5fa7372 [term 1 FOLLOWER]: Raft consensus shutting down.
I20260601 13:37:37.153497 31340 raft_consensus.cc:2272] T 5a1967ab45ed4cd9a941821f690e5d84 P 0f94eaf74b7f434c82826947e5fa7372 [term 1 FOLLOWER]: Raft consensus is shut down!
I20260601 13:37:37.153961 31340 tablet_replica.cc:333] T a28dcfefda414683a8d264621503c360 P 0f94eaf74b7f434c82826947e5fa7372: stopping tablet replica
I20260601 13:37:37.154042 31340 raft_consensus.cc:2243] T a28dcfefda414683a8d264621503c360 P 0f94eaf74b7f434c82826947e5fa7372 [term 1 LEADER]: Raft consensus shutting down.
I20260601 13:37:37.154163 31340 pending_rounds.cc:70] T a28dcfefda414683a8d264621503c360 P 0f94eaf74b7f434c82826947e5fa7372: Trying to abort 1 pending ops.
I20260601 13:37:37.154193 31340 pending_rounds.cc:77] T a28dcfefda414683a8d264621503c360 P 0f94eaf74b7f434c82826947e5fa7372: Aborting op as it isn't in flight: id { term: 1 index: 1 } timestamp: 7292195049972109312 op_type: NO_OP noop_request { }
I20260601 13:37:37.154260 31340 raft_consensus.cc:2889] T a28dcfefda414683a8d264621503c360 P 0f94eaf74b7f434c82826947e5fa7372 [term 1 LEADER]: NO_OP replication failed: Aborted: Op aborted
I20260601 13:37:37.154309 31340 raft_consensus.cc:2272] T a28dcfefda414683a8d264621503c360 P 0f94eaf74b7f434c82826947e5fa7372 [term 1 FOLLOWER]: Raft consensus is shut down!
I20260601 13:37:37.154788 31340 tablet_replica.cc:333] T 2c87d2e1d56744e7a73bf1a106d27527 P 0f94eaf74b7f434c82826947e5fa7372: stopping tablet replica
I20260601 13:37:37.154868 31340 raft_consensus.cc:2243] T 2c87d2e1d56744e7a73bf1a106d27527 P 0f94eaf74b7f434c82826947e5fa7372 [term 1 FOLLOWER]: Raft consensus shutting down.
I20260601 13:37:37.154934 31340 raft_consensus.cc:2272] T 2c87d2e1d56744e7a73bf1a106d27527 P 0f94eaf74b7f434c82826947e5fa7372 [term 1 FOLLOWER]: Raft consensus is shut down!
I20260601 13:37:37.155277 31340 tablet_replica.cc:333] T 71167adacbb94933bed9dc3c8b929347 P 0f94eaf74b7f434c82826947e5fa7372: stopping tablet replica
I20260601 13:37:37.155349 31340 raft_consensus.cc:2243] T 71167adacbb94933bed9dc3c8b929347 P 0f94eaf74b7f434c82826947e5fa7372 [term 1 FOLLOWER]: Raft consensus shutting down.
I20260601 13:37:37.155412 31340 raft_consensus.cc:2272] T 71167adacbb94933bed9dc3c8b929347 P 0f94eaf74b7f434c82826947e5fa7372 [term 1 FOLLOWER]: Raft consensus is shut down!
I20260601 13:37:37.170215 31340 tablet_server.cc:196] TabletServer@127.30.155.1:0 shutdown complete.
I20260601 13:37:37.172739 31340 tablet_server.cc:179] TabletServer@127.30.155.2:0 shutting down...
I20260601 13:37:37.179021 31340 ts_tablet_manager.cc:1507] Shutting down tablet manager...
I20260601 13:37:37.179364 31340 tablet_replica.cc:333] T 2c87d2e1d56744e7a73bf1a106d27527 P c76ecc24778f4bf4859c862de7acf490: stopping tablet replica
I20260601 13:37:37.179513 31340 raft_consensus.cc:2243] T 2c87d2e1d56744e7a73bf1a106d27527 P c76ecc24778f4bf4859c862de7acf490 [term 1 LEADER]: Raft consensus shutting down.
I20260601 13:37:37.179756 31340 pending_rounds.cc:70] T 2c87d2e1d56744e7a73bf1a106d27527 P c76ecc24778f4bf4859c862de7acf490: Trying to abort 1 pending ops.
I20260601 13:37:37.179809 31340 pending_rounds.cc:77] T 2c87d2e1d56744e7a73bf1a106d27527 P c76ecc24778f4bf4859c862de7acf490: Aborting op as it isn't in flight: id { term: 1 index: 1 } timestamp: 7292195049421463552 op_type: NO_OP noop_request { }
I20260601 13:37:37.179895 31340 raft_consensus.cc:2889] T 2c87d2e1d56744e7a73bf1a106d27527 P c76ecc24778f4bf4859c862de7acf490 [term 1 LEADER]: NO_OP replication failed: Aborted: Op aborted
I20260601 13:37:37.179960 31340 raft_consensus.cc:2272] T 2c87d2e1d56744e7a73bf1a106d27527 P c76ecc24778f4bf4859c862de7acf490 [term 1 FOLLOWER]: Raft consensus is shut down!
I20260601 13:37:37.180801 31340 tablet_replica.cc:333] T 5a1967ab45ed4cd9a941821f690e5d84 P c76ecc24778f4bf4859c862de7acf490: stopping tablet replica
I20260601 13:37:37.180977 31340 raft_consensus.cc:2243] T 5a1967ab45ed4cd9a941821f690e5d84 P c76ecc24778f4bf4859c862de7acf490 [term 1 FOLLOWER]: Raft consensus shutting down.
I20260601 13:37:37.181102 31340 raft_consensus.cc:2272] T 5a1967ab45ed4cd9a941821f690e5d84 P c76ecc24778f4bf4859c862de7acf490 [term 1 FOLLOWER]: Raft consensus is shut down!
I20260601 13:37:37.181702 31340 tablet_replica.cc:333] T 71167adacbb94933bed9dc3c8b929347 P c76ecc24778f4bf4859c862de7acf490: stopping tablet replica
I20260601 13:37:37.181831 31340 raft_consensus.cc:2243] T 71167adacbb94933bed9dc3c8b929347 P c76ecc24778f4bf4859c862de7acf490 [term 1 FOLLOWER]: Raft consensus shutting down.
I20260601 13:37:37.181947 31340 raft_consensus.cc:2272] T 71167adacbb94933bed9dc3c8b929347 P c76ecc24778f4bf4859c862de7acf490 [term 1 FOLLOWER]: Raft consensus is shut down!
I20260601 13:37:37.182435 31340 tablet_replica.cc:333] T a28dcfefda414683a8d264621503c360 P c76ecc24778f4bf4859c862de7acf490: stopping tablet replica
I20260601 13:37:37.182578 31340 raft_consensus.cc:2243] T a28dcfefda414683a8d264621503c360 P c76ecc24778f4bf4859c862de7acf490 [term 1 FOLLOWER]: Raft consensus shutting down.
I20260601 13:37:37.182834 31340 raft_consensus.cc:2272] T a28dcfefda414683a8d264621503c360 P c76ecc24778f4bf4859c862de7acf490 [term 1 FOLLOWER]: Raft consensus is shut down!
I20260601 13:37:37.198314 31340 tablet_server.cc:196] TabletServer@127.30.155.2:0 shutdown complete.
I20260601 13:37:37.201895 31340 tablet_server.cc:179] TabletServer@127.30.155.3:0 shutting down...
I20260601 13:37:37.207471 31340 ts_tablet_manager.cc:1507] Shutting down tablet manager...
I20260601 13:37:37.207870 31340 tablet_replica.cc:333] T 5a1967ab45ed4cd9a941821f690e5d84 P 19bf7211fa004f568f4bf844e202832b: stopping tablet replica
I20260601 13:37:37.208248 31340 raft_consensus.cc:2243] T 5a1967ab45ed4cd9a941821f690e5d84 P 19bf7211fa004f568f4bf844e202832b [term 1 LEADER]: Raft consensus shutting down.
I20260601 13:37:37.208469 31340 pending_rounds.cc:70] T 5a1967ab45ed4cd9a941821f690e5d84 P 19bf7211fa004f568f4bf844e202832b: Trying to abort 1 pending ops.
I20260601 13:37:37.208519 31340 pending_rounds.cc:77] T 5a1967ab45ed4cd9a941821f690e5d84 P 19bf7211fa004f568f4bf844e202832b: Aborting op as it isn't in flight: id { term: 1 index: 1 } timestamp: 7292195049968840704 op_type: NO_OP noop_request { }
I20260601 13:37:37.208601 31340 raft_consensus.cc:2889] T 5a1967ab45ed4cd9a941821f690e5d84 P 19bf7211fa004f568f4bf844e202832b [term 1 LEADER]: NO_OP replication failed: Aborted: Op aborted
I20260601 13:37:37.208664 31340 raft_consensus.cc:2272] T 5a1967ab45ed4cd9a941821f690e5d84 P 19bf7211fa004f568f4bf844e202832b [term 1 FOLLOWER]: Raft consensus is shut down!
I20260601 13:37:37.209484 31340 tablet_replica.cc:333] T a28dcfefda414683a8d264621503c360 P 19bf7211fa004f568f4bf844e202832b: stopping tablet replica
I20260601 13:37:37.209609 31340 raft_consensus.cc:2243] T a28dcfefda414683a8d264621503c360 P 19bf7211fa004f568f4bf844e202832b [term 1 FOLLOWER]: Raft consensus shutting down.
I20260601 13:37:37.209734 31340 raft_consensus.cc:2272] T a28dcfefda414683a8d264621503c360 P 19bf7211fa004f568f4bf844e202832b [term 1 FOLLOWER]: Raft consensus is shut down!
I20260601 13:37:37.210139 31340 tablet_replica.cc:333] T 71167adacbb94933bed9dc3c8b929347 P 19bf7211fa004f568f4bf844e202832b: stopping tablet replica
I20260601 13:37:37.210254 31340 raft_consensus.cc:2243] T 71167adacbb94933bed9dc3c8b929347 P 19bf7211fa004f568f4bf844e202832b [term 1 LEADER]: Raft consensus shutting down.
I20260601 13:37:37.210408 31340 pending_rounds.cc:70] T 71167adacbb94933bed9dc3c8b929347 P 19bf7211fa004f568f4bf844e202832b: Trying to abort 1 pending ops.
I20260601 13:37:37.210453 31340 pending_rounds.cc:77] T 71167adacbb94933bed9dc3c8b929347 P 19bf7211fa004f568f4bf844e202832b: Aborting op as it isn't in flight: id { term: 1 index: 1 } timestamp: 7292195049428471808 op_type: NO_OP noop_request { }
I20260601 13:37:37.210518 31340 raft_consensus.cc:2889] T 71167adacbb94933bed9dc3c8b929347 P 19bf7211fa004f568f4bf844e202832b [term 1 LEADER]: NO_OP replication failed: Aborted: Op aborted
I20260601 13:37:37.210577 31340 raft_consensus.cc:2272] T 71167adacbb94933bed9dc3c8b929347 P 19bf7211fa004f568f4bf844e202832b [term 1 FOLLOWER]: Raft consensus is shut down!
I20260601 13:37:37.211092 31340 tablet_replica.cc:333] T 2c87d2e1d56744e7a73bf1a106d27527 P 19bf7211fa004f568f4bf844e202832b: stopping tablet replica
I20260601 13:37:37.211203 31340 raft_consensus.cc:2243] T 2c87d2e1d56744e7a73bf1a106d27527 P 19bf7211fa004f568f4bf844e202832b [term 1 FOLLOWER]: Raft consensus shutting down.
I20260601 13:37:37.211314 31340 raft_consensus.cc:2272] T 2c87d2e1d56744e7a73bf1a106d27527 P 19bf7211fa004f568f4bf844e202832b [term 1 FOLLOWER]: Raft consensus is shut down!
I20260601 13:37:37.224804 31340 tablet_server.cc:196] TabletServer@127.30.155.3:0 shutdown complete.
I20260601 13:37:37.227257 31340 master.cc:562] Master@127.30.155.62:33879 shutting down...
I20260601 13:37:37.231202 31340 raft_consensus.cc:2243] T 00000000000000000000000000000000 P 51d7448a8eaa48d3971c0b022bf9c938 [term 1 LEADER]: Raft consensus shutting down.
I20260601 13:37:37.231407 31340 raft_consensus.cc:2272] T 00000000000000000000000000000000 P 51d7448a8eaa48d3971c0b022bf9c938 [term 1 FOLLOWER]: Raft consensus is shut down!
I20260601 13:37:37.231489 31340 tablet_replica.cc:333] T 00000000000000000000000000000000 P 51d7448a8eaa48d3971c0b022bf9c938: stopping tablet replica
I20260601 13:37:37.245072 31340 master.cc:584] Master@127.30.155.62:33879 shutdown complete.
[       OK ] AutoRebalancerTest.RangeAwareBuildClusterInfoGroupsByRange (1591 ms)
[ RUN      ] AutoRebalancerTest.RangeAwareRebalancesNewRangeReplicas
I20260601 13:37:37.253895 31340 internal_mini_cluster.cc:156] Creating distributed mini masters. Addrs: 127.30.155.62:46155
I20260601 13:37:37.254302 31340 file_cache.cc:492] Constructed file cache file cache with capacity 419430
W20260601 13:37:37.256455  1708 instance_detector.cc:116] could not retrieve Azure instance metadata: Network error: curl error: HTTP response code said error: The requested URL returned error: 404
W20260601 13:37:37.256480  1710 instance_detector.cc:116] could not retrieve OpenStack instance metadata: Network error: curl error: HTTP response code said error: The requested URL returned error: 404
W20260601 13:37:37.256500  1707 instance_detector.cc:116] could not retrieve AWS instance metadata: Network error: curl error: HTTP response code said error: The requested URL returned error: 404
I20260601 13:37:37.257256 31340 server_base.cc:1061] running on GCE node
I20260601 13:37:37.257634 31340 hybrid_clock.cc:584] initializing the hybrid clock with 'system_unsync' time source
W20260601 13:37:37.257716 31340 system_unsync_time.cc:38] NTP support is disabled. Clock error bounds will not be accurate. This configuration is not suitable for distributed clusters.
I20260601 13:37:37.257746 31340 hybrid_clock.cc:648] HybridClock initialized: now 1780321057257745 us; error 0 us; skew 500 ppm
I20260601 13:37:37.258806 31340 webserver.cc:533] Webserver started at http://127.30.155.62:34759/ using document root <none> and password file <none>
I20260601 13:37:37.258984 31340 fs_manager.cc:362] Metadata directory not provided
I20260601 13:37:37.259055 31340 fs_manager.cc:368] Using write-ahead log directory (fs_wal_dir) as metadata directory
I20260601 13:37:37.259161 31340 server_base.cc:909] This appears to be a new deployment of Kudu; creating new FS layout
I20260601 13:37:37.259624 31340 fs_manager.cc:1068] Generated new instance metadata in path /tmp/dist-test-task3MMHrd/test-tmp/auto_rebalancer-test.0.AutoRebalancerTest.RangeAwareRebalancesNewRangeReplicas.1780320987793159-31340-0/minicluster-data/master-0-root/instance:
uuid: "0aa7679539044e96bb1bfb24ea53dffe"
format_stamp: "Formatted at 2026-06-01 13:37:37 on dist-test-slave-5gv7"
I20260601 13:37:37.261502 31340 fs_manager.cc:696] Time spent creating directory manager: real 0.002s	user 0.002s	sys 0.001s
I20260601 13:37:37.262989  1715 log_block_manager.cc:4031] Time spent loading block containers with low live blocks: real 0.000s	user 0.000s	sys 0.000s
I20260601 13:37:37.263485 31340 fs_manager.cc:730] Time spent opening block manager: real 0.001s	user 0.001s	sys 0.000s
I20260601 13:37:37.263588 31340 fs_manager.cc:647] Opened local filesystem: /tmp/dist-test-task3MMHrd/test-tmp/auto_rebalancer-test.0.AutoRebalancerTest.RangeAwareRebalancesNewRangeReplicas.1780320987793159-31340-0/minicluster-data/master-0-root
uuid: "0aa7679539044e96bb1bfb24ea53dffe"
format_stamp: "Formatted at 2026-06-01 13:37:37 on dist-test-slave-5gv7"
I20260601 13:37:37.263831 31340 fs_report.cc:389] FS layout report
--------------------
wal directory: /tmp/dist-test-task3MMHrd/test-tmp/auto_rebalancer-test.0.AutoRebalancerTest.RangeAwareRebalancesNewRangeReplicas.1780320987793159-31340-0/minicluster-data/master-0-root
metadata directory: /tmp/dist-test-task3MMHrd/test-tmp/auto_rebalancer-test.0.AutoRebalancerTest.RangeAwareRebalancesNewRangeReplicas.1780320987793159-31340-0/minicluster-data/master-0-root
1 data directories: /tmp/dist-test-task3MMHrd/test-tmp/auto_rebalancer-test.0.AutoRebalancerTest.RangeAwareRebalancesNewRangeReplicas.1780320987793159-31340-0/minicluster-data/master-0-root/data
Total live blocks: 0
Total live bytes: 0
Total live bytes (after alignment): 0
Total number of LBM containers: 0 (0 full)
Did not check for missing blocks
Did not check for orphaned blocks
Total full LBM containers with extra space: 0 (0 repaired)
Total full LBM container extra space in bytes: 0 (0 repaired)
Total incomplete LBM containers: 0 (0 repaired)
Total LBM partial records: 0 (0 repaired)
Total corrupted LBM metadata records in RocksDB: 0 (0 repaired)
I20260601 13:37:37.271373 31340 rpc_server.cc:225] running with OpenSSL 1.1.1  11 Sep 2018
I20260601 13:37:37.271960 31340 kserver.cc:163] Server-wide thread pool size limit: 3276
I20260601 13:37:37.277879 31340 rpc_server.cc:307] RPC server started. Bound to: 127.30.155.62:46155
I20260601 13:37:37.282585  1767 acceptor_pool.cc:272] collecting diagnostics on the listening RPC socket 127.30.155.62:46155 every 8 connection(s)
I20260601 13:37:37.283705  1768 data_dirs.cc:400] Could only allocate 1 dirs of requested 3 for tablet 00000000000000000000000000000000. 1 dirs total, 0 dirs full, 0 dirs failed
I20260601 13:37:37.285777  1768 tablet_bootstrap.cc:492] T 00000000000000000000000000000000 P 0aa7679539044e96bb1bfb24ea53dffe: Bootstrap starting.
I20260601 13:37:37.286697  1768 tablet_bootstrap.cc:654] T 00000000000000000000000000000000 P 0aa7679539044e96bb1bfb24ea53dffe: Neither blocks nor log segments found. Creating new log.
I20260601 13:37:37.287900  1768 tablet_bootstrap.cc:492] T 00000000000000000000000000000000 P 0aa7679539044e96bb1bfb24ea53dffe: No bootstrap required, opened a new log
I20260601 13:37:37.288352  1768 raft_consensus.cc:359] T 00000000000000000000000000000000 P 0aa7679539044e96bb1bfb24ea53dffe [term 0 FOLLOWER]: Replica starting. Triggering 0 pending ops. Active config: opid_index: -1 OBSOLETE_local: true peers { permanent_uuid: "0aa7679539044e96bb1bfb24ea53dffe" member_type: VOTER }
I20260601 13:37:37.288443  1768 raft_consensus.cc:385] T 00000000000000000000000000000000 P 0aa7679539044e96bb1bfb24ea53dffe [term 0 FOLLOWER]: Consensus starting up: Expiring failure detector timer to make a prompt election more likely
I20260601 13:37:37.288465  1768 raft_consensus.cc:740] T 00000000000000000000000000000000 P 0aa7679539044e96bb1bfb24ea53dffe [term 0 FOLLOWER]: Becoming Follower/Learner. State: Replica: 0aa7679539044e96bb1bfb24ea53dffe, State: Initialized, Role: FOLLOWER
I20260601 13:37:37.288622  1768 consensus_queue.cc:260] T 00000000000000000000000000000000 P 0aa7679539044e96bb1bfb24ea53dffe [NON_LEADER]: Queue going to NON_LEADER mode. State: All replicated index: 0, Majority replicated index: 0, Committed index: 0, Last appended: 0.0, Last appended by leader: 0, Current term: 0, Majority size: -1, State: 0, Mode: NON_LEADER, active raft config: opid_index: -1 OBSOLETE_local: true peers { permanent_uuid: "0aa7679539044e96bb1bfb24ea53dffe" member_type: VOTER }
I20260601 13:37:37.288720  1768 raft_consensus.cc:399] T 00000000000000000000000000000000 P 0aa7679539044e96bb1bfb24ea53dffe [term 0 FOLLOWER]: Only one voter in the Raft config. Triggering election immediately
I20260601 13:37:37.288769  1768 raft_consensus.cc:493] T 00000000000000000000000000000000 P 0aa7679539044e96bb1bfb24ea53dffe [term 0 FOLLOWER]: Starting leader election (initial election of a single-replica configuration)
I20260601 13:37:37.288836  1768 raft_consensus.cc:3060] T 00000000000000000000000000000000 P 0aa7679539044e96bb1bfb24ea53dffe [term 0 FOLLOWER]: Advancing to term 1
I20260601 13:37:37.289621  1768 raft_consensus.cc:515] T 00000000000000000000000000000000 P 0aa7679539044e96bb1bfb24ea53dffe [term 1 FOLLOWER]: Starting leader election with config: opid_index: -1 OBSOLETE_local: true peers { permanent_uuid: "0aa7679539044e96bb1bfb24ea53dffe" member_type: VOTER }
I20260601 13:37:37.289772  1768 leader_election.cc:304] T 00000000000000000000000000000000 P 0aa7679539044e96bb1bfb24ea53dffe [CANDIDATE]: Term 1 election: Election decided. Result: candidate won. Election summary: received 1 responses out of 1 voters: 1 yes votes; 0 no votes. yes voters: 0aa7679539044e96bb1bfb24ea53dffe; no voters: 
I20260601 13:37:37.289981  1768 leader_election.cc:290] T 00000000000000000000000000000000 P 0aa7679539044e96bb1bfb24ea53dffe [CANDIDATE]: Term 1 election: Requested vote from peers 
I20260601 13:37:37.290179  1771 raft_consensus.cc:2804] T 00000000000000000000000000000000 P 0aa7679539044e96bb1bfb24ea53dffe [term 1 FOLLOWER]: Leader election won for term 1
I20260601 13:37:37.290414  1771 raft_consensus.cc:697] T 00000000000000000000000000000000 P 0aa7679539044e96bb1bfb24ea53dffe [term 1 LEADER]: Becoming Leader. State: Replica: 0aa7679539044e96bb1bfb24ea53dffe, State: Running, Role: LEADER
I20260601 13:37:37.290506  1768 sys_catalog.cc:565] T 00000000000000000000000000000000 P 0aa7679539044e96bb1bfb24ea53dffe [sys.catalog]: configured and running, proceeding with master startup.
I20260601 13:37:37.290572  1771 consensus_queue.cc:237] T 00000000000000000000000000000000 P 0aa7679539044e96bb1bfb24ea53dffe [LEADER]: Queue going to LEADER mode. State: All replicated index: 0, Majority replicated index: 0, Committed index: 0, Last appended: 0.0, Last appended by leader: 0, Current term: 1, Majority size: 1, State: 0, Mode: LEADER, active raft config: opid_index: -1 OBSOLETE_local: true peers { permanent_uuid: "0aa7679539044e96bb1bfb24ea53dffe" member_type: VOTER }
I20260601 13:37:37.291078  1773 sys_catalog.cc:455] T 00000000000000000000000000000000 P 0aa7679539044e96bb1bfb24ea53dffe [sys.catalog]: SysCatalogTable state changed. Reason: New leader 0aa7679539044e96bb1bfb24ea53dffe. Latest consensus state: current_term: 1 leader_uuid: "0aa7679539044e96bb1bfb24ea53dffe" committed_config { opid_index: -1 OBSOLETE_local: true peers { permanent_uuid: "0aa7679539044e96bb1bfb24ea53dffe" member_type: VOTER } }
I20260601 13:37:37.291201  1773 sys_catalog.cc:458] T 00000000000000000000000000000000 P 0aa7679539044e96bb1bfb24ea53dffe [sys.catalog]: This master's current role is: LEADER
I20260601 13:37:37.291064  1772 sys_catalog.cc:455] T 00000000000000000000000000000000 P 0aa7679539044e96bb1bfb24ea53dffe [sys.catalog]: SysCatalogTable state changed. Reason: RaftConsensus started. Latest consensus state: current_term: 1 leader_uuid: "0aa7679539044e96bb1bfb24ea53dffe" committed_config { opid_index: -1 OBSOLETE_local: true peers { permanent_uuid: "0aa7679539044e96bb1bfb24ea53dffe" member_type: VOTER } }
I20260601 13:37:37.291437  1772 sys_catalog.cc:458] T 00000000000000000000000000000000 P 0aa7679539044e96bb1bfb24ea53dffe [sys.catalog]: This master's current role is: LEADER
I20260601 13:37:37.291896  1778 catalog_manager.cc:1510] Loading table and tablet metadata into memory...
I20260601 13:37:37.292680  1778 catalog_manager.cc:1519] Initializing Kudu cluster ID...
I20260601 13:37:37.293356 31340 internal_mini_cluster.cc:184] Waiting to initialize catalog manager on master 0
I20260601 13:37:37.295025  1778 catalog_manager.cc:1382] Generated new cluster ID: 738f9a29c86f45c699d3d66f87ce7bda
I20260601 13:37:37.295095  1778 catalog_manager.cc:1530] Initializing Kudu internal certificate authority...
I20260601 13:37:37.304400  1778 catalog_manager.cc:1405] Generated new certificate authority record
I20260601 13:37:37.305033  1778 catalog_manager.cc:1539] Loading token signing keys...
I20260601 13:37:37.312585  1778 catalog_manager.cc:6069] T 00000000000000000000000000000000 P 0aa7679539044e96bb1bfb24ea53dffe: Generated new TSK 0
I20260601 13:37:37.312956  1778 catalog_manager.cc:1549] Initializing in-progress tserver states...
I20260601 13:37:37.326125 31340 file_cache.cc:492] Constructed file cache file cache with capacity 419430
W20260601 13:37:37.328732  1790 instance_detector.cc:116] could not retrieve Azure instance metadata: Network error: curl error: HTTP response code said error: The requested URL returned error: 404
W20260601 13:37:37.328732  1789 instance_detector.cc:116] could not retrieve AWS instance metadata: Network error: curl error: HTTP response code said error: The requested URL returned error: 404
W20260601 13:37:37.328933  1792 instance_detector.cc:116] could not retrieve OpenStack instance metadata: Network error: curl error: HTTP response code said error: The requested URL returned error: 404
I20260601 13:37:37.329219 31340 server_base.cc:1061] running on GCE node
I20260601 13:37:37.329411 31340 hybrid_clock.cc:584] initializing the hybrid clock with 'system_unsync' time source
W20260601 13:37:37.329465 31340 system_unsync_time.cc:38] NTP support is disabled. Clock error bounds will not be accurate. This configuration is not suitable for distributed clusters.
I20260601 13:37:37.329485 31340 hybrid_clock.cc:648] HybridClock initialized: now 1780321057329485 us; error 0 us; skew 500 ppm
I20260601 13:37:37.330493 31340 webserver.cc:533] Webserver started at http://127.30.155.1:35165/ using document root <none> and password file <none>
I20260601 13:37:37.330651 31340 fs_manager.cc:362] Metadata directory not provided
I20260601 13:37:37.330705 31340 fs_manager.cc:368] Using write-ahead log directory (fs_wal_dir) as metadata directory
I20260601 13:37:37.330760 31340 server_base.cc:909] This appears to be a new deployment of Kudu; creating new FS layout
I20260601 13:37:37.331127 31340 fs_manager.cc:1068] Generated new instance metadata in path /tmp/dist-test-task3MMHrd/test-tmp/auto_rebalancer-test.0.AutoRebalancerTest.RangeAwareRebalancesNewRangeReplicas.1780320987793159-31340-0/minicluster-data/ts-0-root/instance:
uuid: "ccdd121c3c2c4e31845700afb7ead73f"
format_stamp: "Formatted at 2026-06-01 13:37:37 on dist-test-slave-5gv7"
I20260601 13:37:37.332712 31340 fs_manager.cc:696] Time spent creating directory manager: real 0.001s	user 0.002s	sys 0.000s
I20260601 13:37:37.333828  1797 log_block_manager.cc:4031] Time spent loading block containers with low live blocks: real 0.000s	user 0.000s	sys 0.000s
I20260601 13:37:37.334273 31340 fs_manager.cc:730] Time spent opening block manager: real 0.001s	user 0.001s	sys 0.000s
I20260601 13:37:37.334376 31340 fs_manager.cc:647] Opened local filesystem: /tmp/dist-test-task3MMHrd/test-tmp/auto_rebalancer-test.0.AutoRebalancerTest.RangeAwareRebalancesNewRangeReplicas.1780320987793159-31340-0/minicluster-data/ts-0-root
uuid: "ccdd121c3c2c4e31845700afb7ead73f"
format_stamp: "Formatted at 2026-06-01 13:37:37 on dist-test-slave-5gv7"
I20260601 13:37:37.334476 31340 fs_report.cc:389] FS layout report
--------------------
wal directory: /tmp/dist-test-task3MMHrd/test-tmp/auto_rebalancer-test.0.AutoRebalancerTest.RangeAwareRebalancesNewRangeReplicas.1780320987793159-31340-0/minicluster-data/ts-0-root
metadata directory: /tmp/dist-test-task3MMHrd/test-tmp/auto_rebalancer-test.0.AutoRebalancerTest.RangeAwareRebalancesNewRangeReplicas.1780320987793159-31340-0/minicluster-data/ts-0-root
1 data directories: /tmp/dist-test-task3MMHrd/test-tmp/auto_rebalancer-test.0.AutoRebalancerTest.RangeAwareRebalancesNewRangeReplicas.1780320987793159-31340-0/minicluster-data/ts-0-root/data
Total live blocks: 0
Total live bytes: 0
Total live bytes (after alignment): 0
Total number of LBM containers: 0 (0 full)
Did not check for missing blocks
Did not check for orphaned blocks
Total full LBM containers with extra space: 0 (0 repaired)
Total full LBM container extra space in bytes: 0 (0 repaired)
Total incomplete LBM containers: 0 (0 repaired)
Total LBM partial records: 0 (0 repaired)
Total corrupted LBM metadata records in RocksDB: 0 (0 repaired)
I20260601 13:37:37.343644 31340 rpc_server.cc:225] running with OpenSSL 1.1.1  11 Sep 2018
I20260601 13:37:37.344113 31340 kserver.cc:163] Server-wide thread pool size limit: 3276
I20260601 13:37:37.344439 31340 txn_system_client.cc:432] TxnSystemClient initialization is disabled...
I20260601 13:37:37.345183 31340 ts_tablet_manager.cc:585] Loaded tablet metadata (0 total tablets, 0 live tablets)
I20260601 13:37:37.345260 31340 ts_tablet_manager.cc:531] Time spent load tablet metadata: real 0.000s	user 0.000s	sys 0.000s
I20260601 13:37:37.345319 31340 ts_tablet_manager.cc:616] Registered 0 tablets
I20260601 13:37:37.345374 31340 ts_tablet_manager.cc:595] Time spent register tablets: real 0.000s	user 0.000s	sys 0.000s
I20260601 13:37:37.350944 31340 rpc_server.cc:307] RPC server started. Bound to: 127.30.155.1:45551
I20260601 13:37:37.350965  1860 acceptor_pool.cc:272] collecting diagnostics on the listening RPC socket 127.30.155.1:45551 every 8 connection(s)
I20260601 13:37:37.351876 31340 file_cache.cc:492] Constructed file cache file cache with capacity 419430
W20260601 13:37:37.354638  1868 instance_detector.cc:116] could not retrieve OpenStack instance metadata: Network error: curl error: HTTP response code said error: The requested URL returned error: 404
W20260601 13:37:37.354827  1865 instance_detector.cc:116] could not retrieve AWS instance metadata: Network error: curl error: HTTP response code said error: The requested URL returned error: 404
I20260601 13:37:37.354951 31340 server_base.cc:1061] running on GCE node
W20260601 13:37:37.355319  1866 instance_detector.cc:116] could not retrieve Azure instance metadata: Network error: curl error: HTTP response code said error: The requested URL returned error: 404
I20260601 13:37:37.355638 31340 hybrid_clock.cc:584] initializing the hybrid clock with 'system_unsync' time source
W20260601 13:37:37.355700 31340 system_unsync_time.cc:38] NTP support is disabled. Clock error bounds will not be accurate. This configuration is not suitable for distributed clusters.
I20260601 13:37:37.355727 31340 hybrid_clock.cc:648] HybridClock initialized: now 1780321057355727 us; error 0 us; skew 500 ppm
I20260601 13:37:37.356842 31340 webserver.cc:533] Webserver started at http://127.30.155.2:33855/ using document root <none> and password file <none>
I20260601 13:37:37.357043 31340 fs_manager.cc:362] Metadata directory not provided
I20260601 13:37:37.357115 31340 fs_manager.cc:368] Using write-ahead log directory (fs_wal_dir) as metadata directory
I20260601 13:37:37.357232 31340 server_base.cc:909] This appears to be a new deployment of Kudu; creating new FS layout
I20260601 13:37:37.357632 31340 fs_manager.cc:1068] Generated new instance metadata in path /tmp/dist-test-task3MMHrd/test-tmp/auto_rebalancer-test.0.AutoRebalancerTest.RangeAwareRebalancesNewRangeReplicas.1780320987793159-31340-0/minicluster-data/ts-1-root/instance:
uuid: "94d19e2536ee4b31aa48ed21996ae0d7"
format_stamp: "Formatted at 2026-06-01 13:37:37 on dist-test-slave-5gv7"
I20260601 13:37:37.358785  1861 heartbeater.cc:344] Connected to a master server at 127.30.155.62:46155
I20260601 13:37:37.358893  1861 heartbeater.cc:461] Registering TS with master...
I20260601 13:37:37.359310  1861 heartbeater.cc:507] Master 127.30.155.62:46155 requested a full tablet report, sending...
I20260601 13:37:37.360131  1732 ts_manager.cc:194] Registered new tserver with Master: ccdd121c3c2c4e31845700afb7ead73f (127.30.155.1:45551)
I20260601 13:37:37.360142 31340 fs_manager.cc:696] Time spent creating directory manager: real 0.002s	user 0.003s	sys 0.000s
I20260601 13:37:37.361280  1732 master_service.cc:502] Signed X509 certificate for tserver {username='slave'} at 127.0.0.1:54230
I20260601 13:37:37.362202  1873 log_block_manager.cc:4031] Time spent loading block containers with low live blocks: real 0.000s	user 0.000s	sys 0.000s
I20260601 13:37:37.362491 31340 fs_manager.cc:730] Time spent opening block manager: real 0.001s	user 0.001s	sys 0.000s
I20260601 13:37:37.362563 31340 fs_manager.cc:647] Opened local filesystem: /tmp/dist-test-task3MMHrd/test-tmp/auto_rebalancer-test.0.AutoRebalancerTest.RangeAwareRebalancesNewRangeReplicas.1780320987793159-31340-0/minicluster-data/ts-1-root
uuid: "94d19e2536ee4b31aa48ed21996ae0d7"
format_stamp: "Formatted at 2026-06-01 13:37:37 on dist-test-slave-5gv7"
I20260601 13:37:37.362656 31340 fs_report.cc:389] FS layout report
--------------------
wal directory: /tmp/dist-test-task3MMHrd/test-tmp/auto_rebalancer-test.0.AutoRebalancerTest.RangeAwareRebalancesNewRangeReplicas.1780320987793159-31340-0/minicluster-data/ts-1-root
metadata directory: /tmp/dist-test-task3MMHrd/test-tmp/auto_rebalancer-test.0.AutoRebalancerTest.RangeAwareRebalancesNewRangeReplicas.1780320987793159-31340-0/minicluster-data/ts-1-root
1 data directories: /tmp/dist-test-task3MMHrd/test-tmp/auto_rebalancer-test.0.AutoRebalancerTest.RangeAwareRebalancesNewRangeReplicas.1780320987793159-31340-0/minicluster-data/ts-1-root/data
Total live blocks: 0
Total live bytes: 0
Total live bytes (after alignment): 0
Total number of LBM containers: 0 (0 full)
Did not check for missing blocks
Did not check for orphaned blocks
Total full LBM containers with extra space: 0 (0 repaired)
Total full LBM container extra space in bytes: 0 (0 repaired)
Total incomplete LBM containers: 0 (0 repaired)
Total LBM partial records: 0 (0 repaired)
Total corrupted LBM metadata records in RocksDB: 0 (0 repaired)
I20260601 13:37:37.373582 31340 rpc_server.cc:225] running with OpenSSL 1.1.1  11 Sep 2018
I20260601 13:37:37.374068 31340 kserver.cc:163] Server-wide thread pool size limit: 3276
I20260601 13:37:37.374396 31340 txn_system_client.cc:432] TxnSystemClient initialization is disabled...
I20260601 13:37:37.374877 31340 ts_tablet_manager.cc:585] Loaded tablet metadata (0 total tablets, 0 live tablets)
I20260601 13:37:37.374938 31340 ts_tablet_manager.cc:531] Time spent load tablet metadata: real 0.000s	user 0.000s	sys 0.000s
I20260601 13:37:37.374997 31340 ts_tablet_manager.cc:616] Registered 0 tablets
I20260601 13:37:37.375030 31340 ts_tablet_manager.cc:595] Time spent register tablets: real 0.000s	user 0.000s	sys 0.000s
I20260601 13:37:37.380697 31340 rpc_server.cc:307] RPC server started. Bound to: 127.30.155.2:34003
I20260601 13:37:37.380770  1936 acceptor_pool.cc:272] collecting diagnostics on the listening RPC socket 127.30.155.2:34003 every 8 connection(s)
I20260601 13:37:37.381570 31340 file_cache.cc:492] Constructed file cache file cache with capacity 419430
W20260601 13:37:37.384152  1940 instance_detector.cc:116] could not retrieve AWS instance metadata: Network error: curl error: HTTP response code said error: The requested URL returned error: 404
W20260601 13:37:37.384240  1941 instance_detector.cc:116] could not retrieve Azure instance metadata: Network error: curl error: HTTP response code said error: The requested URL returned error: 404
W20260601 13:37:37.384398  1943 instance_detector.cc:116] could not retrieve OpenStack instance metadata: Network error: curl error: HTTP response code said error: The requested URL returned error: 404
I20260601 13:37:37.384763 31340 server_base.cc:1061] running on GCE node
I20260601 13:37:37.384989 31340 hybrid_clock.cc:584] initializing the hybrid clock with 'system_unsync' time source
W20260601 13:37:37.385048 31340 system_unsync_time.cc:38] NTP support is disabled. Clock error bounds will not be accurate. This configuration is not suitable for distributed clusters.
I20260601 13:37:37.385092 31340 hybrid_clock.cc:648] HybridClock initialized: now 1780321057385090 us; error 0 us; skew 500 ppm
I20260601 13:37:37.386045 31340 webserver.cc:533] Webserver started at http://127.30.155.3:38951/ using document root <none> and password file <none>
I20260601 13:37:37.386270 31340 fs_manager.cc:362] Metadata directory not provided
I20260601 13:37:37.386327 31340 fs_manager.cc:368] Using write-ahead log directory (fs_wal_dir) as metadata directory
I20260601 13:37:37.386416 31340 server_base.cc:909] This appears to be a new deployment of Kudu; creating new FS layout
I20260601 13:37:37.386720  1937 heartbeater.cc:344] Connected to a master server at 127.30.155.62:46155
I20260601 13:37:37.386843  1937 heartbeater.cc:461] Registering TS with master...
I20260601 13:37:37.386891 31340 fs_manager.cc:1068] Generated new instance metadata in path /tmp/dist-test-task3MMHrd/test-tmp/auto_rebalancer-test.0.AutoRebalancerTest.RangeAwareRebalancesNewRangeReplicas.1780320987793159-31340-0/minicluster-data/ts-2-root/instance:
uuid: "96f17bee5bcd49b5983eb1597a613285"
format_stamp: "Formatted at 2026-06-01 13:37:37 on dist-test-slave-5gv7"
I20260601 13:37:37.387115  1937 heartbeater.cc:507] Master 127.30.155.62:46155 requested a full tablet report, sending...
I20260601 13:37:37.387919  1732 ts_manager.cc:194] Registered new tserver with Master: 94d19e2536ee4b31aa48ed21996ae0d7 (127.30.155.2:34003)
I20260601 13:37:37.388584  1732 master_service.cc:502] Signed X509 certificate for tserver {username='slave'} at 127.0.0.1:54244
I20260601 13:37:37.388599 31340 fs_manager.cc:696] Time spent creating directory manager: real 0.002s	user 0.000s	sys 0.002s
I20260601 13:37:37.389760  1948 log_block_manager.cc:4031] Time spent loading block containers with low live blocks: real 0.000s	user 0.000s	sys 0.000s
I20260601 13:37:37.390054 31340 fs_manager.cc:730] Time spent opening block manager: real 0.001s	user 0.000s	sys 0.000s
I20260601 13:37:37.390113 31340 fs_manager.cc:647] Opened local filesystem: /tmp/dist-test-task3MMHrd/test-tmp/auto_rebalancer-test.0.AutoRebalancerTest.RangeAwareRebalancesNewRangeReplicas.1780320987793159-31340-0/minicluster-data/ts-2-root
