I20260601 13:36:34.287487 27480 sys_catalog.cc:455] T 00000000000000000000000000000000 P 577d224a5fca415ab55eed8c41c569f0 [sys.catalog]: SysCatalogTable state changed. Reason: Replicated consensus-only round. Latest consensus state: current_term: 1 leader_uuid: "bd2ac6746e2a49f48b247b5942d0e561" committed_config { opid_index: -1 OBSOLETE_local: false peers { permanent_uuid: "d78519a42695486daf9723def397d8ee" member_type: VOTER last_known_addr { host: "127.25.154.190" port: 44063 } } peers { permanent_uuid: "bd2ac6746e2a49f48b247b5942d0e561" member_type: VOTER last_known_addr { host: "127.25.154.189" port: 36233 } } peers { permanent_uuid: "577d224a5fca415ab55eed8c41c569f0" member_type: VOTER last_known_addr { host: "127.25.154.188" port: 36125 } } }
I20260601 13:36:34.287593 27480 sys_catalog.cc:458] T 00000000000000000000000000000000 P 577d224a5fca415ab55eed8c41c569f0 [sys.catalog]: This master's current role is: FOLLOWER
W20260601 13:36:34.288057 27591 instance_detector.cc:116] could not retrieve Azure instance metadata: Network error: curl error: HTTP response code said error: The requested URL returned error: 404
I20260601 13:36:34.288379 27467 sys_catalog.cc:455] T 00000000000000000000000000000000 P d78519a42695486daf9723def397d8ee [sys.catalog]: SysCatalogTable state changed. Reason: Replicated consensus-only round. Latest consensus state: current_term: 1 leader_uuid: "bd2ac6746e2a49f48b247b5942d0e561" committed_config { opid_index: -1 OBSOLETE_local: false peers { permanent_uuid: "d78519a42695486daf9723def397d8ee" member_type: VOTER last_known_addr { host: "127.25.154.190" port: 44063 } } peers { permanent_uuid: "bd2ac6746e2a49f48b247b5942d0e561" member_type: VOTER last_known_addr { host: "127.25.154.189" port: 36233 } } peers { permanent_uuid: "577d224a5fca415ab55eed8c41c569f0" member_type: VOTER last_known_addr { host: "127.25.154.188" port: 36125 } } }
I20260601 13:36:34.288480 27467 sys_catalog.cc:458] T 00000000000000000000000000000000 P d78519a42695486daf9723def397d8ee [sys.catalog]: This master's current role is: FOLLOWER
W20260601 13:36:34.287581 27594 instance_detector.cc:116] could not retrieve OpenStack instance metadata: Network error: curl error: HTTP response code said error: The requested URL returned error: 404
W20260601 13:36:34.288708 27590 instance_detector.cc:116] could not retrieve AWS instance metadata: Network error: curl error: HTTP response code said error: The requested URL returned error: 404
I20260601 13:36:34.288964 27523 catalog_manager.cc:1382] Generated new cluster ID: d5ec4e6f493040838eafe25567f46bed
I20260601 13:36:34.289019 27523 catalog_manager.cc:1530] Initializing Kudu internal certificate authority...
I20260601 13:36:34.289122 26218 server_base.cc:1061] running on GCE node
I20260601 13:36:34.289299 26218 hybrid_clock.cc:584] initializing the hybrid clock with 'system_unsync' time source
W20260601 13:36:34.289391 26218 system_unsync_time.cc:38] NTP support is disabled. Clock error bounds will not be accurate. This configuration is not suitable for distributed clusters.
I20260601 13:36:34.289458 26218 hybrid_clock.cc:648] HybridClock initialized: now 1780320994289456 us; error 0 us; skew 500 ppm
I20260601 13:36:34.290647 26218 webserver.cc:533] Webserver started at http://127.25.154.130:36729/ using document root <none> and password file <none>
I20260601 13:36:34.290870 26218 fs_manager.cc:362] Metadata directory not provided
I20260601 13:36:34.290958 26218 fs_manager.cc:368] Using write-ahead log directory (fs_wal_dir) as metadata directory
I20260601 13:36:34.291060 26218 server_base.cc:909] This appears to be a new deployment of Kudu; creating new FS layout
I20260601 13:36:34.291504 26218 fs_manager.cc:1068] Generated new instance metadata in path /tmp/dist-test-taskNFjkMi/test-tmp/auto_rebalancer-test.0.AutoRebalancerTest.NextLeaderResumesAutoRebalancing.1780320984125593-26218-0/minicluster-data/ts-1-root/instance:
uuid: "7e2722f5883b4255ad5bf1d45ef23cfa"
format_stamp: "Formatted at 2026-06-01 13:36:34 on dist-test-slave-whnk"
I20260601 13:36:34.291532 27581 heartbeater.cc:344] Connected to a master server at 127.25.154.188:36125
I20260601 13:36:34.291702 27581 heartbeater.cc:461] Registering TS with master...
I20260601 13:36:34.291930 27581 heartbeater.cc:507] Master 127.25.154.188:36125 requested a full tablet report, sending...
I20260601 13:36:34.292603 27426 ts_manager.cc:194] Registered new tserver with Master: 9fc90c76093a43078cf6a4460d8f39d0 (127.25.154.129:40391)
I20260601 13:36:34.294687 27584 heartbeater.cc:344] Connected to a master server at 127.25.154.189:36233
I20260601 13:36:34.294697 26218 fs_manager.cc:696] Time spent creating directory manager: real 0.003s	user 0.001s	sys 0.000s
I20260601 13:36:34.294785 27584 heartbeater.cc:461] Registering TS with master...
I20260601 13:36:34.295001 27584 heartbeater.cc:507] Master 127.25.154.189:36233 requested a full tablet report, sending...
I20260601 13:36:34.295421 27582 heartbeater.cc:344] Connected to a master server at 127.25.154.190:44063
I20260601 13:36:34.295499 27582 heartbeater.cc:461] Registering TS with master...
I20260601 13:36:34.295611 27360 ts_manager.cc:194] Registered new tserver with Master: 9fc90c76093a43078cf6a4460d8f39d0 (127.25.154.129:40391)
I20260601 13:36:34.295671 27582 heartbeater.cc:507] Master 127.25.154.190:44063 requested a full tablet report, sending...
I20260601 13:36:34.295890 27603 log_block_manager.cc:4031] Time spent loading block containers with low live blocks: real 0.000s	user 0.000s	sys 0.000s
I20260601 13:36:34.296245 27294 ts_manager.cc:194] Registered new tserver with Master: 9fc90c76093a43078cf6a4460d8f39d0 (127.25.154.129:40391)
I20260601 13:36:34.296259 26218 fs_manager.cc:730] Time spent opening block manager: real 0.001s	user 0.001s	sys 0.000s
I20260601 13:36:34.296415 26218 fs_manager.cc:647] Opened local filesystem: /tmp/dist-test-taskNFjkMi/test-tmp/auto_rebalancer-test.0.AutoRebalancerTest.NextLeaderResumesAutoRebalancing.1780320984125593-26218-0/minicluster-data/ts-1-root
uuid: "7e2722f5883b4255ad5bf1d45ef23cfa"
format_stamp: "Formatted at 2026-06-01 13:36:34 on dist-test-slave-whnk"
I20260601 13:36:34.296499 26218 fs_report.cc:389] FS layout report
--------------------
wal directory: /tmp/dist-test-taskNFjkMi/test-tmp/auto_rebalancer-test.0.AutoRebalancerTest.NextLeaderResumesAutoRebalancing.1780320984125593-26218-0/minicluster-data/ts-1-root
metadata directory: /tmp/dist-test-taskNFjkMi/test-tmp/auto_rebalancer-test.0.AutoRebalancerTest.NextLeaderResumesAutoRebalancing.1780320984125593-26218-0/minicluster-data/ts-1-root
1 data directories: /tmp/dist-test-taskNFjkMi/test-tmp/auto_rebalancer-test.0.AutoRebalancerTest.NextLeaderResumesAutoRebalancing.1780320984125593-26218-0/minicluster-data/ts-1-root/data
Total live blocks: 0
Total live bytes: 0
Total live bytes (after alignment): 0
Total number of LBM containers: 0 (0 full)
Did not check for missing blocks
Did not check for orphaned blocks
Total full LBM containers with extra space: 0 (0 repaired)
Total full LBM container extra space in bytes: 0 (0 repaired)
Total incomplete LBM containers: 0 (0 repaired)
Total LBM partial records: 0 (0 repaired)
Total corrupted LBM metadata records in RocksDB: 0 (0 repaired)
I20260601 13:36:34.309429 27523 catalog_manager.cc:1405] Generated new certificate authority record
I20260601 13:36:34.310295 27523 catalog_manager.cc:1539] Loading token signing keys...
I20260601 13:36:34.314762 26218 rpc_server.cc:225] running with OpenSSL 1.1.1  11 Sep 2018
I20260601 13:36:34.315233 26218 kserver.cc:163] Server-wide thread pool size limit: 3276
I20260601 13:36:34.315582 26218 txn_system_client.cc:432] TxnSystemClient initialization is disabled...
I20260601 13:36:34.316133 26218 ts_tablet_manager.cc:585] Loaded tablet metadata (0 total tablets, 0 live tablets)
I20260601 13:36:34.316195 26218 ts_tablet_manager.cc:531] Time spent load tablet metadata: real 0.000s	user 0.000s	sys 0.000s
I20260601 13:36:34.316257 26218 ts_tablet_manager.cc:616] Registered 0 tablets
I20260601 13:36:34.316289 26218 ts_tablet_manager.cc:595] Time spent register tablets: real 0.000s	user 0.000s	sys 0.000s
I20260601 13:36:34.320973 27523 catalog_manager.cc:6069] T 00000000000000000000000000000000 P bd2ac6746e2a49f48b247b5942d0e561: Generated new TSK 0
I20260601 13:36:34.321223 27523 catalog_manager.cc:1549] Initializing in-progress tserver states...
I20260601 13:36:34.322052 26218 rpc_server.cc:307] RPC server started. Bound to: 127.25.154.130:35529
I20260601 13:36:34.323244 26218 file_cache.cc:492] Constructed file cache file cache with capacity 419430
I20260601 13:36:34.324222 27667 acceptor_pool.cc:272] collecting diagnostics on the listening RPC socket 127.25.154.130:35529 every 8 connection(s)
W20260601 13:36:34.325670 27676 instance_detector.cc:116] could not retrieve Azure instance metadata: Network error: curl error: HTTP response code said error: The requested URL returned error: 404
W20260601 13:36:34.325680 27675 instance_detector.cc:116] could not retrieve AWS instance metadata: Network error: curl error: HTTP response code said error: The requested URL returned error: 404
W20260601 13:36:34.325929 27678 instance_detector.cc:116] could not retrieve OpenStack instance metadata: Network error: curl error: HTTP response code said error: The requested URL returned error: 404
I20260601 13:36:34.326917 26218 server_base.cc:1061] running on GCE node
I20260601 13:36:34.327216 26218 hybrid_clock.cc:584] initializing the hybrid clock with 'system_unsync' time source
W20260601 13:36:34.327540 26218 system_unsync_time.cc:38] NTP support is disabled. Clock error bounds will not be accurate. This configuration is not suitable for distributed clusters.
I20260601 13:36:34.327610 26218 hybrid_clock.cc:648] HybridClock initialized: now 1780320994327607 us; error 0 us; skew 500 ppm
I20260601 13:36:34.327926 27669 heartbeater.cc:344] Connected to a master server at 127.25.154.190:44063
I20260601 13:36:34.328215 27669 heartbeater.cc:461] Registering TS with master...
I20260601 13:36:34.328449 27669 heartbeater.cc:507] Master 127.25.154.190:44063 requested a full tablet report, sending...
I20260601 13:36:34.328619 27670 heartbeater.cc:344] Connected to a master server at 127.25.154.189:36233
I20260601 13:36:34.328698 27670 heartbeater.cc:461] Registering TS with master...
I20260601 13:36:34.328704 26218 webserver.cc:533] Webserver started at http://127.25.154.131:35449/ using document root <none> and password file <none>
I20260601 13:36:34.328872 26218 fs_manager.cc:362] Metadata directory not provided
I20260601 13:36:34.328895 27670 heartbeater.cc:507] Master 127.25.154.189:36233 requested a full tablet report, sending...
I20260601 13:36:34.328923 26218 fs_manager.cc:368] Using write-ahead log directory (fs_wal_dir) as metadata directory
I20260601 13:36:34.328991 26218 server_base.cc:909] This appears to be a new deployment of Kudu; creating new FS layout
I20260601 13:36:34.329425 27294 ts_manager.cc:194] Registered new tserver with Master: 7e2722f5883b4255ad5bf1d45ef23cfa (127.25.154.130:35529)
I20260601 13:36:34.329447 26218 fs_manager.cc:1068] Generated new instance metadata in path /tmp/dist-test-taskNFjkMi/test-tmp/auto_rebalancer-test.0.AutoRebalancerTest.NextLeaderResumesAutoRebalancing.1780320984125593-26218-0/minicluster-data/ts-2-root/instance:
uuid: "7bc83edfffab41c7b147632a46e5057c"
format_stamp: "Formatted at 2026-06-01 13:36:34 on dist-test-slave-whnk"
I20260601 13:36:34.329680 27360 ts_manager.cc:194] Registered new tserver with Master: 7e2722f5883b4255ad5bf1d45ef23cfa (127.25.154.130:35529)
I20260601 13:36:34.330519 27360 master_service.cc:502] Signed X509 certificate for tserver {username='slave'} at 127.0.0.1:53684
I20260601 13:36:34.331322 27668 heartbeater.cc:344] Connected to a master server at 127.25.154.188:36125
I20260601 13:36:34.331411 27668 heartbeater.cc:461] Registering TS with master...
I20260601 13:36:34.331523 27668 heartbeater.cc:507] Master 127.25.154.188:36125 requested a full tablet report, sending...
I20260601 13:36:34.331512 26218 fs_manager.cc:696] Time spent creating directory manager: real 0.002s	user 0.002s	sys 0.000s
I20260601 13:36:34.332091 27426 ts_manager.cc:194] Registered new tserver with Master: 7e2722f5883b4255ad5bf1d45ef23cfa (127.25.154.130:35529)
I20260601 13:36:34.332684 27683 log_block_manager.cc:4031] Time spent loading block containers with low live blocks: real 0.000s	user 0.000s	sys 0.000s
I20260601 13:36:34.332933 26218 fs_manager.cc:730] Time spent opening block manager: real 0.001s	user 0.001s	sys 0.000s
I20260601 13:36:34.333001 26218 fs_manager.cc:647] Opened local filesystem: /tmp/dist-test-taskNFjkMi/test-tmp/auto_rebalancer-test.0.AutoRebalancerTest.NextLeaderResumesAutoRebalancing.1780320984125593-26218-0/minicluster-data/ts-2-root
uuid: "7bc83edfffab41c7b147632a46e5057c"
format_stamp: "Formatted at 2026-06-01 13:36:34 on dist-test-slave-whnk"
I20260601 13:36:34.333045 26218 fs_report.cc:389] FS layout report
--------------------
wal directory: /tmp/dist-test-taskNFjkMi/test-tmp/auto_rebalancer-test.0.AutoRebalancerTest.NextLeaderResumesAutoRebalancing.1780320984125593-26218-0/minicluster-data/ts-2-root
metadata directory: /tmp/dist-test-taskNFjkMi/test-tmp/auto_rebalancer-test.0.AutoRebalancerTest.NextLeaderResumesAutoRebalancing.1780320984125593-26218-0/minicluster-data/ts-2-root
1 data directories: /tmp/dist-test-taskNFjkMi/test-tmp/auto_rebalancer-test.0.AutoRebalancerTest.NextLeaderResumesAutoRebalancing.1780320984125593-26218-0/minicluster-data/ts-2-root/data
Total live blocks: 0
Total live bytes: 0
Total live bytes (after alignment): 0
Total number of LBM containers: 0 (0 full)
Did not check for missing blocks
Did not check for orphaned blocks
Total full LBM containers with extra space: 0 (0 repaired)
Total full LBM container extra space in bytes: 0 (0 repaired)
Total incomplete LBM containers: 0 (0 repaired)
Total LBM partial records: 0 (0 repaired)
Total corrupted LBM metadata records in RocksDB: 0 (0 repaired)
I20260601 13:36:34.345265 26218 rpc_server.cc:225] running with OpenSSL 1.1.1  11 Sep 2018
I20260601 13:36:34.345782 26218 kserver.cc:163] Server-wide thread pool size limit: 3276
I20260601 13:36:34.346117 26218 txn_system_client.cc:432] TxnSystemClient initialization is disabled...
I20260601 13:36:34.346715 26218 ts_tablet_manager.cc:585] Loaded tablet metadata (0 total tablets, 0 live tablets)
I20260601 13:36:34.346779 26218 ts_tablet_manager.cc:531] Time spent load tablet metadata: real 0.000s	user 0.000s	sys 0.000s
I20260601 13:36:34.346841 26218 ts_tablet_manager.cc:616] Registered 0 tablets
I20260601 13:36:34.346894 26218 ts_tablet_manager.cc:595] Time spent register tablets: real 0.000s	user 0.000s	sys 0.000s
I20260601 13:36:34.352173 26218 rpc_server.cc:307] RPC server started. Bound to: 127.25.154.131:45953
I20260601 13:36:34.352305 27746 acceptor_pool.cc:272] collecting diagnostics on the listening RPC socket 127.25.154.131:45953 every 8 connection(s)
I20260601 13:36:34.357734 27749 heartbeater.cc:344] Connected to a master server at 127.25.154.189:36233
I20260601 13:36:34.357801 27747 heartbeater.cc:344] Connected to a master server at 127.25.154.188:36125
I20260601 13:36:34.357892 27749 heartbeater.cc:461] Registering TS with master...
I20260601 13:36:34.357908 27747 heartbeater.cc:461] Registering TS with master...
I20260601 13:36:34.358220 27747 heartbeater.cc:507] Master 127.25.154.188:36125 requested a full tablet report, sending...
I20260601 13:36:34.358214 27749 heartbeater.cc:507] Master 127.25.154.189:36233 requested a full tablet report, sending...
I20260601 13:36:34.358215 27748 heartbeater.cc:344] Connected to a master server at 127.25.154.190:44063
I20260601 13:36:34.358366 27748 heartbeater.cc:461] Registering TS with master...
I20260601 13:36:34.358534 27748 heartbeater.cc:507] Master 127.25.154.190:44063 requested a full tablet report, sending...
I20260601 13:36:34.359015 27426 ts_manager.cc:194] Registered new tserver with Master: 7bc83edfffab41c7b147632a46e5057c (127.25.154.131:45953)
I20260601 13:36:34.359078 27360 ts_manager.cc:194] Registered new tserver with Master: 7bc83edfffab41c7b147632a46e5057c (127.25.154.131:45953)
I20260601 13:36:34.359114 27294 ts_manager.cc:194] Registered new tserver with Master: 7bc83edfffab41c7b147632a46e5057c (127.25.154.131:45953)
I20260601 13:36:34.359685 27360 master_service.cc:502] Signed X509 certificate for tserver {username='slave'} at 127.0.0.1:53688
I20260601 13:36:34.359790 26218 internal_mini_cluster.cc:371] 3 TS(s) registered with all masters after 0.00703559s
I20260601 13:36:35.210610 27479 catalog_manager.cc:1294] Loaded cluster ID: d5ec4e6f493040838eafe25567f46bed
I20260601 13:36:35.210767 27479 catalog_manager.cc:1587] T 00000000000000000000000000000000 P d78519a42695486daf9723def397d8ee: loading cluster ID for follower catalog manager: success
I20260601 13:36:35.211942 27491 catalog_manager.cc:1294] Loaded cluster ID: d5ec4e6f493040838eafe25567f46bed
I20260601 13:36:35.212018 27491 catalog_manager.cc:1587] T 00000000000000000000000000000000 P 577d224a5fca415ab55eed8c41c569f0: loading cluster ID for follower catalog manager: success
I20260601 13:36:35.211957 27479 catalog_manager.cc:1609] T 00000000000000000000000000000000 P d78519a42695486daf9723def397d8ee: acquiring CA information for follower catalog manager: success
I20260601 13:36:35.212919 27479 catalog_manager.cc:1637] T 00000000000000000000000000000000 P d78519a42695486daf9723def397d8ee: importing token verification keys for follower catalog manager: success; most recent TSK sequence number 0
I20260601 13:36:35.213378 27491 catalog_manager.cc:1609] T 00000000000000000000000000000000 P 577d224a5fca415ab55eed8c41c569f0: acquiring CA information for follower catalog manager: success
I20260601 13:36:35.213954 27491 catalog_manager.cc:1637] T 00000000000000000000000000000000 P 577d224a5fca415ab55eed8c41c569f0: importing token verification keys for follower catalog manager: success; most recent TSK sequence number 0
I20260601 13:36:35.297581 27360 master_service.cc:502] Signed X509 certificate for tserver {username='slave'} at 127.0.0.1:53682
I20260601 13:36:35.331373 27670 heartbeater.cc:499] Master 127.25.154.189:36233 was elected leader, sending a full tablet report...
I20260601 13:36:35.360488 27749 heartbeater.cc:499] Master 127.25.154.189:36233 was elected leader, sending a full tablet report...
I20260601 13:36:36.239585 27503 auto_leader_rebalancer.cc:451] All tables' leader rebalancing finished this round
I20260601 13:36:36.298595 27584 heartbeater.cc:499] Master 127.25.154.189:36233 was elected leader, sending a full tablet report...
I20260601 13:36:36.430523 27360 catalog_manager.cc:2282] Servicing CreateTable request from {username='slave'} at 127.0.0.1:53690:
name: "test-workload"
schema {
  columns {
    name: "key"
    type: INT32
    is_key: true
    is_nullable: false
    encoding: AUTO_ENCODING
    compression: DEFAULT_COMPRESSION
    cfile_block_size: 0
    immutable: false
  }
  columns {
    name: "int_val"
    type: INT32
    is_key: false
    is_nullable: false
    encoding: AUTO_ENCODING
    compression: DEFAULT_COMPRESSION
    cfile_block_size: 0
    immutable: false
  }
  columns {
    name: "string_val"
    type: STRING
    is_key: false
    is_nullable: true
    encoding: AUTO_ENCODING
    compression: DEFAULT_COMPRESSION
    cfile_block_size: 0
    immutable: false
  }
}
num_replicas: 1
split_rows_range_bounds {
  rows: "\004\001\000\252\252\252*\004\001\000TUUU""\004\001\000\252\252\252*\004\001\000TUUU"
  indirect_data: """"
}
partition_schema {
  range_schema {
    columns {
      name: "key"
    }
  }
}
I20260601 13:36:36.447466 27544 tablet_service.cc:1511] Processing CreateTablet for tablet 2d1328fb35434d13996e625b9273c8ac (DEFAULT_TABLE table=test-workload [id=57833e3c0f824a23bb2d0bde7c1c5a22]), partition=RANGE (key) PARTITION 715827882 <= VALUES < 1431655764
I20260601 13:36:36.447773 27631 tablet_service.cc:1511] Processing CreateTablet for tablet 7e24a573c21f4408a48b203cdcdffedb (DEFAULT_TABLE table=test-workload [id=57833e3c0f824a23bb2d0bde7c1c5a22]), partition=RANGE (key) PARTITION VALUES < 715827882
I20260601 13:36:36.447866 27544 data_dirs.cc:400] Could only allocate 1 dirs of requested 3 for tablet 2d1328fb35434d13996e625b9273c8ac. 1 dirs total, 0 dirs full, 0 dirs failed
I20260601 13:36:36.448056 27631 data_dirs.cc:400] Could only allocate 1 dirs of requested 3 for tablet 7e24a573c21f4408a48b203cdcdffedb. 1 dirs total, 0 dirs full, 0 dirs failed
I20260601 13:36:36.448453 27711 tablet_service.cc:1511] Processing CreateTablet for tablet 1aeefd06565b46d5863cc5773322533c (DEFAULT_TABLE table=test-workload [id=57833e3c0f824a23bb2d0bde7c1c5a22]), partition=RANGE (key) PARTITION 1431655764 <= VALUES
I20260601 13:36:36.448693 27711 data_dirs.cc:400] Could only allocate 1 dirs of requested 3 for tablet 1aeefd06565b46d5863cc5773322533c. 1 dirs total, 0 dirs full, 0 dirs failed
I20260601 13:36:36.450915 27784 tablet_bootstrap.cc:492] T 1aeefd06565b46d5863cc5773322533c P 7bc83edfffab41c7b147632a46e5057c: Bootstrap starting.
I20260601 13:36:36.451086 27782 tablet_bootstrap.cc:492] T 7e24a573c21f4408a48b203cdcdffedb P 7e2722f5883b4255ad5bf1d45ef23cfa: Bootstrap starting.
I20260601 13:36:36.452051 27782 tablet_bootstrap.cc:654] T 7e24a573c21f4408a48b203cdcdffedb P 7e2722f5883b4255ad5bf1d45ef23cfa: Neither blocks nor log segments found. Creating new log.
I20260601 13:36:36.452051 27784 tablet_bootstrap.cc:654] T 1aeefd06565b46d5863cc5773322533c P 7bc83edfffab41c7b147632a46e5057c: Neither blocks nor log segments found. Creating new log.
I20260601 13:36:36.453001 27783 tablet_bootstrap.cc:492] T 2d1328fb35434d13996e625b9273c8ac P 9fc90c76093a43078cf6a4460d8f39d0: Bootstrap starting.
I20260601 13:36:36.453393 27782 tablet_bootstrap.cc:492] T 7e24a573c21f4408a48b203cdcdffedb P 7e2722f5883b4255ad5bf1d45ef23cfa: No bootstrap required, opened a new log
I20260601 13:36:36.453490 27782 ts_tablet_manager.cc:1403] T 7e24a573c21f4408a48b203cdcdffedb P 7e2722f5883b4255ad5bf1d45ef23cfa: Time spent bootstrapping tablet: real 0.002s	user 0.002s	sys 0.000s
I20260601 13:36:36.453794 27784 tablet_bootstrap.cc:492] T 1aeefd06565b46d5863cc5773322533c P 7bc83edfffab41c7b147632a46e5057c: No bootstrap required, opened a new log
I20260601 13:36:36.453913 27784 ts_tablet_manager.cc:1403] T 1aeefd06565b46d5863cc5773322533c P 7bc83edfffab41c7b147632a46e5057c: Time spent bootstrapping tablet: real 0.003s	user 0.002s	sys 0.000s
I20260601 13:36:36.453994 27782 raft_consensus.cc:359] T 7e24a573c21f4408a48b203cdcdffedb P 7e2722f5883b4255ad5bf1d45ef23cfa [term 0 FOLLOWER]: Replica starting. Triggering 0 pending ops. Active config: opid_index: -1 OBSOLETE_local: true peers { permanent_uuid: "7e2722f5883b4255ad5bf1d45ef23cfa" member_type: VOTER last_known_addr { host: "127.25.154.130" port: 35529 } }
I20260601 13:36:36.454156 27782 raft_consensus.cc:385] T 7e24a573c21f4408a48b203cdcdffedb P 7e2722f5883b4255ad5bf1d45ef23cfa [term 0 FOLLOWER]: Consensus starting up: Expiring failure detector timer to make a prompt election more likely
I20260601 13:36:36.454174 27783 tablet_bootstrap.cc:654] T 2d1328fb35434d13996e625b9273c8ac P 9fc90c76093a43078cf6a4460d8f39d0: Neither blocks nor log segments found. Creating new log.
I20260601 13:36:36.454248 27782 raft_consensus.cc:740] T 7e24a573c21f4408a48b203cdcdffedb P 7e2722f5883b4255ad5bf1d45ef23cfa [term 0 FOLLOWER]: Becoming Follower/Learner. State: Replica: 7e2722f5883b4255ad5bf1d45ef23cfa, State: Initialized, Role: FOLLOWER
I20260601 13:36:36.454416 27784 raft_consensus.cc:359] T 1aeefd06565b46d5863cc5773322533c P 7bc83edfffab41c7b147632a46e5057c [term 0 FOLLOWER]: Replica starting. Triggering 0 pending ops. Active config: opid_index: -1 OBSOLETE_local: true peers { permanent_uuid: "7bc83edfffab41c7b147632a46e5057c" member_type: VOTER last_known_addr { host: "127.25.154.131" port: 45953 } }
I20260601 13:36:36.454429 27782 consensus_queue.cc:260] T 7e24a573c21f4408a48b203cdcdffedb P 7e2722f5883b4255ad5bf1d45ef23cfa [NON_LEADER]: Queue going to NON_LEADER mode. State: All replicated index: 0, Majority replicated index: 0, Committed index: 0, Last appended: 0.0, Last appended by leader: 0, Current term: 0, Majority size: -1, State: 0, Mode: NON_LEADER, active raft config: opid_index: -1 OBSOLETE_local: true peers { permanent_uuid: "7e2722f5883b4255ad5bf1d45ef23cfa" member_type: VOTER last_known_addr { host: "127.25.154.130" port: 35529 } }
I20260601 13:36:36.454551 27784 raft_consensus.cc:385] T 1aeefd06565b46d5863cc5773322533c P 7bc83edfffab41c7b147632a46e5057c [term 0 FOLLOWER]: Consensus starting up: Expiring failure detector timer to make a prompt election more likely
I20260601 13:36:36.454571 27782 raft_consensus.cc:399] T 7e24a573c21f4408a48b203cdcdffedb P 7e2722f5883b4255ad5bf1d45ef23cfa [term 0 FOLLOWER]: Only one voter in the Raft config. Triggering election immediately
I20260601 13:36:36.454623 27784 raft_consensus.cc:740] T 1aeefd06565b46d5863cc5773322533c P 7bc83edfffab41c7b147632a46e5057c [term 0 FOLLOWER]: Becoming Follower/Learner. State: Replica: 7bc83edfffab41c7b147632a46e5057c, State: Initialized, Role: FOLLOWER
I20260601 13:36:36.454685 27782 raft_consensus.cc:493] T 7e24a573c21f4408a48b203cdcdffedb P 7e2722f5883b4255ad5bf1d45ef23cfa [term 0 FOLLOWER]: Starting leader election (initial election of a single-replica configuration)
I20260601 13:36:36.454785 27782 raft_consensus.cc:3060] T 7e24a573c21f4408a48b203cdcdffedb P 7e2722f5883b4255ad5bf1d45ef23cfa [term 0 FOLLOWER]: Advancing to term 1
I20260601 13:36:36.454790 27784 consensus_queue.cc:260] T 1aeefd06565b46d5863cc5773322533c P 7bc83edfffab41c7b147632a46e5057c [NON_LEADER]: Queue going to NON_LEADER mode. State: All replicated index: 0, Majority replicated index: 0, Committed index: 0, Last appended: 0.0, Last appended by leader: 0, Current term: 0, Majority size: -1, State: 0, Mode: NON_LEADER, active raft config: opid_index: -1 OBSOLETE_local: true peers { permanent_uuid: "7bc83edfffab41c7b147632a46e5057c" member_type: VOTER last_known_addr { host: "127.25.154.131" port: 45953 } }
I20260601 13:36:36.454938 27784 raft_consensus.cc:399] T 1aeefd06565b46d5863cc5773322533c P 7bc83edfffab41c7b147632a46e5057c [term 0 FOLLOWER]: Only one voter in the Raft config. Triggering election immediately
I20260601 13:36:36.454985 27784 raft_consensus.cc:493] T 1aeefd06565b46d5863cc5773322533c P 7bc83edfffab41c7b147632a46e5057c [term 0 FOLLOWER]: Starting leader election (initial election of a single-replica configuration)
I20260601 13:36:36.455044 27784 raft_consensus.cc:3060] T 1aeefd06565b46d5863cc5773322533c P 7bc83edfffab41c7b147632a46e5057c [term 0 FOLLOWER]: Advancing to term 1
I20260601 13:36:36.455425 27783 tablet_bootstrap.cc:492] T 2d1328fb35434d13996e625b9273c8ac P 9fc90c76093a43078cf6a4460d8f39d0: No bootstrap required, opened a new log
I20260601 13:36:36.455518 27783 ts_tablet_manager.cc:1403] T 2d1328fb35434d13996e625b9273c8ac P 9fc90c76093a43078cf6a4460d8f39d0: Time spent bootstrapping tablet: real 0.003s	user 0.002s	sys 0.000s
I20260601 13:36:36.455926 27782 raft_consensus.cc:515] T 7e24a573c21f4408a48b203cdcdffedb P 7e2722f5883b4255ad5bf1d45ef23cfa [term 1 FOLLOWER]: Starting leader election with config: opid_index: -1 OBSOLETE_local: true peers { permanent_uuid: "7e2722f5883b4255ad5bf1d45ef23cfa" member_type: VOTER last_known_addr { host: "127.25.154.130" port: 35529 } }
I20260601 13:36:36.455902 27784 raft_consensus.cc:515] T 1aeefd06565b46d5863cc5773322533c P 7bc83edfffab41c7b147632a46e5057c [term 1 FOLLOWER]: Starting leader election with config: opid_index: -1 OBSOLETE_local: true peers { permanent_uuid: "7bc83edfffab41c7b147632a46e5057c" member_type: VOTER last_known_addr { host: "127.25.154.131" port: 45953 } }
I20260601 13:36:36.456004 27783 raft_consensus.cc:359] T 2d1328fb35434d13996e625b9273c8ac P 9fc90c76093a43078cf6a4460d8f39d0 [term 0 FOLLOWER]: Replica starting. Triggering 0 pending ops. Active config: opid_index: -1 OBSOLETE_local: true peers { permanent_uuid: "9fc90c76093a43078cf6a4460d8f39d0" member_type: VOTER last_known_addr { host: "127.25.154.129" port: 40391 } }
I20260601 13:36:36.456112 27782 leader_election.cc:304] T 7e24a573c21f4408a48b203cdcdffedb P 7e2722f5883b4255ad5bf1d45ef23cfa [CANDIDATE]: Term 1 election: Election decided. Result: candidate won. Election summary: received 1 responses out of 1 voters: 1 yes votes; 0 no votes. yes voters: 7e2722f5883b4255ad5bf1d45ef23cfa; no voters: 
I20260601 13:36:36.456152 27783 raft_consensus.cc:385] T 2d1328fb35434d13996e625b9273c8ac P 9fc90c76093a43078cf6a4460d8f39d0 [term 0 FOLLOWER]: Consensus starting up: Expiring failure detector timer to make a prompt election more likely
I20260601 13:36:36.456180 27784 leader_election.cc:304] T 1aeefd06565b46d5863cc5773322533c P 7bc83edfffab41c7b147632a46e5057c [CANDIDATE]: Term 1 election: Election decided. Result: candidate won. Election summary: received 1 responses out of 1 voters: 1 yes votes; 0 no votes. yes voters: 7bc83edfffab41c7b147632a46e5057c; no voters: 
I20260601 13:36:36.456187 27783 raft_consensus.cc:740] T 2d1328fb35434d13996e625b9273c8ac P 9fc90c76093a43078cf6a4460d8f39d0 [term 0 FOLLOWER]: Becoming Follower/Learner. State: Replica: 9fc90c76093a43078cf6a4460d8f39d0, State: Initialized, Role: FOLLOWER
I20260601 13:36:36.456321 27782 leader_election.cc:290] T 7e24a573c21f4408a48b203cdcdffedb P 7e2722f5883b4255ad5bf1d45ef23cfa [CANDIDATE]: Term 1 election: Requested vote from peers 
I20260601 13:36:36.456418 27784 leader_election.cc:290] T 1aeefd06565b46d5863cc5773322533c P 7bc83edfffab41c7b147632a46e5057c [CANDIDATE]: Term 1 election: Requested vote from peers 
I20260601 13:36:36.456424 27783 consensus_queue.cc:260] T 2d1328fb35434d13996e625b9273c8ac P 9fc90c76093a43078cf6a4460d8f39d0 [NON_LEADER]: Queue going to NON_LEADER mode. State: All replicated index: 0, Majority replicated index: 0, Committed index: 0, Last appended: 0.0, Last appended by leader: 0, Current term: 0, Majority size: -1, State: 0, Mode: NON_LEADER, active raft config: opid_index: -1 OBSOLETE_local: true peers { permanent_uuid: "9fc90c76093a43078cf6a4460d8f39d0" member_type: VOTER last_known_addr { host: "127.25.154.129" port: 40391 } }
I20260601 13:36:36.456626 27783 raft_consensus.cc:399] T 2d1328fb35434d13996e625b9273c8ac P 9fc90c76093a43078cf6a4460d8f39d0 [term 0 FOLLOWER]: Only one voter in the Raft config. Triggering election immediately
I20260601 13:36:36.456629 27782 ts_tablet_manager.cc:1434] T 7e24a573c21f4408a48b203cdcdffedb P 7e2722f5883b4255ad5bf1d45ef23cfa: Time spent starting tablet: real 0.003s	user 0.003s	sys 0.000s
I20260601 13:36:36.456681 27783 raft_consensus.cc:493] T 2d1328fb35434d13996e625b9273c8ac P 9fc90c76093a43078cf6a4460d8f39d0 [term 0 FOLLOWER]: Starting leader election (initial election of a single-replica configuration)
I20260601 13:36:36.456722 27783 raft_consensus.cc:3060] T 2d1328fb35434d13996e625b9273c8ac P 9fc90c76093a43078cf6a4460d8f39d0 [term 0 FOLLOWER]: Advancing to term 1
I20260601 13:36:36.456794 27784 ts_tablet_manager.cc:1434] T 1aeefd06565b46d5863cc5773322533c P 7bc83edfffab41c7b147632a46e5057c: Time spent starting tablet: real 0.003s	user 0.003s	sys 0.000s
I20260601 13:36:36.457823 27783 raft_consensus.cc:515] T 2d1328fb35434d13996e625b9273c8ac P 9fc90c76093a43078cf6a4460d8f39d0 [term 1 FOLLOWER]: Starting leader election with config: opid_index: -1 OBSOLETE_local: true peers { permanent_uuid: "9fc90c76093a43078cf6a4460d8f39d0" member_type: VOTER last_known_addr { host: "127.25.154.129" port: 40391 } }
I20260601 13:36:36.457948 27783 leader_election.cc:304] T 2d1328fb35434d13996e625b9273c8ac P 9fc90c76093a43078cf6a4460d8f39d0 [CANDIDATE]: Term 1 election: Election decided. Result: candidate won. Election summary: received 1 responses out of 1 voters: 1 yes votes; 0 no votes. yes voters: 9fc90c76093a43078cf6a4460d8f39d0; no voters: 
I20260601 13:36:36.458232 27792 raft_consensus.cc:2804] T 2d1328fb35434d13996e625b9273c8ac P 9fc90c76093a43078cf6a4460d8f39d0 [term 1 FOLLOWER]: Leader election won for term 1
I20260601 13:36:36.458410 27792 raft_consensus.cc:697] T 2d1328fb35434d13996e625b9273c8ac P 9fc90c76093a43078cf6a4460d8f39d0 [term 1 LEADER]: Becoming Leader. State: Replica: 9fc90c76093a43078cf6a4460d8f39d0, State: Running, Role: LEADER
I20260601 13:36:36.458544 27792 consensus_queue.cc:237] T 2d1328fb35434d13996e625b9273c8ac P 9fc90c76093a43078cf6a4460d8f39d0 [LEADER]: Queue going to LEADER mode. State: All replicated index: 0, Majority replicated index: 0, Committed index: 0, Last appended: 0.0, Last appended by leader: 0, Current term: 1, Majority size: 1, State: 0, Mode: LEADER, active raft config: opid_index: -1 OBSOLETE_local: true peers { permanent_uuid: "9fc90c76093a43078cf6a4460d8f39d0" member_type: VOTER last_known_addr { host: "127.25.154.129" port: 40391 } }
I20260601 13:36:36.460295 27359 catalog_manager.cc:5696] T 2d1328fb35434d13996e625b9273c8ac P 9fc90c76093a43078cf6a4460d8f39d0 reported cstate change: term changed from 0 to 1, leader changed from <none> to 9fc90c76093a43078cf6a4460d8f39d0 (127.25.154.129). New cstate: current_term: 1 leader_uuid: "9fc90c76093a43078cf6a4460d8f39d0" committed_config { opid_index: -1 OBSOLETE_local: true peers { permanent_uuid: "9fc90c76093a43078cf6a4460d8f39d0" member_type: VOTER last_known_addr { host: "127.25.154.129" port: 40391 } health_report { overall_health: HEALTHY } } }
I20260601 13:36:36.460784 27789 raft_consensus.cc:2804] T 1aeefd06565b46d5863cc5773322533c P 7bc83edfffab41c7b147632a46e5057c [term 1 FOLLOWER]: Leader election won for term 1
I20260601 13:36:36.458153 27783 leader_election.cc:290] T 2d1328fb35434d13996e625b9273c8ac P 9fc90c76093a43078cf6a4460d8f39d0 [CANDIDATE]: Term 1 election: Requested vote from peers 
I20260601 13:36:36.461402 27789 raft_consensus.cc:697] T 1aeefd06565b46d5863cc5773322533c P 7bc83edfffab41c7b147632a46e5057c [term 1 LEADER]: Becoming Leader. State: Replica: 7bc83edfffab41c7b147632a46e5057c, State: Running, Role: LEADER
I20260601 13:36:36.461462 27783 ts_tablet_manager.cc:1434] T 2d1328fb35434d13996e625b9273c8ac P 9fc90c76093a43078cf6a4460d8f39d0: Time spent starting tablet: real 0.006s	user 0.003s	sys 0.000s
I20260601 13:36:36.461804 27788 raft_consensus.cc:2804] T 7e24a573c21f4408a48b203cdcdffedb P 7e2722f5883b4255ad5bf1d45ef23cfa [term 1 FOLLOWER]: Leader election won for term 1
I20260601 13:36:36.462117 27788 raft_consensus.cc:697] T 7e24a573c21f4408a48b203cdcdffedb P 7e2722f5883b4255ad5bf1d45ef23cfa [term 1 LEADER]: Becoming Leader. State: Replica: 7e2722f5883b4255ad5bf1d45ef23cfa, State: Running, Role: LEADER
I20260601 13:36:36.462330 27788 consensus_queue.cc:237] T 7e24a573c21f4408a48b203cdcdffedb P 7e2722f5883b4255ad5bf1d45ef23cfa [LEADER]: Queue going to LEADER mode. State: All replicated index: 0, Majority replicated index: 0, Committed index: 0, Last appended: 0.0, Last appended by leader: 0, Current term: 1, Majority size: 1, State: 0, Mode: LEADER, active raft config: opid_index: -1 OBSOLETE_local: true peers { permanent_uuid: "7e2722f5883b4255ad5bf1d45ef23cfa" member_type: VOTER last_known_addr { host: "127.25.154.130" port: 35529 } }
I20260601 13:36:36.463662 27360 catalog_manager.cc:5696] T 7e24a573c21f4408a48b203cdcdffedb P 7e2722f5883b4255ad5bf1d45ef23cfa reported cstate change: term changed from 0 to 1, leader changed from <none> to 7e2722f5883b4255ad5bf1d45ef23cfa (127.25.154.130). New cstate: current_term: 1 leader_uuid: "7e2722f5883b4255ad5bf1d45ef23cfa" committed_config { opid_index: -1 OBSOLETE_local: true peers { permanent_uuid: "7e2722f5883b4255ad5bf1d45ef23cfa" member_type: VOTER last_known_addr { host: "127.25.154.130" port: 35529 } health_report { overall_health: HEALTHY } } }
I20260601 13:36:36.466872 27789 consensus_queue.cc:237] T 1aeefd06565b46d5863cc5773322533c P 7bc83edfffab41c7b147632a46e5057c [LEADER]: Queue going to LEADER mode. State: All replicated index: 0, Majority replicated index: 0, Committed index: 0, Last appended: 0.0, Last appended by leader: 0, Current term: 1, Majority size: 1, State: 0, Mode: LEADER, active raft config: opid_index: -1 OBSOLETE_local: true peers { permanent_uuid: "7bc83edfffab41c7b147632a46e5057c" member_type: VOTER last_known_addr { host: "127.25.154.131" port: 45953 } }
I20260601 13:36:36.471696 27360 catalog_manager.cc:5696] T 1aeefd06565b46d5863cc5773322533c P 7bc83edfffab41c7b147632a46e5057c reported cstate change: term changed from 0 to 1, leader changed from <none> to 7bc83edfffab41c7b147632a46e5057c (127.25.154.131). New cstate: current_term: 1 leader_uuid: "7bc83edfffab41c7b147632a46e5057c" committed_config { opid_index: -1 OBSOLETE_local: true peers { permanent_uuid: "7bc83edfffab41c7b147632a46e5057c" member_type: VOTER last_known_addr { host: "127.25.154.131" port: 45953 } health_report { overall_health: HEALTHY } } }
I20260601 13:36:36.481125 26218 master.cc:562] Master@127.25.154.189:36233 shutting down...
I20260601 13:36:36.485041 26218 raft_consensus.cc:2243] T 00000000000000000000000000000000 P bd2ac6746e2a49f48b247b5942d0e561 [term 1 LEADER]: Raft consensus shutting down.
I20260601 13:36:36.485291 26218 raft_consensus.cc:2272] T 00000000000000000000000000000000 P bd2ac6746e2a49f48b247b5942d0e561 [term 1 FOLLOWER]: Raft consensus is shut down!
I20260601 13:36:36.485352 26218 tablet_replica.cc:333] T 00000000000000000000000000000000 P bd2ac6746e2a49f48b247b5942d0e561: stopping tablet replica
I20260601 13:36:36.501559 26218 master.cc:584] Master@127.25.154.189:36233 shutdown complete.
W20260601 13:36:37.472982 27670 heartbeater.cc:646] Failed to heartbeat to 127.25.154.189:36233 (0 consecutive failures): Network error: Failed to send heartbeat to master: Client connection negotiation failed: client connection to 127.25.154.189:36233: connect: Connection refused (error 111)
I20260601 13:36:37.976234 27804 raft_consensus.cc:493] T 00000000000000000000000000000000 P d78519a42695486daf9723def397d8ee [term 1 FOLLOWER]: Starting pre-election (detected failure of leader bd2ac6746e2a49f48b247b5942d0e561)
I20260601 13:36:37.976403 27805 raft_consensus.cc:493] T 00000000000000000000000000000000 P 577d224a5fca415ab55eed8c41c569f0 [term 1 FOLLOWER]: Starting pre-election (detected failure of leader bd2ac6746e2a49f48b247b5942d0e561)
I20260601 13:36:37.976444 27804 raft_consensus.cc:515] T 00000000000000000000000000000000 P d78519a42695486daf9723def397d8ee [term 1 FOLLOWER]: Starting pre-election with config: opid_index: -1 OBSOLETE_local: false peers { permanent_uuid: "d78519a42695486daf9723def397d8ee" member_type: VOTER last_known_addr { host: "127.25.154.190" port: 44063 } } peers { permanent_uuid: "bd2ac6746e2a49f48b247b5942d0e561" member_type: VOTER last_known_addr { host: "127.25.154.189" port: 36233 } } peers { permanent_uuid: "577d224a5fca415ab55eed8c41c569f0" member_type: VOTER last_known_addr { host: "127.25.154.188" port: 36125 } }
I20260601 13:36:37.976564 27805 raft_consensus.cc:515] T 00000000000000000000000000000000 P 577d224a5fca415ab55eed8c41c569f0 [term 1 FOLLOWER]: Starting pre-election with config: opid_index: -1 OBSOLETE_local: false peers { permanent_uuid: "d78519a42695486daf9723def397d8ee" member_type: VOTER last_known_addr { host: "127.25.154.190" port: 44063 } } peers { permanent_uuid: "bd2ac6746e2a49f48b247b5942d0e561" member_type: VOTER last_known_addr { host: "127.25.154.189" port: 36233 } } peers { permanent_uuid: "577d224a5fca415ab55eed8c41c569f0" member_type: VOTER last_known_addr { host: "127.25.154.188" port: 36125 } }
I20260601 13:36:37.977257 27804 leader_election.cc:290] T 00000000000000000000000000000000 P d78519a42695486daf9723def397d8ee [CANDIDATE]: Term 2 pre-election: Requested pre-vote from peers bd2ac6746e2a49f48b247b5942d0e561 (127.25.154.189:36233), 577d224a5fca415ab55eed8c41c569f0 (127.25.154.188:36125)
I20260601 13:36:37.977522 27805 leader_election.cc:290] T 00000000000000000000000000000000 P 577d224a5fca415ab55eed8c41c569f0 [CANDIDATE]: Term 2 pre-election: Requested pre-vote from peers d78519a42695486daf9723def397d8ee (127.25.154.190:44063), bd2ac6746e2a49f48b247b5942d0e561 (127.25.154.189:36233)
I20260601 13:36:37.977749 27436 tablet_service.cc:1917] Received RequestConsensusVote() RPC: tablet_id: "00000000000000000000000000000000" candidate_uuid: "d78519a42695486daf9723def397d8ee" candidate_term: 2 candidate_status { last_received { term: 1 index: 10 } } ignore_live_leader: false dest_uuid: "577d224a5fca415ab55eed8c41c569f0" is_pre_election: true
I20260601 13:36:37.977861 27304 tablet_service.cc:1917] Received RequestConsensusVote() RPC: tablet_id: "00000000000000000000000000000000" candidate_uuid: "577d224a5fca415ab55eed8c41c569f0" candidate_term: 2 candidate_status { last_received { term: 1 index: 10 } } ignore_live_leader: false dest_uuid: "d78519a42695486daf9723def397d8ee" is_pre_election: true
I20260601 13:36:37.977880 27436 raft_consensus.cc:2468] T 00000000000000000000000000000000 P 577d224a5fca415ab55eed8c41c569f0 [term 1 FOLLOWER]: Leader pre-election vote request: Granting yes vote for candidate d78519a42695486daf9723def397d8ee in term 1.
I20260601 13:36:37.977991 27304 raft_consensus.cc:2468] T 00000000000000000000000000000000 P d78519a42695486daf9723def397d8ee [term 1 FOLLOWER]: Leader pre-election vote request: Granting yes vote for candidate 577d224a5fca415ab55eed8c41c569f0 in term 1.
I20260601 13:36:37.978260 27278 leader_election.cc:304] T 00000000000000000000000000000000 P d78519a42695486daf9723def397d8ee [CANDIDATE]: Term 2 pre-election: Election decided. Result: candidate won. Election summary: received 2 responses out of 3 voters: 2 yes votes; 0 no votes. yes voters: 577d224a5fca415ab55eed8c41c569f0, d78519a42695486daf9723def397d8ee; no voters: 
I20260601 13:36:37.978267 27409 leader_election.cc:304] T 00000000000000000000000000000000 P 577d224a5fca415ab55eed8c41c569f0 [CANDIDATE]: Term 2 pre-election: Election decided. Result: candidate won. Election summary: received 2 responses out of 3 voters: 2 yes votes; 0 no votes. yes voters: 577d224a5fca415ab55eed8c41c569f0, d78519a42695486daf9723def397d8ee; no voters: 
I20260601 13:36:37.978444 27805 raft_consensus.cc:2804] T 00000000000000000000000000000000 P 577d224a5fca415ab55eed8c41c569f0 [term 1 FOLLOWER]: Leader pre-election won for term 2
I20260601 13:36:37.978507 27805 raft_consensus.cc:493] T 00000000000000000000000000000000 P 577d224a5fca415ab55eed8c41c569f0 [term 1 FOLLOWER]: Starting leader election (detected failure of leader bd2ac6746e2a49f48b247b5942d0e561)
I20260601 13:36:37.978529 27804 raft_consensus.cc:2804] T 00000000000000000000000000000000 P d78519a42695486daf9723def397d8ee [term 1 FOLLOWER]: Leader pre-election won for term 2
I20260601 13:36:37.978555 27805 raft_consensus.cc:3060] T 00000000000000000000000000000000 P 577d224a5fca415ab55eed8c41c569f0 [term 1 FOLLOWER]: Advancing to term 2
I20260601 13:36:37.978578 27804 raft_consensus.cc:493] T 00000000000000000000000000000000 P d78519a42695486daf9723def397d8ee [term 1 FOLLOWER]: Starting leader election (detected failure of leader bd2ac6746e2a49f48b247b5942d0e561)
I20260601 13:36:37.978623 27804 raft_consensus.cc:3060] T 00000000000000000000000000000000 P d78519a42695486daf9723def397d8ee [term 1 FOLLOWER]: Advancing to term 2
W20260601 13:36:37.978936 27281 leader_election.cc:336] T 00000000000000000000000000000000 P d78519a42695486daf9723def397d8ee [CANDIDATE]: Term 2 pre-election: RPC error from VoteRequest() call to peer bd2ac6746e2a49f48b247b5942d0e561 (127.25.154.189:36233): Network error: Client connection negotiation failed: client connection to 127.25.154.189:36233: connect: Connection refused (error 111)
W20260601 13:36:37.979389 27412 leader_election.cc:336] T 00000000000000000000000000000000 P 577d224a5fca415ab55eed8c41c569f0 [CANDIDATE]: Term 2 pre-election: RPC error from VoteRequest() call to peer bd2ac6746e2a49f48b247b5942d0e561 (127.25.154.189:36233): Network error: Client connection negotiation failed: client connection to 127.25.154.189:36233: connect: Connection refused (error 111)
I20260601 13:36:37.979758 27804 raft_consensus.cc:515] T 00000000000000000000000000000000 P d78519a42695486daf9723def397d8ee [term 2 FOLLOWER]: Starting leader election with config: opid_index: -1 OBSOLETE_local: false peers { permanent_uuid: "d78519a42695486daf9723def397d8ee" member_type: VOTER last_known_addr { host: "127.25.154.190" port: 44063 } } peers { permanent_uuid: "bd2ac6746e2a49f48b247b5942d0e561" member_type: VOTER last_known_addr { host: "127.25.154.189" port: 36233 } } peers { permanent_uuid: "577d224a5fca415ab55eed8c41c569f0" member_type: VOTER last_known_addr { host: "127.25.154.188" port: 36125 } }
I20260601 13:36:37.979801 27805 raft_consensus.cc:515] T 00000000000000000000000000000000 P 577d224a5fca415ab55eed8c41c569f0 [term 2 FOLLOWER]: Starting leader election with config: opid_index: -1 OBSOLETE_local: false peers { permanent_uuid: "d78519a42695486daf9723def397d8ee" member_type: VOTER last_known_addr { host: "127.25.154.190" port: 44063 } } peers { permanent_uuid: "bd2ac6746e2a49f48b247b5942d0e561" member_type: VOTER last_known_addr { host: "127.25.154.189" port: 36233 } } peers { permanent_uuid: "577d224a5fca415ab55eed8c41c569f0" member_type: VOTER last_known_addr { host: "127.25.154.188" port: 36125 } }
I20260601 13:36:37.980149 27804 leader_election.cc:290] T 00000000000000000000000000000000 P d78519a42695486daf9723def397d8ee [CANDIDATE]: Term 2 election: Requested vote from peers bd2ac6746e2a49f48b247b5942d0e561 (127.25.154.189:36233), 577d224a5fca415ab55eed8c41c569f0 (127.25.154.188:36125)
I20260601 13:36:37.980207 27805 leader_election.cc:290] T 00000000000000000000000000000000 P 577d224a5fca415ab55eed8c41c569f0 [CANDIDATE]: Term 2 election: Requested vote from peers d78519a42695486daf9723def397d8ee (127.25.154.190:44063), bd2ac6746e2a49f48b247b5942d0e561 (127.25.154.189:36233)
I20260601 13:36:37.980527 27304 tablet_service.cc:1917] Received RequestConsensusVote() RPC: tablet_id: "00000000000000000000000000000000" candidate_uuid: "577d224a5fca415ab55eed8c41c569f0" candidate_term: 2 candidate_status { last_received { term: 1 index: 10 } } ignore_live_leader: false dest_uuid: "d78519a42695486daf9723def397d8ee"
I20260601 13:36:37.980592 27436 tablet_service.cc:1917] Received RequestConsensusVote() RPC: tablet_id: "00000000000000000000000000000000" candidate_uuid: "d78519a42695486daf9723def397d8ee" candidate_term: 2 candidate_status { last_received { term: 1 index: 10 } } ignore_live_leader: false dest_uuid: "577d224a5fca415ab55eed8c41c569f0"
I20260601 13:36:37.980690 27304 raft_consensus.cc:2393] T 00000000000000000000000000000000 P d78519a42695486daf9723def397d8ee [term 2 FOLLOWER]: Leader election vote request: Denying vote to candidate 577d224a5fca415ab55eed8c41c569f0 in current term 2: Already voted for candidate d78519a42695486daf9723def397d8ee in this term.
I20260601 13:36:37.980688 27436 raft_consensus.cc:2393] T 00000000000000000000000000000000 P 577d224a5fca415ab55eed8c41c569f0 [term 2 FOLLOWER]: Leader election vote request: Denying vote to candidate d78519a42695486daf9723def397d8ee in current term 2: Already voted for candidate 577d224a5fca415ab55eed8c41c569f0 in this term.
W20260601 13:36:37.981096 27281 leader_election.cc:336] T 00000000000000000000000000000000 P d78519a42695486daf9723def397d8ee [CANDIDATE]: Term 2 election: RPC error from VoteRequest() call to peer bd2ac6746e2a49f48b247b5942d0e561 (127.25.154.189:36233): Network error: Client connection negotiation failed: client connection to 127.25.154.189:36233: connect: Connection refused (error 111)
I20260601 13:36:37.981170 27281 leader_election.cc:304] T 00000000000000000000000000000000 P d78519a42695486daf9723def397d8ee [CANDIDATE]: Term 2 election: Election decided. Result: candidate lost. Election summary: received 3 responses out of 3 voters: 1 yes votes; 2 no votes. yes voters: d78519a42695486daf9723def397d8ee; no voters: 577d224a5fca415ab55eed8c41c569f0, bd2ac6746e2a49f48b247b5942d0e561
W20260601 13:36:37.981294 27412 leader_election.cc:336] T 00000000000000000000000000000000 P 577d224a5fca415ab55eed8c41c569f0 [CANDIDATE]: Term 2 election: RPC error from VoteRequest() call to peer bd2ac6746e2a49f48b247b5942d0e561 (127.25.154.189:36233): Network error: Client connection negotiation failed: client connection to 127.25.154.189:36233: connect: Connection refused (error 111)
I20260601 13:36:37.981318 27804 raft_consensus.cc:2749] T 00000000000000000000000000000000 P d78519a42695486daf9723def397d8ee [term 2 FOLLOWER]: Leader election lost for term 2. Reason: could not achieve majority
I20260601 13:36:37.981381 27412 leader_election.cc:304] T 00000000000000000000000000000000 P 577d224a5fca415ab55eed8c41c569f0 [CANDIDATE]: Term 2 election: Election decided. Result: candidate lost. Election summary: received 3 responses out of 3 voters: 1 yes votes; 2 no votes. yes voters: 577d224a5fca415ab55eed8c41c569f0; no voters: bd2ac6746e2a49f48b247b5942d0e561, d78519a42695486daf9723def397d8ee
I20260601 13:36:37.981496 27805 raft_consensus.cc:2749] T 00000000000000000000000000000000 P 577d224a5fca415ab55eed8c41c569f0 [term 2 FOLLOWER]: Leader election lost for term 2. Reason: could not achieve majority
I20260601 13:36:39.654389 27816 raft_consensus.cc:493] T 00000000000000000000000000000000 P d78519a42695486daf9723def397d8ee [term 2 FOLLOWER]: Starting pre-election (no leader contacted us within the election timeout)
