Total live bytes (after alignment): 0
Total number of LBM containers: 0 (0 full)
Did not check for missing blocks
Did not check for orphaned blocks
Total full LBM containers with extra space: 0 (0 repaired)
Total full LBM container extra space in bytes: 0 (0 repaired)
Total incomplete LBM containers: 0 (0 repaired)
Total LBM partial records: 0 (0 repaired)
Total corrupted LBM metadata records in RocksDB: 0 (0 repaired)
I20260601 13:36:26.506265 23931 rpc_server.cc:225] running with OpenSSL 1.1.1  11 Sep 2018
I20260601 13:36:26.506692 23931 kserver.cc:163] Server-wide thread pool size limit: 3276
I20260601 13:36:26.510977 23931 rpc_server.cc:307] RPC server started. Bound to: 127.23.94.254:45433
I20260601 13:36:26.513917 24533 acceptor_pool.cc:272] collecting diagnostics on the listening RPC socket 127.23.94.254:45433 every 8 connection(s)
I20260601 13:36:26.514406 24534 data_dirs.cc:400] Could only allocate 1 dirs of requested 3 for tablet 00000000000000000000000000000000. 1 dirs total, 0 dirs full, 0 dirs failed
I20260601 13:36:26.516314 24534 tablet_bootstrap.cc:492] T 00000000000000000000000000000000 P fced0d13f08c4decac2d87af94cc7259: Bootstrap starting.
I20260601 13:36:26.517169 24534 tablet_bootstrap.cc:654] T 00000000000000000000000000000000 P fced0d13f08c4decac2d87af94cc7259: Neither blocks nor log segments found. Creating new log.
I20260601 13:36:26.518234 24534 tablet_bootstrap.cc:492] T 00000000000000000000000000000000 P fced0d13f08c4decac2d87af94cc7259: No bootstrap required, opened a new log
I20260601 13:36:26.518661 24534 raft_consensus.cc:359] T 00000000000000000000000000000000 P fced0d13f08c4decac2d87af94cc7259 [term 0 FOLLOWER]: Replica starting. Triggering 0 pending ops. Active config: opid_index: -1 OBSOLETE_local: true peers { permanent_uuid: "fced0d13f08c4decac2d87af94cc7259" member_type: VOTER }
I20260601 13:36:26.518754 24534 raft_consensus.cc:385] T 00000000000000000000000000000000 P fced0d13f08c4decac2d87af94cc7259 [term 0 FOLLOWER]: Consensus starting up: Expiring failure detector timer to make a prompt election more likely
I20260601 13:36:26.518797 24534 raft_consensus.cc:740] T 00000000000000000000000000000000 P fced0d13f08c4decac2d87af94cc7259 [term 0 FOLLOWER]: Becoming Follower/Learner. State: Replica: fced0d13f08c4decac2d87af94cc7259, State: Initialized, Role: FOLLOWER
I20260601 13:36:26.518950 24534 consensus_queue.cc:260] T 00000000000000000000000000000000 P fced0d13f08c4decac2d87af94cc7259 [NON_LEADER]: Queue going to NON_LEADER mode. State: All replicated index: 0, Majority replicated index: 0, Committed index: 0, Last appended: 0.0, Last appended by leader: 0, Current term: 0, Majority size: -1, State: 0, Mode: NON_LEADER, active raft config: opid_index: -1 OBSOLETE_local: true peers { permanent_uuid: "fced0d13f08c4decac2d87af94cc7259" member_type: VOTER }
I20260601 13:36:26.519022 24534 raft_consensus.cc:399] T 00000000000000000000000000000000 P fced0d13f08c4decac2d87af94cc7259 [term 0 FOLLOWER]: Only one voter in the Raft config. Triggering election immediately
I20260601 13:36:26.519089 24534 raft_consensus.cc:493] T 00000000000000000000000000000000 P fced0d13f08c4decac2d87af94cc7259 [term 0 FOLLOWER]: Starting leader election (initial election of a single-replica configuration)
I20260601 13:36:26.519155 24534 raft_consensus.cc:3060] T 00000000000000000000000000000000 P fced0d13f08c4decac2d87af94cc7259 [term 0 FOLLOWER]: Advancing to term 1
I20260601 13:36:26.519933 24534 raft_consensus.cc:515] T 00000000000000000000000000000000 P fced0d13f08c4decac2d87af94cc7259 [term 1 FOLLOWER]: Starting leader election with config: opid_index: -1 OBSOLETE_local: true peers { permanent_uuid: "fced0d13f08c4decac2d87af94cc7259" member_type: VOTER }
I20260601 13:36:26.520080 24534 leader_election.cc:304] T 00000000000000000000000000000000 P fced0d13f08c4decac2d87af94cc7259 [CANDIDATE]: Term 1 election: Election decided. Result: candidate won. Election summary: received 1 responses out of 1 voters: 1 yes votes; 0 no votes. yes voters: fced0d13f08c4decac2d87af94cc7259; no voters: 
I20260601 13:36:26.520291 24534 leader_election.cc:290] T 00000000000000000000000000000000 P fced0d13f08c4decac2d87af94cc7259 [CANDIDATE]: Term 1 election: Requested vote from peers 
I20260601 13:36:26.520408 24537 raft_consensus.cc:2804] T 00000000000000000000000000000000 P fced0d13f08c4decac2d87af94cc7259 [term 1 FOLLOWER]: Leader election won for term 1
I20260601 13:36:26.520681 24537 raft_consensus.cc:697] T 00000000000000000000000000000000 P fced0d13f08c4decac2d87af94cc7259 [term 1 LEADER]: Becoming Leader. State: Replica: fced0d13f08c4decac2d87af94cc7259, State: Running, Role: LEADER
I20260601 13:36:26.520840 24534 sys_catalog.cc:565] T 00000000000000000000000000000000 P fced0d13f08c4decac2d87af94cc7259 [sys.catalog]: configured and running, proceeding with master startup.
I20260601 13:36:26.520804 24537 consensus_queue.cc:237] T 00000000000000000000000000000000 P fced0d13f08c4decac2d87af94cc7259 [LEADER]: Queue going to LEADER mode. State: All replicated index: 0, Majority replicated index: 0, Committed index: 0, Last appended: 0.0, Last appended by leader: 0, Current term: 1, Majority size: 1, State: 0, Mode: LEADER, active raft config: opid_index: -1 OBSOLETE_local: true peers { permanent_uuid: "fced0d13f08c4decac2d87af94cc7259" member_type: VOTER }
I20260601 13:36:26.521315 24538 sys_catalog.cc:455] T 00000000000000000000000000000000 P fced0d13f08c4decac2d87af94cc7259 [sys.catalog]: SysCatalogTable state changed. Reason: RaftConsensus started. Latest consensus state: current_term: 1 leader_uuid: "fced0d13f08c4decac2d87af94cc7259" committed_config { opid_index: -1 OBSOLETE_local: true peers { permanent_uuid: "fced0d13f08c4decac2d87af94cc7259" member_type: VOTER } }
I20260601 13:36:26.521363 24539 sys_catalog.cc:455] T 00000000000000000000000000000000 P fced0d13f08c4decac2d87af94cc7259 [sys.catalog]: SysCatalogTable state changed. Reason: New leader fced0d13f08c4decac2d87af94cc7259. Latest consensus state: current_term: 1 leader_uuid: "fced0d13f08c4decac2d87af94cc7259" committed_config { opid_index: -1 OBSOLETE_local: true peers { permanent_uuid: "fced0d13f08c4decac2d87af94cc7259" member_type: VOTER } }
I20260601 13:36:26.521471 24538 sys_catalog.cc:458] T 00000000000000000000000000000000 P fced0d13f08c4decac2d87af94cc7259 [sys.catalog]: This master's current role is: LEADER
I20260601 13:36:26.521493 24539 sys_catalog.cc:458] T 00000000000000000000000000000000 P fced0d13f08c4decac2d87af94cc7259 [sys.catalog]: This master's current role is: LEADER
I20260601 13:36:26.521989 24543 catalog_manager.cc:1510] Loading table and tablet metadata into memory...
I20260601 13:36:26.522668 24543 catalog_manager.cc:1519] Initializing Kudu cluster ID...
I20260601 13:36:26.523015 23931 internal_mini_cluster.cc:184] Waiting to initialize catalog manager on master 0
I20260601 13:36:26.524657 24543 catalog_manager.cc:1382] Generated new cluster ID: 5262b0850b894b459848e26da2d35a31
I20260601 13:36:26.524712 24543 catalog_manager.cc:1530] Initializing Kudu internal certificate authority...
I20260601 13:36:26.545434 24543 catalog_manager.cc:1405] Generated new certificate authority record
I20260601 13:36:26.546002 24543 catalog_manager.cc:1539] Loading token signing keys...
I20260601 13:36:26.553612 24543 catalog_manager.cc:6069] T 00000000000000000000000000000000 P fced0d13f08c4decac2d87af94cc7259: Generated new TSK 0
I20260601 13:36:26.553785 24543 catalog_manager.cc:1549] Initializing in-progress tserver states...
I20260601 13:36:26.555290 23931 file_cache.cc:492] Constructed file cache file cache with capacity 419430
W20260601 13:36:26.557245 24558 instance_detector.cc:116] could not retrieve OpenStack instance metadata: Network error: curl error: HTTP response code said error: The requested URL returned error: 404
W20260601 13:36:26.557281 24556 instance_detector.cc:116] could not retrieve Azure instance metadata: Network error: curl error: HTTP response code said error: The requested URL returned error: 404
W20260601 13:36:26.557412 24555 instance_detector.cc:116] could not retrieve AWS instance metadata: Network error: curl error: HTTP response code said error: The requested URL returned error: 404
I20260601 13:36:26.557566 23931 server_base.cc:1061] running on GCE node
I20260601 13:36:26.557709 23931 hybrid_clock.cc:584] initializing the hybrid clock with 'system_unsync' time source
W20260601 13:36:26.557760 23931 system_unsync_time.cc:38] NTP support is disabled. Clock error bounds will not be accurate. This configuration is not suitable for distributed clusters.
I20260601 13:36:26.557776 23931 hybrid_clock.cc:648] HybridClock initialized: now 1780320986557776 us; error 0 us; skew 500 ppm
I20260601 13:36:26.558647 23931 webserver.cc:533] Webserver started at http://127.23.94.193:34277/ using document root <none> and password file <none>
I20260601 13:36:26.558815 23931 fs_manager.cc:362] Metadata directory not provided
I20260601 13:36:26.558872 23931 fs_manager.cc:368] Using write-ahead log directory (fs_wal_dir) as metadata directory
I20260601 13:36:26.558969 23931 server_base.cc:909] This appears to be a new deployment of Kudu; creating new FS layout
I20260601 13:36:26.559345 23931 fs_manager.cc:1068] Generated new instance metadata in path /tmp/dist-test-taskdFY0eN/test-tmp/auto_rebalancer-test.0.AutoRebalancerTest.AutoRebalancingTurnOffAndOn.1780320983615285-23931-0/minicluster-data/ts-0-root/instance:
uuid: "e20aeb1c85e747d486295ce3bfaaddaf"
format_stamp: "Formatted at 2026-06-01 13:36:26 on dist-test-slave-rm6c"
I20260601 13:36:26.560786 23931 fs_manager.cc:696] Time spent creating directory manager: real 0.001s	user 0.001s	sys 0.000s
I20260601 13:36:26.561640 24563 log_block_manager.cc:4031] Time spent loading block containers with low live blocks: real 0.000s	user 0.000s	sys 0.000s
I20260601 13:36:26.561995 23931 fs_manager.cc:730] Time spent opening block manager: real 0.001s	user 0.001s	sys 0.000s
I20260601 13:36:26.562077 23931 fs_manager.cc:647] Opened local filesystem: /tmp/dist-test-taskdFY0eN/test-tmp/auto_rebalancer-test.0.AutoRebalancerTest.AutoRebalancingTurnOffAndOn.1780320983615285-23931-0/minicluster-data/ts-0-root
uuid: "e20aeb1c85e747d486295ce3bfaaddaf"
format_stamp: "Formatted at 2026-06-01 13:36:26 on dist-test-slave-rm6c"
I20260601 13:36:26.562167 23931 fs_report.cc:389] FS layout report
--------------------
wal directory: /tmp/dist-test-taskdFY0eN/test-tmp/auto_rebalancer-test.0.AutoRebalancerTest.AutoRebalancingTurnOffAndOn.1780320983615285-23931-0/minicluster-data/ts-0-root
metadata directory: /tmp/dist-test-taskdFY0eN/test-tmp/auto_rebalancer-test.0.AutoRebalancerTest.AutoRebalancingTurnOffAndOn.1780320983615285-23931-0/minicluster-data/ts-0-root
1 data directories: /tmp/dist-test-taskdFY0eN/test-tmp/auto_rebalancer-test.0.AutoRebalancerTest.AutoRebalancingTurnOffAndOn.1780320983615285-23931-0/minicluster-data/ts-0-root/data
Total live blocks: 0
Total live bytes: 0
Total live bytes (after alignment): 0
Total number of LBM containers: 0 (0 full)
Did not check for missing blocks
Did not check for orphaned blocks
Total full LBM containers with extra space: 0 (0 repaired)
Total full LBM container extra space in bytes: 0 (0 repaired)
Total incomplete LBM containers: 0 (0 repaired)
Total LBM partial records: 0 (0 repaired)
Total corrupted LBM metadata records in RocksDB: 0 (0 repaired)
I20260601 13:36:26.568485 23931 rpc_server.cc:225] running with OpenSSL 1.1.1  11 Sep 2018
I20260601 13:36:26.568831 23931 kserver.cc:163] Server-wide thread pool size limit: 3276
I20260601 13:36:26.569103 23931 txn_system_client.cc:432] TxnSystemClient initialization is disabled...
I20260601 13:36:26.569541 23931 ts_tablet_manager.cc:585] Loaded tablet metadata (0 total tablets, 0 live tablets)
I20260601 13:36:26.569602 23931 ts_tablet_manager.cc:531] Time spent load tablet metadata: real 0.000s	user 0.000s	sys 0.000s
I20260601 13:36:26.569659 23931 ts_tablet_manager.cc:616] Registered 0 tablets
I20260601 13:36:26.569695 23931 ts_tablet_manager.cc:595] Time spent register tablets: real 0.000s	user 0.000s	sys 0.000s
I20260601 13:36:26.573853 23931 rpc_server.cc:307] RPC server started. Bound to: 127.23.94.193:36563
I20260601 13:36:26.573877 24626 acceptor_pool.cc:272] collecting diagnostics on the listening RPC socket 127.23.94.193:36563 every 8 connection(s)
I20260601 13:36:26.574687 23931 file_cache.cc:492] Constructed file cache file cache with capacity 419430
W20260601 13:36:26.576370 24631 instance_detector.cc:116] could not retrieve AWS instance metadata: Network error: curl error: HTTP response code said error: The requested URL returned error: 404
W20260601 13:36:26.576467 24634 instance_detector.cc:116] could not retrieve OpenStack instance metadata: Network error: curl error: HTTP response code said error: The requested URL returned error: 404
W20260601 13:36:26.576488 24632 instance_detector.cc:116] could not retrieve Azure instance metadata: Network error: curl error: HTTP response code said error: The requested URL returned error: 404
I20260601 13:36:26.577087 23931 server_base.cc:1061] running on GCE node
I20260601 13:36:26.577286 23931 hybrid_clock.cc:584] initializing the hybrid clock with 'system_unsync' time source
W20260601 13:36:26.577332 23931 system_unsync_time.cc:38] NTP support is disabled. Clock error bounds will not be accurate. This configuration is not suitable for distributed clusters.
I20260601 13:36:26.577351 23931 hybrid_clock.cc:648] HybridClock initialized: now 1780320986577351 us; error 0 us; skew 500 ppm
I20260601 13:36:26.578174 23931 webserver.cc:533] Webserver started at http://127.23.94.194:33613/ using document root <none> and password file <none>
I20260601 13:36:26.578289 23931 fs_manager.cc:362] Metadata directory not provided
I20260601 13:36:26.578328 23931 fs_manager.cc:368] Using write-ahead log directory (fs_wal_dir) as metadata directory
I20260601 13:36:26.578384 23931 server_base.cc:909] This appears to be a new deployment of Kudu; creating new FS layout
I20260601 13:36:26.578771 23931 fs_manager.cc:1068] Generated new instance metadata in path /tmp/dist-test-taskdFY0eN/test-tmp/auto_rebalancer-test.0.AutoRebalancerTest.AutoRebalancingTurnOffAndOn.1780320983615285-23931-0/minicluster-data/ts-1-root/instance:
uuid: "437a367ea4324941a7da5b82ab26f61b"
format_stamp: "Formatted at 2026-06-01 13:36:26 on dist-test-slave-rm6c"
I20260601 13:36:26.580235 24627 heartbeater.cc:344] Connected to a master server at 127.23.94.254:45433
I20260601 13:36:26.580329 24627 heartbeater.cc:461] Registering TS with master...
I20260601 13:36:26.580577 24627 heartbeater.cc:507] Master 127.23.94.254:45433 requested a full tablet report, sending...
I20260601 13:36:26.580627 23931 fs_manager.cc:696] Time spent creating directory manager: real 0.002s	user 0.002s	sys 0.000s
I20260601 13:36:26.581313 24498 ts_manager.cc:194] Registered new tserver with Master: e20aeb1c85e747d486295ce3bfaaddaf (127.23.94.193:36563)
I20260601 13:36:26.581768 24639 log_block_manager.cc:4031] Time spent loading block containers with low live blocks: real 0.000s	user 0.000s	sys 0.000s
I20260601 13:36:26.582029 23931 fs_manager.cc:730] Time spent opening block manager: real 0.001s	user 0.001s	sys 0.000s
I20260601 13:36:26.582087 23931 fs_manager.cc:647] Opened local filesystem: /tmp/dist-test-taskdFY0eN/test-tmp/auto_rebalancer-test.0.AutoRebalancerTest.AutoRebalancingTurnOffAndOn.1780320983615285-23931-0/minicluster-data/ts-1-root
uuid: "437a367ea4324941a7da5b82ab26f61b"
format_stamp: "Formatted at 2026-06-01 13:36:26 on dist-test-slave-rm6c"
I20260601 13:36:26.582173 23931 fs_report.cc:389] FS layout report
--------------------
wal directory: /tmp/dist-test-taskdFY0eN/test-tmp/auto_rebalancer-test.0.AutoRebalancerTest.AutoRebalancingTurnOffAndOn.1780320983615285-23931-0/minicluster-data/ts-1-root
metadata directory: /tmp/dist-test-taskdFY0eN/test-tmp/auto_rebalancer-test.0.AutoRebalancerTest.AutoRebalancingTurnOffAndOn.1780320983615285-23931-0/minicluster-data/ts-1-root
1 data directories: /tmp/dist-test-taskdFY0eN/test-tmp/auto_rebalancer-test.0.AutoRebalancerTest.AutoRebalancingTurnOffAndOn.1780320983615285-23931-0/minicluster-data/ts-1-root/data
Total live blocks: 0
Total live bytes: 0
Total live bytes (after alignment): 0
Total number of LBM containers: 0 (0 full)
Did not check for missing blocks
Did not check for orphaned blocks
Total full LBM containers with extra space: 0 (0 repaired)
Total full LBM container extra space in bytes: 0 (0 repaired)
Total incomplete LBM containers: 0 (0 repaired)
Total LBM partial records: 0 (0 repaired)
Total corrupted LBM metadata records in RocksDB: 0 (0 repaired)
I20260601 13:36:26.582482 24498 master_service.cc:502] Signed X509 certificate for tserver {username='slave'} at 127.0.0.1:44486
I20260601 13:36:26.593287 23931 rpc_server.cc:225] running with OpenSSL 1.1.1  11 Sep 2018
I20260601 13:36:26.593715 23931 kserver.cc:163] Server-wide thread pool size limit: 3276
I20260601 13:36:26.594024 23931 txn_system_client.cc:432] TxnSystemClient initialization is disabled...
I20260601 13:36:26.594484 23931 ts_tablet_manager.cc:585] Loaded tablet metadata (0 total tablets, 0 live tablets)
I20260601 13:36:26.594548 23931 ts_tablet_manager.cc:531] Time spent load tablet metadata: real 0.000s	user 0.000s	sys 0.000s
I20260601 13:36:26.594605 23931 ts_tablet_manager.cc:616] Registered 0 tablets
I20260601 13:36:26.594666 23931 ts_tablet_manager.cc:595] Time spent register tablets: real 0.000s	user 0.000s	sys 0.000s
I20260601 13:36:26.598960 23931 rpc_server.cc:307] RPC server started. Bound to: 127.23.94.194:39639
I20260601 13:36:26.599020 24702 acceptor_pool.cc:272] collecting diagnostics on the listening RPC socket 127.23.94.194:39639 every 8 connection(s)
I20260601 13:36:26.599922 23931 file_cache.cc:492] Constructed file cache file cache with capacity 419430
W20260601 13:36:26.601823 24706 instance_detector.cc:116] could not retrieve AWS instance metadata: Network error: curl error: HTTP response code said error: The requested URL returned error: 404
W20260601 13:36:26.601938 24707 instance_detector.cc:116] could not retrieve Azure instance metadata: Network error: curl error: HTTP response code said error: The requested URL returned error: 404
W20260601 13:36:26.602072 24709 instance_detector.cc:116] could not retrieve OpenStack instance metadata: Network error: curl error: HTTP response code said error: The requested URL returned error: 404
I20260601 13:36:26.602169 23931 server_base.cc:1061] running on GCE node
I20260601 13:36:26.602384 23931 hybrid_clock.cc:584] initializing the hybrid clock with 'system_unsync' time source
W20260601 13:36:26.602432 23931 system_unsync_time.cc:38] NTP support is disabled. Clock error bounds will not be accurate. This configuration is not suitable for distributed clusters.
I20260601 13:36:26.602455 23931 hybrid_clock.cc:648] HybridClock initialized: now 1780320986602455 us; error 0 us; skew 500 ppm
I20260601 13:36:26.603379 23931 webserver.cc:533] Webserver started at http://127.23.94.195:37777/ using document root <none> and password file <none>
I20260601 13:36:26.603576 23931 fs_manager.cc:362] Metadata directory not provided
I20260601 13:36:26.603637 23931 fs_manager.cc:368] Using write-ahead log directory (fs_wal_dir) as metadata directory
I20260601 13:36:26.603718 23931 server_base.cc:909] This appears to be a new deployment of Kudu; creating new FS layout
I20260601 13:36:26.604146 24703 heartbeater.cc:344] Connected to a master server at 127.23.94.254:45433
I20260601 13:36:26.604171 23931 fs_manager.cc:1068] Generated new instance metadata in path /tmp/dist-test-taskdFY0eN/test-tmp/auto_rebalancer-test.0.AutoRebalancerTest.AutoRebalancingTurnOffAndOn.1780320983615285-23931-0/minicluster-data/ts-2-root/instance:
uuid: "e7bd3d34aec0471fb81b3069dfded999"
format_stamp: "Formatted at 2026-06-01 13:36:26 on dist-test-slave-rm6c"
I20260601 13:36:26.604254 24703 heartbeater.cc:461] Registering TS with master...
I20260601 13:36:26.604451 24703 heartbeater.cc:507] Master 127.23.94.254:45433 requested a full tablet report, sending...
I20260601 13:36:26.605096 24498 ts_manager.cc:194] Registered new tserver with Master: 437a367ea4324941a7da5b82ab26f61b (127.23.94.194:39639)
I20260601 13:36:26.605758 24498 master_service.cc:502] Signed X509 certificate for tserver {username='slave'} at 127.0.0.1:44502
I20260601 13:36:26.605965 23931 fs_manager.cc:696] Time spent creating directory manager: real 0.002s	user 0.002s	sys 0.000s
I20260601 13:36:26.606839 24714 log_block_manager.cc:4031] Time spent loading block containers with low live blocks: real 0.000s	user 0.000s	sys 0.000s
I20260601 13:36:26.607085 23931 fs_manager.cc:730] Time spent opening block manager: real 0.001s	user 0.001s	sys 0.000s
I20260601 13:36:26.607164 23931 fs_manager.cc:647] Opened local filesystem: /tmp/dist-test-taskdFY0eN/test-tmp/auto_rebalancer-test.0.AutoRebalancerTest.AutoRebalancingTurnOffAndOn.1780320983615285-23931-0/minicluster-data/ts-2-root
uuid: "e7bd3d34aec0471fb81b3069dfded999"
format_stamp: "Formatted at 2026-06-01 13:36:26 on dist-test-slave-rm6c"
I20260601 13:36:26.607229 23931 fs_report.cc:389] FS layout report
--------------------
wal directory: /tmp/dist-test-taskdFY0eN/test-tmp/auto_rebalancer-test.0.AutoRebalancerTest.AutoRebalancingTurnOffAndOn.1780320983615285-23931-0/minicluster-data/ts-2-root
metadata directory: /tmp/dist-test-taskdFY0eN/test-tmp/auto_rebalancer-test.0.AutoRebalancerTest.AutoRebalancingTurnOffAndOn.1780320983615285-23931-0/minicluster-data/ts-2-root
1 data directories: /tmp/dist-test-taskdFY0eN/test-tmp/auto_rebalancer-test.0.AutoRebalancerTest.AutoRebalancingTurnOffAndOn.1780320983615285-23931-0/minicluster-data/ts-2-root/data
Total live blocks: 0
Total live bytes: 0
Total live bytes (after alignment): 0
Total number of LBM containers: 0 (0 full)
Did not check for missing blocks
Did not check for orphaned blocks
Total full LBM containers with extra space: 0 (0 repaired)
Total full LBM container extra space in bytes: 0 (0 repaired)
Total incomplete LBM containers: 0 (0 repaired)
Total LBM partial records: 0 (0 repaired)
Total corrupted LBM metadata records in RocksDB: 0 (0 repaired)
I20260601 13:36:26.626533 23931 rpc_server.cc:225] running with OpenSSL 1.1.1  11 Sep 2018
I20260601 13:36:26.626986 23931 kserver.cc:163] Server-wide thread pool size limit: 3276
I20260601 13:36:26.627312 23931 txn_system_client.cc:432] TxnSystemClient initialization is disabled...
I20260601 13:36:26.627838 23931 ts_tablet_manager.cc:585] Loaded tablet metadata (0 total tablets, 0 live tablets)
I20260601 13:36:26.627900 23931 ts_tablet_manager.cc:531] Time spent load tablet metadata: real 0.000s	user 0.000s	sys 0.000s
I20260601 13:36:26.627956 23931 ts_tablet_manager.cc:616] Registered 0 tablets
I20260601 13:36:26.628007 23931 ts_tablet_manager.cc:595] Time spent register tablets: real 0.000s	user 0.000s	sys 0.000s
I20260601 13:36:26.632524 23931 rpc_server.cc:307] RPC server started. Bound to: 127.23.94.195:44111
I20260601 13:36:26.632622 24777 acceptor_pool.cc:272] collecting diagnostics on the listening RPC socket 127.23.94.195:44111 every 8 connection(s)
I20260601 13:36:26.637343 24778 heartbeater.cc:344] Connected to a master server at 127.23.94.254:45433
I20260601 13:36:26.637465 24778 heartbeater.cc:461] Registering TS with master...
I20260601 13:36:26.637679 24778 heartbeater.cc:507] Master 127.23.94.254:45433 requested a full tablet report, sending...
I20260601 13:36:26.638260 24498 ts_manager.cc:194] Registered new tserver with Master: e7bd3d34aec0471fb81b3069dfded999 (127.23.94.195:44111)
I20260601 13:36:26.638614 23931 internal_mini_cluster.cc:371] 3 TS(s) registered with all masters after 0.005629368s
I20260601 13:36:26.638826 24498 master_service.cc:502] Signed X509 certificate for tserver {username='slave'} at 127.0.0.1:44514
I20260601 13:36:27.583503 24627 heartbeater.cc:499] Master 127.23.94.254:45433 was elected leader, sending a full tablet report...
I20260601 13:36:27.606694 24703 heartbeater.cc:499] Master 127.23.94.254:45433 was elected leader, sending a full tablet report...
I20260601 13:36:27.639814 24778 heartbeater.cc:499] Master 127.23.94.254:45433 was elected leader, sending a full tablet report...
I20260601 13:36:27.673316 24498 catalog_manager.cc:2282] Servicing CreateTable request from {username='slave'} at 127.0.0.1:44522:
name: "test-workload"
schema {
  columns {
    name: "key"
    type: INT32
    is_key: true
    is_nullable: false
    encoding: AUTO_ENCODING
    compression: DEFAULT_COMPRESSION
    cfile_block_size: 0
    immutable: false
  }
  columns {
    name: "int_val"
    type: INT32
    is_key: false
    is_nullable: false
    encoding: AUTO_ENCODING
    compression: DEFAULT_COMPRESSION
    cfile_block_size: 0
    immutable: false
  }
  columns {
    name: "string_val"
    type: STRING
    is_key: false
    is_nullable: true
    encoding: AUTO_ENCODING
    compression: DEFAULT_COMPRESSION
    cfile_block_size: 0
    immutable: false
  }
}
num_replicas: 3
split_rows_range_bounds {
  rows: "\004\001\000\377\377\377\017\004\001\000\376\377\377\037\004\001\000\375\377\377/\004\001\000\374\377\377?\004\001\000\373\377\377O\004\001\000\372\377\377_\004\001\000\371\377\377o""\004\001\000\377\377\377\017\004\001\000\376\377\377\037\004\001\000\375\377\377/\004\001\000\374\377\377?\004\001\000\373\377\377O\004\001\000\372\377\377_\004\001\000\371\377\377o"
  indirect_data: """"
}
partition_schema {
  range_schema {
    columns {
      name: "key"
    }
  }
}
W20260601 13:36:27.673955 24498 catalog_manager.cc:7076] The number of live tablet servers is not enough to re-replicate a tablet replica of the newly created table test-workload in case of a server failure: 4 tablet servers would be needed, 3 are available. Consider bringing up more tablet servers.
I20260601 13:36:27.687060 24591 tablet_service.cc:1511] Processing CreateTablet for tablet 25987b02a9a04bc8bdd97d89ce0a5eb2 (DEFAULT_TABLE table=test-workload [id=a723223a909a48d5b0d7aa78e70a698b]), partition=RANGE (key) PARTITION VALUES < 268435455
I20260601 13:36:27.687327 24742 tablet_service.cc:1511] Processing CreateTablet for tablet 25987b02a9a04bc8bdd97d89ce0a5eb2 (DEFAULT_TABLE table=test-workload [id=a723223a909a48d5b0d7aa78e70a698b]), partition=RANGE (key) PARTITION VALUES < 268435455
I20260601 13:36:27.687431 24591 data_dirs.cc:400] Could only allocate 1 dirs of requested 3 for tablet 25987b02a9a04bc8bdd97d89ce0a5eb2. 1 dirs total, 0 dirs full, 0 dirs failed
I20260601 13:36:27.687433 24737 tablet_service.cc:1511] Processing CreateTablet for tablet 77cf3013e11a454c9d730ac6e1e1e192 (DEFAULT_TABLE table=test-workload [id=a723223a909a48d5b0d7aa78e70a698b]), partition=RANGE (key) PARTITION 1342177275 <= VALUES < 1610612730
I20260601 13:36:27.687636 24742 data_dirs.cc:400] Could only allocate 1 dirs of requested 3 for tablet 25987b02a9a04bc8bdd97d89ce0a5eb2. 1 dirs total, 0 dirs full, 0 dirs failed
I20260601 13:36:27.687815 24737 data_dirs.cc:400] Could only allocate 1 dirs of requested 3 for tablet 77cf3013e11a454c9d730ac6e1e1e192. 1 dirs total, 0 dirs full, 0 dirs failed
I20260601 13:36:27.687830 24585 tablet_service.cc:1511] Processing CreateTablet for tablet aab4d87b8b8749d0a42ad89d425d4ae6 (DEFAULT_TABLE table=test-workload [id=a723223a909a48d5b0d7aa78e70a698b]), partition=RANGE (key) PARTITION 1610612730 <= VALUES < 1879048185
I20260601 13:36:27.688089 24585 data_dirs.cc:400] Could only allocate 1 dirs of requested 3 for tablet aab4d87b8b8749d0a42ad89d425d4ae6. 1 dirs total, 0 dirs full, 0 dirs failed
I20260601 13:36:27.688166 24590 tablet_service.cc:1511] Processing CreateTablet for tablet 207b8a4dc93049ea91d6b29fd818074a (DEFAULT_TABLE table=test-workload [id=a723223a909a48d5b0d7aa78e70a698b]), partition=RANGE (key) PARTITION 268435455 <= VALUES < 536870910
I20260601 13:36:27.688388 24590 data_dirs.cc:400] Could only allocate 1 dirs of requested 3 for tablet 207b8a4dc93049ea91d6b29fd818074a. 1 dirs total, 0 dirs full, 0 dirs failed
I20260601 13:36:27.690192 24738 tablet_service.cc:1511] Processing CreateTablet for tablet 44220d040fc0457f905666446aeff50a (DEFAULT_TABLE table=test-workload [id=a723223a909a48d5b0d7aa78e70a698b]), partition=RANGE (key) PARTITION 1073741820 <= VALUES < 1342177275
I20260601 13:36:27.690441 24738 data_dirs.cc:400] Could only allocate 1 dirs of requested 3 for tablet 44220d040fc0457f905666446aeff50a. 1 dirs total, 0 dirs full, 0 dirs failed
I20260601 13:36:27.690768 24799 tablet_bootstrap.cc:492] T 77cf3013e11a454c9d730ac6e1e1e192 P e7bd3d34aec0471fb81b3069dfded999: Bootstrap starting.
I20260601 13:36:27.691699 24798 tablet_bootstrap.cc:492] T 25987b02a9a04bc8bdd97d89ce0a5eb2 P e20aeb1c85e747d486295ce3bfaaddaf: Bootstrap starting.
I20260601 13:36:27.691797 24589 tablet_service.cc:1511] Processing CreateTablet for tablet 30e072c503284e91b9bd1683e461acb7 (DEFAULT_TABLE table=test-workload [id=a723223a909a48d5b0d7aa78e70a698b]), partition=RANGE (key) PARTITION 536870910 <= VALUES < 805306365
I20260601 13:36:27.692046 24589 data_dirs.cc:400] Could only allocate 1 dirs of requested 3 for tablet 30e072c503284e91b9bd1683e461acb7. 1 dirs total, 0 dirs full, 0 dirs failed
I20260601 13:36:27.692559 24741 tablet_service.cc:1511] Processing CreateTablet for tablet 207b8a4dc93049ea91d6b29fd818074a (DEFAULT_TABLE table=test-workload [id=a723223a909a48d5b0d7aa78e70a698b]), partition=RANGE (key) PARTITION 268435455 <= VALUES < 536870910
I20260601 13:36:27.692793 24741 data_dirs.cc:400] Could only allocate 1 dirs of requested 3 for tablet 207b8a4dc93049ea91d6b29fd818074a. 1 dirs total, 0 dirs full, 0 dirs failed
I20260601 13:36:27.693022 24588 tablet_service.cc:1511] Processing CreateTablet for tablet 655489315fe14a3bb4ac2e9765856ace (DEFAULT_TABLE table=test-workload [id=a723223a909a48d5b0d7aa78e70a698b]), partition=RANGE (key) PARTITION 805306365 <= VALUES < 1073741820
I20260601 13:36:27.693266 24588 data_dirs.cc:400] Could only allocate 1 dirs of requested 3 for tablet 655489315fe14a3bb4ac2e9765856ace. 1 dirs total, 0 dirs full, 0 dirs failed
I20260601 13:36:27.691713 24799 tablet_bootstrap.cc:654] T 77cf3013e11a454c9d730ac6e1e1e192 P e7bd3d34aec0471fb81b3069dfded999: Neither blocks nor log segments found. Creating new log.
I20260601 13:36:27.692806 24798 tablet_bootstrap.cc:654] T 25987b02a9a04bc8bdd97d89ce0a5eb2 P e20aeb1c85e747d486295ce3bfaaddaf: Neither blocks nor log segments found. Creating new log.
I20260601 13:36:27.695236 24799 tablet_bootstrap.cc:492] T 77cf3013e11a454c9d730ac6e1e1e192 P e7bd3d34aec0471fb81b3069dfded999: No bootstrap required, opened a new log
I20260601 13:36:27.695326 24799 ts_tablet_manager.cc:1403] T 77cf3013e11a454c9d730ac6e1e1e192 P e7bd3d34aec0471fb81b3069dfded999: Time spent bootstrapping tablet: real 0.005s	user 0.002s	sys 0.000s
I20260601 13:36:27.695386 24740 tablet_service.cc:1511] Processing CreateTablet for tablet 30e072c503284e91b9bd1683e461acb7 (DEFAULT_TABLE table=test-workload [id=a723223a909a48d5b0d7aa78e70a698b]), partition=RANGE (key) PARTITION 536870910 <= VALUES < 805306365
I20260601 13:36:27.695448 24798 tablet_bootstrap.cc:492] T 25987b02a9a04bc8bdd97d89ce0a5eb2 P e20aeb1c85e747d486295ce3bfaaddaf: No bootstrap required, opened a new log
I20260601 13:36:27.695554 24798 ts_tablet_manager.cc:1403] T 25987b02a9a04bc8bdd97d89ce0a5eb2 P e20aeb1c85e747d486295ce3bfaaddaf: Time spent bootstrapping tablet: real 0.004s	user 0.002s	sys 0.000s
I20260601 13:36:27.695655 24740 data_dirs.cc:400] Could only allocate 1 dirs of requested 3 for tablet 30e072c503284e91b9bd1683e461acb7. 1 dirs total, 0 dirs full, 0 dirs failed
I20260601 13:36:27.695807 24799 raft_consensus.cc:359] T 77cf3013e11a454c9d730ac6e1e1e192 P e7bd3d34aec0471fb81b3069dfded999 [term 0 FOLLOWER]: Replica starting. Triggering 0 pending ops. Active config: opid_index: -1 OBSOLETE_local: false peers { permanent_uuid: "e20aeb1c85e747d486295ce3bfaaddaf" member_type: VOTER last_known_addr { host: "127.23.94.193" port: 36563 } } peers { permanent_uuid: "437a367ea4324941a7da5b82ab26f61b" member_type: VOTER last_known_addr { host: "127.23.94.194" port: 39639 } } peers { permanent_uuid: "e7bd3d34aec0471fb81b3069dfded999" member_type: VOTER last_known_addr { host: "127.23.94.195" port: 44111 } }
I20260601 13:36:27.695909 24798 raft_consensus.cc:359] T 25987b02a9a04bc8bdd97d89ce0a5eb2 P e20aeb1c85e747d486295ce3bfaaddaf [term 0 FOLLOWER]: Replica starting. Triggering 0 pending ops. Active config: opid_index: -1 OBSOLETE_local: false peers { permanent_uuid: "e20aeb1c85e747d486295ce3bfaaddaf" member_type: VOTER last_known_addr { host: "127.23.94.193" port: 36563 } } peers { permanent_uuid: "437a367ea4324941a7da5b82ab26f61b" member_type: VOTER last_known_addr { host: "127.23.94.194" port: 39639 } } peers { permanent_uuid: "e7bd3d34aec0471fb81b3069dfded999" member_type: VOTER last_known_addr { host: "127.23.94.195" port: 44111 } }
I20260601 13:36:27.695912 24799 raft_consensus.cc:385] T 77cf3013e11a454c9d730ac6e1e1e192 P e7bd3d34aec0471fb81b3069dfded999 [term 0 FOLLOWER]: Consensus starting up: Expiring failure detector timer to make a prompt election more likely
I20260601 13:36:27.696041 24798 raft_consensus.cc:385] T 25987b02a9a04bc8bdd97d89ce0a5eb2 P e20aeb1c85e747d486295ce3bfaaddaf [term 0 FOLLOWER]: Consensus starting up: Expiring failure detector timer to make a prompt election more likely
I20260601 13:36:27.696061 24799 raft_consensus.cc:740] T 77cf3013e11a454c9d730ac6e1e1e192 P e7bd3d34aec0471fb81b3069dfded999 [term 0 FOLLOWER]: Becoming Follower/Learner. State: Replica: e7bd3d34aec0471fb81b3069dfded999, State: Initialized, Role: FOLLOWER
I20260601 13:36:27.696084 24798 raft_consensus.cc:740] T 25987b02a9a04bc8bdd97d89ce0a5eb2 P e20aeb1c85e747d486295ce3bfaaddaf [term 0 FOLLOWER]: Becoming Follower/Learner. State: Replica: e20aeb1c85e747d486295ce3bfaaddaf, State: Initialized, Role: FOLLOWER
I20260601 13:36:27.696193 24799 consensus_queue.cc:260] T 77cf3013e11a454c9d730ac6e1e1e192 P e7bd3d34aec0471fb81b3069dfded999 [NON_LEADER]: Queue going to NON_LEADER mode. State: All replicated index: 0, Majority replicated index: 0, Committed index: 0, Last appended: 0.0, Last appended by leader: 0, Current term: 0, Majority size: -1, State: 0, Mode: NON_LEADER, active raft config: opid_index: -1 OBSOLETE_local: false peers { permanent_uuid: "e20aeb1c85e747d486295ce3bfaaddaf" member_type: VOTER last_known_addr { host: "127.23.94.193" port: 36563 } } peers { permanent_uuid: "437a367ea4324941a7da5b82ab26f61b" member_type: VOTER last_known_addr { host: "127.23.94.194" port: 39639 } } peers { permanent_uuid: "e7bd3d34aec0471fb81b3069dfded999" member_type: VOTER last_known_addr { host: "127.23.94.195" port: 44111 } }
I20260601 13:36:27.696266 24798 consensus_queue.cc:260] T 25987b02a9a04bc8bdd97d89ce0a5eb2 P e20aeb1c85e747d486295ce3bfaaddaf [NON_LEADER]: Queue going to NON_LEADER mode. State: All replicated index: 0, Majority replicated index: 0, Committed index: 0, Last appended: 0.0, Last appended by leader: 0, Current term: 0, Majority size: -1, State: 0, Mode: NON_LEADER, active raft config: opid_index: -1 OBSOLETE_local: false peers { permanent_uuid: "e20aeb1c85e747d486295ce3bfaaddaf" member_type: VOTER last_known_addr { host: "127.23.94.193" port: 36563 } } peers { permanent_uuid: "437a367ea4324941a7da5b82ab26f61b" member_type: VOTER last_known_addr { host: "127.23.94.194" port: 39639 } } peers { permanent_uuid: "e7bd3d34aec0471fb81b3069dfded999" member_type: VOTER last_known_addr { host: "127.23.94.195" port: 44111 } }
I20260601 13:36:27.696311 24586 tablet_service.cc:1511] Processing CreateTablet for tablet 77cf3013e11a454c9d730ac6e1e1e192 (DEFAULT_TABLE table=test-workload [id=a723223a909a48d5b0d7aa78e70a698b]), partition=RANGE (key) PARTITION 1342177275 <= VALUES < 1610612730
I20260601 13:36:27.696537 24586 data_dirs.cc:400] Could only allocate 1 dirs of requested 3 for tablet 77cf3013e11a454c9d730ac6e1e1e192. 1 dirs total, 0 dirs full, 0 dirs failed
I20260601 13:36:27.696571 24799 ts_tablet_manager.cc:1434] T 77cf3013e11a454c9d730ac6e1e1e192 P e7bd3d34aec0471fb81b3069dfded999: Time spent starting tablet: real 0.001s	user 0.001s	sys 0.000s
I20260601 13:36:27.696622 24798 ts_tablet_manager.cc:1434] T 25987b02a9a04bc8bdd97d89ce0a5eb2 P e20aeb1c85e747d486295ce3bfaaddaf: Time spent starting tablet: real 0.001s	user 0.000s	sys 0.001s
I20260601 13:36:27.696813 24798 tablet_bootstrap.cc:492] T aab4d87b8b8749d0a42ad89d425d4ae6 P e20aeb1c85e747d486295ce3bfaaddaf: Bootstrap starting.
I20260601 13:36:27.697083 24799 tablet_bootstrap.cc:492] T 44220d040fc0457f905666446aeff50a P e7bd3d34aec0471fb81b3069dfded999: Bootstrap starting.
I20260601 13:36:27.697726 24798 tablet_bootstrap.cc:654] T aab4d87b8b8749d0a42ad89d425d4ae6 P e20aeb1c85e747d486295ce3bfaaddaf: Neither blocks nor log segments found. Creating new log.
I20260601 13:36:27.698092 24799 tablet_bootstrap.cc:654] T 44220d040fc0457f905666446aeff50a P e7bd3d34aec0471fb81b3069dfded999: Neither blocks nor log segments found. Creating new log.
I20260601 13:36:27.698684 24739 tablet_service.cc:1511] Processing CreateTablet for tablet 655489315fe14a3bb4ac2e9765856ace (DEFAULT_TABLE table=test-workload [id=a723223a909a48d5b0d7aa78e70a698b]), partition=RANGE (key) PARTITION 805306365 <= VALUES < 1073741820
I20260601 13:36:27.698839 24798 tablet_bootstrap.cc:492] T aab4d87b8b8749d0a42ad89d425d4ae6 P e20aeb1c85e747d486295ce3bfaaddaf: No bootstrap required, opened a new log
I20260601 13:36:27.698905 24739 data_dirs.cc:400] Could only allocate 1 dirs of requested 3 for tablet 655489315fe14a3bb4ac2e9765856ace. 1 dirs total, 0 dirs full, 0 dirs failed
I20260601 13:36:27.698912 24798 ts_tablet_manager.cc:1403] T aab4d87b8b8749d0a42ad89d425d4ae6 P e20aeb1c85e747d486295ce3bfaaddaf: Time spent bootstrapping tablet: real 0.002s	user 0.000s	sys 0.002s
I20260601 13:36:27.699383 24798 raft_consensus.cc:359] T aab4d87b8b8749d0a42ad89d425d4ae6 P e20aeb1c85e747d486295ce3bfaaddaf [term 0 FOLLOWER]: Replica starting. Triggering 0 pending ops. Active config: opid_index: -1 OBSOLETE_local: false peers { permanent_uuid: "e20aeb1c85e747d486295ce3bfaaddaf" member_type: VOTER last_known_addr { host: "127.23.94.193" port: 36563 } } peers { permanent_uuid: "437a367ea4324941a7da5b82ab26f61b" member_type: VOTER last_known_addr { host: "127.23.94.194" port: 39639 } } peers { permanent_uuid: "e7bd3d34aec0471fb81b3069dfded999" member_type: VOTER last_known_addr { host: "127.23.94.195" port: 44111 } }
I20260601 13:36:27.699523 24799 tablet_bootstrap.cc:492] T 44220d040fc0457f905666446aeff50a P e7bd3d34aec0471fb81b3069dfded999: No bootstrap required, opened a new log
I20260601 13:36:27.699613 24799 ts_tablet_manager.cc:1403] T 44220d040fc0457f905666446aeff50a P e7bd3d34aec0471fb81b3069dfded999: Time spent bootstrapping tablet: real 0.003s	user 0.002s	sys 0.000s
I20260601 13:36:27.699510 24798 raft_consensus.cc:385] T aab4d87b8b8749d0a42ad89d425d4ae6 P e20aeb1c85e747d486295ce3bfaaddaf [term 0 FOLLOWER]: Consensus starting up: Expiring failure detector timer to make a prompt election more likely
I20260601 13:36:27.699770 24798 raft_consensus.cc:740] T aab4d87b8b8749d0a42ad89d425d4ae6 P e20aeb1c85e747d486295ce3bfaaddaf [term 0 FOLLOWER]: Becoming Follower/Learner. State: Replica: e20aeb1c85e747d486295ce3bfaaddaf, State: Initialized, Role: FOLLOWER
I20260601 13:36:27.700114 24799 raft_consensus.cc:359] T 44220d040fc0457f905666446aeff50a P e7bd3d34aec0471fb81b3069dfded999 [term 0 FOLLOWER]: Replica starting. Triggering 0 pending ops. Active config: opid_index: -1 OBSOLETE_local: false peers { permanent_uuid: "e20aeb1c85e747d486295ce3bfaaddaf" member_type: VOTER last_known_addr { host: "127.23.94.193" port: 36563 } } peers { permanent_uuid: "437a367ea4324941a7da5b82ab26f61b" member_type: VOTER last_known_addr { host: "127.23.94.194" port: 39639 } } peers { permanent_uuid: "e7bd3d34aec0471fb81b3069dfded999" member_type: VOTER last_known_addr { host: "127.23.94.195" port: 44111 } }
I20260601 13:36:27.700240 24799 raft_consensus.cc:385] T 44220d040fc0457f905666446aeff50a P e7bd3d34aec0471fb81b3069dfded999 [term 0 FOLLOWER]: Consensus starting up: Expiring failure detector timer to make a prompt election more likely
I20260601 13:36:27.700196 24587 tablet_service.cc:1511] Processing CreateTablet for tablet 44220d040fc0457f905666446aeff50a (DEFAULT_TABLE table=test-workload [id=a723223a909a48d5b0d7aa78e70a698b]), partition=RANGE (key) PARTITION 1073741820 <= VALUES < 1342177275
I20260601 13:36:27.700320 24798 consensus_queue.cc:260] T aab4d87b8b8749d0a42ad89d425d4ae6 P e20aeb1c85e747d486295ce3bfaaddaf [NON_LEADER]: Queue going to NON_LEADER mode. State: All replicated index: 0, Majority replicated index: 0, Committed index: 0, Last appended: 0.0, Last appended by leader: 0, Current term: 0, Majority size: -1, State: 0, Mode: NON_LEADER, active raft config: opid_index: -1 OBSOLETE_local: false peers { permanent_uuid: "e20aeb1c85e747d486295ce3bfaaddaf" member_type: VOTER last_known_addr { host: "127.23.94.193" port: 36563 } } peers { permanent_uuid: "437a367ea4324941a7da5b82ab26f61b" member_type: VOTER last_known_addr { host: "127.23.94.194" port: 39639 } } peers { permanent_uuid: "e7bd3d34aec0471fb81b3069dfded999" member_type: VOTER last_known_addr { host: "127.23.94.195" port: 44111 } }
I20260601 13:36:27.700455 24587 data_dirs.cc:400] Could only allocate 1 dirs of requested 3 for tablet 44220d040fc0457f905666446aeff50a. 1 dirs total, 0 dirs full, 0 dirs failed
I20260601 13:36:27.700613 24798 ts_tablet_manager.cc:1434] T aab4d87b8b8749d0a42ad89d425d4ae6 P e20aeb1c85e747d486295ce3bfaaddaf: Time spent starting tablet: real 0.002s	user 0.001s	sys 0.000s
I20260601 13:36:27.700786 24798 tablet_bootstrap.cc:492] T 207b8a4dc93049ea91d6b29fd818074a P e20aeb1c85e747d486295ce3bfaaddaf: Bootstrap starting.
I20260601 13:36:27.701803 24798 tablet_bootstrap.cc:654] T 207b8a4dc93049ea91d6b29fd818074a P e20aeb1c85e747d486295ce3bfaaddaf: Neither blocks nor log segments found. Creating new log.
I20260601 13:36:27.702441 24799 raft_consensus.cc:740] T 44220d040fc0457f905666446aeff50a P e7bd3d34aec0471fb81b3069dfded999 [term 0 FOLLOWER]: Becoming Follower/Learner. State: Replica: e7bd3d34aec0471fb81b3069dfded999, State: Initialized, Role: FOLLOWER
I20260601 13:36:27.702616 24799 consensus_queue.cc:260] T 44220d040fc0457f905666446aeff50a P e7bd3d34aec0471fb81b3069dfded999 [NON_LEADER]: Queue going to NON_LEADER mode. State: All replicated index: 0, Majority replicated index: 0, Committed index: 0, Last appended: 0.0, Last appended by leader: 0, Current term: 0, Majority size: -1, State: 0, Mode: NON_LEADER, active raft config: opid_index: -1 OBSOLETE_local: false peers { permanent_uuid: "e20aeb1c85e747d486295ce3bfaaddaf" member_type: VOTER last_known_addr { host: "127.23.94.193" port: 36563 } } peers { permanent_uuid: "437a367ea4324941a7da5b82ab26f61b" member_type: VOTER last_known_addr { host: "127.23.94.194" port: 39639 } } peers { permanent_uuid: "e7bd3d34aec0471fb81b3069dfded999" member_type: VOTER last_known_addr { host: "127.23.94.195" port: 44111 } }
I20260601 13:36:27.702867 24587 tablet_service.cc:1511] Processing CreateTablet for tablet 1bcdf556a06e4d939de45427480fa2d6 (DEFAULT_TABLE table=test-workload [id=a723223a909a48d5b0d7aa78e70a698b]), partition=RANGE (key) PARTITION 1879048185 <= VALUES
I20260601 13:36:27.702993 24799 ts_tablet_manager.cc:1434] T 44220d040fc0457f905666446aeff50a P e7bd3d34aec0471fb81b3069dfded999: Time spent starting tablet: real 0.003s	user 0.001s	sys 0.000s
I20260601 13:36:27.703086 24587 data_dirs.cc:400] Could only allocate 1 dirs of requested 3 for tablet 1bcdf556a06e4d939de45427480fa2d6. 1 dirs total, 0 dirs full, 0 dirs failed
I20260601 13:36:27.703193 24799 tablet_bootstrap.cc:492] T 25987b02a9a04bc8bdd97d89ce0a5eb2 P e7bd3d34aec0471fb81b3069dfded999: Bootstrap starting.
I20260601 13:36:27.703886 24739 tablet_service.cc:1511] Processing CreateTablet for tablet aab4d87b8b8749d0a42ad89d425d4ae6 (DEFAULT_TABLE table=test-workload [id=a723223a909a48d5b0d7aa78e70a698b]), partition=RANGE (key) PARTITION 1610612730 <= VALUES < 1879048185
I20260601 13:36:27.704118 24739 data_dirs.cc:400] Could only allocate 1 dirs of requested 3 for tablet aab4d87b8b8749d0a42ad89d425d4ae6. 1 dirs total, 0 dirs full, 0 dirs failed
I20260601 13:36:27.704162 24799 tablet_bootstrap.cc:654] T 25987b02a9a04bc8bdd97d89ce0a5eb2 P e7bd3d34aec0471fb81b3069dfded999: Neither blocks nor log segments found. Creating new log.
I20260601 13:36:27.705242 24798 tablet_bootstrap.cc:492] T 207b8a4dc93049ea91d6b29fd818074a P e20aeb1c85e747d486295ce3bfaaddaf: No bootstrap required, opened a new log
I20260601 13:36:27.705271 24799 tablet_bootstrap.cc:492] T 25987b02a9a04bc8bdd97d89ce0a5eb2 P e7bd3d34aec0471fb81b3069dfded999: No bootstrap required, opened a new log
I20260601 13:36:27.705379 24798 ts_tablet_manager.cc:1403] T 207b8a4dc93049ea91d6b29fd818074a P e20aeb1c85e747d486295ce3bfaaddaf: Time spent bootstrapping tablet: real 0.005s	user 0.001s	sys 0.001s
I20260601 13:36:27.705436 24799 ts_tablet_manager.cc:1403] T 25987b02a9a04bc8bdd97d89ce0a5eb2 P e7bd3d34aec0471fb81b3069dfded999: Time spent bootstrapping tablet: real 0.002s	user 0.002s	sys 0.000s
I20260601 13:36:27.705379 24802 raft_consensus.cc:493] T 77cf3013e11a454c9d730ac6e1e1e192 P e7bd3d34aec0471fb81b3069dfded999 [term 0 FOLLOWER]: Starting pre-election (no leader contacted us within the election timeout)
I20260601 13:36:27.705541 24802 raft_consensus.cc:515] T 77cf3013e11a454c9d730ac6e1e1e192 P e7bd3d34aec0471fb81b3069dfded999 [term 0 FOLLOWER]: Starting pre-election with config: opid_index: -1 OBSOLETE_local: false peers { permanent_uuid: "e20aeb1c85e747d486295ce3bfaaddaf" member_type: VOTER last_known_addr { host: "127.23.94.193" port: 36563 } } peers { permanent_uuid: "437a367ea4324941a7da5b82ab26f61b" member_type: VOTER last_known_addr { host: "127.23.94.194" port: 39639 } } peers { permanent_uuid: "e7bd3d34aec0471fb81b3069dfded999" member_type: VOTER last_known_addr { host: "127.23.94.195" port: 44111 } }
I20260601 13:36:27.705819 24798 raft_consensus.cc:359] T 207b8a4dc93049ea91d6b29fd818074a P e20aeb1c85e747d486295ce3bfaaddaf [term 0 FOLLOWER]: Replica starting. Triggering 0 pending ops. Active config: opid_index: -1 OBSOLETE_local: false peers { permanent_uuid: "e20aeb1c85e747d486295ce3bfaaddaf" member_type: VOTER last_known_addr { host: "127.23.94.193" port: 36563 } } peers { permanent_uuid: "437a367ea4324941a7da5b82ab26f61b" member_type: VOTER last_known_addr { host: "127.23.94.194" port: 39639 } } peers { permanent_uuid: "e7bd3d34aec0471fb81b3069dfded999" member_type: VOTER last_known_addr { host: "127.23.94.195" port: 44111 } }
I20260601 13:36:27.705916 24798 raft_consensus.cc:385] T 207b8a4dc93049ea91d6b29fd818074a P e20aeb1c85e747d486295ce3bfaaddaf [term 0 FOLLOWER]: Consensus starting up: Expiring failure detector timer to make a prompt election more likely
I20260601 13:36:27.705955 24798 raft_consensus.cc:740] T 207b8a4dc93049ea91d6b29fd818074a P e20aeb1c85e747d486295ce3bfaaddaf [term 0 FOLLOWER]: Becoming Follower/Learner. State: Replica: e20aeb1c85e747d486295ce3bfaaddaf, State: Initialized, Role: FOLLOWER
I20260601 13:36:27.706041 24802 leader_election.cc:290] T 77cf3013e11a454c9d730ac6e1e1e192 P e7bd3d34aec0471fb81b3069dfded999 [CANDIDATE]: Term 1 pre-election: Requested pre-vote from peers e20aeb1c85e747d486295ce3bfaaddaf (127.23.94.193:36563), 437a367ea4324941a7da5b82ab26f61b (127.23.94.194:39639)
I20260601 13:36:27.706240 24799 raft_consensus.cc:359] T 25987b02a9a04bc8bdd97d89ce0a5eb2 P e7bd3d34aec0471fb81b3069dfded999 [term 0 FOLLOWER]: Replica starting. Triggering 0 pending ops. Active config: opid_index: -1 OBSOLETE_local: false peers { permanent_uuid: "e20aeb1c85e747d486295ce3bfaaddaf" member_type: VOTER last_known_addr { host: "127.23.94.193" port: 36563 } } peers { permanent_uuid: "437a367ea4324941a7da5b82ab26f61b" member_type: VOTER last_known_addr { host: "127.23.94.194" port: 39639 } } peers { permanent_uuid: "e7bd3d34aec0471fb81b3069dfded999" member_type: VOTER last_known_addr { host: "127.23.94.195" port: 44111 } }
I20260601 13:36:27.706341 24799 raft_consensus.cc:385] T 25987b02a9a04bc8bdd97d89ce0a5eb2 P e7bd3d34aec0471fb81b3069dfded999 [term 0 FOLLOWER]: Consensus starting up: Expiring failure detector timer to make a prompt election more likely
I20260601 13:36:27.706373 24799 raft_consensus.cc:740] T 25987b02a9a04bc8bdd97d89ce0a5eb2 P e7bd3d34aec0471fb81b3069dfded999 [term 0 FOLLOWER]: Becoming Follower/Learner. State: Replica: e7bd3d34aec0471fb81b3069dfded999, State: Initialized, Role: FOLLOWER
I20260601 13:36:27.706485 24799 consensus_queue.cc:260] T 25987b02a9a04bc8bdd97d89ce0a5eb2 P e7bd3d34aec0471fb81b3069dfded999 [NON_LEADER]: Queue going to NON_LEADER mode. State: All replicated index: 0, Majority replicated index: 0, Committed index: 0, Last appended: 0.0, Last appended by leader: 0, Current term: 0, Majority size: -1, State: 0, Mode: NON_LEADER, active raft config: opid_index: -1 OBSOLETE_local: false peers { permanent_uuid: "e20aeb1c85e747d486295ce3bfaaddaf" member_type: VOTER last_known_addr { host: "127.23.94.193" port: 36563 } } peers { permanent_uuid: "437a367ea4324941a7da5b82ab26f61b" member_type: VOTER last_known_addr { host: "127.23.94.194" port: 39639 } } peers { permanent_uuid: "e7bd3d34aec0471fb81b3069dfded999" member_type: VOTER last_known_addr { host: "127.23.94.195" port: 44111 } }
I20260601 13:36:27.706588 24667 tablet_service.cc:1511] Processing CreateTablet for tablet 25987b02a9a04bc8bdd97d89ce0a5eb2 (DEFAULT_TABLE table=test-workload [id=a723223a909a48d5b0d7aa78e70a698b]), partition=RANGE (key) PARTITION VALUES < 268435455
