I20260601 13:36:39.066599 22000 consensus_queue.cc:260] T 420f37b0fd4046ea90d4e54591133322 P 06e05bd5c0c147c2a9f1bbafa68a0d93 [NON_LEADER]: Queue going to NON_LEADER mode. State: All replicated index: 0, Majority replicated index: 0, Committed index: 0, Last appended: 0.0, Last appended by leader: 0, Current term: 0, Majority size: -1, State: 0, Mode: NON_LEADER, active raft config: opid_index: -1 OBSOLETE_local: false peers { permanent_uuid: "06e05bd5c0c147c2a9f1bbafa68a0d93" member_type: VOTER last_known_addr { host: "127.19.147.1" port: 33615 } } peers { permanent_uuid: "928385a2f488411fbc9c0be73fc002f0" member_type: VOTER last_known_addr { host: "127.19.147.2" port: 44957 } } peers { permanent_uuid: "b8f0df4627d3493ca577ecf2cf6b7e81" member_type: VOTER last_known_addr { host: "127.19.147.3" port: 39993 } }
I20260601 13:36:39.066948 22000 ts_tablet_manager.cc:1434] T 420f37b0fd4046ea90d4e54591133322 P 06e05bd5c0c147c2a9f1bbafa68a0d93: Time spent starting tablet: real 0.001s	user 0.000s	sys 0.001s
I20260601 13:36:39.081955 22006 raft_consensus.cc:493] T 420f37b0fd4046ea90d4e54591133322 P 06e05bd5c0c147c2a9f1bbafa68a0d93 [term 0 FOLLOWER]: Starting pre-election (no leader contacted us within the election timeout)
I20260601 13:36:39.082175 22006 raft_consensus.cc:515] T 420f37b0fd4046ea90d4e54591133322 P 06e05bd5c0c147c2a9f1bbafa68a0d93 [term 0 FOLLOWER]: Starting pre-election with config: opid_index: -1 OBSOLETE_local: false peers { permanent_uuid: "06e05bd5c0c147c2a9f1bbafa68a0d93" member_type: VOTER last_known_addr { host: "127.19.147.1" port: 33615 } } peers { permanent_uuid: "928385a2f488411fbc9c0be73fc002f0" member_type: VOTER last_known_addr { host: "127.19.147.2" port: 44957 } } peers { permanent_uuid: "b8f0df4627d3493ca577ecf2cf6b7e81" member_type: VOTER last_known_addr { host: "127.19.147.3" port: 39993 } }
I20260601 13:36:39.082906 22006 leader_election.cc:290] T 420f37b0fd4046ea90d4e54591133322 P 06e05bd5c0c147c2a9f1bbafa68a0d93 [CANDIDATE]: Term 1 pre-election: Requested pre-vote from peers 928385a2f488411fbc9c0be73fc002f0 (127.19.147.2:44957), b8f0df4627d3493ca577ecf2cf6b7e81 (127.19.147.3:39993)
I20260601 13:36:39.087715 21954 tablet_service.cc:1917] Received RequestConsensusVote() RPC: tablet_id: "420f37b0fd4046ea90d4e54591133322" candidate_uuid: "06e05bd5c0c147c2a9f1bbafa68a0d93" candidate_term: 1 candidate_status { last_received { term: 0 index: 0 } } ignore_live_leader: false dest_uuid: "b8f0df4627d3493ca577ecf2cf6b7e81" is_pre_election: true
I20260601 13:36:39.087716 21879 tablet_service.cc:1917] Received RequestConsensusVote() RPC: tablet_id: "420f37b0fd4046ea90d4e54591133322" candidate_uuid: "06e05bd5c0c147c2a9f1bbafa68a0d93" candidate_term: 1 candidate_status { last_received { term: 0 index: 0 } } ignore_live_leader: false dest_uuid: "928385a2f488411fbc9c0be73fc002f0" is_pre_election: true
I20260601 13:36:39.087927 21954 raft_consensus.cc:2468] T 420f37b0fd4046ea90d4e54591133322 P b8f0df4627d3493ca577ecf2cf6b7e81 [term 0 FOLLOWER]: Leader pre-election vote request: Granting yes vote for candidate 06e05bd5c0c147c2a9f1bbafa68a0d93 in term 0.
I20260601 13:36:39.087956 21879 raft_consensus.cc:2468] T 420f37b0fd4046ea90d4e54591133322 P 928385a2f488411fbc9c0be73fc002f0 [term 0 FOLLOWER]: Leader pre-election vote request: Granting yes vote for candidate 06e05bd5c0c147c2a9f1bbafa68a0d93 in term 0.
I20260601 13:36:39.088255 21767 leader_election.cc:304] T 420f37b0fd4046ea90d4e54591133322 P 06e05bd5c0c147c2a9f1bbafa68a0d93 [CANDIDATE]: Term 1 pre-election: Election decided. Result: candidate won. Election summary: received 2 responses out of 3 voters: 2 yes votes; 0 no votes. yes voters: 06e05bd5c0c147c2a9f1bbafa68a0d93, b8f0df4627d3493ca577ecf2cf6b7e81; no voters: 
I20260601 13:36:39.088459 22006 raft_consensus.cc:2804] T 420f37b0fd4046ea90d4e54591133322 P 06e05bd5c0c147c2a9f1bbafa68a0d93 [term 0 FOLLOWER]: Leader pre-election won for term 1
I20260601 13:36:39.088522 22006 raft_consensus.cc:493] T 420f37b0fd4046ea90d4e54591133322 P 06e05bd5c0c147c2a9f1bbafa68a0d93 [term 0 FOLLOWER]: Starting leader election (no leader contacted us within the election timeout)
I20260601 13:36:39.088563 22006 raft_consensus.cc:3060] T 420f37b0fd4046ea90d4e54591133322 P 06e05bd5c0c147c2a9f1bbafa68a0d93 [term 0 FOLLOWER]: Advancing to term 1
I20260601 13:36:39.089414 22006 raft_consensus.cc:515] T 420f37b0fd4046ea90d4e54591133322 P 06e05bd5c0c147c2a9f1bbafa68a0d93 [term 1 FOLLOWER]: Starting leader election with config: opid_index: -1 OBSOLETE_local: false peers { permanent_uuid: "06e05bd5c0c147c2a9f1bbafa68a0d93" member_type: VOTER last_known_addr { host: "127.19.147.1" port: 33615 } } peers { permanent_uuid: "928385a2f488411fbc9c0be73fc002f0" member_type: VOTER last_known_addr { host: "127.19.147.2" port: 44957 } } peers { permanent_uuid: "b8f0df4627d3493ca577ecf2cf6b7e81" member_type: VOTER last_known_addr { host: "127.19.147.3" port: 39993 } }
I20260601 13:36:39.089762 22006 leader_election.cc:290] T 420f37b0fd4046ea90d4e54591133322 P 06e05bd5c0c147c2a9f1bbafa68a0d93 [CANDIDATE]: Term 1 election: Requested vote from peers 928385a2f488411fbc9c0be73fc002f0 (127.19.147.2:44957), b8f0df4627d3493ca577ecf2cf6b7e81 (127.19.147.3:39993)
I20260601 13:36:39.090094 21879 tablet_service.cc:1917] Received RequestConsensusVote() RPC: tablet_id: "420f37b0fd4046ea90d4e54591133322" candidate_uuid: "06e05bd5c0c147c2a9f1bbafa68a0d93" candidate_term: 1 candidate_status { last_received { term: 0 index: 0 } } ignore_live_leader: false dest_uuid: "928385a2f488411fbc9c0be73fc002f0"
I20260601 13:36:39.090116 21954 tablet_service.cc:1917] Received RequestConsensusVote() RPC: tablet_id: "420f37b0fd4046ea90d4e54591133322" candidate_uuid: "06e05bd5c0c147c2a9f1bbafa68a0d93" candidate_term: 1 candidate_status { last_received { term: 0 index: 0 } } ignore_live_leader: false dest_uuid: "b8f0df4627d3493ca577ecf2cf6b7e81"
I20260601 13:36:39.090207 21879 raft_consensus.cc:3060] T 420f37b0fd4046ea90d4e54591133322 P 928385a2f488411fbc9c0be73fc002f0 [term 0 FOLLOWER]: Advancing to term 1
I20260601 13:36:39.090253 21954 raft_consensus.cc:3060] T 420f37b0fd4046ea90d4e54591133322 P b8f0df4627d3493ca577ecf2cf6b7e81 [term 0 FOLLOWER]: Advancing to term 1
I20260601 13:36:39.091027 21879 raft_consensus.cc:2468] T 420f37b0fd4046ea90d4e54591133322 P 928385a2f488411fbc9c0be73fc002f0 [term 1 FOLLOWER]: Leader election vote request: Granting yes vote for candidate 06e05bd5c0c147c2a9f1bbafa68a0d93 in term 1.
I20260601 13:36:39.091150 21954 raft_consensus.cc:2468] T 420f37b0fd4046ea90d4e54591133322 P b8f0df4627d3493ca577ecf2cf6b7e81 [term 1 FOLLOWER]: Leader election vote request: Granting yes vote for candidate 06e05bd5c0c147c2a9f1bbafa68a0d93 in term 1.
I20260601 13:36:39.091306 21768 leader_election.cc:304] T 420f37b0fd4046ea90d4e54591133322 P 06e05bd5c0c147c2a9f1bbafa68a0d93 [CANDIDATE]: Term 1 election: Election decided. Result: candidate won. Election summary: received 2 responses out of 3 voters: 2 yes votes; 0 no votes. yes voters: 06e05bd5c0c147c2a9f1bbafa68a0d93, 928385a2f488411fbc9c0be73fc002f0; no voters: 
I20260601 13:36:39.091488 22006 raft_consensus.cc:2804] T 420f37b0fd4046ea90d4e54591133322 P 06e05bd5c0c147c2a9f1bbafa68a0d93 [term 1 FOLLOWER]: Leader election won for term 1
I20260601 13:36:39.091713 22006 raft_consensus.cc:697] T 420f37b0fd4046ea90d4e54591133322 P 06e05bd5c0c147c2a9f1bbafa68a0d93 [term 1 LEADER]: Becoming Leader. State: Replica: 06e05bd5c0c147c2a9f1bbafa68a0d93, State: Running, Role: LEADER
I20260601 13:36:39.091871 22006 consensus_queue.cc:237] T 420f37b0fd4046ea90d4e54591133322 P 06e05bd5c0c147c2a9f1bbafa68a0d93 [LEADER]: Queue going to LEADER mode. State: All replicated index: 0, Majority replicated index: 0, Committed index: 0, Last appended: 0.0, Last appended by leader: 0, Current term: 1, Majority size: 2, State: 0, Mode: LEADER, active raft config: opid_index: -1 OBSOLETE_local: false peers { permanent_uuid: "06e05bd5c0c147c2a9f1bbafa68a0d93" member_type: VOTER last_known_addr { host: "127.19.147.1" port: 33615 } } peers { permanent_uuid: "928385a2f488411fbc9c0be73fc002f0" member_type: VOTER last_known_addr { host: "127.19.147.2" port: 44957 } } peers { permanent_uuid: "b8f0df4627d3493ca577ecf2cf6b7e81" member_type: VOTER last_known_addr { host: "127.19.147.3" port: 39993 } }
I20260601 13:36:39.093434 21700 catalog_manager.cc:5696] T 420f37b0fd4046ea90d4e54591133322 P 06e05bd5c0c147c2a9f1bbafa68a0d93 reported cstate change: term changed from 0 to 1, leader changed from <none> to 06e05bd5c0c147c2a9f1bbafa68a0d93 (127.19.147.1). New cstate: current_term: 1 leader_uuid: "06e05bd5c0c147c2a9f1bbafa68a0d93" committed_config { opid_index: -1 OBSOLETE_local: false peers { permanent_uuid: "06e05bd5c0c147c2a9f1bbafa68a0d93" member_type: VOTER last_known_addr { host: "127.19.147.1" port: 33615 } health_report { overall_health: HEALTHY } } peers { permanent_uuid: "928385a2f488411fbc9c0be73fc002f0" member_type: VOTER last_known_addr { host: "127.19.147.2" port: 44957 } health_report { overall_health: UNKNOWN } } peers { permanent_uuid: "b8f0df4627d3493ca577ecf2cf6b7e81" member_type: VOTER last_known_addr { host: "127.19.147.3" port: 39993 } health_report { overall_health: UNKNOWN } } }
I20260601 13:36:39.116704 22008 raft_consensus.cc:493] T b2a3303c7378448eb90aa7f3979017fc P b8f0df4627d3493ca577ecf2cf6b7e81 [term 0 FOLLOWER]: Starting pre-election (no leader contacted us within the election timeout)
I20260601 13:36:39.116915 22008 raft_consensus.cc:515] T b2a3303c7378448eb90aa7f3979017fc P b8f0df4627d3493ca577ecf2cf6b7e81 [term 0 FOLLOWER]: Starting pre-election with config: opid_index: -1 OBSOLETE_local: false peers { permanent_uuid: "06e05bd5c0c147c2a9f1bbafa68a0d93" member_type: VOTER last_known_addr { host: "127.19.147.1" port: 33615 } } peers { permanent_uuid: "928385a2f488411fbc9c0be73fc002f0" member_type: VOTER last_known_addr { host: "127.19.147.2" port: 44957 } } peers { permanent_uuid: "b8f0df4627d3493ca577ecf2cf6b7e81" member_type: VOTER last_known_addr { host: "127.19.147.3" port: 39993 } }
I20260601 13:36:39.117551 22008 leader_election.cc:290] T b2a3303c7378448eb90aa7f3979017fc P b8f0df4627d3493ca577ecf2cf6b7e81 [CANDIDATE]: Term 1 pre-election: Requested pre-vote from peers 06e05bd5c0c147c2a9f1bbafa68a0d93 (127.19.147.1:33615), 928385a2f488411fbc9c0be73fc002f0 (127.19.147.2:44957)
I20260601 13:36:39.121428 21879 tablet_service.cc:1917] Received RequestConsensusVote() RPC: tablet_id: "b2a3303c7378448eb90aa7f3979017fc" candidate_uuid: "b8f0df4627d3493ca577ecf2cf6b7e81" candidate_term: 1 candidate_status { last_received { term: 0 index: 0 } } ignore_live_leader: false dest_uuid: "928385a2f488411fbc9c0be73fc002f0" is_pre_election: true
I20260601 13:36:39.121423 21803 tablet_service.cc:1917] Received RequestConsensusVote() RPC: tablet_id: "b2a3303c7378448eb90aa7f3979017fc" candidate_uuid: "b8f0df4627d3493ca577ecf2cf6b7e81" candidate_term: 1 candidate_status { last_received { term: 0 index: 0 } } ignore_live_leader: false dest_uuid: "06e05bd5c0c147c2a9f1bbafa68a0d93" is_pre_election: true
I20260601 13:36:39.121650 21879 raft_consensus.cc:2468] T b2a3303c7378448eb90aa7f3979017fc P 928385a2f488411fbc9c0be73fc002f0 [term 0 FOLLOWER]: Leader pre-election vote request: Granting yes vote for candidate b8f0df4627d3493ca577ecf2cf6b7e81 in term 0.
I20260601 13:36:39.121662 21803 raft_consensus.cc:2468] T b2a3303c7378448eb90aa7f3979017fc P 06e05bd5c0c147c2a9f1bbafa68a0d93 [term 0 FOLLOWER]: Leader pre-election vote request: Granting yes vote for candidate b8f0df4627d3493ca577ecf2cf6b7e81 in term 0.
I20260601 13:36:39.121963 21919 leader_election.cc:304] T b2a3303c7378448eb90aa7f3979017fc P b8f0df4627d3493ca577ecf2cf6b7e81 [CANDIDATE]: Term 1 pre-election: Election decided. Result: candidate won. Election summary: received 2 responses out of 3 voters: 2 yes votes; 0 no votes. yes voters: 928385a2f488411fbc9c0be73fc002f0, b8f0df4627d3493ca577ecf2cf6b7e81; no voters: 
I20260601 13:36:39.122166 22008 raft_consensus.cc:2804] T b2a3303c7378448eb90aa7f3979017fc P b8f0df4627d3493ca577ecf2cf6b7e81 [term 0 FOLLOWER]: Leader pre-election won for term 1
I20260601 13:36:39.122227 22008 raft_consensus.cc:493] T b2a3303c7378448eb90aa7f3979017fc P b8f0df4627d3493ca577ecf2cf6b7e81 [term 0 FOLLOWER]: Starting leader election (no leader contacted us within the election timeout)
I20260601 13:36:39.122272 22008 raft_consensus.cc:3060] T b2a3303c7378448eb90aa7f3979017fc P b8f0df4627d3493ca577ecf2cf6b7e81 [term 0 FOLLOWER]: Advancing to term 1
I20260601 13:36:39.123114 22008 raft_consensus.cc:515] T b2a3303c7378448eb90aa7f3979017fc P b8f0df4627d3493ca577ecf2cf6b7e81 [term 1 FOLLOWER]: Starting leader election with config: opid_index: -1 OBSOLETE_local: false peers { permanent_uuid: "06e05bd5c0c147c2a9f1bbafa68a0d93" member_type: VOTER last_known_addr { host: "127.19.147.1" port: 33615 } } peers { permanent_uuid: "928385a2f488411fbc9c0be73fc002f0" member_type: VOTER last_known_addr { host: "127.19.147.2" port: 44957 } } peers { permanent_uuid: "b8f0df4627d3493ca577ecf2cf6b7e81" member_type: VOTER last_known_addr { host: "127.19.147.3" port: 39993 } }
I20260601 13:36:39.123485 22008 leader_election.cc:290] T b2a3303c7378448eb90aa7f3979017fc P b8f0df4627d3493ca577ecf2cf6b7e81 [CANDIDATE]: Term 1 election: Requested vote from peers 06e05bd5c0c147c2a9f1bbafa68a0d93 (127.19.147.1:33615), 928385a2f488411fbc9c0be73fc002f0 (127.19.147.2:44957)
I20260601 13:36:39.123821 21803 tablet_service.cc:1917] Received RequestConsensusVote() RPC: tablet_id: "b2a3303c7378448eb90aa7f3979017fc" candidate_uuid: "b8f0df4627d3493ca577ecf2cf6b7e81" candidate_term: 1 candidate_status { last_received { term: 0 index: 0 } } ignore_live_leader: false dest_uuid: "06e05bd5c0c147c2a9f1bbafa68a0d93"
I20260601 13:36:39.123821 21879 tablet_service.cc:1917] Received RequestConsensusVote() RPC: tablet_id: "b2a3303c7378448eb90aa7f3979017fc" candidate_uuid: "b8f0df4627d3493ca577ecf2cf6b7e81" candidate_term: 1 candidate_status { last_received { term: 0 index: 0 } } ignore_live_leader: false dest_uuid: "928385a2f488411fbc9c0be73fc002f0"
I20260601 13:36:39.123965 21879 raft_consensus.cc:3060] T b2a3303c7378448eb90aa7f3979017fc P 928385a2f488411fbc9c0be73fc002f0 [term 0 FOLLOWER]: Advancing to term 1
I20260601 13:36:39.123982 21803 raft_consensus.cc:3060] T b2a3303c7378448eb90aa7f3979017fc P 06e05bd5c0c147c2a9f1bbafa68a0d93 [term 0 FOLLOWER]: Advancing to term 1
I20260601 13:36:39.124922 21803 raft_consensus.cc:2468] T b2a3303c7378448eb90aa7f3979017fc P 06e05bd5c0c147c2a9f1bbafa68a0d93 [term 1 FOLLOWER]: Leader election vote request: Granting yes vote for candidate b8f0df4627d3493ca577ecf2cf6b7e81 in term 1.
I20260601 13:36:39.124922 21879 raft_consensus.cc:2468] T b2a3303c7378448eb90aa7f3979017fc P 928385a2f488411fbc9c0be73fc002f0 [term 1 FOLLOWER]: Leader election vote request: Granting yes vote for candidate b8f0df4627d3493ca577ecf2cf6b7e81 in term 1.
I20260601 13:36:39.125391 21919 leader_election.cc:304] T b2a3303c7378448eb90aa7f3979017fc P b8f0df4627d3493ca577ecf2cf6b7e81 [CANDIDATE]: Term 1 election: Election decided. Result: candidate won. Election summary: received 2 responses out of 3 voters: 2 yes votes; 0 no votes. yes voters: 928385a2f488411fbc9c0be73fc002f0, b8f0df4627d3493ca577ecf2cf6b7e81; no voters: 
I20260601 13:36:39.125586 22008 raft_consensus.cc:2804] T b2a3303c7378448eb90aa7f3979017fc P b8f0df4627d3493ca577ecf2cf6b7e81 [term 1 FOLLOWER]: Leader election won for term 1
I20260601 13:36:39.125674 22008 raft_consensus.cc:697] T b2a3303c7378448eb90aa7f3979017fc P b8f0df4627d3493ca577ecf2cf6b7e81 [term 1 LEADER]: Becoming Leader. State: Replica: b8f0df4627d3493ca577ecf2cf6b7e81, State: Running, Role: LEADER
I20260601 13:36:39.125815 22008 consensus_queue.cc:237] T b2a3303c7378448eb90aa7f3979017fc P b8f0df4627d3493ca577ecf2cf6b7e81 [LEADER]: Queue going to LEADER mode. State: All replicated index: 0, Majority replicated index: 0, Committed index: 0, Last appended: 0.0, Last appended by leader: 0, Current term: 1, Majority size: 2, State: 0, Mode: LEADER, active raft config: opid_index: -1 OBSOLETE_local: false peers { permanent_uuid: "06e05bd5c0c147c2a9f1bbafa68a0d93" member_type: VOTER last_known_addr { host: "127.19.147.1" port: 33615 } } peers { permanent_uuid: "928385a2f488411fbc9c0be73fc002f0" member_type: VOTER last_known_addr { host: "127.19.147.2" port: 44957 } } peers { permanent_uuid: "b8f0df4627d3493ca577ecf2cf6b7e81" member_type: VOTER last_known_addr { host: "127.19.147.3" port: 39993 } }
I20260601 13:36:39.127664 21700 catalog_manager.cc:5696] T b2a3303c7378448eb90aa7f3979017fc P b8f0df4627d3493ca577ecf2cf6b7e81 reported cstate change: term changed from 0 to 1, leader changed from <none> to b8f0df4627d3493ca577ecf2cf6b7e81 (127.19.147.3). New cstate: current_term: 1 leader_uuid: "b8f0df4627d3493ca577ecf2cf6b7e81" committed_config { opid_index: -1 OBSOLETE_local: false peers { permanent_uuid: "06e05bd5c0c147c2a9f1bbafa68a0d93" member_type: VOTER last_known_addr { host: "127.19.147.1" port: 33615 } health_report { overall_health: UNKNOWN } } peers { permanent_uuid: "928385a2f488411fbc9c0be73fc002f0" member_type: VOTER last_known_addr { host: "127.19.147.2" port: 44957 } health_report { overall_health: UNKNOWN } } peers { permanent_uuid: "b8f0df4627d3493ca577ecf2cf6b7e81" member_type: VOTER last_known_addr { host: "127.19.147.3" port: 39993 } health_report { overall_health: HEALTHY } } }
I20260601 13:36:39.483927 22006 consensus_queue.cc:1048] T 420f37b0fd4046ea90d4e54591133322 P 06e05bd5c0c147c2a9f1bbafa68a0d93 [LEADER]: Connected to new peer: Peer: permanent_uuid: "928385a2f488411fbc9c0be73fc002f0" member_type: VOTER last_known_addr { host: "127.19.147.2" port: 44957 }, Status: LMP_MISMATCH, Last received: 0.0, Next index: 1, Last known committed idx: 0, Time since last communication: 0.000s
I20260601 13:36:39.487672 22022 consensus_queue.cc:1048] T 420f37b0fd4046ea90d4e54591133322 P 06e05bd5c0c147c2a9f1bbafa68a0d93 [LEADER]: Connected to new peer: Peer: permanent_uuid: "b8f0df4627d3493ca577ecf2cf6b7e81" member_type: VOTER last_known_addr { host: "127.19.147.3" port: 39993 }, Status: LMP_MISMATCH, Last received: 0.0, Next index: 1, Last known committed idx: 0, Time since last communication: 0.000s
I20260601 13:36:39.737740 22008 consensus_queue.cc:1048] T b2a3303c7378448eb90aa7f3979017fc P b8f0df4627d3493ca577ecf2cf6b7e81 [LEADER]: Connected to new peer: Peer: permanent_uuid: "928385a2f488411fbc9c0be73fc002f0" member_type: VOTER last_known_addr { host: "127.19.147.2" port: 44957 }, Status: LMP_MISMATCH, Last received: 0.0, Next index: 1, Last known committed idx: 0, Time since last communication: 0.000s
I20260601 13:36:39.741461 22027 consensus_queue.cc:1048] T b2a3303c7378448eb90aa7f3979017fc P b8f0df4627d3493ca577ecf2cf6b7e81 [LEADER]: Connected to new peer: Peer: permanent_uuid: "06e05bd5c0c147c2a9f1bbafa68a0d93" member_type: VOTER last_known_addr { host: "127.19.147.1" port: 33615 }, Status: LMP_MISMATCH, Last received: 0.0, Next index: 1, Last known committed idx: 0, Time since last communication: 0.000s
I20260601 13:36:39.878983 21754 auto_leader_rebalancer.cc:140] leader rebalance for table test-workload
I20260601 13:36:39.879462 21754 auto_leader_rebalancer.cc:388] table: test-workload, leader rebalance finish, leader transfer count: 0
I20260601 13:36:39.879736 21754 auto_leader_rebalancer.cc:451] All tables' leader rebalancing finished this round
I20260601 13:36:41.880113 21754 auto_leader_rebalancer.cc:140] leader rebalance for table test-workload
I20260601 13:36:41.880625 21754 auto_leader_rebalancer.cc:388] table: test-workload, leader rebalance finish, leader transfer count: 0
I20260601 13:36:41.880730 21754 auto_leader_rebalancer.cc:451] All tables' leader rebalancing finished this round
I20260601 13:36:43.881116 21754 auto_leader_rebalancer.cc:140] leader rebalance for table test-workload
I20260601 13:36:43.881631 21754 auto_leader_rebalancer.cc:388] table: test-workload, leader rebalance finish, leader transfer count: 0
I20260601 13:36:43.881736 21754 auto_leader_rebalancer.cc:451] All tables' leader rebalancing finished this round
I20260601 13:36:45.882157 21754 auto_leader_rebalancer.cc:140] leader rebalance for table test-workload
I20260601 13:36:45.882648 21754 auto_leader_rebalancer.cc:388] table: test-workload, leader rebalance finish, leader transfer count: 0
I20260601 13:36:45.882756 21754 auto_leader_rebalancer.cc:451] All tables' leader rebalancing finished this round
I20260601 13:36:47.883152 21754 auto_leader_rebalancer.cc:140] leader rebalance for table test-workload
I20260601 13:36:47.883644 21754 auto_leader_rebalancer.cc:388] table: test-workload, leader rebalance finish, leader transfer count: 0
I20260601 13:36:47.883746 21754 auto_leader_rebalancer.cc:451] All tables' leader rebalancing finished this round
I20260601 13:36:49.884171 21754 auto_leader_rebalancer.cc:140] leader rebalance for table test-workload
I20260601 13:36:49.884713 21754 auto_leader_rebalancer.cc:388] table: test-workload, leader rebalance finish, leader transfer count: 0
I20260601 13:36:49.884814 21754 auto_leader_rebalancer.cc:451] All tables' leader rebalancing finished this round
I20260601 13:36:50.198403 20044 file_cache.cc:492] Constructed file cache file cache with capacity 419430
W20260601 13:36:50.200837 22040 instance_detector.cc:116] could not retrieve AWS instance metadata: Network error: curl error: HTTP response code said error: The requested URL returned error: 404
W20260601 13:36:50.200975 22043 instance_detector.cc:116] could not retrieve OpenStack instance metadata: Network error: curl error: HTTP response code said error: The requested URL returned error: 404
I20260601 13:36:50.200982 20044 server_base.cc:1061] running on GCE node
W20260601 13:36:50.200989 22041 instance_detector.cc:116] could not retrieve Azure instance metadata: Network error: curl error: HTTP response code said error: The requested URL returned error: 404
I20260601 13:36:50.201399 20044 hybrid_clock.cc:584] initializing the hybrid clock with 'system_unsync' time source
W20260601 13:36:50.201462 20044 system_unsync_time.cc:38] NTP support is disabled. Clock error bounds will not be accurate. This configuration is not suitable for distributed clusters.
I20260601 13:36:50.201526 20044 hybrid_clock.cc:648] HybridClock initialized: now 1780321010201525 us; error 0 us; skew 500 ppm
I20260601 13:36:50.202546 20044 webserver.cc:533] Webserver started at http://127.19.147.4:45611/ using document root <none> and password file <none>
I20260601 13:36:50.202723 20044 fs_manager.cc:362] Metadata directory not provided
I20260601 13:36:50.202792 20044 fs_manager.cc:368] Using write-ahead log directory (fs_wal_dir) as metadata directory
I20260601 13:36:50.202870 20044 server_base.cc:909] This appears to be a new deployment of Kudu; creating new FS layout
I20260601 13:36:50.203260 20044 fs_manager.cc:1068] Generated new instance metadata in path /tmp/dist-test-tasks4SG_3/test-tmp/auto_rebalancer-test.0.AutoRebalancerTest.MovesScheduledIfAddTserver.1780320981283880-20044-0/minicluster-data/ts-3-root/instance:
uuid: "955ddffe246140e3859ec3fd5d97d68f"
format_stamp: "Formatted at 2026-06-01 13:36:50 on dist-test-slave-886z"
I20260601 13:36:50.204844 20044 fs_manager.cc:696] Time spent creating directory manager: real 0.001s	user 0.000s	sys 0.002s
I20260601 13:36:50.205832 22048 log_block_manager.cc:4031] Time spent loading block containers with low live blocks: real 0.000s	user 0.000s	sys 0.000s
I20260601 13:36:50.206156 20044 fs_manager.cc:730] Time spent opening block manager: real 0.001s	user 0.000s	sys 0.001s
I20260601 13:36:50.206238 20044 fs_manager.cc:647] Opened local filesystem: /tmp/dist-test-tasks4SG_3/test-tmp/auto_rebalancer-test.0.AutoRebalancerTest.MovesScheduledIfAddTserver.1780320981283880-20044-0/minicluster-data/ts-3-root
uuid: "955ddffe246140e3859ec3fd5d97d68f"
format_stamp: "Formatted at 2026-06-01 13:36:50 on dist-test-slave-886z"
I20260601 13:36:50.206331 20044 fs_report.cc:389] FS layout report
--------------------
wal directory: /tmp/dist-test-tasks4SG_3/test-tmp/auto_rebalancer-test.0.AutoRebalancerTest.MovesScheduledIfAddTserver.1780320981283880-20044-0/minicluster-data/ts-3-root
metadata directory: /tmp/dist-test-tasks4SG_3/test-tmp/auto_rebalancer-test.0.AutoRebalancerTest.MovesScheduledIfAddTserver.1780320981283880-20044-0/minicluster-data/ts-3-root
1 data directories: /tmp/dist-test-tasks4SG_3/test-tmp/auto_rebalancer-test.0.AutoRebalancerTest.MovesScheduledIfAddTserver.1780320981283880-20044-0/minicluster-data/ts-3-root/data
Total live blocks: 0
Total live bytes: 0
Total live bytes (after alignment): 0
Total number of LBM containers: 0 (0 full)
Did not check for missing blocks
Did not check for orphaned blocks
Total full LBM containers with extra space: 0 (0 repaired)
Total full LBM container extra space in bytes: 0 (0 repaired)
Total incomplete LBM containers: 0 (0 repaired)
Total LBM partial records: 0 (0 repaired)
Total corrupted LBM metadata records in RocksDB: 0 (0 repaired)
I20260601 13:36:50.232445 20044 rpc_server.cc:225] running with OpenSSL 1.1.1  11 Sep 2018
I20260601 13:36:50.232893 20044 kserver.cc:163] Server-wide thread pool size limit: 3276
I20260601 13:36:50.233224 20044 txn_system_client.cc:432] TxnSystemClient initialization is disabled...
I20260601 13:36:50.233728 20044 ts_tablet_manager.cc:585] Loaded tablet metadata (0 total tablets, 0 live tablets)
I20260601 13:36:50.233788 20044 ts_tablet_manager.cc:531] Time spent load tablet metadata: real 0.000s	user 0.000s	sys 0.000s
I20260601 13:36:50.233845 20044 ts_tablet_manager.cc:616] Registered 0 tablets
I20260601 13:36:50.233891 20044 ts_tablet_manager.cc:595] Time spent register tablets: real 0.000s	user 0.000s	sys 0.000s
I20260601 13:36:50.238585 20044 rpc_server.cc:307] RPC server started. Bound to: 127.19.147.4:36579
I20260601 13:36:50.238639 22111 acceptor_pool.cc:272] collecting diagnostics on the listening RPC socket 127.19.147.4:36579 every 8 connection(s)
I20260601 13:36:50.243541 22112 heartbeater.cc:344] Connected to a master server at 127.19.147.62:40493
I20260601 13:36:50.243672 22112 heartbeater.cc:461] Registering TS with master...
I20260601 13:36:50.243930 22112 heartbeater.cc:507] Master 127.19.147.62:40493 requested a full tablet report, sending...
I20260601 13:36:50.244603 21700 ts_manager.cc:194] Registered new tserver with Master: 955ddffe246140e3859ec3fd5d97d68f (127.19.147.4:36579)
I20260601 13:36:50.245165 21700 master_service.cc:502] Signed X509 certificate for tserver {username='slave'} at 127.0.0.1:47638
I20260601 13:36:50.896701 21803 consensus_queue.cc:237] T 420f37b0fd4046ea90d4e54591133322 P 06e05bd5c0c147c2a9f1bbafa68a0d93 [LEADER]: Queue going to LEADER mode. State: All replicated index: 0, Majority replicated index: 1, Committed index: 1, Last appended: 1.1, Last appended by leader: 0, Current term: 1, Majority size: 2, State: 0, Mode: LEADER, active raft config: opid_index: 2 OBSOLETE_local: false peers { permanent_uuid: "06e05bd5c0c147c2a9f1bbafa68a0d93" member_type: VOTER last_known_addr { host: "127.19.147.1" port: 33615 } } peers { permanent_uuid: "928385a2f488411fbc9c0be73fc002f0" member_type: VOTER last_known_addr { host: "127.19.147.2" port: 44957 } } peers { permanent_uuid: "b8f0df4627d3493ca577ecf2cf6b7e81" member_type: VOTER last_known_addr { host: "127.19.147.3" port: 39993 } attrs { replace: true } } peers { permanent_uuid: "955ddffe246140e3859ec3fd5d97d68f" member_type: NON_VOTER last_known_addr { host: "127.19.147.4" port: 36579 } attrs { promote: true } }
I20260601 13:36:50.898386 21954 raft_consensus.cc:1275] T 420f37b0fd4046ea90d4e54591133322 P b8f0df4627d3493ca577ecf2cf6b7e81 [term 1 FOLLOWER]: Refusing update from remote peer 06e05bd5c0c147c2a9f1bbafa68a0d93: Log matching property violated. Preceding OpId in replica: term: 1 index: 1. Preceding OpId from leader: term: 1 index: 2. (index mismatch)
I20260601 13:36:50.898396 21879 raft_consensus.cc:1275] T 420f37b0fd4046ea90d4e54591133322 P 928385a2f488411fbc9c0be73fc002f0 [term 1 FOLLOWER]: Refusing update from remote peer 06e05bd5c0c147c2a9f1bbafa68a0d93: Log matching property violated. Preceding OpId in replica: term: 1 index: 1. Preceding OpId from leader: term: 1 index: 2. (index mismatch)
I20260601 13:36:50.898944 22120 consensus_queue.cc:1048] T 420f37b0fd4046ea90d4e54591133322 P 06e05bd5c0c147c2a9f1bbafa68a0d93 [LEADER]: Connected to new peer: Peer: permanent_uuid: "b8f0df4627d3493ca577ecf2cf6b7e81" member_type: VOTER last_known_addr { host: "127.19.147.3" port: 39993 } attrs { replace: true }, Status: LMP_MISMATCH, Last received: 0.0, Next index: 2, Last known committed idx: 1, Time since last communication: 0.000s
I20260601 13:36:50.899192 22121 consensus_queue.cc:1048] T 420f37b0fd4046ea90d4e54591133322 P 06e05bd5c0c147c2a9f1bbafa68a0d93 [LEADER]: Connected to new peer: Peer: permanent_uuid: "928385a2f488411fbc9c0be73fc002f0" member_type: VOTER last_known_addr { host: "127.19.147.2" port: 44957 }, Status: LMP_MISMATCH, Last received: 0.0, Next index: 2, Last known committed idx: 1, Time since last communication: 0.000s
I20260601 13:36:50.900938 22120 raft_consensus.cc:2955] T 420f37b0fd4046ea90d4e54591133322 P 06e05bd5c0c147c2a9f1bbafa68a0d93 [term 1 LEADER]: Committing config change with OpId 1.2: config changed from index -1 to 2, NON_VOTER 955ddffe246140e3859ec3fd5d97d68f (127.19.147.4) added. New config: { opid_index: 2 OBSOLETE_local: false peers { permanent_uuid: "06e05bd5c0c147c2a9f1bbafa68a0d93" member_type: VOTER last_known_addr { host: "127.19.147.1" port: 33615 } } peers { permanent_uuid: "928385a2f488411fbc9c0be73fc002f0" member_type: VOTER last_known_addr { host: "127.19.147.2" port: 44957 } } peers { permanent_uuid: "b8f0df4627d3493ca577ecf2cf6b7e81" member_type: VOTER last_known_addr { host: "127.19.147.3" port: 39993 } attrs { replace: true } } peers { permanent_uuid: "955ddffe246140e3859ec3fd5d97d68f" member_type: NON_VOTER last_known_addr { host: "127.19.147.4" port: 36579 } attrs { promote: true } } }
I20260601 13:36:50.901538 21879 raft_consensus.cc:2955] T 420f37b0fd4046ea90d4e54591133322 P 928385a2f488411fbc9c0be73fc002f0 [term 1 FOLLOWER]: Committing config change with OpId 1.2: config changed from index -1 to 2, NON_VOTER 955ddffe246140e3859ec3fd5d97d68f (127.19.147.4) added. New config: { opid_index: 2 OBSOLETE_local: false peers { permanent_uuid: "06e05bd5c0c147c2a9f1bbafa68a0d93" member_type: VOTER last_known_addr { host: "127.19.147.1" port: 33615 } } peers { permanent_uuid: "928385a2f488411fbc9c0be73fc002f0" member_type: VOTER last_known_addr { host: "127.19.147.2" port: 44957 } } peers { permanent_uuid: "b8f0df4627d3493ca577ecf2cf6b7e81" member_type: VOTER last_known_addr { host: "127.19.147.3" port: 39993 } attrs { replace: true } } peers { permanent_uuid: "955ddffe246140e3859ec3fd5d97d68f" member_type: NON_VOTER last_known_addr { host: "127.19.147.4" port: 36579 } attrs { promote: true } } }
W20260601 13:36:50.903347 21766 consensus_peers.cc:597] T 420f37b0fd4046ea90d4e54591133322 P 06e05bd5c0c147c2a9f1bbafa68a0d93 -> Peer 955ddffe246140e3859ec3fd5d97d68f (127.19.147.4:36579): Couldn't send request to peer 955ddffe246140e3859ec3fd5d97d68f. Error code: TABLET_NOT_FOUND (6). Status: Not found: Tablet not found: 420f37b0fd4046ea90d4e54591133322. This is attempt 1: this message will repeat every 5th retry.
I20260601 13:36:50.903703 21700 catalog_manager.cc:5696] T 420f37b0fd4046ea90d4e54591133322 P 06e05bd5c0c147c2a9f1bbafa68a0d93 reported cstate change: config changed from index -1 to 2, NON_VOTER 955ddffe246140e3859ec3fd5d97d68f (127.19.147.4) added. New cstate: current_term: 1 leader_uuid: "06e05bd5c0c147c2a9f1bbafa68a0d93" committed_config { opid_index: 2 OBSOLETE_local: false peers { permanent_uuid: "06e05bd5c0c147c2a9f1bbafa68a0d93" member_type: VOTER last_known_addr { host: "127.19.147.1" port: 33615 } health_report { overall_health: HEALTHY } } peers { permanent_uuid: "928385a2f488411fbc9c0be73fc002f0" member_type: VOTER last_known_addr { host: "127.19.147.2" port: 44957 } health_report { overall_health: HEALTHY } } peers { permanent_uuid: "b8f0df4627d3493ca577ecf2cf6b7e81" member_type: VOTER last_known_addr { host: "127.19.147.3" port: 39993 } attrs { replace: true } health_report { overall_health: HEALTHY } } peers { permanent_uuid: "955ddffe246140e3859ec3fd5d97d68f" member_type: NON_VOTER last_known_addr { host: "127.19.147.4" port: 36579 } attrs { promote: true } health_report { overall_health: UNKNOWN } } }
I20260601 13:36:50.903844 21954 raft_consensus.cc:2955] T 420f37b0fd4046ea90d4e54591133322 P b8f0df4627d3493ca577ecf2cf6b7e81 [term 1 FOLLOWER]: Committing config change with OpId 1.2: config changed from index -1 to 2, NON_VOTER 955ddffe246140e3859ec3fd5d97d68f (127.19.147.4) added. New config: { opid_index: 2 OBSOLETE_local: false peers { permanent_uuid: "06e05bd5c0c147c2a9f1bbafa68a0d93" member_type: VOTER last_known_addr { host: "127.19.147.1" port: 33615 } } peers { permanent_uuid: "928385a2f488411fbc9c0be73fc002f0" member_type: VOTER last_known_addr { host: "127.19.147.2" port: 44957 } } peers { permanent_uuid: "b8f0df4627d3493ca577ecf2cf6b7e81" member_type: VOTER last_known_addr { host: "127.19.147.3" port: 39993 } attrs { replace: true } } peers { permanent_uuid: "955ddffe246140e3859ec3fd5d97d68f" member_type: NON_VOTER last_known_addr { host: "127.19.147.4" port: 36579 } attrs { promote: true } } }
I20260601 13:36:51.246140 22112 heartbeater.cc:499] Master 127.19.147.62:40493 was elected leader, sending a full tablet report...
I20260601 13:36:51.412693 22131 ts_tablet_manager.cc:933] T 420f37b0fd4046ea90d4e54591133322 P 955ddffe246140e3859ec3fd5d97d68f: Initiating tablet copy from peer 06e05bd5c0c147c2a9f1bbafa68a0d93 (127.19.147.1:33615)
I20260601 13:36:51.413362 22131 tablet_copy_client.cc:323] T 420f37b0fd4046ea90d4e54591133322 P 955ddffe246140e3859ec3fd5d97d68f: tablet copy: Beginning tablet copy session from remote peer at address 127.19.147.1:33615
I20260601 13:36:51.417726 21813 tablet_copy_service.cc:140] P 06e05bd5c0c147c2a9f1bbafa68a0d93: Received BeginTabletCopySession request for tablet 420f37b0fd4046ea90d4e54591133322 from peer 955ddffe246140e3859ec3fd5d97d68f ({username='slave'} at 127.0.0.1:44002)
I20260601 13:36:51.417917 21813 tablet_copy_service.cc:161] P 06e05bd5c0c147c2a9f1bbafa68a0d93: Beginning new tablet copy session on tablet 420f37b0fd4046ea90d4e54591133322 from peer 955ddffe246140e3859ec3fd5d97d68f at {username='slave'} at 127.0.0.1:44002: session id = 955ddffe246140e3859ec3fd5d97d68f-420f37b0fd4046ea90d4e54591133322
I20260601 13:36:51.419466 21813 tablet_copy_source_session.cc:215] T 420f37b0fd4046ea90d4e54591133322 P 06e05bd5c0c147c2a9f1bbafa68a0d93: Tablet Copy: opened 0 blocks and 1 log segments
I20260601 13:36:51.420758 22131 data_dirs.cc:400] Could only allocate 1 dirs of requested 3 for tablet 420f37b0fd4046ea90d4e54591133322. 1 dirs total, 0 dirs full, 0 dirs failed
I20260601 13:36:51.422722 22131 tablet_copy_client.cc:806] T 420f37b0fd4046ea90d4e54591133322 P 955ddffe246140e3859ec3fd5d97d68f: tablet copy: Starting download of 0 data blocks...
I20260601 13:36:51.422919 22131 tablet_copy_client.cc:670] T 420f37b0fd4046ea90d4e54591133322 P 955ddffe246140e3859ec3fd5d97d68f: tablet copy: Starting download of 1 WAL segments...
I20260601 13:36:51.424525 22131 tablet_copy_client.cc:538] T 420f37b0fd4046ea90d4e54591133322 P 955ddffe246140e3859ec3fd5d97d68f: tablet copy: Tablet Copy complete. Replacing tablet superblock.
I20260601 13:36:51.425971 22131 tablet_bootstrap.cc:492] T 420f37b0fd4046ea90d4e54591133322 P 955ddffe246140e3859ec3fd5d97d68f: Bootstrap starting.
I20260601 13:36:51.430406 22131 tablet_bootstrap.cc:492] T 420f37b0fd4046ea90d4e54591133322 P 955ddffe246140e3859ec3fd5d97d68f: Bootstrap replayed 1/1 log segments. Stats: ops{read=2 overwritten=0 applied=2 ignored=0} inserts{seen=0 ignored=0} mutations{seen=0 ignored=0} orphaned_commits=0. Pending: 0 replicates
I20260601 13:36:51.430704 22131 tablet_bootstrap.cc:492] T 420f37b0fd4046ea90d4e54591133322 P 955ddffe246140e3859ec3fd5d97d68f: Bootstrap complete.
I20260601 13:36:51.430884 22131 ts_tablet_manager.cc:1403] T 420f37b0fd4046ea90d4e54591133322 P 955ddffe246140e3859ec3fd5d97d68f: Time spent bootstrapping tablet: real 0.005s	user 0.001s	sys 0.004s
I20260601 13:36:51.431350 22131 raft_consensus.cc:359] T 420f37b0fd4046ea90d4e54591133322 P 955ddffe246140e3859ec3fd5d97d68f [term 1 LEARNER]: Replica starting. Triggering 0 pending ops. Active config: opid_index: 2 OBSOLETE_local: false peers { permanent_uuid: "06e05bd5c0c147c2a9f1bbafa68a0d93" member_type: VOTER last_known_addr { host: "127.19.147.1" port: 33615 } } peers { permanent_uuid: "928385a2f488411fbc9c0be73fc002f0" member_type: VOTER last_known_addr { host: "127.19.147.2" port: 44957 } } peers { permanent_uuid: "b8f0df4627d3493ca577ecf2cf6b7e81" member_type: VOTER last_known_addr { host: "127.19.147.3" port: 39993 } attrs { replace: true } } peers { permanent_uuid: "955ddffe246140e3859ec3fd5d97d68f" member_type: NON_VOTER last_known_addr { host: "127.19.147.4" port: 36579 } attrs { promote: true } }
I20260601 13:36:51.431483 22131 raft_consensus.cc:740] T 420f37b0fd4046ea90d4e54591133322 P 955ddffe246140e3859ec3fd5d97d68f [term 1 LEARNER]: Becoming Follower/Learner. State: Replica: 955ddffe246140e3859ec3fd5d97d68f, State: Initialized, Role: LEARNER
I20260601 13:36:51.431596 22131 consensus_queue.cc:260] T 420f37b0fd4046ea90d4e54591133322 P 955ddffe246140e3859ec3fd5d97d68f [NON_LEADER]: Queue going to NON_LEADER mode. State: All replicated index: 0, Majority replicated index: 0, Committed index: 2, Last appended: 1.2, Last appended by leader: 2, Current term: 0, Majority size: -1, State: 0, Mode: NON_LEADER, active raft config: opid_index: 2 OBSOLETE_local: false peers { permanent_uuid: "06e05bd5c0c147c2a9f1bbafa68a0d93" member_type: VOTER last_known_addr { host: "127.19.147.1" port: 33615 } } peers { permanent_uuid: "928385a2f488411fbc9c0be73fc002f0" member_type: VOTER last_known_addr { host: "127.19.147.2" port: 44957 } } peers { permanent_uuid: "b8f0df4627d3493ca577ecf2cf6b7e81" member_type: VOTER last_known_addr { host: "127.19.147.3" port: 39993 } attrs { replace: true } } peers { permanent_uuid: "955ddffe246140e3859ec3fd5d97d68f" member_type: NON_VOTER last_known_addr { host: "127.19.147.4" port: 36579 } attrs { promote: true } }
I20260601 13:36:51.432000 22131 ts_tablet_manager.cc:1434] T 420f37b0fd4046ea90d4e54591133322 P 955ddffe246140e3859ec3fd5d97d68f: Time spent starting tablet: real 0.001s	user 0.002s	sys 0.000s
I20260601 13:36:51.432752 21813 tablet_copy_service.cc:342] P 06e05bd5c0c147c2a9f1bbafa68a0d93: Request end of tablet copy session 955ddffe246140e3859ec3fd5d97d68f-420f37b0fd4046ea90d4e54591133322 received from {username='slave'} at 127.0.0.1:44002
I20260601 13:36:51.432852 21813 tablet_copy_service.cc:434] P 06e05bd5c0c147c2a9f1bbafa68a0d93: ending tablet copy session 955ddffe246140e3859ec3fd5d97d68f-420f37b0fd4046ea90d4e54591133322 on tablet 420f37b0fd4046ea90d4e54591133322 with peer 955ddffe246140e3859ec3fd5d97d68f
I20260601 13:36:51.885138 21754 auto_leader_rebalancer.cc:140] leader rebalance for table test-workload
I20260601 13:36:51.885656 21754 auto_leader_rebalancer.cc:388] table: test-workload, leader rebalance finish, leader transfer count: 0
I20260601 13:36:51.885725 21754 auto_leader_rebalancer.cc:451] All tables' leader rebalancing finished this round
I20260601 13:36:51.926457 22086 raft_consensus.cc:1217] T 420f37b0fd4046ea90d4e54591133322 P 955ddffe246140e3859ec3fd5d97d68f [term 1 LEARNER]: Deduplicated request from leader. Original: 1.1->[1.2-1.2]   Dedup: 1.2->[]
I20260601 13:36:52.314250 22138 raft_consensus.cc:1064] T 420f37b0fd4046ea90d4e54591133322 P 06e05bd5c0c147c2a9f1bbafa68a0d93: attempting to promote NON_VOTER 955ddffe246140e3859ec3fd5d97d68f to VOTER
I20260601 13:36:52.314735 22138 consensus_queue.cc:237] T 420f37b0fd4046ea90d4e54591133322 P 06e05bd5c0c147c2a9f1bbafa68a0d93 [LEADER]: Queue going to LEADER mode. State: All replicated index: 0, Majority replicated index: 2, Committed index: 2, Last appended: 1.2, Last appended by leader: 0, Current term: 1, Majority size: 3, State: 0, Mode: LEADER, active raft config: opid_index: 3 OBSOLETE_local: false peers { permanent_uuid: "06e05bd5c0c147c2a9f1bbafa68a0d93" member_type: VOTER last_known_addr { host: "127.19.147.1" port: 33615 } } peers { permanent_uuid: "928385a2f488411fbc9c0be73fc002f0" member_type: VOTER last_known_addr { host: "127.19.147.2" port: 44957 } } peers { permanent_uuid: "b8f0df4627d3493ca577ecf2cf6b7e81" member_type: VOTER last_known_addr { host: "127.19.147.3" port: 39993 } attrs { replace: true } } peers { permanent_uuid: "955ddffe246140e3859ec3fd5d97d68f" member_type: VOTER last_known_addr { host: "127.19.147.4" port: 36579 } attrs { promote: false } }
I20260601 13:36:52.316195 21954 raft_consensus.cc:1275] T 420f37b0fd4046ea90d4e54591133322 P b8f0df4627d3493ca577ecf2cf6b7e81 [term 1 FOLLOWER]: Refusing update from remote peer 06e05bd5c0c147c2a9f1bbafa68a0d93: Log matching property violated. Preceding OpId in replica: term: 1 index: 2. Preceding OpId from leader: term: 1 index: 3. (index mismatch)
I20260601 13:36:52.316233 22086 raft_consensus.cc:1275] T 420f37b0fd4046ea90d4e54591133322 P 955ddffe246140e3859ec3fd5d97d68f [term 1 LEARNER]: Refusing update from remote peer 06e05bd5c0c147c2a9f1bbafa68a0d93: Log matching property violated. Preceding OpId in replica: term: 1 index: 2. Preceding OpId from leader: term: 1 index: 3. (index mismatch)
I20260601 13:36:52.316344 21879 raft_consensus.cc:1275] T 420f37b0fd4046ea90d4e54591133322 P 928385a2f488411fbc9c0be73fc002f0 [term 1 FOLLOWER]: Refusing update from remote peer 06e05bd5c0c147c2a9f1bbafa68a0d93: Log matching property violated. Preceding OpId in replica: term: 1 index: 2. Preceding OpId from leader: term: 1 index: 3. (index mismatch)
I20260601 13:36:52.316684 22138 consensus_queue.cc:1048] T 420f37b0fd4046ea90d4e54591133322 P 06e05bd5c0c147c2a9f1bbafa68a0d93 [LEADER]: Connected to new peer: Peer: permanent_uuid: "955ddffe246140e3859ec3fd5d97d68f" member_type: VOTER last_known_addr { host: "127.19.147.4" port: 36579 } attrs { promote: false }, Status: LMP_MISMATCH, Last received: 0.0, Next index: 3, Last known committed idx: 2, Time since last communication: 0.000s
I20260601 13:36:52.316875 22137 consensus_queue.cc:1048] T 420f37b0fd4046ea90d4e54591133322 P 06e05bd5c0c147c2a9f1bbafa68a0d93 [LEADER]: Connected to new peer: Peer: permanent_uuid: "928385a2f488411fbc9c0be73fc002f0" member_type: VOTER last_known_addr { host: "127.19.147.2" port: 44957 }, Status: LMP_MISMATCH, Last received: 0.0, Next index: 3, Last known committed idx: 2, Time since last communication: 0.000s
I20260601 13:36:52.317132 22121 consensus_queue.cc:1048] T 420f37b0fd4046ea90d4e54591133322 P 06e05bd5c0c147c2a9f1bbafa68a0d93 [LEADER]: Connected to new peer: Peer: permanent_uuid: "b8f0df4627d3493ca577ecf2cf6b7e81" member_type: VOTER last_known_addr { host: "127.19.147.3" port: 39993 } attrs { replace: true }, Status: LMP_MISMATCH, Last received: 0.0, Next index: 3, Last known committed idx: 2, Time since last communication: 0.000s
I20260601 13:36:52.318989 22121 raft_consensus.cc:2955] T 420f37b0fd4046ea90d4e54591133322 P 06e05bd5c0c147c2a9f1bbafa68a0d93 [term 1 LEADER]: Committing config change with OpId 1.3: config changed from index 2 to 3, 955ddffe246140e3859ec3fd5d97d68f (127.19.147.4) changed from NON_VOTER to VOTER. New config: { opid_index: 3 OBSOLETE_local: false peers { permanent_uuid: "06e05bd5c0c147c2a9f1bbafa68a0d93" member_type: VOTER last_known_addr { host: "127.19.147.1" port: 33615 } } peers { permanent_uuid: "928385a2f488411fbc9c0be73fc002f0" member_type: VOTER last_known_addr { host: "127.19.147.2" port: 44957 } } peers { permanent_uuid: "b8f0df4627d3493ca577ecf2cf6b7e81" member_type: VOTER last_known_addr { host: "127.19.147.3" port: 39993 } attrs { replace: true } } peers { permanent_uuid: "955ddffe246140e3859ec3fd5d97d68f" member_type: VOTER last_known_addr { host: "127.19.147.4" port: 36579 } attrs { promote: false } } }
I20260601 13:36:52.320439 21954 raft_consensus.cc:2955] T 420f37b0fd4046ea90d4e54591133322 P b8f0df4627d3493ca577ecf2cf6b7e81 [term 1 FOLLOWER]: Committing config change with OpId 1.3: config changed from index 2 to 3, 955ddffe246140e3859ec3fd5d97d68f (127.19.147.4) changed from NON_VOTER to VOTER. New config: { opid_index: 3 OBSOLETE_local: false peers { permanent_uuid: "06e05bd5c0c147c2a9f1bbafa68a0d93" member_type: VOTER last_known_addr { host: "127.19.147.1" port: 33615 } } peers { permanent_uuid: "928385a2f488411fbc9c0be73fc002f0" member_type: VOTER last_known_addr { host: "127.19.147.2" port: 44957 } } peers { permanent_uuid: "b8f0df4627d3493ca577ecf2cf6b7e81" member_type: VOTER last_known_addr { host: "127.19.147.3" port: 39993 } attrs { replace: true } } peers { permanent_uuid: "955ddffe246140e3859ec3fd5d97d68f" member_type: VOTER last_known_addr { host: "127.19.147.4" port: 36579 } attrs { promote: false } } }
I20260601 13:36:52.321512 21698 catalog_manager.cc:5696] T 420f37b0fd4046ea90d4e54591133322 P 06e05bd5c0c147c2a9f1bbafa68a0d93 reported cstate change: config changed from index 2 to 3, 955ddffe246140e3859ec3fd5d97d68f (127.19.147.4) changed from NON_VOTER to VOTER. New cstate: current_term: 1 leader_uuid: "06e05bd5c0c147c2a9f1bbafa68a0d93" committed_config { opid_index: 3 OBSOLETE_local: false peers { permanent_uuid: "06e05bd5c0c147c2a9f1bbafa68a0d93" member_type: VOTER last_known_addr { host: "127.19.147.1" port: 33615 } health_report { overall_health: HEALTHY } } peers { permanent_uuid: "928385a2f488411fbc9c0be73fc002f0" member_type: VOTER last_known_addr { host: "127.19.147.2" port: 44957 } health_report { overall_health: HEALTHY } } peers { permanent_uuid: "b8f0df4627d3493ca577ecf2cf6b7e81" member_type: VOTER last_known_addr { host: "127.19.147.3" port: 39993 } attrs { replace: true } health_report { overall_health: HEALTHY } } peers { permanent_uuid: "955ddffe246140e3859ec3fd5d97d68f" member_type: VOTER last_known_addr { host: "127.19.147.4" port: 36579 } attrs { promote: false } health_report { overall_health: HEALTHY } } }
I20260601 13:36:52.322393 21879 raft_consensus.cc:2955] T 420f37b0fd4046ea90d4e54591133322 P 928385a2f488411fbc9c0be73fc002f0 [term 1 FOLLOWER]: Committing config change with OpId 1.3: config changed from index 2 to 3, 955ddffe246140e3859ec3fd5d97d68f (127.19.147.4) changed from NON_VOTER to VOTER. New config: { opid_index: 3 OBSOLETE_local: false peers { permanent_uuid: "06e05bd5c0c147c2a9f1bbafa68a0d93" member_type: VOTER last_known_addr { host: "127.19.147.1" port: 33615 } } peers { permanent_uuid: "928385a2f488411fbc9c0be73fc002f0" member_type: VOTER last_known_addr { host: "127.19.147.2" port: 44957 } } peers { permanent_uuid: "b8f0df4627d3493ca577ecf2cf6b7e81" member_type: VOTER last_known_addr { host: "127.19.147.3" port: 39993 } attrs { replace: true } } peers { permanent_uuid: "955ddffe246140e3859ec3fd5d97d68f" member_type: VOTER last_known_addr { host: "127.19.147.4" port: 36579 } attrs { promote: false } } }
I20260601 13:36:52.322510 22086 raft_consensus.cc:2955] T 420f37b0fd4046ea90d4e54591133322 P 955ddffe246140e3859ec3fd5d97d68f [term 1 FOLLOWER]: Committing config change with OpId 1.3: config changed from index 2 to 3, 955ddffe246140e3859ec3fd5d97d68f (127.19.147.4) changed from NON_VOTER to VOTER. New config: { opid_index: 3 OBSOLETE_local: false peers { permanent_uuid: "06e05bd5c0c147c2a9f1bbafa68a0d93" member_type: VOTER last_known_addr { host: "127.19.147.1" port: 33615 } } peers { permanent_uuid: "928385a2f488411fbc9c0be73fc002f0" member_type: VOTER last_known_addr { host: "127.19.147.2" port: 44957 } } peers { permanent_uuid: "b8f0df4627d3493ca577ecf2cf6b7e81" member_type: VOTER last_known_addr { host: "127.19.147.3" port: 39993 } attrs { replace: true } } peers { permanent_uuid: "955ddffe246140e3859ec3fd5d97d68f" member_type: VOTER last_known_addr { host: "127.19.147.4" port: 36579 } attrs { promote: false } } }
I20260601 13:36:52.328063 21803 consensus_queue.cc:237] T 420f37b0fd4046ea90d4e54591133322 P 06e05bd5c0c147c2a9f1bbafa68a0d93 [LEADER]: Queue going to LEADER mode. State: All replicated index: 0, Majority replicated index: 3, Committed index: 3, Last appended: 1.3, Last appended by leader: 0, Current term: 1, Majority size: 2, State: 0, Mode: LEADER, active raft config: opid_index: 4 OBSOLETE_local: false peers { permanent_uuid: "06e05bd5c0c147c2a9f1bbafa68a0d93" member_type: VOTER last_known_addr { host: "127.19.147.1" port: 33615 } } peers { permanent_uuid: "928385a2f488411fbc9c0be73fc002f0" member_type: VOTER last_known_addr { host: "127.19.147.2" port: 44957 } } peers { permanent_uuid: "955ddffe246140e3859ec3fd5d97d68f" member_type: VOTER last_known_addr { host: "127.19.147.4" port: 36579 } attrs { promote: false } }
I20260601 13:36:52.329378 22086 raft_consensus.cc:1275] T 420f37b0fd4046ea90d4e54591133322 P 955ddffe246140e3859ec3fd5d97d68f [term 1 FOLLOWER]: Refusing update from remote peer 06e05bd5c0c147c2a9f1bbafa68a0d93: Log matching property violated. Preceding OpId in replica: term: 1 index: 3. Preceding OpId from leader: term: 1 index: 4. (index mismatch)
I20260601 13:36:52.329398 21879 raft_consensus.cc:1275] T 420f37b0fd4046ea90d4e54591133322 P 928385a2f488411fbc9c0be73fc002f0 [term 1 FOLLOWER]: Refusing update from remote peer 06e05bd5c0c147c2a9f1bbafa68a0d93: Log matching property violated. Preceding OpId in replica: term: 1 index: 3. Preceding OpId from leader: term: 1 index: 4. (index mismatch)
