I20260601 13:37:36.766872 31664 sys_catalog.cc:455] T 00000000000000000000000000000000 P 8a225fdbab9349948798bbd6525fd7fb [sys.catalog]: SysCatalogTable state changed. Reason: RaftConsensus started. Latest consensus state: current_term: 1 leader_uuid: "8a225fdbab9349948798bbd6525fd7fb" committed_config { opid_index: -1 OBSOLETE_local: true peers { permanent_uuid: "8a225fdbab9349948798bbd6525fd7fb" member_type: VOTER } }
I20260601 13:37:36.767104 31664 sys_catalog.cc:458] T 00000000000000000000000000000000 P 8a225fdbab9349948798bbd6525fd7fb [sys.catalog]: This master's current role is: LEADER
I20260601 13:37:36.767634 31668 catalog_manager.cc:1510] Loading table and tablet metadata into memory...
I20260601 13:37:36.768522 31668 catalog_manager.cc:1519] Initializing Kudu cluster ID...
I20260601 13:37:36.768764 28128 internal_mini_cluster.cc:184] Waiting to initialize catalog manager on master 0
I20260601 13:37:36.770371 31668 catalog_manager.cc:1382] Generated new cluster ID: 1b2043ac11064056bac778ce4183c013
I20260601 13:37:36.770416 31668 catalog_manager.cc:1530] Initializing Kudu internal certificate authority...
I20260601 13:37:36.780817 31668 catalog_manager.cc:1405] Generated new certificate authority record
I20260601 13:37:36.781301 31668 catalog_manager.cc:1539] Loading token signing keys...
I20260601 13:37:36.788183 31668 catalog_manager.cc:6069] T 00000000000000000000000000000000 P 8a225fdbab9349948798bbd6525fd7fb: Generated new TSK 0
I20260601 13:37:36.788345 31668 catalog_manager.cc:1549] Initializing in-progress tserver states...
I20260601 13:37:36.800987 28128 file_cache.cc:492] Constructed file cache file cache with capacity 419430
W20260601 13:37:36.802866 31684 instance_detector.cc:116] could not retrieve OpenStack instance metadata: Network error: curl error: HTTP response code said error: The requested URL returned error: 404
W20260601 13:37:36.802884 31681 instance_detector.cc:116] could not retrieve AWS instance metadata: Network error: curl error: HTTP response code said error: The requested URL returned error: 404
W20260601 13:37:36.802994 31682 instance_detector.cc:116] could not retrieve Azure instance metadata: Network error: curl error: HTTP response code said error: The requested URL returned error: 404
I20260601 13:37:36.803012 28128 server_base.cc:1061] running on GCE node
I20260601 13:37:36.803247 28128 hybrid_clock.cc:584] initializing the hybrid clock with 'system_unsync' time source
W20260601 13:37:36.803287 28128 system_unsync_time.cc:38] NTP support is disabled. Clock error bounds will not be accurate. This configuration is not suitable for distributed clusters.
I20260601 13:37:36.803303 28128 hybrid_clock.cc:648] HybridClock initialized: now 1780321056803302 us; error 0 us; skew 500 ppm
I20260601 13:37:36.804090 28128 webserver.cc:533] Webserver started at http://127.27.120.1:35471/ using document root <none> and password file <none>
I20260601 13:37:36.804215 28128 fs_manager.cc:362] Metadata directory not provided
I20260601 13:37:36.804256 28128 fs_manager.cc:368] Using write-ahead log directory (fs_wal_dir) as metadata directory
I20260601 13:37:36.804304 28128 server_base.cc:909] This appears to be a new deployment of Kudu; creating new FS layout
I20260601 13:37:36.804629 28128 fs_manager.cc:1068] Generated new instance metadata in path /tmp/dist-test-taskt04q2y/test-tmp/auto_rebalancer-test.0.AutoRebalancerTest.NoReplicaMovesIfLocationLoadSkewedByOne.1780320980476227-28128-0/minicluster-data/ts-0-root/instance:
uuid: "db8b4d07bd13478ab96bca61b65c34c1"
format_stamp: "Formatted at 2026-06-01 13:37:36 on dist-test-slave-w261"
I20260601 13:37:36.805964 28128 fs_manager.cc:696] Time spent creating directory manager: real 0.001s	user 0.001s	sys 0.000s
I20260601 13:37:36.806849 31689 log_block_manager.cc:4031] Time spent loading block containers with low live blocks: real 0.000s	user 0.000s	sys 0.000s
I20260601 13:37:36.807118 28128 fs_manager.cc:730] Time spent opening block manager: real 0.001s	user 0.001s	sys 0.000s
I20260601 13:37:36.807178 28128 fs_manager.cc:647] Opened local filesystem: /tmp/dist-test-taskt04q2y/test-tmp/auto_rebalancer-test.0.AutoRebalancerTest.NoReplicaMovesIfLocationLoadSkewedByOne.1780320980476227-28128-0/minicluster-data/ts-0-root
uuid: "db8b4d07bd13478ab96bca61b65c34c1"
format_stamp: "Formatted at 2026-06-01 13:37:36 on dist-test-slave-w261"
I20260601 13:37:36.807273 28128 fs_report.cc:389] FS layout report
--------------------
wal directory: /tmp/dist-test-taskt04q2y/test-tmp/auto_rebalancer-test.0.AutoRebalancerTest.NoReplicaMovesIfLocationLoadSkewedByOne.1780320980476227-28128-0/minicluster-data/ts-0-root
metadata directory: /tmp/dist-test-taskt04q2y/test-tmp/auto_rebalancer-test.0.AutoRebalancerTest.NoReplicaMovesIfLocationLoadSkewedByOne.1780320980476227-28128-0/minicluster-data/ts-0-root
1 data directories: /tmp/dist-test-taskt04q2y/test-tmp/auto_rebalancer-test.0.AutoRebalancerTest.NoReplicaMovesIfLocationLoadSkewedByOne.1780320980476227-28128-0/minicluster-data/ts-0-root/data
Total live blocks: 0
Total live bytes: 0
Total live bytes (after alignment): 0
Total number of LBM containers: 0 (0 full)
Did not check for missing blocks
Did not check for orphaned blocks
Total full LBM containers with extra space: 0 (0 repaired)
Total full LBM container extra space in bytes: 0 (0 repaired)
Total incomplete LBM containers: 0 (0 repaired)
Total LBM partial records: 0 (0 repaired)
Total corrupted LBM metadata records in RocksDB: 0 (0 repaired)
I20260601 13:37:36.830137 28128 rpc_server.cc:225] running with OpenSSL 1.1.1  11 Sep 2018
I20260601 13:37:36.830519 28128 kserver.cc:163] Server-wide thread pool size limit: 3276
I20260601 13:37:36.830847 28128 txn_system_client.cc:432] TxnSystemClient initialization is disabled...
I20260601 13:37:36.831324 28128 ts_tablet_manager.cc:585] Loaded tablet metadata (0 total tablets, 0 live tablets)
I20260601 13:37:36.831362 28128 ts_tablet_manager.cc:531] Time spent load tablet metadata: real 0.000s	user 0.000s	sys 0.000s
I20260601 13:37:36.831418 28128 ts_tablet_manager.cc:616] Registered 0 tablets
I20260601 13:37:36.831455 28128 ts_tablet_manager.cc:595] Time spent register tablets: real 0.000s	user 0.000s	sys 0.000s
I20260601 13:37:36.835563 28128 rpc_server.cc:307] RPC server started. Bound to: 127.27.120.1:43759
I20260601 13:37:36.835599 31752 acceptor_pool.cc:272] collecting diagnostics on the listening RPC socket 127.27.120.1:43759 every 8 connection(s)
I20260601 13:37:36.836442 28128 file_cache.cc:492] Constructed file cache file cache with capacity 419430
W20260601 13:37:36.838189 31757 instance_detector.cc:116] could not retrieve AWS instance metadata: Network error: curl error: HTTP response code said error: The requested URL returned error: 404
W20260601 13:37:36.838416 31760 instance_detector.cc:116] could not retrieve OpenStack instance metadata: Network error: curl error: HTTP response code said error: The requested URL returned error: 404
I20260601 13:37:36.838557 28128 server_base.cc:1061] running on GCE node
W20260601 13:37:36.838359 31758 instance_detector.cc:116] could not retrieve Azure instance metadata: Network error: curl error: HTTP response code said error: The requested URL returned error: 404
I20260601 13:37:36.838887 28128 hybrid_clock.cc:584] initializing the hybrid clock with 'system_unsync' time source
W20260601 13:37:36.838958 28128 system_unsync_time.cc:38] NTP support is disabled. Clock error bounds will not be accurate. This configuration is not suitable for distributed clusters.
I20260601 13:37:36.838984 28128 hybrid_clock.cc:648] HybridClock initialized: now 1780321056838983 us; error 0 us; skew 500 ppm
I20260601 13:37:36.839928 28128 webserver.cc:533] Webserver started at http://127.27.120.2:38705/ using document root <none> and password file <none>
I20260601 13:37:36.840102 28128 fs_manager.cc:362] Metadata directory not provided
I20260601 13:37:36.840171 28128 fs_manager.cc:368] Using write-ahead log directory (fs_wal_dir) as metadata directory
I20260601 13:37:36.840253 28128 server_base.cc:909] This appears to be a new deployment of Kudu; creating new FS layout
I20260601 13:37:36.840649 28128 fs_manager.cc:1068] Generated new instance metadata in path /tmp/dist-test-taskt04q2y/test-tmp/auto_rebalancer-test.0.AutoRebalancerTest.NoReplicaMovesIfLocationLoadSkewedByOne.1780320980476227-28128-0/minicluster-data/ts-1-root/instance:
uuid: "6f9e44889c17418dbae35b5f4a935c7c"
format_stamp: "Formatted at 2026-06-01 13:37:36 on dist-test-slave-w261"
I20260601 13:37:36.840766 31753 heartbeater.cc:344] Connected to a master server at 127.27.120.62:38237
I20260601 13:37:36.840860 31753 heartbeater.cc:461] Registering TS with master...
I20260601 13:37:36.841059 31753 heartbeater.cc:507] Master 127.27.120.62:38237 requested a full tablet report, sending...
I20260601 13:37:36.841703 31624 ts_manager.cc:194] Registered new tserver with Master: db8b4d07bd13478ab96bca61b65c34c1 (127.27.120.1:43759)
I20260601 13:37:36.842377 28128 fs_manager.cc:696] Time spent creating directory manager: real 0.001s	user 0.002s	sys 0.000s
I20260601 13:37:36.842609 31624 master_service.cc:502] Signed X509 certificate for tserver {username='slave'} at 127.0.0.1:55376
I20260601 13:37:36.843505 31765 log_block_manager.cc:4031] Time spent loading block containers with low live blocks: real 0.000s	user 0.000s	sys 0.000s
I20260601 13:37:36.843737 28128 fs_manager.cc:730] Time spent opening block manager: real 0.001s	user 0.000s	sys 0.000s
I20260601 13:37:36.843819 28128 fs_manager.cc:647] Opened local filesystem: /tmp/dist-test-taskt04q2y/test-tmp/auto_rebalancer-test.0.AutoRebalancerTest.NoReplicaMovesIfLocationLoadSkewedByOne.1780320980476227-28128-0/minicluster-data/ts-1-root
uuid: "6f9e44889c17418dbae35b5f4a935c7c"
format_stamp: "Formatted at 2026-06-01 13:37:36 on dist-test-slave-w261"
I20260601 13:37:36.843888 28128 fs_report.cc:389] FS layout report
--------------------
wal directory: /tmp/dist-test-taskt04q2y/test-tmp/auto_rebalancer-test.0.AutoRebalancerTest.NoReplicaMovesIfLocationLoadSkewedByOne.1780320980476227-28128-0/minicluster-data/ts-1-root
metadata directory: /tmp/dist-test-taskt04q2y/test-tmp/auto_rebalancer-test.0.AutoRebalancerTest.NoReplicaMovesIfLocationLoadSkewedByOne.1780320980476227-28128-0/minicluster-data/ts-1-root
1 data directories: /tmp/dist-test-taskt04q2y/test-tmp/auto_rebalancer-test.0.AutoRebalancerTest.NoReplicaMovesIfLocationLoadSkewedByOne.1780320980476227-28128-0/minicluster-data/ts-1-root/data
Total live blocks: 0
Total live bytes: 0
Total live bytes (after alignment): 0
Total number of LBM containers: 0 (0 full)
Did not check for missing blocks
Did not check for orphaned blocks
Total full LBM containers with extra space: 0 (0 repaired)
Total full LBM container extra space in bytes: 0 (0 repaired)
Total incomplete LBM containers: 0 (0 repaired)
Total LBM partial records: 0 (0 repaired)
Total corrupted LBM metadata records in RocksDB: 0 (0 repaired)
I20260601 13:37:36.854341 28128 rpc_server.cc:225] running with OpenSSL 1.1.1  11 Sep 2018
I20260601 13:37:36.854702 28128 kserver.cc:163] Server-wide thread pool size limit: 3276
I20260601 13:37:36.855033 28128 txn_system_client.cc:432] TxnSystemClient initialization is disabled...
I20260601 13:37:36.855600 28128 ts_tablet_manager.cc:585] Loaded tablet metadata (0 total tablets, 0 live tablets)
I20260601 13:37:36.855664 28128 ts_tablet_manager.cc:531] Time spent load tablet metadata: real 0.000s	user 0.000s	sys 0.000s
I20260601 13:37:36.855736 28128 ts_tablet_manager.cc:616] Registered 0 tablets
I20260601 13:37:36.855773 28128 ts_tablet_manager.cc:595] Time spent register tablets: real 0.000s	user 0.000s	sys 0.000s
I20260601 13:37:36.860615 28128 rpc_server.cc:307] RPC server started. Bound to: 127.27.120.2:38529
I20260601 13:37:36.860674 31828 acceptor_pool.cc:272] collecting diagnostics on the listening RPC socket 127.27.120.2:38529 every 8 connection(s)
I20260601 13:37:36.861500 28128 file_cache.cc:492] Constructed file cache file cache with capacity 419430
W20260601 13:37:36.863184 31832 instance_detector.cc:116] could not retrieve AWS instance metadata: Network error: curl error: HTTP response code said error: The requested URL returned error: 404
W20260601 13:37:36.863247 31833 instance_detector.cc:116] could not retrieve Azure instance metadata: Network error: curl error: HTTP response code said error: The requested URL returned error: 404
I20260601 13:37:36.864313 28128 server_base.cc:1061] running on GCE node
W20260601 13:37:36.865149 31835 instance_detector.cc:116] could not retrieve OpenStack instance metadata: Network error: curl error: HTTP response code said error: The requested URL returned error: 404
I20260601 13:37:36.865474 28128 hybrid_clock.cc:584] initializing the hybrid clock with 'system_unsync' time source
W20260601 13:37:36.865526 28128 system_unsync_time.cc:38] NTP support is disabled. Clock error bounds will not be accurate. This configuration is not suitable for distributed clusters.
I20260601 13:37:36.865547 31829 heartbeater.cc:344] Connected to a master server at 127.27.120.62:38237
I20260601 13:37:36.865547 28128 hybrid_clock.cc:648] HybridClock initialized: now 1780321056865547 us; error 0 us; skew 500 ppm
I20260601 13:37:36.865674 31829 heartbeater.cc:461] Registering TS with master...
I20260601 13:37:36.865938 31829 heartbeater.cc:507] Master 127.27.120.62:38237 requested a full tablet report, sending...
I20260601 13:37:36.866554 28128 webserver.cc:533] Webserver started at http://127.27.120.3:43485/ using document root <none> and password file <none>
I20260601 13:37:36.866586 31624 ts_manager.cc:194] Registered new tserver with Master: 6f9e44889c17418dbae35b5f4a935c7c (127.27.120.2:38529)
I20260601 13:37:36.866725 28128 fs_manager.cc:362] Metadata directory not provided
I20260601 13:37:36.866771 28128 fs_manager.cc:368] Using write-ahead log directory (fs_wal_dir) as metadata directory
I20260601 13:37:36.866873 28128 server_base.cc:909] This appears to be a new deployment of Kudu; creating new FS layout
I20260601 13:37:36.867211 31624 master_service.cc:502] Signed X509 certificate for tserver {username='slave'} at 127.0.0.1:55388
I20260601 13:37:36.867254 28128 fs_manager.cc:1068] Generated new instance metadata in path /tmp/dist-test-taskt04q2y/test-tmp/auto_rebalancer-test.0.AutoRebalancerTest.NoReplicaMovesIfLocationLoadSkewedByOne.1780320980476227-28128-0/minicluster-data/ts-2-root/instance:
uuid: "8668fdff87174a79aaffe7daa765a6b0"
format_stamp: "Formatted at 2026-06-01 13:37:36 on dist-test-slave-w261"
I20260601 13:37:36.868851 28128 fs_manager.cc:696] Time spent creating directory manager: real 0.001s	user 0.002s	sys 0.000s
I20260601 13:37:36.869684 31840 log_block_manager.cc:4031] Time spent loading block containers with low live blocks: real 0.000s	user 0.000s	sys 0.000s
I20260601 13:37:36.869902 28128 fs_manager.cc:730] Time spent opening block manager: real 0.001s	user 0.001s	sys 0.000s
I20260601 13:37:36.869984 28128 fs_manager.cc:647] Opened local filesystem: /tmp/dist-test-taskt04q2y/test-tmp/auto_rebalancer-test.0.AutoRebalancerTest.NoReplicaMovesIfLocationLoadSkewedByOne.1780320980476227-28128-0/minicluster-data/ts-2-root
uuid: "8668fdff87174a79aaffe7daa765a6b0"
format_stamp: "Formatted at 2026-06-01 13:37:36 on dist-test-slave-w261"
I20260601 13:37:36.870069 28128 fs_report.cc:389] FS layout report
--------------------
wal directory: /tmp/dist-test-taskt04q2y/test-tmp/auto_rebalancer-test.0.AutoRebalancerTest.NoReplicaMovesIfLocationLoadSkewedByOne.1780320980476227-28128-0/minicluster-data/ts-2-root
metadata directory: /tmp/dist-test-taskt04q2y/test-tmp/auto_rebalancer-test.0.AutoRebalancerTest.NoReplicaMovesIfLocationLoadSkewedByOne.1780320980476227-28128-0/minicluster-data/ts-2-root
1 data directories: /tmp/dist-test-taskt04q2y/test-tmp/auto_rebalancer-test.0.AutoRebalancerTest.NoReplicaMovesIfLocationLoadSkewedByOne.1780320980476227-28128-0/minicluster-data/ts-2-root/data
Total live blocks: 0
Total live bytes: 0
Total live bytes (after alignment): 0
Total number of LBM containers: 0 (0 full)
Did not check for missing blocks
Did not check for orphaned blocks
Total full LBM containers with extra space: 0 (0 repaired)
Total full LBM container extra space in bytes: 0 (0 repaired)
Total incomplete LBM containers: 0 (0 repaired)
Total LBM partial records: 0 (0 repaired)
Total corrupted LBM metadata records in RocksDB: 0 (0 repaired)
I20260601 13:37:36.887476 28128 rpc_server.cc:225] running with OpenSSL 1.1.1  11 Sep 2018
I20260601 13:37:36.887893 28128 kserver.cc:163] Server-wide thread pool size limit: 3276
I20260601 13:37:36.888207 28128 txn_system_client.cc:432] TxnSystemClient initialization is disabled...
I20260601 13:37:36.888670 28128 ts_tablet_manager.cc:585] Loaded tablet metadata (0 total tablets, 0 live tablets)
I20260601 13:37:36.888738 28128 ts_tablet_manager.cc:531] Time spent load tablet metadata: real 0.000s	user 0.000s	sys 0.000s
I20260601 13:37:36.888793 28128 ts_tablet_manager.cc:616] Registered 0 tablets
I20260601 13:37:36.888829 28128 ts_tablet_manager.cc:595] Time spent register tablets: real 0.000s	user 0.000s	sys 0.000s
I20260601 13:37:36.893431 28128 rpc_server.cc:307] RPC server started. Bound to: 127.27.120.3:34727
I20260601 13:37:36.893540 31903 acceptor_pool.cc:272] collecting diagnostics on the listening RPC socket 127.27.120.3:34727 every 8 connection(s)
I20260601 13:37:36.894381 28128 file_cache.cc:492] Constructed file cache file cache with capacity 419430
W20260601 13:37:36.896525 31908 instance_detector.cc:116] could not retrieve Azure instance metadata: Network error: curl error: HTTP response code said error: The requested URL returned error: 404
I20260601 13:37:36.896660 28128 server_base.cc:1061] running on GCE node
W20260601 13:37:36.896618 31907 instance_detector.cc:116] could not retrieve AWS instance metadata: Network error: curl error: HTTP response code said error: The requested URL returned error: 404
W20260601 13:37:36.897390 31910 instance_detector.cc:116] could not retrieve OpenStack instance metadata: Network error: curl error: HTTP response code said error: The requested URL returned error: 404
I20260601 13:37:36.897643 28128 hybrid_clock.cc:584] initializing the hybrid clock with 'system_unsync' time source
W20260601 13:37:36.897720 28128 system_unsync_time.cc:38] NTP support is disabled. Clock error bounds will not be accurate. This configuration is not suitable for distributed clusters.
I20260601 13:37:36.897771 28128 hybrid_clock.cc:648] HybridClock initialized: now 1780321056897769 us; error 0 us; skew 500 ppm
I20260601 13:37:36.898670 28128 webserver.cc:533] Webserver started at http://127.27.120.4:36113/ using document root <none> and password file <none>
I20260601 13:37:36.898862 31904 heartbeater.cc:344] Connected to a master server at 127.27.120.62:38237
I20260601 13:37:36.898874 28128 fs_manager.cc:362] Metadata directory not provided
I20260601 13:37:36.898976 28128 fs_manager.cc:368] Using write-ahead log directory (fs_wal_dir) as metadata directory
I20260601 13:37:36.898994 31904 heartbeater.cc:461] Registering TS with master...
I20260601 13:37:36.899036 28128 server_base.cc:909] This appears to be a new deployment of Kudu; creating new FS layout
I20260601 13:37:36.899216 31904 heartbeater.cc:507] Master 127.27.120.62:38237 requested a full tablet report, sending...
I20260601 13:37:36.899380 28128 fs_manager.cc:1068] Generated new instance metadata in path /tmp/dist-test-taskt04q2y/test-tmp/auto_rebalancer-test.0.AutoRebalancerTest.NoReplicaMovesIfLocationLoadSkewedByOne.1780320980476227-28128-0/minicluster-data/ts-3-root/instance:
uuid: "7e75ec5d186f47749ed8086c4481c813"
format_stamp: "Formatted at 2026-06-01 13:37:36 on dist-test-slave-w261"
I20260601 13:37:36.899864 31624 ts_manager.cc:194] Registered new tserver with Master: 8668fdff87174a79aaffe7daa765a6b0 (127.27.120.3:34727)
I20260601 13:37:36.900385 31624 master_service.cc:502] Signed X509 certificate for tserver {username='slave'} at 127.0.0.1:55396
I20260601 13:37:36.900920 28128 fs_manager.cc:696] Time spent creating directory manager: real 0.001s	user 0.000s	sys 0.002s
I20260601 13:37:36.901909 31915 log_block_manager.cc:4031] Time spent loading block containers with low live blocks: real 0.000s	user 0.000s	sys 0.000s
I20260601 13:37:36.902216 28128 fs_manager.cc:730] Time spent opening block manager: real 0.001s	user 0.000s	sys 0.001s
I20260601 13:37:36.902300 28128 fs_manager.cc:647] Opened local filesystem: /tmp/dist-test-taskt04q2y/test-tmp/auto_rebalancer-test.0.AutoRebalancerTest.NoReplicaMovesIfLocationLoadSkewedByOne.1780320980476227-28128-0/minicluster-data/ts-3-root
uuid: "7e75ec5d186f47749ed8086c4481c813"
format_stamp: "Formatted at 2026-06-01 13:37:36 on dist-test-slave-w261"
I20260601 13:37:36.902393 28128 fs_report.cc:389] FS layout report
--------------------
wal directory: /tmp/dist-test-taskt04q2y/test-tmp/auto_rebalancer-test.0.AutoRebalancerTest.NoReplicaMovesIfLocationLoadSkewedByOne.1780320980476227-28128-0/minicluster-data/ts-3-root
metadata directory: /tmp/dist-test-taskt04q2y/test-tmp/auto_rebalancer-test.0.AutoRebalancerTest.NoReplicaMovesIfLocationLoadSkewedByOne.1780320980476227-28128-0/minicluster-data/ts-3-root
1 data directories: /tmp/dist-test-taskt04q2y/test-tmp/auto_rebalancer-test.0.AutoRebalancerTest.NoReplicaMovesIfLocationLoadSkewedByOne.1780320980476227-28128-0/minicluster-data/ts-3-root/data
Total live blocks: 0
Total live bytes: 0
Total live bytes (after alignment): 0
Total number of LBM containers: 0 (0 full)
Did not check for missing blocks
Did not check for orphaned blocks
Total full LBM containers with extra space: 0 (0 repaired)
Total full LBM container extra space in bytes: 0 (0 repaired)
Total incomplete LBM containers: 0 (0 repaired)
Total LBM partial records: 0 (0 repaired)
Total corrupted LBM metadata records in RocksDB: 0 (0 repaired)
I20260601 13:37:36.916333 28128 rpc_server.cc:225] running with OpenSSL 1.1.1  11 Sep 2018
I20260601 13:37:36.916746 28128 kserver.cc:163] Server-wide thread pool size limit: 3276
I20260601 13:37:36.917080 28128 txn_system_client.cc:432] TxnSystemClient initialization is disabled...
I20260601 13:37:36.917520 28128 ts_tablet_manager.cc:585] Loaded tablet metadata (0 total tablets, 0 live tablets)
I20260601 13:37:36.917582 28128 ts_tablet_manager.cc:531] Time spent load tablet metadata: real 0.000s	user 0.000s	sys 0.000s
I20260601 13:37:36.917639 28128 ts_tablet_manager.cc:616] Registered 0 tablets
I20260601 13:37:36.917673 28128 ts_tablet_manager.cc:595] Time spent register tablets: real 0.000s	user 0.000s	sys 0.000s
I20260601 13:37:36.922111 28128 rpc_server.cc:307] RPC server started. Bound to: 127.27.120.4:36927
I20260601 13:37:36.922230 31978 acceptor_pool.cc:272] collecting diagnostics on the listening RPC socket 127.27.120.4:36927 every 8 connection(s)
I20260601 13:37:36.926692 31979 heartbeater.cc:344] Connected to a master server at 127.27.120.62:38237
I20260601 13:37:36.926841 31979 heartbeater.cc:461] Registering TS with master...
I20260601 13:37:36.927038 31979 heartbeater.cc:507] Master 127.27.120.62:38237 requested a full tablet report, sending...
I20260601 13:37:36.927701 31624 ts_manager.cc:194] Registered new tserver with Master: 7e75ec5d186f47749ed8086c4481c813 (127.27.120.4:36927)
I20260601 13:37:36.928216 31624 master_service.cc:502] Signed X509 certificate for tserver {username='slave'} at 127.0.0.1:55400
I20260601 13:37:36.928258 28128 internal_mini_cluster.cc:371] 4 TS(s) registered with all masters after 0.005703154s
I20260601 13:37:37.843659 31753 heartbeater.cc:499] Master 127.27.120.62:38237 was elected leader, sending a full tablet report...
I20260601 13:37:37.868134 31829 heartbeater.cc:499] Master 127.27.120.62:38237 was elected leader, sending a full tablet report...
I20260601 13:37:37.901384 31904 heartbeater.cc:499] Master 127.27.120.62:38237 was elected leader, sending a full tablet report...
I20260601 13:37:37.929237 31979 heartbeater.cc:499] Master 127.27.120.62:38237 was elected leader, sending a full tablet report...
I20260601 13:37:37.965966 31624 catalog_manager.cc:2282] Servicing CreateTable request from {username='slave'} at 127.0.0.1:55420:
name: "test-workload"
schema {
  columns {
    name: "key"
    type: INT32
    is_key: true
    is_nullable: false
    encoding: AUTO_ENCODING
    compression: DEFAULT_COMPRESSION
    cfile_block_size: 0
    immutable: false
  }
  columns {
    name: "int_val"
    type: INT32
    is_key: false
    is_nullable: false
    encoding: AUTO_ENCODING
    compression: DEFAULT_COMPRESSION
    cfile_block_size: 0
    immutable: false
  }
  columns {
    name: "string_val"
    type: STRING
    is_key: false
    is_nullable: true
    encoding: AUTO_ENCODING
    compression: DEFAULT_COMPRESSION
    cfile_block_size: 0
    immutable: false
  }
}
num_replicas: 3
split_rows_range_bounds {
}
partition_schema {
  range_schema {
    columns {
      name: "key"
    }
  }
}
I20260601 13:37:37.976294 31793 tablet_service.cc:1511] Processing CreateTablet for tablet 1295d0b70d904b1297e73e024c24a86f (DEFAULT_TABLE table=test-workload [id=c583ca0d34c64bf68410000cc61e3646]), partition=RANGE (key) PARTITION UNBOUNDED
I20260601 13:37:37.976480 31868 tablet_service.cc:1511] Processing CreateTablet for tablet 1295d0b70d904b1297e73e024c24a86f (DEFAULT_TABLE table=test-workload [id=c583ca0d34c64bf68410000cc61e3646]), partition=RANGE (key) PARTITION UNBOUNDED
I20260601 13:37:37.976606 31793 data_dirs.cc:400] Could only allocate 1 dirs of requested 3 for tablet 1295d0b70d904b1297e73e024c24a86f. 1 dirs total, 0 dirs full, 0 dirs failed
I20260601 13:37:37.976794 31868 data_dirs.cc:400] Could only allocate 1 dirs of requested 3 for tablet 1295d0b70d904b1297e73e024c24a86f. 1 dirs total, 0 dirs full, 0 dirs failed
I20260601 13:37:37.976840 31717 tablet_service.cc:1511] Processing CreateTablet for tablet 1295d0b70d904b1297e73e024c24a86f (DEFAULT_TABLE table=test-workload [id=c583ca0d34c64bf68410000cc61e3646]), partition=RANGE (key) PARTITION UNBOUNDED
I20260601 13:37:37.977056 31717 data_dirs.cc:400] Could only allocate 1 dirs of requested 3 for tablet 1295d0b70d904b1297e73e024c24a86f. 1 dirs total, 0 dirs full, 0 dirs failed
I20260601 13:37:37.978881 32000 tablet_bootstrap.cc:492] T 1295d0b70d904b1297e73e024c24a86f P 8668fdff87174a79aaffe7daa765a6b0: Bootstrap starting.
I20260601 13:37:37.979164 32001 tablet_bootstrap.cc:492] T 1295d0b70d904b1297e73e024c24a86f P 6f9e44889c17418dbae35b5f4a935c7c: Bootstrap starting.
I20260601 13:37:37.979312 32002 tablet_bootstrap.cc:492] T 1295d0b70d904b1297e73e024c24a86f P db8b4d07bd13478ab96bca61b65c34c1: Bootstrap starting.
I20260601 13:37:37.979867 32000 tablet_bootstrap.cc:654] T 1295d0b70d904b1297e73e024c24a86f P 8668fdff87174a79aaffe7daa765a6b0: Neither blocks nor log segments found. Creating new log.
I20260601 13:37:37.980150 32002 tablet_bootstrap.cc:654] T 1295d0b70d904b1297e73e024c24a86f P db8b4d07bd13478ab96bca61b65c34c1: Neither blocks nor log segments found. Creating new log.
I20260601 13:37:37.980150 32001 tablet_bootstrap.cc:654] T 1295d0b70d904b1297e73e024c24a86f P 6f9e44889c17418dbae35b5f4a935c7c: Neither blocks nor log segments found. Creating new log.
I20260601 13:37:37.981143 32000 tablet_bootstrap.cc:492] T 1295d0b70d904b1297e73e024c24a86f P 8668fdff87174a79aaffe7daa765a6b0: No bootstrap required, opened a new log
I20260601 13:37:37.981251 32000 ts_tablet_manager.cc:1403] T 1295d0b70d904b1297e73e024c24a86f P 8668fdff87174a79aaffe7daa765a6b0: Time spent bootstrapping tablet: real 0.002s	user 0.002s	sys 0.000s
I20260601 13:37:37.981355 32002 tablet_bootstrap.cc:492] T 1295d0b70d904b1297e73e024c24a86f P db8b4d07bd13478ab96bca61b65c34c1: No bootstrap required, opened a new log
I20260601 13:37:37.981355 32001 tablet_bootstrap.cc:492] T 1295d0b70d904b1297e73e024c24a86f P 6f9e44889c17418dbae35b5f4a935c7c: No bootstrap required, opened a new log
I20260601 13:37:37.981473 32001 ts_tablet_manager.cc:1403] T 1295d0b70d904b1297e73e024c24a86f P 6f9e44889c17418dbae35b5f4a935c7c: Time spent bootstrapping tablet: real 0.002s	user 0.002s	sys 0.000s
I20260601 13:37:37.981473 32002 ts_tablet_manager.cc:1403] T 1295d0b70d904b1297e73e024c24a86f P db8b4d07bd13478ab96bca61b65c34c1: Time spent bootstrapping tablet: real 0.002s	user 0.001s	sys 0.000s
I20260601 13:37:37.981737 32000 raft_consensus.cc:359] T 1295d0b70d904b1297e73e024c24a86f P 8668fdff87174a79aaffe7daa765a6b0 [term 0 FOLLOWER]: Replica starting. Triggering 0 pending ops. Active config: opid_index: -1 OBSOLETE_local: false peers { permanent_uuid: "8668fdff87174a79aaffe7daa765a6b0" member_type: VOTER last_known_addr { host: "127.27.120.3" port: 34727 } } peers { permanent_uuid: "6f9e44889c17418dbae35b5f4a935c7c" member_type: VOTER last_known_addr { host: "127.27.120.2" port: 38529 } } peers { permanent_uuid: "db8b4d07bd13478ab96bca61b65c34c1" member_type: VOTER last_known_addr { host: "127.27.120.1" port: 43759 } }
I20260601 13:37:37.981846 32000 raft_consensus.cc:385] T 1295d0b70d904b1297e73e024c24a86f P 8668fdff87174a79aaffe7daa765a6b0 [term 0 FOLLOWER]: Consensus starting up: Expiring failure detector timer to make a prompt election more likely
I20260601 13:37:37.981897 32000 raft_consensus.cc:740] T 1295d0b70d904b1297e73e024c24a86f P 8668fdff87174a79aaffe7daa765a6b0 [term 0 FOLLOWER]: Becoming Follower/Learner. State: Replica: 8668fdff87174a79aaffe7daa765a6b0, State: Initialized, Role: FOLLOWER
I20260601 13:37:37.981916 32002 raft_consensus.cc:359] T 1295d0b70d904b1297e73e024c24a86f P db8b4d07bd13478ab96bca61b65c34c1 [term 0 FOLLOWER]: Replica starting. Triggering 0 pending ops. Active config: opid_index: -1 OBSOLETE_local: false peers { permanent_uuid: "8668fdff87174a79aaffe7daa765a6b0" member_type: VOTER last_known_addr { host: "127.27.120.3" port: 34727 } } peers { permanent_uuid: "6f9e44889c17418dbae35b5f4a935c7c" member_type: VOTER last_known_addr { host: "127.27.120.2" port: 38529 } } peers { permanent_uuid: "db8b4d07bd13478ab96bca61b65c34c1" member_type: VOTER last_known_addr { host: "127.27.120.1" port: 43759 } }
I20260601 13:37:37.981915 32001 raft_consensus.cc:359] T 1295d0b70d904b1297e73e024c24a86f P 6f9e44889c17418dbae35b5f4a935c7c [term 0 FOLLOWER]: Replica starting. Triggering 0 pending ops. Active config: opid_index: -1 OBSOLETE_local: false peers { permanent_uuid: "8668fdff87174a79aaffe7daa765a6b0" member_type: VOTER last_known_addr { host: "127.27.120.3" port: 34727 } } peers { permanent_uuid: "6f9e44889c17418dbae35b5f4a935c7c" member_type: VOTER last_known_addr { host: "127.27.120.2" port: 38529 } } peers { permanent_uuid: "db8b4d07bd13478ab96bca61b65c34c1" member_type: VOTER last_known_addr { host: "127.27.120.1" port: 43759 } }
I20260601 13:37:37.982084 32002 raft_consensus.cc:385] T 1295d0b70d904b1297e73e024c24a86f P db8b4d07bd13478ab96bca61b65c34c1 [term 0 FOLLOWER]: Consensus starting up: Expiring failure detector timer to make a prompt election more likely
I20260601 13:37:37.982034 32000 consensus_queue.cc:260] T 1295d0b70d904b1297e73e024c24a86f P 8668fdff87174a79aaffe7daa765a6b0 [NON_LEADER]: Queue going to NON_LEADER mode. State: All replicated index: 0, Majority replicated index: 0, Committed index: 0, Last appended: 0.0, Last appended by leader: 0, Current term: 0, Majority size: -1, State: 0, Mode: NON_LEADER, active raft config: opid_index: -1 OBSOLETE_local: false peers { permanent_uuid: "8668fdff87174a79aaffe7daa765a6b0" member_type: VOTER last_known_addr { host: "127.27.120.3" port: 34727 } } peers { permanent_uuid: "6f9e44889c17418dbae35b5f4a935c7c" member_type: VOTER last_known_addr { host: "127.27.120.2" port: 38529 } } peers { permanent_uuid: "db8b4d07bd13478ab96bca61b65c34c1" member_type: VOTER last_known_addr { host: "127.27.120.1" port: 43759 } }
I20260601 13:37:37.982100 32001 raft_consensus.cc:385] T 1295d0b70d904b1297e73e024c24a86f P 6f9e44889c17418dbae35b5f4a935c7c [term 0 FOLLOWER]: Consensus starting up: Expiring failure detector timer to make a prompt election more likely
I20260601 13:37:37.982169 32002 raft_consensus.cc:740] T 1295d0b70d904b1297e73e024c24a86f P db8b4d07bd13478ab96bca61b65c34c1 [term 0 FOLLOWER]: Becoming Follower/Learner. State: Replica: db8b4d07bd13478ab96bca61b65c34c1, State: Initialized, Role: FOLLOWER
I20260601 13:37:37.982231 32001 raft_consensus.cc:740] T 1295d0b70d904b1297e73e024c24a86f P 6f9e44889c17418dbae35b5f4a935c7c [term 0 FOLLOWER]: Becoming Follower/Learner. State: Replica: 6f9e44889c17418dbae35b5f4a935c7c, State: Initialized, Role: FOLLOWER
I20260601 13:37:37.982326 32002 consensus_queue.cc:260] T 1295d0b70d904b1297e73e024c24a86f P db8b4d07bd13478ab96bca61b65c34c1 [NON_LEADER]: Queue going to NON_LEADER mode. State: All replicated index: 0, Majority replicated index: 0, Committed index: 0, Last appended: 0.0, Last appended by leader: 0, Current term: 0, Majority size: -1, State: 0, Mode: NON_LEADER, active raft config: opid_index: -1 OBSOLETE_local: false peers { permanent_uuid: "8668fdff87174a79aaffe7daa765a6b0" member_type: VOTER last_known_addr { host: "127.27.120.3" port: 34727 } } peers { permanent_uuid: "6f9e44889c17418dbae35b5f4a935c7c" member_type: VOTER last_known_addr { host: "127.27.120.2" port: 38529 } } peers { permanent_uuid: "db8b4d07bd13478ab96bca61b65c34c1" member_type: VOTER last_known_addr { host: "127.27.120.1" port: 43759 } }
I20260601 13:37:37.982374 32001 consensus_queue.cc:260] T 1295d0b70d904b1297e73e024c24a86f P 6f9e44889c17418dbae35b5f4a935c7c [NON_LEADER]: Queue going to NON_LEADER mode. State: All replicated index: 0, Majority replicated index: 0, Committed index: 0, Last appended: 0.0, Last appended by leader: 0, Current term: 0, Majority size: -1, State: 0, Mode: NON_LEADER, active raft config: opid_index: -1 OBSOLETE_local: false peers { permanent_uuid: "8668fdff87174a79aaffe7daa765a6b0" member_type: VOTER last_known_addr { host: "127.27.120.3" port: 34727 } } peers { permanent_uuid: "6f9e44889c17418dbae35b5f4a935c7c" member_type: VOTER last_known_addr { host: "127.27.120.2" port: 38529 } } peers { permanent_uuid: "db8b4d07bd13478ab96bca61b65c34c1" member_type: VOTER last_known_addr { host: "127.27.120.1" port: 43759 } }
I20260601 13:37:37.982471 32000 ts_tablet_manager.cc:1434] T 1295d0b70d904b1297e73e024c24a86f P 8668fdff87174a79aaffe7daa765a6b0: Time spent starting tablet: real 0.001s	user 0.001s	sys 0.000s
I20260601 13:37:37.982677 32001 ts_tablet_manager.cc:1434] T 1295d0b70d904b1297e73e024c24a86f P 6f9e44889c17418dbae35b5f4a935c7c: Time spent starting tablet: real 0.001s	user 0.001s	sys 0.000s
I20260601 13:37:37.982681 32002 ts_tablet_manager.cc:1434] T 1295d0b70d904b1297e73e024c24a86f P db8b4d07bd13478ab96bca61b65c34c1: Time spent starting tablet: real 0.001s	user 0.001s	sys 0.000s
I20260601 13:37:38.015539 32006 raft_consensus.cc:493] T 1295d0b70d904b1297e73e024c24a86f P 8668fdff87174a79aaffe7daa765a6b0 [term 0 FOLLOWER]: Starting pre-election (no leader contacted us within the election timeout)
I20260601 13:37:38.015661 32006 raft_consensus.cc:515] T 1295d0b70d904b1297e73e024c24a86f P 8668fdff87174a79aaffe7daa765a6b0 [term 0 FOLLOWER]: Starting pre-election with config: opid_index: -1 OBSOLETE_local: false peers { permanent_uuid: "8668fdff87174a79aaffe7daa765a6b0" member_type: VOTER last_known_addr { host: "127.27.120.3" port: 34727 } } peers { permanent_uuid: "6f9e44889c17418dbae35b5f4a935c7c" member_type: VOTER last_known_addr { host: "127.27.120.2" port: 38529 } } peers { permanent_uuid: "db8b4d07bd13478ab96bca61b65c34c1" member_type: VOTER last_known_addr { host: "127.27.120.1" port: 43759 } }
I20260601 13:37:38.016103 32006 leader_election.cc:290] T 1295d0b70d904b1297e73e024c24a86f P 8668fdff87174a79aaffe7daa765a6b0 [CANDIDATE]: Term 1 pre-election: Requested pre-vote from peers 6f9e44889c17418dbae35b5f4a935c7c (127.27.120.2:38529), db8b4d07bd13478ab96bca61b65c34c1 (127.27.120.1:43759)
I20260601 13:37:38.019958 31803 tablet_service.cc:1917] Received RequestConsensusVote() RPC: tablet_id: "1295d0b70d904b1297e73e024c24a86f" candidate_uuid: "8668fdff87174a79aaffe7daa765a6b0" candidate_term: 1 candidate_status { last_received { term: 0 index: 0 } } ignore_live_leader: false dest_uuid: "6f9e44889c17418dbae35b5f4a935c7c" is_pre_election: true
I20260601 13:37:38.020042 31727 tablet_service.cc:1917] Received RequestConsensusVote() RPC: tablet_id: "1295d0b70d904b1297e73e024c24a86f" candidate_uuid: "8668fdff87174a79aaffe7daa765a6b0" candidate_term: 1 candidate_status { last_received { term: 0 index: 0 } } ignore_live_leader: false dest_uuid: "db8b4d07bd13478ab96bca61b65c34c1" is_pre_election: true
I20260601 13:37:38.020119 31803 raft_consensus.cc:2468] T 1295d0b70d904b1297e73e024c24a86f P 6f9e44889c17418dbae35b5f4a935c7c [term 0 FOLLOWER]: Leader pre-election vote request: Granting yes vote for candidate 8668fdff87174a79aaffe7daa765a6b0 in term 0.
I20260601 13:37:38.020119 31727 raft_consensus.cc:2468] T 1295d0b70d904b1297e73e024c24a86f P db8b4d07bd13478ab96bca61b65c34c1 [term 0 FOLLOWER]: Leader pre-election vote request: Granting yes vote for candidate 8668fdff87174a79aaffe7daa765a6b0 in term 0.
I20260601 13:37:38.020434 31841 leader_election.cc:304] T 1295d0b70d904b1297e73e024c24a86f P 8668fdff87174a79aaffe7daa765a6b0 [CANDIDATE]: Term 1 pre-election: Election decided. Result: candidate won. Election summary: received 2 responses out of 3 voters: 2 yes votes; 0 no votes. yes voters: 6f9e44889c17418dbae35b5f4a935c7c, 8668fdff87174a79aaffe7daa765a6b0; no voters: 
I20260601 13:37:38.020604 32006 raft_consensus.cc:2804] T 1295d0b70d904b1297e73e024c24a86f P 8668fdff87174a79aaffe7daa765a6b0 [term 0 FOLLOWER]: Leader pre-election won for term 1
I20260601 13:37:38.020665 32006 raft_consensus.cc:493] T 1295d0b70d904b1297e73e024c24a86f P 8668fdff87174a79aaffe7daa765a6b0 [term 0 FOLLOWER]: Starting leader election (no leader contacted us within the election timeout)
I20260601 13:37:38.020697 32006 raft_consensus.cc:3060] T 1295d0b70d904b1297e73e024c24a86f P 8668fdff87174a79aaffe7daa765a6b0 [term 0 FOLLOWER]: Advancing to term 1
I20260601 13:37:38.021538 32006 raft_consensus.cc:515] T 1295d0b70d904b1297e73e024c24a86f P 8668fdff87174a79aaffe7daa765a6b0 [term 1 FOLLOWER]: Starting leader election with config: opid_index: -1 OBSOLETE_local: false peers { permanent_uuid: "8668fdff87174a79aaffe7daa765a6b0" member_type: VOTER last_known_addr { host: "127.27.120.3" port: 34727 } } peers { permanent_uuid: "6f9e44889c17418dbae35b5f4a935c7c" member_type: VOTER last_known_addr { host: "127.27.120.2" port: 38529 } } peers { permanent_uuid: "db8b4d07bd13478ab96bca61b65c34c1" member_type: VOTER last_known_addr { host: "127.27.120.1" port: 43759 } }
I20260601 13:37:38.021873 32006 leader_election.cc:290] T 1295d0b70d904b1297e73e024c24a86f P 8668fdff87174a79aaffe7daa765a6b0 [CANDIDATE]: Term 1 election: Requested vote from peers 6f9e44889c17418dbae35b5f4a935c7c (127.27.120.2:38529), db8b4d07bd13478ab96bca61b65c34c1 (127.27.120.1:43759)
I20260601 13:37:38.022265 31803 tablet_service.cc:1917] Received RequestConsensusVote() RPC: tablet_id: "1295d0b70d904b1297e73e024c24a86f" candidate_uuid: "8668fdff87174a79aaffe7daa765a6b0" candidate_term: 1 candidate_status { last_received { term: 0 index: 0 } } ignore_live_leader: false dest_uuid: "6f9e44889c17418dbae35b5f4a935c7c"
I20260601 13:37:38.022387 31803 raft_consensus.cc:3060] T 1295d0b70d904b1297e73e024c24a86f P 6f9e44889c17418dbae35b5f4a935c7c [term 0 FOLLOWER]: Advancing to term 1
I20260601 13:37:38.022428 31727 tablet_service.cc:1917] Received RequestConsensusVote() RPC: tablet_id: "1295d0b70d904b1297e73e024c24a86f" candidate_uuid: "8668fdff87174a79aaffe7daa765a6b0" candidate_term: 1 candidate_status { last_received { term: 0 index: 0 } } ignore_live_leader: false dest_uuid: "db8b4d07bd13478ab96bca61b65c34c1"
I20260601 13:37:38.022584 31727 raft_consensus.cc:3060] T 1295d0b70d904b1297e73e024c24a86f P db8b4d07bd13478ab96bca61b65c34c1 [term 0 FOLLOWER]: Advancing to term 1
I20260601 13:37:38.023326 31803 raft_consensus.cc:2468] T 1295d0b70d904b1297e73e024c24a86f P 6f9e44889c17418dbae35b5f4a935c7c [term 1 FOLLOWER]: Leader election vote request: Granting yes vote for candidate 8668fdff87174a79aaffe7daa765a6b0 in term 1.
I20260601 13:37:38.023525 31727 raft_consensus.cc:2468] T 1295d0b70d904b1297e73e024c24a86f P db8b4d07bd13478ab96bca61b65c34c1 [term 1 FOLLOWER]: Leader election vote request: Granting yes vote for candidate 8668fdff87174a79aaffe7daa765a6b0 in term 1.
I20260601 13:37:38.023613 31841 leader_election.cc:304] T 1295d0b70d904b1297e73e024c24a86f P 8668fdff87174a79aaffe7daa765a6b0 [CANDIDATE]: Term 1 election: Election decided. Result: candidate won. Election summary: received 2 responses out of 3 voters: 2 yes votes; 0 no votes. yes voters: 6f9e44889c17418dbae35b5f4a935c7c, 8668fdff87174a79aaffe7daa765a6b0; no voters: 
I20260601 13:37:38.023799 32006 raft_consensus.cc:2804] T 1295d0b70d904b1297e73e024c24a86f P 8668fdff87174a79aaffe7daa765a6b0 [term 1 FOLLOWER]: Leader election won for term 1
I20260601 13:37:38.024072 32006 raft_consensus.cc:697] T 1295d0b70d904b1297e73e024c24a86f P 8668fdff87174a79aaffe7daa765a6b0 [term 1 LEADER]: Becoming Leader. State: Replica: 8668fdff87174a79aaffe7daa765a6b0, State: Running, Role: LEADER
I20260601 13:37:38.024242 32006 consensus_queue.cc:237] T 1295d0b70d904b1297e73e024c24a86f P 8668fdff87174a79aaffe7daa765a6b0 [LEADER]: Queue going to LEADER mode. State: All replicated index: 0, Majority replicated index: 0, Committed index: 0, Last appended: 0.0, Last appended by leader: 0, Current term: 1, Majority size: 2, State: 0, Mode: LEADER, active raft config: opid_index: -1 OBSOLETE_local: false peers { permanent_uuid: "8668fdff87174a79aaffe7daa765a6b0" member_type: VOTER last_known_addr { host: "127.27.120.3" port: 34727 } } peers { permanent_uuid: "6f9e44889c17418dbae35b5f4a935c7c" member_type: VOTER last_known_addr { host: "127.27.120.2" port: 38529 } } peers { permanent_uuid: "db8b4d07bd13478ab96bca61b65c34c1" member_type: VOTER last_known_addr { host: "127.27.120.1" port: 43759 } }
I20260601 13:37:38.025861 31624 catalog_manager.cc:5696] T 1295d0b70d904b1297e73e024c24a86f P 8668fdff87174a79aaffe7daa765a6b0 reported cstate change: term changed from 0 to 1, leader changed from <none> to 8668fdff87174a79aaffe7daa765a6b0 (127.27.120.3). New cstate: current_term: 1 leader_uuid: "8668fdff87174a79aaffe7daa765a6b0" committed_config { opid_index: -1 OBSOLETE_local: false peers { permanent_uuid: "8668fdff87174a79aaffe7daa765a6b0" member_type: VOTER last_known_addr { host: "127.27.120.3" port: 34727 } health_report { overall_health: HEALTHY } } peers { permanent_uuid: "6f9e44889c17418dbae35b5f4a935c7c" member_type: VOTER last_known_addr { host: "127.27.120.2" port: 38529 } health_report { overall_health: UNKNOWN } } peers { permanent_uuid: "db8b4d07bd13478ab96bca61b65c34c1" member_type: VOTER last_known_addr { host: "127.27.120.1" port: 43759 } health_report { overall_health: UNKNOWN } } }
I20260601 13:37:38.452318 32006 consensus_queue.cc:1048] T 1295d0b70d904b1297e73e024c24a86f P 8668fdff87174a79aaffe7daa765a6b0 [LEADER]: Connected to new peer: Peer: permanent_uuid: "6f9e44889c17418dbae35b5f4a935c7c" member_type: VOTER last_known_addr { host: "127.27.120.2" port: 38529 }, Status: LMP_MISMATCH, Last received: 0.0, Next index: 1, Last known committed idx: 0, Time since last communication: 0.000s
I20260601 13:37:38.455704 32015 consensus_queue.cc:1048] T 1295d0b70d904b1297e73e024c24a86f P 8668fdff87174a79aaffe7daa765a6b0 [LEADER]: Connected to new peer: Peer: permanent_uuid: "db8b4d07bd13478ab96bca61b65c34c1" member_type: VOTER last_known_addr { host: "127.27.120.1" port: 43759 }, Status: LMP_MISMATCH, Last received: 0.0, Next index: 1, Last known committed idx: 0, Time since last communication: 0.000s
I20260601 13:37:38.768528 31678 auto_leader_rebalancer.cc:140] leader rebalance for table test-workload
I20260601 13:37:38.768872 31678 auto_leader_rebalancer.cc:388] table: test-workload, leader rebalance finish, leader transfer count: 0
I20260601 13:37:38.768940 31678 auto_leader_rebalancer.cc:451] All tables' leader rebalancing finished this round
I20260601 13:37:40.769238 31678 auto_leader_rebalancer.cc:140] leader rebalance for table test-workload
I20260601 13:37:40.769569 31678 auto_leader_rebalancer.cc:388] table: test-workload, leader rebalance finish, leader transfer count: 0
I20260601 13:37:40.769632 31678 auto_leader_rebalancer.cc:451] All tables' leader rebalancing finished this round
I20260601 13:37:42.769958 31678 auto_leader_rebalancer.cc:140] leader rebalance for table test-workload
I20260601 13:37:42.770310 31678 auto_leader_rebalancer.cc:388] table: test-workload, leader rebalance finish, leader transfer count: 0
I20260601 13:37:42.770372 31678 auto_leader_rebalancer.cc:451] All tables' leader rebalancing finished this round
I20260601 13:37:44.770702 31678 auto_leader_rebalancer.cc:140] leader rebalance for table test-workload
I20260601 13:37:44.771117 31678 auto_leader_rebalancer.cc:388] table: test-workload, leader rebalance finish, leader transfer count: 0
I20260601 13:37:44.771200 31678 auto_leader_rebalancer.cc:451] All tables' leader rebalancing finished this round
I20260601 13:37:46.771538 31678 auto_leader_rebalancer.cc:140] leader rebalance for table test-workload
I20260601 13:37:46.771925 31678 auto_leader_rebalancer.cc:388] table: test-workload, leader rebalance finish, leader transfer count: 0
I20260601 13:37:46.772015 31678 auto_leader_rebalancer.cc:451] All tables' leader rebalancing finished this round
I20260601 13:37:48.772325 31678 auto_leader_rebalancer.cc:140] leader rebalance for table test-workload
I20260601 13:37:48.772682 31678 auto_leader_rebalancer.cc:388] table: test-workload, leader rebalance finish, leader transfer count: 0
I20260601 13:37:48.772751 31678 auto_leader_rebalancer.cc:451] All tables' leader rebalancing finished this round
I20260601 13:37:49.091387 28128 tablet_server.cc:179] TabletServer@127.27.120.1:0 shutting down...
I20260601 13:37:49.095834 28128 ts_tablet_manager.cc:1507] Shutting down tablet manager...
I20260601 13:37:49.096048 28128 tablet_replica.cc:333] T 1295d0b70d904b1297e73e024c24a86f P db8b4d07bd13478ab96bca61b65c34c1: stopping tablet replica
I20260601 13:37:49.096199 28128 raft_consensus.cc:2243] T 1295d0b70d904b1297e73e024c24a86f P db8b4d07bd13478ab96bca61b65c34c1 [term 1 FOLLOWER]: Raft consensus shutting down.
I20260601 13:37:49.096341 28128 raft_consensus.cc:2272] T 1295d0b70d904b1297e73e024c24a86f P db8b4d07bd13478ab96bca61b65c34c1 [term 1 FOLLOWER]: Raft consensus is shut down!
I20260601 13:37:49.108896 28128 tablet_server.cc:196] TabletServer@127.27.120.1:0 shutdown complete.
I20260601 13:37:49.111146 28128 tablet_server.cc:179] TabletServer@127.27.120.2:0 shutting down...
I20260601 13:37:49.115447 28128 ts_tablet_manager.cc:1507] Shutting down tablet manager...
I20260601 13:37:49.115641 28128 tablet_replica.cc:333] T 1295d0b70d904b1297e73e024c24a86f P 6f9e44889c17418dbae35b5f4a935c7c: stopping tablet replica
I20260601 13:37:49.115841 28128 raft_consensus.cc:2243] T 1295d0b70d904b1297e73e024c24a86f P 6f9e44889c17418dbae35b5f4a935c7c [term 1 FOLLOWER]: Raft consensus shutting down.
I20260601 13:37:49.116008 28128 raft_consensus.cc:2272] T 1295d0b70d904b1297e73e024c24a86f P 6f9e44889c17418dbae35b5f4a935c7c [term 1 FOLLOWER]: Raft consensus is shut down!
I20260601 13:37:49.128540 28128 tablet_server.cc:196] TabletServer@127.27.120.2:0 shutdown complete.
I20260601 13:37:49.130457 28128 tablet_server.cc:179] TabletServer@127.27.120.3:0 shutting down...
I20260601 13:37:49.135635 28128 ts_tablet_manager.cc:1507] Shutting down tablet manager...
I20260601 13:37:49.135871 28128 tablet_replica.cc:333] T 1295d0b70d904b1297e73e024c24a86f P 8668fdff87174a79aaffe7daa765a6b0: stopping tablet replica
I20260601 13:37:49.135995 28128 raft_consensus.cc:2243] T 1295d0b70d904b1297e73e024c24a86f P 8668fdff87174a79aaffe7daa765a6b0 [term 1 LEADER]: Raft consensus shutting down.
I20260601 13:37:49.136214 28128 raft_consensus.cc:2272] T 1295d0b70d904b1297e73e024c24a86f P 8668fdff87174a79aaffe7daa765a6b0 [term 1 FOLLOWER]: Raft consensus is shut down!
I20260601 13:37:49.148416 28128 tablet_server.cc:196] TabletServer@127.27.120.3:0 shutdown complete.
I20260601 13:37:49.150382 28128 tablet_server.cc:179] TabletServer@127.27.120.4:0 shutting down...
I20260601 13:37:49.154552 28128 ts_tablet_manager.cc:1507] Shutting down tablet manager...
I20260601 13:37:49.167619 28128 tablet_server.cc:196] TabletServer@127.27.120.4:0 shutdown complete.
I20260601 13:37:49.169525 28128 master.cc:562] Master@127.27.120.62:38237 shutting down...
I20260601 13:37:49.172904 28128 raft_consensus.cc:2243] T 00000000000000000000000000000000 P 8a225fdbab9349948798bbd6525fd7fb [term 1 LEADER]: Raft consensus shutting down.
I20260601 13:37:49.173030 28128 raft_consensus.cc:2272] T 00000000000000000000000000000000 P 8a225fdbab9349948798bbd6525fd7fb [term 1 FOLLOWER]: Raft consensus is shut down!
I20260601 13:37:49.173082 28128 tablet_replica.cc:333] T 00000000000000000000000000000000 P 8a225fdbab9349948798bbd6525fd7fb: stopping tablet replica
I20260601 13:37:49.185395 28128 master.cc:584] Master@127.27.120.62:38237 shutdown complete.
[       OK ] AutoRebalancerTest.NoReplicaMovesIfLocationLoadSkewedByOne (12461 ms)
[ RUN      ] AutoRebalancerTest.NoReplicaMovesIfCannotFixPlacementPolicy
I20260601 13:37:49.192273 28128 internal_mini_cluster.cc:156] Creating distributed mini masters. Addrs: 127.27.120.62:37515
I20260601 13:37:49.192569 28128 file_cache.cc:492] Constructed file cache file cache with capacity 419430
W20260601 13:37:49.194283 32028 instance_detector.cc:116] could not retrieve OpenStack instance metadata: Network error: curl error: HTTP response code said error: The requested URL returned error: 404
