I20260601 13:37:28.554183 16570 raft_consensus.cc:3060] T 921998c689f7469eb35a74396345ff25 P d8fad4aec7ea436981ba319ba6cf75ed [term 0 FOLLOWER]: Advancing to term 1
I20260601 13:37:28.554574 16646 raft_consensus.cc:2468] T c32a6e60d6e84e76bcc661e9696af5bf P 96d54120f7544769b894a90983e66e65 [term 1 FOLLOWER]: Leader election vote request: Granting yes vote for candidate d8fad4aec7ea436981ba319ba6cf75ed in term 1.
I20260601 13:37:28.554574 16721 raft_consensus.cc:2468] T c32a6e60d6e84e76bcc661e9696af5bf P d953a8eaa7c349fba2be4dd39ac15788 [term 1 FOLLOWER]: Leader election vote request: Granting yes vote for candidate d8fad4aec7ea436981ba319ba6cf75ed in term 1.
I20260601 13:37:28.554665 16720 tablet_service.cc:1917] Received RequestConsensusVote() RPC: tablet_id: "921998c689f7469eb35a74396345ff25" candidate_uuid: "96d54120f7544769b894a90983e66e65" candidate_term: 1 candidate_status { last_received { term: 0 index: 0 } } ignore_live_leader: false dest_uuid: "d953a8eaa7c349fba2be4dd39ac15788"
I20260601 13:37:28.554798 16720 raft_consensus.cc:3060] T 921998c689f7469eb35a74396345ff25 P d953a8eaa7c349fba2be4dd39ac15788 [term 0 FOLLOWER]: Advancing to term 1
I20260601 13:37:28.554895 16536 leader_election.cc:304] T c32a6e60d6e84e76bcc661e9696af5bf P d8fad4aec7ea436981ba319ba6cf75ed [CANDIDATE]: Term 1 election: Election decided. Result: candidate won. Election summary: received 2 responses out of 3 voters: 2 yes votes; 0 no votes. yes voters: 96d54120f7544769b894a90983e66e65, d8fad4aec7ea436981ba319ba6cf75ed; no voters: 
I20260601 13:37:28.555120 16570 raft_consensus.cc:2468] T 921998c689f7469eb35a74396345ff25 P d8fad4aec7ea436981ba319ba6cf75ed [term 1 FOLLOWER]: Leader election vote request: Granting yes vote for candidate 96d54120f7544769b894a90983e66e65 in term 1.
I20260601 13:37:28.555146 16772 raft_consensus.cc:2804] T c32a6e60d6e84e76bcc661e9696af5bf P d8fad4aec7ea436981ba319ba6cf75ed [term 1 FOLLOWER]: Leader election won for term 1
I20260601 13:37:28.555387 16772 raft_consensus.cc:697] T c32a6e60d6e84e76bcc661e9696af5bf P d8fad4aec7ea436981ba319ba6cf75ed [term 1 LEADER]: Becoming Leader. State: Replica: d8fad4aec7ea436981ba319ba6cf75ed, State: Running, Role: LEADER
I20260601 13:37:28.555465 16612 leader_election.cc:304] T 921998c689f7469eb35a74396345ff25 P 96d54120f7544769b894a90983e66e65 [CANDIDATE]: Term 1 election: Election decided. Result: candidate won. Election summary: received 2 responses out of 3 voters: 2 yes votes; 0 no votes. yes voters: 96d54120f7544769b894a90983e66e65, d8fad4aec7ea436981ba319ba6cf75ed; no voters: 
I20260601 13:37:28.555542 16772 consensus_queue.cc:237] T c32a6e60d6e84e76bcc661e9696af5bf P d8fad4aec7ea436981ba319ba6cf75ed [LEADER]: Queue going to LEADER mode. State: All replicated index: 0, Majority replicated index: 0, Committed index: 0, Last appended: 0.0, Last appended by leader: 0, Current term: 1, Majority size: 2, State: 0, Mode: LEADER, active raft config: opid_index: -1 OBSOLETE_local: false peers { permanent_uuid: "d8fad4aec7ea436981ba319ba6cf75ed" member_type: VOTER last_known_addr { host: "127.13.159.65" port: 34413 } } peers { permanent_uuid: "96d54120f7544769b894a90983e66e65" member_type: VOTER last_known_addr { host: "127.13.159.66" port: 35213 } } peers { permanent_uuid: "d953a8eaa7c349fba2be4dd39ac15788" member_type: VOTER last_known_addr { host: "127.13.159.67" port: 42097 } }
I20260601 13:37:28.555640 16778 raft_consensus.cc:2804] T 921998c689f7469eb35a74396345ff25 P 96d54120f7544769b894a90983e66e65 [term 1 FOLLOWER]: Leader election won for term 1
I20260601 13:37:28.555686 16720 raft_consensus.cc:2468] T 921998c689f7469eb35a74396345ff25 P d953a8eaa7c349fba2be4dd39ac15788 [term 1 FOLLOWER]: Leader election vote request: Granting yes vote for candidate 96d54120f7544769b894a90983e66e65 in term 1.
I20260601 13:37:28.555841 16778 raft_consensus.cc:697] T 921998c689f7469eb35a74396345ff25 P 96d54120f7544769b894a90983e66e65 [term 1 LEADER]: Becoming Leader. State: Replica: 96d54120f7544769b894a90983e66e65, State: Running, Role: LEADER
I20260601 13:37:28.555992 16778 consensus_queue.cc:237] T 921998c689f7469eb35a74396345ff25 P 96d54120f7544769b894a90983e66e65 [LEADER]: Queue going to LEADER mode. State: All replicated index: 0, Majority replicated index: 0, Committed index: 0, Last appended: 0.0, Last appended by leader: 0, Current term: 1, Majority size: 2, State: 0, Mode: LEADER, active raft config: opid_index: -1 OBSOLETE_local: false peers { permanent_uuid: "d8fad4aec7ea436981ba319ba6cf75ed" member_type: VOTER last_known_addr { host: "127.13.159.65" port: 34413 } } peers { permanent_uuid: "96d54120f7544769b894a90983e66e65" member_type: VOTER last_known_addr { host: "127.13.159.66" port: 35213 } } peers { permanent_uuid: "d953a8eaa7c349fba2be4dd39ac15788" member_type: VOTER last_known_addr { host: "127.13.159.67" port: 42097 } }
I20260601 13:37:28.557354 16465 catalog_manager.cc:5696] T c32a6e60d6e84e76bcc661e9696af5bf P d8fad4aec7ea436981ba319ba6cf75ed reported cstate change: term changed from 0 to 1, leader changed from <none> to d8fad4aec7ea436981ba319ba6cf75ed (127.13.159.65). New cstate: current_term: 1 leader_uuid: "d8fad4aec7ea436981ba319ba6cf75ed" committed_config { opid_index: -1 OBSOLETE_local: false peers { permanent_uuid: "d8fad4aec7ea436981ba319ba6cf75ed" member_type: VOTER last_known_addr { host: "127.13.159.65" port: 34413 } health_report { overall_health: HEALTHY } } peers { permanent_uuid: "96d54120f7544769b894a90983e66e65" member_type: VOTER last_known_addr { host: "127.13.159.66" port: 35213 } health_report { overall_health: UNKNOWN } } peers { permanent_uuid: "d953a8eaa7c349fba2be4dd39ac15788" member_type: VOTER last_known_addr { host: "127.13.159.67" port: 42097 } health_report { overall_health: UNKNOWN } } }
I20260601 13:37:28.557749 16466 catalog_manager.cc:5696] T 921998c689f7469eb35a74396345ff25 P 96d54120f7544769b894a90983e66e65 reported cstate change: term changed from 0 to 1, leader changed from <none> to 96d54120f7544769b894a90983e66e65 (127.13.159.66). New cstate: current_term: 1 leader_uuid: "96d54120f7544769b894a90983e66e65" committed_config { opid_index: -1 OBSOLETE_local: false peers { permanent_uuid: "d8fad4aec7ea436981ba319ba6cf75ed" member_type: VOTER last_known_addr { host: "127.13.159.65" port: 34413 } health_report { overall_health: UNKNOWN } } peers { permanent_uuid: "96d54120f7544769b894a90983e66e65" member_type: VOTER last_known_addr { host: "127.13.159.66" port: 35213 } health_report { overall_health: HEALTHY } } peers { permanent_uuid: "d953a8eaa7c349fba2be4dd39ac15788" member_type: VOTER last_known_addr { host: "127.13.159.67" port: 42097 } health_report { overall_health: UNKNOWN } } }
I20260601 13:37:28.601877 16790 raft_consensus.cc:493] T 818da832a4b64be28412761e73201cc9 P d8fad4aec7ea436981ba319ba6cf75ed [term 0 FOLLOWER]: Starting pre-election (no leader contacted us within the election timeout)
I20260601 13:37:28.602011 16790 raft_consensus.cc:515] T 818da832a4b64be28412761e73201cc9 P d8fad4aec7ea436981ba319ba6cf75ed [term 0 FOLLOWER]: Starting pre-election with config: opid_index: -1 OBSOLETE_local: false peers { permanent_uuid: "d8fad4aec7ea436981ba319ba6cf75ed" member_type: VOTER last_known_addr { host: "127.13.159.65" port: 34413 } } peers { permanent_uuid: "96d54120f7544769b894a90983e66e65" member_type: VOTER last_known_addr { host: "127.13.159.66" port: 35213 } } peers { permanent_uuid: "d953a8eaa7c349fba2be4dd39ac15788" member_type: VOTER last_known_addr { host: "127.13.159.67" port: 42097 } }
I20260601 13:37:28.602425 16790 leader_election.cc:290] T 818da832a4b64be28412761e73201cc9 P d8fad4aec7ea436981ba319ba6cf75ed [CANDIDATE]: Term 1 pre-election: Requested pre-vote from peers 96d54120f7544769b894a90983e66e65 (127.13.159.66:35213), d953a8eaa7c349fba2be4dd39ac15788 (127.13.159.67:42097)
I20260601 13:37:28.602954 16646 tablet_service.cc:1917] Received RequestConsensusVote() RPC: tablet_id: "818da832a4b64be28412761e73201cc9" candidate_uuid: "d8fad4aec7ea436981ba319ba6cf75ed" candidate_term: 1 candidate_status { last_received { term: 0 index: 0 } } ignore_live_leader: false dest_uuid: "96d54120f7544769b894a90983e66e65" is_pre_election: true
I20260601 13:37:28.603045 16720 tablet_service.cc:1917] Received RequestConsensusVote() RPC: tablet_id: "818da832a4b64be28412761e73201cc9" candidate_uuid: "d8fad4aec7ea436981ba319ba6cf75ed" candidate_term: 1 candidate_status { last_received { term: 0 index: 0 } } ignore_live_leader: false dest_uuid: "d953a8eaa7c349fba2be4dd39ac15788" is_pre_election: true
I20260601 13:37:28.603119 16646 raft_consensus.cc:2468] T 818da832a4b64be28412761e73201cc9 P 96d54120f7544769b894a90983e66e65 [term 0 FOLLOWER]: Leader pre-election vote request: Granting yes vote for candidate d8fad4aec7ea436981ba319ba6cf75ed in term 0.
I20260601 13:37:28.603261 16720 raft_consensus.cc:2468] T 818da832a4b64be28412761e73201cc9 P d953a8eaa7c349fba2be4dd39ac15788 [term 0 FOLLOWER]: Leader pre-election vote request: Granting yes vote for candidate d8fad4aec7ea436981ba319ba6cf75ed in term 0.
I20260601 13:37:28.603545 16536 leader_election.cc:304] T 818da832a4b64be28412761e73201cc9 P d8fad4aec7ea436981ba319ba6cf75ed [CANDIDATE]: Term 1 pre-election: Election decided. Result: candidate won. Election summary: received 2 responses out of 3 voters: 2 yes votes; 0 no votes. yes voters: d8fad4aec7ea436981ba319ba6cf75ed, d953a8eaa7c349fba2be4dd39ac15788; no voters: 
I20260601 13:37:28.603780 16790 raft_consensus.cc:2804] T 818da832a4b64be28412761e73201cc9 P d8fad4aec7ea436981ba319ba6cf75ed [term 0 FOLLOWER]: Leader pre-election won for term 1
I20260601 13:37:28.603863 16790 raft_consensus.cc:493] T 818da832a4b64be28412761e73201cc9 P d8fad4aec7ea436981ba319ba6cf75ed [term 0 FOLLOWER]: Starting leader election (no leader contacted us within the election timeout)
I20260601 13:37:28.603924 16790 raft_consensus.cc:3060] T 818da832a4b64be28412761e73201cc9 P d8fad4aec7ea436981ba319ba6cf75ed [term 0 FOLLOWER]: Advancing to term 1
I20260601 13:37:28.604826 16790 raft_consensus.cc:515] T 818da832a4b64be28412761e73201cc9 P d8fad4aec7ea436981ba319ba6cf75ed [term 1 FOLLOWER]: Starting leader election with config: opid_index: -1 OBSOLETE_local: false peers { permanent_uuid: "d8fad4aec7ea436981ba319ba6cf75ed" member_type: VOTER last_known_addr { host: "127.13.159.65" port: 34413 } } peers { permanent_uuid: "96d54120f7544769b894a90983e66e65" member_type: VOTER last_known_addr { host: "127.13.159.66" port: 35213 } } peers { permanent_uuid: "d953a8eaa7c349fba2be4dd39ac15788" member_type: VOTER last_known_addr { host: "127.13.159.67" port: 42097 } }
I20260601 13:37:28.605160 16790 leader_election.cc:290] T 818da832a4b64be28412761e73201cc9 P d8fad4aec7ea436981ba319ba6cf75ed [CANDIDATE]: Term 1 election: Requested vote from peers 96d54120f7544769b894a90983e66e65 (127.13.159.66:35213), d953a8eaa7c349fba2be4dd39ac15788 (127.13.159.67:42097)
I20260601 13:37:28.605516 16646 tablet_service.cc:1917] Received RequestConsensusVote() RPC: tablet_id: "818da832a4b64be28412761e73201cc9" candidate_uuid: "d8fad4aec7ea436981ba319ba6cf75ed" candidate_term: 1 candidate_status { last_received { term: 0 index: 0 } } ignore_live_leader: false dest_uuid: "96d54120f7544769b894a90983e66e65"
I20260601 13:37:28.605623 16646 raft_consensus.cc:3060] T 818da832a4b64be28412761e73201cc9 P 96d54120f7544769b894a90983e66e65 [term 0 FOLLOWER]: Advancing to term 1
I20260601 13:37:28.605599 16720 tablet_service.cc:1917] Received RequestConsensusVote() RPC: tablet_id: "818da832a4b64be28412761e73201cc9" candidate_uuid: "d8fad4aec7ea436981ba319ba6cf75ed" candidate_term: 1 candidate_status { last_received { term: 0 index: 0 } } ignore_live_leader: false dest_uuid: "d953a8eaa7c349fba2be4dd39ac15788"
I20260601 13:37:28.605814 16720 raft_consensus.cc:3060] T 818da832a4b64be28412761e73201cc9 P d953a8eaa7c349fba2be4dd39ac15788 [term 0 FOLLOWER]: Advancing to term 1
I20260601 13:37:28.606465 16646 raft_consensus.cc:2468] T 818da832a4b64be28412761e73201cc9 P 96d54120f7544769b894a90983e66e65 [term 1 FOLLOWER]: Leader election vote request: Granting yes vote for candidate d8fad4aec7ea436981ba319ba6cf75ed in term 1.
I20260601 13:37:28.606643 16720 raft_consensus.cc:2468] T 818da832a4b64be28412761e73201cc9 P d953a8eaa7c349fba2be4dd39ac15788 [term 1 FOLLOWER]: Leader election vote request: Granting yes vote for candidate d8fad4aec7ea436981ba319ba6cf75ed in term 1.
I20260601 13:37:28.606989 16536 leader_election.cc:304] T 818da832a4b64be28412761e73201cc9 P d8fad4aec7ea436981ba319ba6cf75ed [CANDIDATE]: Term 1 election: Election decided. Result: candidate won. Election summary: received 2 responses out of 3 voters: 2 yes votes; 0 no votes. yes voters: d8fad4aec7ea436981ba319ba6cf75ed, d953a8eaa7c349fba2be4dd39ac15788; no voters: 
I20260601 13:37:28.607197 16790 raft_consensus.cc:2804] T 818da832a4b64be28412761e73201cc9 P d8fad4aec7ea436981ba319ba6cf75ed [term 1 FOLLOWER]: Leader election won for term 1
I20260601 13:37:28.607306 16790 raft_consensus.cc:697] T 818da832a4b64be28412761e73201cc9 P d8fad4aec7ea436981ba319ba6cf75ed [term 1 LEADER]: Becoming Leader. State: Replica: d8fad4aec7ea436981ba319ba6cf75ed, State: Running, Role: LEADER
I20260601 13:37:28.607439 16790 consensus_queue.cc:237] T 818da832a4b64be28412761e73201cc9 P d8fad4aec7ea436981ba319ba6cf75ed [LEADER]: Queue going to LEADER mode. State: All replicated index: 0, Majority replicated index: 0, Committed index: 0, Last appended: 0.0, Last appended by leader: 0, Current term: 1, Majority size: 2, State: 0, Mode: LEADER, active raft config: opid_index: -1 OBSOLETE_local: false peers { permanent_uuid: "d8fad4aec7ea436981ba319ba6cf75ed" member_type: VOTER last_known_addr { host: "127.13.159.65" port: 34413 } } peers { permanent_uuid: "96d54120f7544769b894a90983e66e65" member_type: VOTER last_known_addr { host: "127.13.159.66" port: 35213 } } peers { permanent_uuid: "d953a8eaa7c349fba2be4dd39ac15788" member_type: VOTER last_known_addr { host: "127.13.159.67" port: 42097 } }
I20260601 13:37:28.609004 16466 catalog_manager.cc:5696] T 818da832a4b64be28412761e73201cc9 P d8fad4aec7ea436981ba319ba6cf75ed reported cstate change: term changed from 0 to 1, leader changed from <none> to d8fad4aec7ea436981ba319ba6cf75ed (127.13.159.65). New cstate: current_term: 1 leader_uuid: "d8fad4aec7ea436981ba319ba6cf75ed" committed_config { opid_index: -1 OBSOLETE_local: false peers { permanent_uuid: "d8fad4aec7ea436981ba319ba6cf75ed" member_type: VOTER last_known_addr { host: "127.13.159.65" port: 34413 } health_report { overall_health: HEALTHY } } peers { permanent_uuid: "96d54120f7544769b894a90983e66e65" member_type: VOTER last_known_addr { host: "127.13.159.66" port: 35213 } health_report { overall_health: UNKNOWN } } peers { permanent_uuid: "d953a8eaa7c349fba2be4dd39ac15788" member_type: VOTER last_known_addr { host: "127.13.159.67" port: 42097 } health_report { overall_health: UNKNOWN } } }
W20260601 13:37:28.617654 16597 tablet.cc:2404] T 58959ebb96e44612b4bd4c351cc1775b P d8fad4aec7ea436981ba319ba6cf75ed: Can't schedule compaction. Clean time has not been advanced past its initial value.
I20260601 13:37:28.704365 16791 raft_consensus.cc:493] T 58959ebb96e44612b4bd4c351cc1775b P 96d54120f7544769b894a90983e66e65 [term 0 FOLLOWER]: Starting pre-election (no leader contacted us within the election timeout)
I20260601 13:37:28.704505 16791 raft_consensus.cc:515] T 58959ebb96e44612b4bd4c351cc1775b P 96d54120f7544769b894a90983e66e65 [term 0 FOLLOWER]: Starting pre-election with config: opid_index: -1 OBSOLETE_local: false peers { permanent_uuid: "d8fad4aec7ea436981ba319ba6cf75ed" member_type: VOTER last_known_addr { host: "127.13.159.65" port: 34413 } } peers { permanent_uuid: "96d54120f7544769b894a90983e66e65" member_type: VOTER last_known_addr { host: "127.13.159.66" port: 35213 } } peers { permanent_uuid: "d953a8eaa7c349fba2be4dd39ac15788" member_type: VOTER last_known_addr { host: "127.13.159.67" port: 42097 } }
I20260601 13:37:28.704964 16791 leader_election.cc:290] T 58959ebb96e44612b4bd4c351cc1775b P 96d54120f7544769b894a90983e66e65 [CANDIDATE]: Term 1 pre-election: Requested pre-vote from peers d8fad4aec7ea436981ba319ba6cf75ed (127.13.159.65:34413), d953a8eaa7c349fba2be4dd39ac15788 (127.13.159.67:42097)
I20260601 13:37:28.705569 16570 tablet_service.cc:1917] Received RequestConsensusVote() RPC: tablet_id: "58959ebb96e44612b4bd4c351cc1775b" candidate_uuid: "96d54120f7544769b894a90983e66e65" candidate_term: 1 candidate_status { last_received { term: 0 index: 0 } } ignore_live_leader: false dest_uuid: "d8fad4aec7ea436981ba319ba6cf75ed" is_pre_election: true
I20260601 13:37:28.705569 16720 tablet_service.cc:1917] Received RequestConsensusVote() RPC: tablet_id: "58959ebb96e44612b4bd4c351cc1775b" candidate_uuid: "96d54120f7544769b894a90983e66e65" candidate_term: 1 candidate_status { last_received { term: 0 index: 0 } } ignore_live_leader: false dest_uuid: "d953a8eaa7c349fba2be4dd39ac15788" is_pre_election: true
I20260601 13:37:28.705801 16570 raft_consensus.cc:2468] T 58959ebb96e44612b4bd4c351cc1775b P d8fad4aec7ea436981ba319ba6cf75ed [term 0 FOLLOWER]: Leader pre-election vote request: Granting yes vote for candidate 96d54120f7544769b894a90983e66e65 in term 0.
I20260601 13:37:28.705833 16720 raft_consensus.cc:2468] T 58959ebb96e44612b4bd4c351cc1775b P d953a8eaa7c349fba2be4dd39ac15788 [term 0 FOLLOWER]: Leader pre-election vote request: Granting yes vote for candidate 96d54120f7544769b894a90983e66e65 in term 0.
I20260601 13:37:28.706104 16612 leader_election.cc:304] T 58959ebb96e44612b4bd4c351cc1775b P 96d54120f7544769b894a90983e66e65 [CANDIDATE]: Term 1 pre-election: Election decided. Result: candidate won. Election summary: received 2 responses out of 3 voters: 2 yes votes; 0 no votes. yes voters: 96d54120f7544769b894a90983e66e65, d8fad4aec7ea436981ba319ba6cf75ed; no voters: 
I20260601 13:37:28.706310 16791 raft_consensus.cc:2804] T 58959ebb96e44612b4bd4c351cc1775b P 96d54120f7544769b894a90983e66e65 [term 0 FOLLOWER]: Leader pre-election won for term 1
I20260601 13:37:28.706375 16791 raft_consensus.cc:493] T 58959ebb96e44612b4bd4c351cc1775b P 96d54120f7544769b894a90983e66e65 [term 0 FOLLOWER]: Starting leader election (no leader contacted us within the election timeout)
I20260601 13:37:28.706403 16791 raft_consensus.cc:3060] T 58959ebb96e44612b4bd4c351cc1775b P 96d54120f7544769b894a90983e66e65 [term 0 FOLLOWER]: Advancing to term 1
I20260601 13:37:28.707459 16791 raft_consensus.cc:515] T 58959ebb96e44612b4bd4c351cc1775b P 96d54120f7544769b894a90983e66e65 [term 1 FOLLOWER]: Starting leader election with config: opid_index: -1 OBSOLETE_local: false peers { permanent_uuid: "d8fad4aec7ea436981ba319ba6cf75ed" member_type: VOTER last_known_addr { host: "127.13.159.65" port: 34413 } } peers { permanent_uuid: "96d54120f7544769b894a90983e66e65" member_type: VOTER last_known_addr { host: "127.13.159.66" port: 35213 } } peers { permanent_uuid: "d953a8eaa7c349fba2be4dd39ac15788" member_type: VOTER last_known_addr { host: "127.13.159.67" port: 42097 } }
I20260601 13:37:28.707810 16791 leader_election.cc:290] T 58959ebb96e44612b4bd4c351cc1775b P 96d54120f7544769b894a90983e66e65 [CANDIDATE]: Term 1 election: Requested vote from peers d8fad4aec7ea436981ba319ba6cf75ed (127.13.159.65:34413), d953a8eaa7c349fba2be4dd39ac15788 (127.13.159.67:42097)
I20260601 13:37:28.708251 16570 tablet_service.cc:1917] Received RequestConsensusVote() RPC: tablet_id: "58959ebb96e44612b4bd4c351cc1775b" candidate_uuid: "96d54120f7544769b894a90983e66e65" candidate_term: 1 candidate_status { last_received { term: 0 index: 0 } } ignore_live_leader: false dest_uuid: "d8fad4aec7ea436981ba319ba6cf75ed"
I20260601 13:37:28.708335 16720 tablet_service.cc:1917] Received RequestConsensusVote() RPC: tablet_id: "58959ebb96e44612b4bd4c351cc1775b" candidate_uuid: "96d54120f7544769b894a90983e66e65" candidate_term: 1 candidate_status { last_received { term: 0 index: 0 } } ignore_live_leader: false dest_uuid: "d953a8eaa7c349fba2be4dd39ac15788"
I20260601 13:37:28.708387 16570 raft_consensus.cc:3060] T 58959ebb96e44612b4bd4c351cc1775b P d8fad4aec7ea436981ba319ba6cf75ed [term 0 FOLLOWER]: Advancing to term 1
I20260601 13:37:28.708480 16720 raft_consensus.cc:3060] T 58959ebb96e44612b4bd4c351cc1775b P d953a8eaa7c349fba2be4dd39ac15788 [term 0 FOLLOWER]: Advancing to term 1
I20260601 13:37:28.709275 16570 raft_consensus.cc:2468] T 58959ebb96e44612b4bd4c351cc1775b P d8fad4aec7ea436981ba319ba6cf75ed [term 1 FOLLOWER]: Leader election vote request: Granting yes vote for candidate 96d54120f7544769b894a90983e66e65 in term 1.
I20260601 13:37:28.709342 16720 raft_consensus.cc:2468] T 58959ebb96e44612b4bd4c351cc1775b P d953a8eaa7c349fba2be4dd39ac15788 [term 1 FOLLOWER]: Leader election vote request: Granting yes vote for candidate 96d54120f7544769b894a90983e66e65 in term 1.
I20260601 13:37:28.709589 16612 leader_election.cc:304] T 58959ebb96e44612b4bd4c351cc1775b P 96d54120f7544769b894a90983e66e65 [CANDIDATE]: Term 1 election: Election decided. Result: candidate won. Election summary: received 2 responses out of 3 voters: 2 yes votes; 0 no votes. yes voters: 96d54120f7544769b894a90983e66e65, d8fad4aec7ea436981ba319ba6cf75ed; no voters: 
I20260601 13:37:28.709818 16791 raft_consensus.cc:2804] T 58959ebb96e44612b4bd4c351cc1775b P 96d54120f7544769b894a90983e66e65 [term 1 FOLLOWER]: Leader election won for term 1
I20260601 13:37:28.709896 16791 raft_consensus.cc:697] T 58959ebb96e44612b4bd4c351cc1775b P 96d54120f7544769b894a90983e66e65 [term 1 LEADER]: Becoming Leader. State: Replica: 96d54120f7544769b894a90983e66e65, State: Running, Role: LEADER
I20260601 13:37:28.710107 16791 consensus_queue.cc:237] T 58959ebb96e44612b4bd4c351cc1775b P 96d54120f7544769b894a90983e66e65 [LEADER]: Queue going to LEADER mode. State: All replicated index: 0, Majority replicated index: 0, Committed index: 0, Last appended: 0.0, Last appended by leader: 0, Current term: 1, Majority size: 2, State: 0, Mode: LEADER, active raft config: opid_index: -1 OBSOLETE_local: false peers { permanent_uuid: "d8fad4aec7ea436981ba319ba6cf75ed" member_type: VOTER last_known_addr { host: "127.13.159.65" port: 34413 } } peers { permanent_uuid: "96d54120f7544769b894a90983e66e65" member_type: VOTER last_known_addr { host: "127.13.159.66" port: 35213 } } peers { permanent_uuid: "d953a8eaa7c349fba2be4dd39ac15788" member_type: VOTER last_known_addr { host: "127.13.159.67" port: 42097 } }
I20260601 13:37:28.711825 16466 catalog_manager.cc:5696] T 58959ebb96e44612b4bd4c351cc1775b P 96d54120f7544769b894a90983e66e65 reported cstate change: term changed from 0 to 1, leader changed from <none> to 96d54120f7544769b894a90983e66e65 (127.13.159.66). New cstate: current_term: 1 leader_uuid: "96d54120f7544769b894a90983e66e65" committed_config { opid_index: -1 OBSOLETE_local: false peers { permanent_uuid: "d8fad4aec7ea436981ba319ba6cf75ed" member_type: VOTER last_known_addr { host: "127.13.159.65" port: 34413 } health_report { overall_health: UNKNOWN } } peers { permanent_uuid: "96d54120f7544769b894a90983e66e65" member_type: VOTER last_known_addr { host: "127.13.159.66" port: 35213 } health_report { overall_health: HEALTHY } } peers { permanent_uuid: "d953a8eaa7c349fba2be4dd39ac15788" member_type: VOTER last_known_addr { host: "127.13.159.67" port: 42097 } health_report { overall_health: UNKNOWN } } }
I20260601 13:37:28.772555 13949 tablet_server.cc:179] TabletServer@127.13.159.65:0 shutting down...
I20260601 13:37:28.776612 13949 ts_tablet_manager.cc:1507] Shutting down tablet manager...
I20260601 13:37:28.776892 13949 tablet_replica.cc:333] T c32a6e60d6e84e76bcc661e9696af5bf P d8fad4aec7ea436981ba319ba6cf75ed: stopping tablet replica
I20260601 13:37:28.777014 13949 raft_consensus.cc:2243] T c32a6e60d6e84e76bcc661e9696af5bf P d8fad4aec7ea436981ba319ba6cf75ed [term 1 LEADER]: Raft consensus shutting down.
I20260601 13:37:28.777146 13949 pending_rounds.cc:70] T c32a6e60d6e84e76bcc661e9696af5bf P d8fad4aec7ea436981ba319ba6cf75ed: Trying to abort 1 pending ops.
I20260601 13:37:28.777171 13949 pending_rounds.cc:77] T c32a6e60d6e84e76bcc661e9696af5bf P d8fad4aec7ea436981ba319ba6cf75ed: Aborting op as it isn't in flight: id { term: 1 index: 1 } timestamp: 7292195014885220352 op_type: NO_OP noop_request { }
I20260601 13:37:28.777231 13949 raft_consensus.cc:2889] T c32a6e60d6e84e76bcc661e9696af5bf P d8fad4aec7ea436981ba319ba6cf75ed [term 1 LEADER]: NO_OP replication failed: Aborted: Op aborted
I20260601 13:37:28.777273 13949 raft_consensus.cc:2272] T c32a6e60d6e84e76bcc661e9696af5bf P d8fad4aec7ea436981ba319ba6cf75ed [term 1 FOLLOWER]: Raft consensus is shut down!
I20260601 13:37:28.777915 13949 tablet_replica.cc:333] T 818da832a4b64be28412761e73201cc9 P d8fad4aec7ea436981ba319ba6cf75ed: stopping tablet replica
I20260601 13:37:28.778048 13949 raft_consensus.cc:2243] T 818da832a4b64be28412761e73201cc9 P d8fad4aec7ea436981ba319ba6cf75ed [term 1 LEADER]: Raft consensus shutting down.
I20260601 13:37:28.778204 13949 pending_rounds.cc:70] T 818da832a4b64be28412761e73201cc9 P d8fad4aec7ea436981ba319ba6cf75ed: Trying to abort 1 pending ops.
I20260601 13:37:28.778252 13949 pending_rounds.cc:77] T 818da832a4b64be28412761e73201cc9 P d8fad4aec7ea436981ba319ba6cf75ed: Aborting op as it isn't in flight: id { term: 1 index: 1 } timestamp: 7292195015097638912 op_type: NO_OP noop_request { }
I20260601 13:37:28.778334 13949 raft_consensus.cc:2889] T 818da832a4b64be28412761e73201cc9 P d8fad4aec7ea436981ba319ba6cf75ed [term 1 LEADER]: NO_OP replication failed: Aborted: Op aborted
I20260601 13:37:28.778393 13949 raft_consensus.cc:2272] T 818da832a4b64be28412761e73201cc9 P d8fad4aec7ea436981ba319ba6cf75ed [term 1 FOLLOWER]: Raft consensus is shut down!
I20260601 13:37:28.778903 13949 tablet_replica.cc:333] T 921998c689f7469eb35a74396345ff25 P d8fad4aec7ea436981ba319ba6cf75ed: stopping tablet replica
I20260601 13:37:28.779016 13949 raft_consensus.cc:2243] T 921998c689f7469eb35a74396345ff25 P d8fad4aec7ea436981ba319ba6cf75ed [term 1 FOLLOWER]: Raft consensus shutting down.
I20260601 13:37:28.779130 13949 raft_consensus.cc:2272] T 921998c689f7469eb35a74396345ff25 P d8fad4aec7ea436981ba319ba6cf75ed [term 1 FOLLOWER]: Raft consensus is shut down!
I20260601 13:37:28.779493 13949 tablet_replica.cc:333] T 58959ebb96e44612b4bd4c351cc1775b P d8fad4aec7ea436981ba319ba6cf75ed: stopping tablet replica
I20260601 13:37:28.779599 13949 raft_consensus.cc:2243] T 58959ebb96e44612b4bd4c351cc1775b P d8fad4aec7ea436981ba319ba6cf75ed [term 1 FOLLOWER]: Raft consensus shutting down.
I20260601 13:37:28.779717 13949 raft_consensus.cc:2272] T 58959ebb96e44612b4bd4c351cc1775b P d8fad4aec7ea436981ba319ba6cf75ed [term 1 FOLLOWER]: Raft consensus is shut down!
I20260601 13:37:28.793147 13949 tablet_server.cc:196] TabletServer@127.13.159.65:0 shutdown complete.
I20260601 13:37:28.795518 13949 tablet_server.cc:179] TabletServer@127.13.159.66:0 shutting down...
I20260601 13:37:28.800031 13949 ts_tablet_manager.cc:1507] Shutting down tablet manager...
I20260601 13:37:28.800292 13949 tablet_replica.cc:333] T 58959ebb96e44612b4bd4c351cc1775b P 96d54120f7544769b894a90983e66e65: stopping tablet replica
I20260601 13:37:28.800422 13949 raft_consensus.cc:2243] T 58959ebb96e44612b4bd4c351cc1775b P 96d54120f7544769b894a90983e66e65 [term 1 LEADER]: Raft consensus shutting down.
I20260601 13:37:28.800561 13949 pending_rounds.cc:70] T 58959ebb96e44612b4bd4c351cc1775b P 96d54120f7544769b894a90983e66e65: Trying to abort 1 pending ops.
I20260601 13:37:28.800586 13949 pending_rounds.cc:77] T 58959ebb96e44612b4bd4c351cc1775b P 96d54120f7544769b894a90983e66e65: Aborting op as it isn't in flight: id { term: 1 index: 1 } timestamp: 7292195015518380032 op_type: NO_OP noop_request { }
I20260601 13:37:28.800647 13949 raft_consensus.cc:2889] T 58959ebb96e44612b4bd4c351cc1775b P 96d54120f7544769b894a90983e66e65 [term 1 LEADER]: NO_OP replication failed: Aborted: Op aborted
I20260601 13:37:28.800690 13949 raft_consensus.cc:2272] T 58959ebb96e44612b4bd4c351cc1775b P 96d54120f7544769b894a90983e66e65 [term 1 FOLLOWER]: Raft consensus is shut down!
I20260601 13:37:28.801316 13949 tablet_replica.cc:333] T 818da832a4b64be28412761e73201cc9 P 96d54120f7544769b894a90983e66e65: stopping tablet replica
I20260601 13:37:28.801409 13949 raft_consensus.cc:2243] T 818da832a4b64be28412761e73201cc9 P 96d54120f7544769b894a90983e66e65 [term 1 FOLLOWER]: Raft consensus shutting down.
I20260601 13:37:28.801487 13949 raft_consensus.cc:2272] T 818da832a4b64be28412761e73201cc9 P 96d54120f7544769b894a90983e66e65 [term 1 FOLLOWER]: Raft consensus is shut down!
I20260601 13:37:28.801802 13949 tablet_replica.cc:333] T 921998c689f7469eb35a74396345ff25 P 96d54120f7544769b894a90983e66e65: stopping tablet replica
I20260601 13:37:28.801868 13949 raft_consensus.cc:2243] T 921998c689f7469eb35a74396345ff25 P 96d54120f7544769b894a90983e66e65 [term 1 LEADER]: Raft consensus shutting down.
I20260601 13:37:28.801963 13949 pending_rounds.cc:70] T 921998c689f7469eb35a74396345ff25 P 96d54120f7544769b894a90983e66e65: Trying to abort 1 pending ops.
I20260601 13:37:28.801990 13949 pending_rounds.cc:77] T 921998c689f7469eb35a74396345ff25 P 96d54120f7544769b894a90983e66e65: Aborting op as it isn't in flight: id { term: 1 index: 1 } timestamp: 7292195014886944768 op_type: NO_OP noop_request { }
I20260601 13:37:28.802032 13949 raft_consensus.cc:2889] T 921998c689f7469eb35a74396345ff25 P 96d54120f7544769b894a90983e66e65 [term 1 LEADER]: NO_OP replication failed: Aborted: Op aborted
I20260601 13:37:28.802071 13949 raft_consensus.cc:2272] T 921998c689f7469eb35a74396345ff25 P 96d54120f7544769b894a90983e66e65 [term 1 FOLLOWER]: Raft consensus is shut down!
I20260601 13:37:28.802480 13949 tablet_replica.cc:333] T c32a6e60d6e84e76bcc661e9696af5bf P 96d54120f7544769b894a90983e66e65: stopping tablet replica
I20260601 13:37:28.802546 13949 raft_consensus.cc:2243] T c32a6e60d6e84e76bcc661e9696af5bf P 96d54120f7544769b894a90983e66e65 [term 1 FOLLOWER]: Raft consensus shutting down.
I20260601 13:37:28.802610 13949 raft_consensus.cc:2272] T c32a6e60d6e84e76bcc661e9696af5bf P 96d54120f7544769b894a90983e66e65 [term 1 FOLLOWER]: Raft consensus is shut down!
I20260601 13:37:28.815827 13949 tablet_server.cc:196] TabletServer@127.13.159.66:0 shutdown complete.
I20260601 13:37:28.818012 13949 tablet_server.cc:179] TabletServer@127.13.159.67:0 shutting down...
I20260601 13:37:28.821996 13949 ts_tablet_manager.cc:1507] Shutting down tablet manager...
I20260601 13:37:28.822328 13949 tablet_replica.cc:333] T 818da832a4b64be28412761e73201cc9 P d953a8eaa7c349fba2be4dd39ac15788: stopping tablet replica
I20260601 13:37:28.822499 13949 raft_consensus.cc:2243] T 818da832a4b64be28412761e73201cc9 P d953a8eaa7c349fba2be4dd39ac15788 [term 1 FOLLOWER]: Raft consensus shutting down.
I20260601 13:37:28.822640 13949 raft_consensus.cc:2272] T 818da832a4b64be28412761e73201cc9 P d953a8eaa7c349fba2be4dd39ac15788 [term 1 FOLLOWER]: Raft consensus is shut down!
I20260601 13:37:28.823110 13949 tablet_replica.cc:333] T 58959ebb96e44612b4bd4c351cc1775b P d953a8eaa7c349fba2be4dd39ac15788: stopping tablet replica
I20260601 13:37:28.823216 13949 raft_consensus.cc:2243] T 58959ebb96e44612b4bd4c351cc1775b P d953a8eaa7c349fba2be4dd39ac15788 [term 1 FOLLOWER]: Raft consensus shutting down.
I20260601 13:37:28.823318 13949 raft_consensus.cc:2272] T 58959ebb96e44612b4bd4c351cc1775b P d953a8eaa7c349fba2be4dd39ac15788 [term 1 FOLLOWER]: Raft consensus is shut down!
I20260601 13:37:28.823711 13949 tablet_replica.cc:333] T 921998c689f7469eb35a74396345ff25 P d953a8eaa7c349fba2be4dd39ac15788: stopping tablet replica
I20260601 13:37:28.823813 13949 raft_consensus.cc:2243] T 921998c689f7469eb35a74396345ff25 P d953a8eaa7c349fba2be4dd39ac15788 [term 1 FOLLOWER]: Raft consensus shutting down.
I20260601 13:37:28.823908 13949 raft_consensus.cc:2272] T 921998c689f7469eb35a74396345ff25 P d953a8eaa7c349fba2be4dd39ac15788 [term 1 FOLLOWER]: Raft consensus is shut down!
I20260601 13:37:28.824302 13949 tablet_replica.cc:333] T c32a6e60d6e84e76bcc661e9696af5bf P d953a8eaa7c349fba2be4dd39ac15788: stopping tablet replica
I20260601 13:37:28.824465 13949 raft_consensus.cc:2243] T c32a6e60d6e84e76bcc661e9696af5bf P d953a8eaa7c349fba2be4dd39ac15788 [term 1 FOLLOWER]: Raft consensus shutting down.
I20260601 13:37:28.824576 13949 raft_consensus.cc:2272] T c32a6e60d6e84e76bcc661e9696af5bf P d953a8eaa7c349fba2be4dd39ac15788 [term 1 FOLLOWER]: Raft consensus is shut down!
I20260601 13:37:28.837752 13949 tablet_server.cc:196] TabletServer@127.13.159.67:0 shutdown complete.
I20260601 13:37:28.839843 13949 master.cc:562] Master@127.13.159.126:35241 shutting down...
I20260601 13:37:28.843009 13949 raft_consensus.cc:2243] T 00000000000000000000000000000000 P f6af2e5f692f4c1f8d71362c7d2e416a [term 1 LEADER]: Raft consensus shutting down.
I20260601 13:37:28.843182 13949 raft_consensus.cc:2272] T 00000000000000000000000000000000 P f6af2e5f692f4c1f8d71362c7d2e416a [term 1 FOLLOWER]: Raft consensus is shut down!
I20260601 13:37:28.843267 13949 tablet_replica.cc:333] T 00000000000000000000000000000000 P f6af2e5f692f4c1f8d71362c7d2e416a: stopping tablet replica
I20260601 13:37:28.845981 13949 master.cc:584] Master@127.13.159.126:35241 shutdown complete.
[       OK ] AutoRebalancerTest.RangeAwareBuildClusterInfoGroupsByRange (1563 ms)
[ RUN      ] AutoRebalancerTest.RangeAwareRebalancesNewRangeReplicas
I20260601 13:37:28.853860 13949 internal_mini_cluster.cc:156] Creating distributed mini masters. Addrs: 127.13.159.126:35819
I20260601 13:37:28.854225 13949 file_cache.cc:492] Constructed file cache file cache with capacity 419430
W20260601 13:37:28.856221 16800 instance_detector.cc:116] could not retrieve OpenStack instance metadata: Network error: curl error: HTTP response code said error: The requested URL returned error: 404
I20260601 13:37:28.856372 13949 server_base.cc:1061] running on GCE node
W20260601 13:37:28.856377 16798 instance_detector.cc:116] could not retrieve Azure instance metadata: Network error: curl error: HTTP response code said error: The requested URL returned error: 404
W20260601 13:37:28.856415 16797 instance_detector.cc:116] could not retrieve AWS instance metadata: Network error: curl error: HTTP response code said error: The requested URL returned error: 404
I20260601 13:37:28.856801 13949 hybrid_clock.cc:584] initializing the hybrid clock with 'system_unsync' time source
W20260601 13:37:28.856853 13949 system_unsync_time.cc:38] NTP support is disabled. Clock error bounds will not be accurate. This configuration is not suitable for distributed clusters.
I20260601 13:37:28.856868 13949 hybrid_clock.cc:648] HybridClock initialized: now 1780321048856868 us; error 0 us; skew 500 ppm
I20260601 13:37:28.857532 13949 webserver.cc:533] Webserver started at http://127.13.159.126:33411/ using document root <none> and password file <none>
I20260601 13:37:28.857704 13949 fs_manager.cc:362] Metadata directory not provided
I20260601 13:37:28.857748 13949 fs_manager.cc:368] Using write-ahead log directory (fs_wal_dir) as metadata directory
I20260601 13:37:28.857800 13949 server_base.cc:909] This appears to be a new deployment of Kudu; creating new FS layout
I20260601 13:37:28.858140 13949 fs_manager.cc:1068] Generated new instance metadata in path /tmp/dist-test-taskOLgmCL/test-tmp/auto_rebalancer-test.0.AutoRebalancerTest.RangeAwareRebalancesNewRangeReplicas.1780320979766785-13949-0/minicluster-data/master-0-root/instance:
uuid: "e28d4d2a9d3348fe8478d9f52fb312a2"
format_stamp: "Formatted at 2026-06-01 13:37:28 on dist-test-slave-838p"
I20260601 13:37:28.859491 13949 fs_manager.cc:696] Time spent creating directory manager: real 0.001s	user 0.002s	sys 0.000s
I20260601 13:37:28.860308 16805 log_block_manager.cc:4031] Time spent loading block containers with low live blocks: real 0.000s	user 0.000s	sys 0.000s
I20260601 13:37:28.860545 13949 fs_manager.cc:730] Time spent opening block manager: real 0.001s	user 0.001s	sys 0.000s
I20260601 13:37:28.860602 13949 fs_manager.cc:647] Opened local filesystem: /tmp/dist-test-taskOLgmCL/test-tmp/auto_rebalancer-test.0.AutoRebalancerTest.RangeAwareRebalancesNewRangeReplicas.1780320979766785-13949-0/minicluster-data/master-0-root
uuid: "e28d4d2a9d3348fe8478d9f52fb312a2"
format_stamp: "Formatted at 2026-06-01 13:37:28 on dist-test-slave-838p"
I20260601 13:37:28.860707 13949 fs_report.cc:389] FS layout report
--------------------
wal directory: /tmp/dist-test-taskOLgmCL/test-tmp/auto_rebalancer-test.0.AutoRebalancerTest.RangeAwareRebalancesNewRangeReplicas.1780320979766785-13949-0/minicluster-data/master-0-root
metadata directory: /tmp/dist-test-taskOLgmCL/test-tmp/auto_rebalancer-test.0.AutoRebalancerTest.RangeAwareRebalancesNewRangeReplicas.1780320979766785-13949-0/minicluster-data/master-0-root
1 data directories: /tmp/dist-test-taskOLgmCL/test-tmp/auto_rebalancer-test.0.AutoRebalancerTest.RangeAwareRebalancesNewRangeReplicas.1780320979766785-13949-0/minicluster-data/master-0-root/data
Total live blocks: 0
Total live bytes: 0
Total live bytes (after alignment): 0
Total number of LBM containers: 0 (0 full)
Did not check for missing blocks
Did not check for orphaned blocks
Total full LBM containers with extra space: 0 (0 repaired)
Total full LBM container extra space in bytes: 0 (0 repaired)
Total incomplete LBM containers: 0 (0 repaired)
Total LBM partial records: 0 (0 repaired)
Total corrupted LBM metadata records in RocksDB: 0 (0 repaired)
I20260601 13:37:28.869969 13949 rpc_server.cc:225] running with OpenSSL 1.1.1  11 Sep 2018
I20260601 13:37:28.870280 13949 kserver.cc:163] Server-wide thread pool size limit: 3276
I20260601 13:37:28.874657 13949 rpc_server.cc:307] RPC server started. Bound to: 127.13.159.126:35819
I20260601 13:37:28.878027 16857 acceptor_pool.cc:272] collecting diagnostics on the listening RPC socket 127.13.159.126:35819 every 8 connection(s)
I20260601 13:37:28.878466 16858 data_dirs.cc:400] Could only allocate 1 dirs of requested 3 for tablet 00000000000000000000000000000000. 1 dirs total, 0 dirs full, 0 dirs failed
I20260601 13:37:28.880170 16858 tablet_bootstrap.cc:492] T 00000000000000000000000000000000 P e28d4d2a9d3348fe8478d9f52fb312a2: Bootstrap starting.
I20260601 13:37:28.881055 16858 tablet_bootstrap.cc:654] T 00000000000000000000000000000000 P e28d4d2a9d3348fe8478d9f52fb312a2: Neither blocks nor log segments found. Creating new log.
I20260601 13:37:28.882189 16858 tablet_bootstrap.cc:492] T 00000000000000000000000000000000 P e28d4d2a9d3348fe8478d9f52fb312a2: No bootstrap required, opened a new log
I20260601 13:37:28.882606 16858 raft_consensus.cc:359] T 00000000000000000000000000000000 P e28d4d2a9d3348fe8478d9f52fb312a2 [term 0 FOLLOWER]: Replica starting. Triggering 0 pending ops. Active config: opid_index: -1 OBSOLETE_local: true peers { permanent_uuid: "e28d4d2a9d3348fe8478d9f52fb312a2" member_type: VOTER }
I20260601 13:37:28.882743 16858 raft_consensus.cc:385] T 00000000000000000000000000000000 P e28d4d2a9d3348fe8478d9f52fb312a2 [term 0 FOLLOWER]: Consensus starting up: Expiring failure detector timer to make a prompt election more likely
I20260601 13:37:28.882793 16858 raft_consensus.cc:740] T 00000000000000000000000000000000 P e28d4d2a9d3348fe8478d9f52fb312a2 [term 0 FOLLOWER]: Becoming Follower/Learner. State: Replica: e28d4d2a9d3348fe8478d9f52fb312a2, State: Initialized, Role: FOLLOWER
I20260601 13:37:28.882931 16858 consensus_queue.cc:260] T 00000000000000000000000000000000 P e28d4d2a9d3348fe8478d9f52fb312a2 [NON_LEADER]: Queue going to NON_LEADER mode. State: All replicated index: 0, Majority replicated index: 0, Committed index: 0, Last appended: 0.0, Last appended by leader: 0, Current term: 0, Majority size: -1, State: 0, Mode: NON_LEADER, active raft config: opid_index: -1 OBSOLETE_local: true peers { permanent_uuid: "e28d4d2a9d3348fe8478d9f52fb312a2" member_type: VOTER }
I20260601 13:37:28.883023 16858 raft_consensus.cc:399] T 00000000000000000000000000000000 P e28d4d2a9d3348fe8478d9f52fb312a2 [term 0 FOLLOWER]: Only one voter in the Raft config. Triggering election immediately
I20260601 13:37:28.883069 16858 raft_consensus.cc:493] T 00000000000000000000000000000000 P e28d4d2a9d3348fe8478d9f52fb312a2 [term 0 FOLLOWER]: Starting leader election (initial election of a single-replica configuration)
I20260601 13:37:28.883123 16858 raft_consensus.cc:3060] T 00000000000000000000000000000000 P e28d4d2a9d3348fe8478d9f52fb312a2 [term 0 FOLLOWER]: Advancing to term 1
I20260601 13:37:28.883808 16858 raft_consensus.cc:515] T 00000000000000000000000000000000 P e28d4d2a9d3348fe8478d9f52fb312a2 [term 1 FOLLOWER]: Starting leader election with config: opid_index: -1 OBSOLETE_local: true peers { permanent_uuid: "e28d4d2a9d3348fe8478d9f52fb312a2" member_type: VOTER }
I20260601 13:37:28.883957 16858 leader_election.cc:304] T 00000000000000000000000000000000 P e28d4d2a9d3348fe8478d9f52fb312a2 [CANDIDATE]: Term 1 election: Election decided. Result: candidate won. Election summary: received 1 responses out of 1 voters: 1 yes votes; 0 no votes. yes voters: e28d4d2a9d3348fe8478d9f52fb312a2; no voters: 
I20260601 13:37:28.884196 16858 leader_election.cc:290] T 00000000000000000000000000000000 P e28d4d2a9d3348fe8478d9f52fb312a2 [CANDIDATE]: Term 1 election: Requested vote from peers 
I20260601 13:37:28.884279 16861 raft_consensus.cc:2804] T 00000000000000000000000000000000 P e28d4d2a9d3348fe8478d9f52fb312a2 [term 1 FOLLOWER]: Leader election won for term 1
I20260601 13:37:28.884438 16861 raft_consensus.cc:697] T 00000000000000000000000000000000 P e28d4d2a9d3348fe8478d9f52fb312a2 [term 1 LEADER]: Becoming Leader. State: Replica: e28d4d2a9d3348fe8478d9f52fb312a2, State: Running, Role: LEADER
I20260601 13:37:28.884552 16861 consensus_queue.cc:237] T 00000000000000000000000000000000 P e28d4d2a9d3348fe8478d9f52fb312a2 [LEADER]: Queue going to LEADER mode. State: All replicated index: 0, Majority replicated index: 0, Committed index: 0, Last appended: 0.0, Last appended by leader: 0, Current term: 1, Majority size: 1, State: 0, Mode: LEADER, active raft config: opid_index: -1 OBSOLETE_local: true peers { permanent_uuid: "e28d4d2a9d3348fe8478d9f52fb312a2" member_type: VOTER }
I20260601 13:37:28.884647 16858 sys_catalog.cc:565] T 00000000000000000000000000000000 P e28d4d2a9d3348fe8478d9f52fb312a2 [sys.catalog]: configured and running, proceeding with master startup.
I20260601 13:37:28.885004 16862 sys_catalog.cc:455] T 00000000000000000000000000000000 P e28d4d2a9d3348fe8478d9f52fb312a2 [sys.catalog]: SysCatalogTable state changed. Reason: RaftConsensus started. Latest consensus state: current_term: 1 leader_uuid: "e28d4d2a9d3348fe8478d9f52fb312a2" committed_config { opid_index: -1 OBSOLETE_local: true peers { permanent_uuid: "e28d4d2a9d3348fe8478d9f52fb312a2" member_type: VOTER } }
I20260601 13:37:28.885031 16863 sys_catalog.cc:455] T 00000000000000000000000000000000 P e28d4d2a9d3348fe8478d9f52fb312a2 [sys.catalog]: SysCatalogTable state changed. Reason: New leader e28d4d2a9d3348fe8478d9f52fb312a2. Latest consensus state: current_term: 1 leader_uuid: "e28d4d2a9d3348fe8478d9f52fb312a2" committed_config { opid_index: -1 OBSOLETE_local: true peers { permanent_uuid: "e28d4d2a9d3348fe8478d9f52fb312a2" member_type: VOTER } }
I20260601 13:37:28.885159 16862 sys_catalog.cc:458] T 00000000000000000000000000000000 P e28d4d2a9d3348fe8478d9f52fb312a2 [sys.catalog]: This master's current role is: LEADER
I20260601 13:37:28.885178 16863 sys_catalog.cc:458] T 00000000000000000000000000000000 P e28d4d2a9d3348fe8478d9f52fb312a2 [sys.catalog]: This master's current role is: LEADER
I20260601 13:37:28.885823 16867 catalog_manager.cc:1510] Loading table and tablet metadata into memory...
I20260601 13:37:28.886530 16867 catalog_manager.cc:1519] Initializing Kudu cluster ID...
I20260601 13:37:28.886758 13949 internal_mini_cluster.cc:184] Waiting to initialize catalog manager on master 0
I20260601 13:37:28.888449 16867 catalog_manager.cc:1382] Generated new cluster ID: 6167280cf0b54a6eb5ff7844d2ce8671
I20260601 13:37:28.888492 16867 catalog_manager.cc:1530] Initializing Kudu internal certificate authority...
I20260601 13:37:28.903532 16867 catalog_manager.cc:1405] Generated new certificate authority record
I20260601 13:37:28.904083 16867 catalog_manager.cc:1539] Loading token signing keys...
I20260601 13:37:28.916471 16867 catalog_manager.cc:6069] T 00000000000000000000000000000000 P e28d4d2a9d3348fe8478d9f52fb312a2: Generated new TSK 0
I20260601 13:37:28.916630 16867 catalog_manager.cc:1549] Initializing in-progress tserver states...
I20260601 13:37:28.919384 13949 file_cache.cc:492] Constructed file cache file cache with capacity 419430
W20260601 13:37:28.921352 16880 instance_detector.cc:116] could not retrieve Azure instance metadata: Network error: curl error: HTTP response code said error: The requested URL returned error: 404
W20260601 13:37:28.921454 16879 instance_detector.cc:116] could not retrieve AWS instance metadata: Network error: curl error: HTTP response code said error: The requested URL returned error: 404
I20260601 13:37:28.921474 13949 server_base.cc:1061] running on GCE node
W20260601 13:37:28.921453 16882 instance_detector.cc:116] could not retrieve OpenStack instance metadata: Network error: curl error: HTTP response code said error: The requested URL returned error: 404
I20260601 13:37:28.921772 13949 hybrid_clock.cc:584] initializing the hybrid clock with 'system_unsync' time source
W20260601 13:37:28.921833 13949 system_unsync_time.cc:38] NTP support is disabled. Clock error bounds will not be accurate. This configuration is not suitable for distributed clusters.
I20260601 13:37:28.921859 13949 hybrid_clock.cc:648] HybridClock initialized: now 1780321048921857 us; error 0 us; skew 500 ppm
I20260601 13:37:28.922659 13949 webserver.cc:533] Webserver started at http://127.13.159.65:43701/ using document root <none> and password file <none>
I20260601 13:37:28.922829 13949 fs_manager.cc:362] Metadata directory not provided
I20260601 13:37:28.922899 13949 fs_manager.cc:368] Using write-ahead log directory (fs_wal_dir) as metadata directory
I20260601 13:37:28.922977 13949 server_base.cc:909] This appears to be a new deployment of Kudu; creating new FS layout
I20260601 13:37:28.923355 13949 fs_manager.cc:1068] Generated new instance metadata in path /tmp/dist-test-taskOLgmCL/test-tmp/auto_rebalancer-test.0.AutoRebalancerTest.RangeAwareRebalancesNewRangeReplicas.1780320979766785-13949-0/minicluster-data/ts-0-root/instance:
uuid: "4b78ef5cf9934a7790313ae819eaeed4"
format_stamp: "Formatted at 2026-06-01 13:37:28 on dist-test-slave-838p"
I20260601 13:37:28.924888 13949 fs_manager.cc:696] Time spent creating directory manager: real 0.001s	user 0.002s	sys 0.000s
I20260601 13:37:28.925802 16887 log_block_manager.cc:4031] Time spent loading block containers with low live blocks: real 0.000s	user 0.000s	sys 0.000s
I20260601 13:37:28.926067 13949 fs_manager.cc:730] Time spent opening block manager: real 0.001s	user 0.001s	sys 0.000s
I20260601 13:37:28.926157 13949 fs_manager.cc:647] Opened local filesystem: /tmp/dist-test-taskOLgmCL/test-tmp/auto_rebalancer-test.0.AutoRebalancerTest.RangeAwareRebalancesNewRangeReplicas.1780320979766785-13949-0/minicluster-data/ts-0-root
uuid: "4b78ef5cf9934a7790313ae819eaeed4"
format_stamp: "Formatted at 2026-06-01 13:37:28 on dist-test-slave-838p"
I20260601 13:37:28.926244 13949 fs_report.cc:389] FS layout report
--------------------
wal directory: /tmp/dist-test-taskOLgmCL/test-tmp/auto_rebalancer-test.0.AutoRebalancerTest.RangeAwareRebalancesNewRangeReplicas.1780320979766785-13949-0/minicluster-data/ts-0-root
metadata directory: /tmp/dist-test-taskOLgmCL/test-tmp/auto_rebalancer-test.0.AutoRebalancerTest.RangeAwareRebalancesNewRangeReplicas.1780320979766785-13949-0/minicluster-data/ts-0-root
1 data directories: /tmp/dist-test-taskOLgmCL/test-tmp/auto_rebalancer-test.0.AutoRebalancerTest.RangeAwareRebalancesNewRangeReplicas.1780320979766785-13949-0/minicluster-data/ts-0-root/data
Total live blocks: 0
Total live bytes: 0
Total live bytes (after alignment): 0
Total number of LBM containers: 0 (0 full)
Did not check for missing blocks
Did not check for orphaned blocks
Total full LBM containers with extra space: 0 (0 repaired)
Total full LBM container extra space in bytes: 0 (0 repaired)
Total incomplete LBM containers: 0 (0 repaired)
Total LBM partial records: 0 (0 repaired)
Total corrupted LBM metadata records in RocksDB: 0 (0 repaired)
I20260601 13:37:28.938784 13949 rpc_server.cc:225] running with OpenSSL 1.1.1  11 Sep 2018
I20260601 13:37:28.939190 13949 kserver.cc:163] Server-wide thread pool size limit: 3276
I20260601 13:37:28.939502 13949 txn_system_client.cc:432] TxnSystemClient initialization is disabled...
I20260601 13:37:28.939991 13949 ts_tablet_manager.cc:585] Loaded tablet metadata (0 total tablets, 0 live tablets)
I20260601 13:37:28.940109 13949 ts_tablet_manager.cc:531] Time spent load tablet metadata: real 0.000s	user 0.000s	sys 0.000s
I20260601 13:37:28.940225 13949 ts_tablet_manager.cc:616] Registered 0 tablets
I20260601 13:37:28.940284 13949 ts_tablet_manager.cc:595] Time spent register tablets: real 0.000s	user 0.000s	sys 0.000s
I20260601 13:37:28.944831 13949 rpc_server.cc:307] RPC server started. Bound to: 127.13.159.65:46585
I20260601 13:37:28.944861 16950 acceptor_pool.cc:272] collecting diagnostics on the listening RPC socket 127.13.159.65:46585 every 8 connection(s)
I20260601 13:37:28.945757 13949 file_cache.cc:492] Constructed file cache file cache with capacity 419430
W20260601 13:37:28.947755 16958 instance_detector.cc:116] could not retrieve OpenStack instance metadata: Network error: curl error: HTTP response code said error: The requested URL returned error: 404
