I20260601 13:38:02.314173  1386 raft_consensus.cc:3060] T 5fc74dab2a384b3ab93b759618a95523 P 5cea72e111d7401ea76388370532e93a [term 0 FOLLOWER]: Advancing to term 1
I20260601 13:38:02.314247  1480 raft_consensus.cc:2804] T 5fc74dab2a384b3ab93b759618a95523 P 5eb9e39c96df4db1ba03651dc265e02c [term 1 FOLLOWER]: Leader election won for term 1
I20260601 13:38:02.314638  1480 raft_consensus.cc:697] T 5fc74dab2a384b3ab93b759618a95523 P 5eb9e39c96df4db1ba03651dc265e02c [term 1 LEADER]: Becoming Leader. State: Replica: 5eb9e39c96df4db1ba03651dc265e02c, State: Running, Role: LEADER
I20260601 13:38:02.314790  1480 consensus_queue.cc:237] T 5fc74dab2a384b3ab93b759618a95523 P 5eb9e39c96df4db1ba03651dc265e02c [LEADER]: Queue going to LEADER mode. State: All replicated index: 0, Majority replicated index: 0, Committed index: 0, Last appended: 0.0, Last appended by leader: 0, Current term: 1, Majority size: 2, State: 0, Mode: LEADER, active raft config: opid_index: -1 OBSOLETE_local: false peers { permanent_uuid: "a968dac5245a451b920dd0de3c9955fd" member_type: VOTER last_known_addr { host: "127.28.154.1" port: 39399 } } peers { permanent_uuid: "5eb9e39c96df4db1ba03651dc265e02c" member_type: VOTER last_known_addr { host: "127.28.154.2" port: 35971 } } peers { permanent_uuid: "5cea72e111d7401ea76388370532e93a" member_type: VOTER last_known_addr { host: "127.28.154.3" port: 42059 } }
I20260601 13:38:02.314953  1386 raft_consensus.cc:2468] T 5fc74dab2a384b3ab93b759618a95523 P 5cea72e111d7401ea76388370532e93a [term 1 FOLLOWER]: Leader election vote request: Granting yes vote for candidate 5eb9e39c96df4db1ba03651dc265e02c in term 1.
I20260601 13:38:02.315306  1438 tablet_bootstrap.cc:492] T 45814972bfc84f84bfbfc44c0c37c354 P 5cea72e111d7401ea76388370532e93a: No bootstrap required, opened a new log
I20260601 13:38:02.315379  1438 ts_tablet_manager.cc:1403] T 45814972bfc84f84bfbfc44c0c37c354 P 5cea72e111d7401ea76388370532e93a: Time spent bootstrapping tablet: real 0.013s	user 0.002s	sys 0.000s
I20260601 13:38:02.315814  1438 raft_consensus.cc:359] T 45814972bfc84f84bfbfc44c0c37c354 P 5cea72e111d7401ea76388370532e93a [term 0 FOLLOWER]: Replica starting. Triggering 0 pending ops. Active config: opid_index: -1 OBSOLETE_local: false peers { permanent_uuid: "a968dac5245a451b920dd0de3c9955fd" member_type: VOTER last_known_addr { host: "127.28.154.1" port: 39399 } } peers { permanent_uuid: "5eb9e39c96df4db1ba03651dc265e02c" member_type: VOTER last_known_addr { host: "127.28.154.2" port: 35971 } } peers { permanent_uuid: "5cea72e111d7401ea76388370532e93a" member_type: VOTER last_known_addr { host: "127.28.154.3" port: 42059 } }
I20260601 13:38:02.315943  1438 raft_consensus.cc:385] T 45814972bfc84f84bfbfc44c0c37c354 P 5cea72e111d7401ea76388370532e93a [term 0 FOLLOWER]: Consensus starting up: Expiring failure detector timer to make a prompt election more likely
I20260601 13:38:02.316016  1438 raft_consensus.cc:740] T 45814972bfc84f84bfbfc44c0c37c354 P 5cea72e111d7401ea76388370532e93a [term 0 FOLLOWER]: Becoming Follower/Learner. State: Replica: 5cea72e111d7401ea76388370532e93a, State: Initialized, Role: FOLLOWER
I20260601 13:38:02.316146  1438 consensus_queue.cc:260] T 45814972bfc84f84bfbfc44c0c37c354 P 5cea72e111d7401ea76388370532e93a [NON_LEADER]: Queue going to NON_LEADER mode. State: All replicated index: 0, Majority replicated index: 0, Committed index: 0, Last appended: 0.0, Last appended by leader: 0, Current term: 0, Majority size: -1, State: 0, Mode: NON_LEADER, active raft config: opid_index: -1 OBSOLETE_local: false peers { permanent_uuid: "a968dac5245a451b920dd0de3c9955fd" member_type: VOTER last_known_addr { host: "127.28.154.1" port: 39399 } } peers { permanent_uuid: "5eb9e39c96df4db1ba03651dc265e02c" member_type: VOTER last_known_addr { host: "127.28.154.2" port: 35971 } } peers { permanent_uuid: "5cea72e111d7401ea76388370532e93a" member_type: VOTER last_known_addr { host: "127.28.154.3" port: 42059 } }
I20260601 13:38:02.316483  1438 ts_tablet_manager.cc:1434] T 45814972bfc84f84bfbfc44c0c37c354 P 5cea72e111d7401ea76388370532e93a: Time spent starting tablet: real 0.001s	user 0.001s	sys 0.000s
I20260601 13:38:02.316452  1131 catalog_manager.cc:5696] T 5fc74dab2a384b3ab93b759618a95523 P 5eb9e39c96df4db1ba03651dc265e02c reported cstate change: term changed from 0 to 1, leader changed from <none> to 5eb9e39c96df4db1ba03651dc265e02c (127.28.154.2). New cstate: current_term: 1 leader_uuid: "5eb9e39c96df4db1ba03651dc265e02c" committed_config { opid_index: -1 OBSOLETE_local: false peers { permanent_uuid: "a968dac5245a451b920dd0de3c9955fd" member_type: VOTER last_known_addr { host: "127.28.154.1" port: 39399 } health_report { overall_health: UNKNOWN } } peers { permanent_uuid: "5eb9e39c96df4db1ba03651dc265e02c" member_type: VOTER last_known_addr { host: "127.28.154.2" port: 35971 } health_report { overall_health: HEALTHY } } peers { permanent_uuid: "5cea72e111d7401ea76388370532e93a" member_type: VOTER last_known_addr { host: "127.28.154.3" port: 42059 } health_report { overall_health: UNKNOWN } } }
I20260601 13:38:02.319344  1483 raft_consensus.cc:493] T 53f043c276e743c4ba3e4960fa039175 P 5cea72e111d7401ea76388370532e93a [term 0 FOLLOWER]: Starting pre-election (no leader contacted us within the election timeout)
I20260601 13:38:02.319428  1483 raft_consensus.cc:515] T 53f043c276e743c4ba3e4960fa039175 P 5cea72e111d7401ea76388370532e93a [term 0 FOLLOWER]: Starting pre-election with config: opid_index: -1 OBSOLETE_local: false peers { permanent_uuid: "5eb9e39c96df4db1ba03651dc265e02c" member_type: VOTER last_known_addr { host: "127.28.154.2" port: 35971 } } peers { permanent_uuid: "5cea72e111d7401ea76388370532e93a" member_type: VOTER last_known_addr { host: "127.28.154.3" port: 42059 } } peers { permanent_uuid: "a968dac5245a451b920dd0de3c9955fd" member_type: VOTER last_known_addr { host: "127.28.154.1" port: 39399 } }
I20260601 13:38:02.319820  1483 leader_election.cc:290] T 53f043c276e743c4ba3e4960fa039175 P 5cea72e111d7401ea76388370532e93a [CANDIDATE]: Term 1 pre-election: Requested pre-vote from peers 5eb9e39c96df4db1ba03651dc265e02c (127.28.154.2:35971), a968dac5245a451b920dd0de3c9955fd (127.28.154.1:39399)
I20260601 13:38:02.320071  1312 tablet_service.cc:1917] Received RequestConsensusVote() RPC: tablet_id: "53f043c276e743c4ba3e4960fa039175" candidate_uuid: "5cea72e111d7401ea76388370532e93a" candidate_term: 1 candidate_status { last_received { term: 0 index: 0 } } ignore_live_leader: false dest_uuid: "5eb9e39c96df4db1ba03651dc265e02c" is_pre_election: true
I20260601 13:38:02.320071  1235 tablet_service.cc:1917] Received RequestConsensusVote() RPC: tablet_id: "53f043c276e743c4ba3e4960fa039175" candidate_uuid: "5cea72e111d7401ea76388370532e93a" candidate_term: 1 candidate_status { last_received { term: 0 index: 0 } } ignore_live_leader: false dest_uuid: "a968dac5245a451b920dd0de3c9955fd" is_pre_election: true
I20260601 13:38:02.320216  1235 raft_consensus.cc:2468] T 53f043c276e743c4ba3e4960fa039175 P a968dac5245a451b920dd0de3c9955fd [term 0 FOLLOWER]: Leader pre-election vote request: Granting yes vote for candidate 5cea72e111d7401ea76388370532e93a in term 0.
I20260601 13:38:02.320216  1312 raft_consensus.cc:2468] T 53f043c276e743c4ba3e4960fa039175 P 5eb9e39c96df4db1ba03651dc265e02c [term 0 FOLLOWER]: Leader pre-election vote request: Granting yes vote for candidate 5cea72e111d7401ea76388370532e93a in term 0.
I20260601 13:38:02.320458  1351 leader_election.cc:304] T 53f043c276e743c4ba3e4960fa039175 P 5cea72e111d7401ea76388370532e93a [CANDIDATE]: Term 1 pre-election: Election decided. Result: candidate won. Election summary: received 2 responses out of 3 voters: 2 yes votes; 0 no votes. yes voters: 5cea72e111d7401ea76388370532e93a, 5eb9e39c96df4db1ba03651dc265e02c; no voters: 
I20260601 13:38:02.320612  1483 raft_consensus.cc:2804] T 53f043c276e743c4ba3e4960fa039175 P 5cea72e111d7401ea76388370532e93a [term 0 FOLLOWER]: Leader pre-election won for term 1
I20260601 13:38:02.320686  1483 raft_consensus.cc:493] T 53f043c276e743c4ba3e4960fa039175 P 5cea72e111d7401ea76388370532e93a [term 0 FOLLOWER]: Starting leader election (no leader contacted us within the election timeout)
I20260601 13:38:02.320719  1483 raft_consensus.cc:3060] T 53f043c276e743c4ba3e4960fa039175 P 5cea72e111d7401ea76388370532e93a [term 0 FOLLOWER]: Advancing to term 1
I20260601 13:38:02.321440  1483 raft_consensus.cc:515] T 53f043c276e743c4ba3e4960fa039175 P 5cea72e111d7401ea76388370532e93a [term 1 FOLLOWER]: Starting leader election with config: opid_index: -1 OBSOLETE_local: false peers { permanent_uuid: "5eb9e39c96df4db1ba03651dc265e02c" member_type: VOTER last_known_addr { host: "127.28.154.2" port: 35971 } } peers { permanent_uuid: "5cea72e111d7401ea76388370532e93a" member_type: VOTER last_known_addr { host: "127.28.154.3" port: 42059 } } peers { permanent_uuid: "a968dac5245a451b920dd0de3c9955fd" member_type: VOTER last_known_addr { host: "127.28.154.1" port: 39399 } }
I20260601 13:38:02.321755  1483 leader_election.cc:290] T 53f043c276e743c4ba3e4960fa039175 P 5cea72e111d7401ea76388370532e93a [CANDIDATE]: Term 1 election: Requested vote from peers 5eb9e39c96df4db1ba03651dc265e02c (127.28.154.2:35971), a968dac5245a451b920dd0de3c9955fd (127.28.154.1:39399)
I20260601 13:38:02.322150  1235 tablet_service.cc:1917] Received RequestConsensusVote() RPC: tablet_id: "53f043c276e743c4ba3e4960fa039175" candidate_uuid: "5cea72e111d7401ea76388370532e93a" candidate_term: 1 candidate_status { last_received { term: 0 index: 0 } } ignore_live_leader: false dest_uuid: "a968dac5245a451b920dd0de3c9955fd"
I20260601 13:38:02.322160  1312 tablet_service.cc:1917] Received RequestConsensusVote() RPC: tablet_id: "53f043c276e743c4ba3e4960fa039175" candidate_uuid: "5cea72e111d7401ea76388370532e93a" candidate_term: 1 candidate_status { last_received { term: 0 index: 0 } } ignore_live_leader: false dest_uuid: "5eb9e39c96df4db1ba03651dc265e02c"
I20260601 13:38:02.322288  1235 raft_consensus.cc:3060] T 53f043c276e743c4ba3e4960fa039175 P a968dac5245a451b920dd0de3c9955fd [term 0 FOLLOWER]: Advancing to term 1
I20260601 13:38:02.322321  1312 raft_consensus.cc:3060] T 53f043c276e743c4ba3e4960fa039175 P 5eb9e39c96df4db1ba03651dc265e02c [term 0 FOLLOWER]: Advancing to term 1
I20260601 13:38:02.322952  1235 raft_consensus.cc:2468] T 53f043c276e743c4ba3e4960fa039175 P a968dac5245a451b920dd0de3c9955fd [term 1 FOLLOWER]: Leader election vote request: Granting yes vote for candidate 5cea72e111d7401ea76388370532e93a in term 1.
I20260601 13:38:02.323038  1312 raft_consensus.cc:2468] T 53f043c276e743c4ba3e4960fa039175 P 5eb9e39c96df4db1ba03651dc265e02c [term 1 FOLLOWER]: Leader election vote request: Granting yes vote for candidate 5cea72e111d7401ea76388370532e93a in term 1.
I20260601 13:38:02.323272  1353 leader_election.cc:304] T 53f043c276e743c4ba3e4960fa039175 P 5cea72e111d7401ea76388370532e93a [CANDIDATE]: Term 1 election: Election decided. Result: candidate won. Election summary: received 2 responses out of 3 voters: 2 yes votes; 0 no votes. yes voters: 5cea72e111d7401ea76388370532e93a, a968dac5245a451b920dd0de3c9955fd; no voters: 
I20260601 13:38:02.323455  1483 raft_consensus.cc:2804] T 53f043c276e743c4ba3e4960fa039175 P 5cea72e111d7401ea76388370532e93a [term 1 FOLLOWER]: Leader election won for term 1
I20260601 13:38:02.323555  1483 raft_consensus.cc:697] T 53f043c276e743c4ba3e4960fa039175 P 5cea72e111d7401ea76388370532e93a [term 1 LEADER]: Becoming Leader. State: Replica: 5cea72e111d7401ea76388370532e93a, State: Running, Role: LEADER
I20260601 13:38:02.323673  1483 consensus_queue.cc:237] T 53f043c276e743c4ba3e4960fa039175 P 5cea72e111d7401ea76388370532e93a [LEADER]: Queue going to LEADER mode. State: All replicated index: 0, Majority replicated index: 0, Committed index: 0, Last appended: 0.0, Last appended by leader: 0, Current term: 1, Majority size: 2, State: 0, Mode: LEADER, active raft config: opid_index: -1 OBSOLETE_local: false peers { permanent_uuid: "5eb9e39c96df4db1ba03651dc265e02c" member_type: VOTER last_known_addr { host: "127.28.154.2" port: 35971 } } peers { permanent_uuid: "5cea72e111d7401ea76388370532e93a" member_type: VOTER last_known_addr { host: "127.28.154.3" port: 42059 } } peers { permanent_uuid: "a968dac5245a451b920dd0de3c9955fd" member_type: VOTER last_known_addr { host: "127.28.154.1" port: 39399 } }
I20260601 13:38:02.325086  1130 catalog_manager.cc:5696] T 53f043c276e743c4ba3e4960fa039175 P 5cea72e111d7401ea76388370532e93a reported cstate change: term changed from 0 to 1, leader changed from <none> to 5cea72e111d7401ea76388370532e93a (127.28.154.3). New cstate: current_term: 1 leader_uuid: "5cea72e111d7401ea76388370532e93a" committed_config { opid_index: -1 OBSOLETE_local: false peers { permanent_uuid: "5eb9e39c96df4db1ba03651dc265e02c" member_type: VOTER last_known_addr { host: "127.28.154.2" port: 35971 } health_report { overall_health: UNKNOWN } } peers { permanent_uuid: "5cea72e111d7401ea76388370532e93a" member_type: VOTER last_known_addr { host: "127.28.154.3" port: 42059 } health_report { overall_health: HEALTHY } } peers { permanent_uuid: "a968dac5245a451b920dd0de3c9955fd" member_type: VOTER last_known_addr { host: "127.28.154.1" port: 39399 } health_report { overall_health: UNKNOWN } } }
I20260601 13:38:02.325501  1480 raft_consensus.cc:493] T 45814972bfc84f84bfbfc44c0c37c354 P 5eb9e39c96df4db1ba03651dc265e02c [term 0 FOLLOWER]: Starting pre-election (no leader contacted us within the election timeout)
I20260601 13:38:02.325601  1480 raft_consensus.cc:515] T 45814972bfc84f84bfbfc44c0c37c354 P 5eb9e39c96df4db1ba03651dc265e02c [term 0 FOLLOWER]: Starting pre-election with config: opid_index: -1 OBSOLETE_local: false peers { permanent_uuid: "a968dac5245a451b920dd0de3c9955fd" member_type: VOTER last_known_addr { host: "127.28.154.1" port: 39399 } } peers { permanent_uuid: "5eb9e39c96df4db1ba03651dc265e02c" member_type: VOTER last_known_addr { host: "127.28.154.2" port: 35971 } } peers { permanent_uuid: "5cea72e111d7401ea76388370532e93a" member_type: VOTER last_known_addr { host: "127.28.154.3" port: 42059 } }
I20260601 13:38:02.325960  1480 leader_election.cc:290] T 45814972bfc84f84bfbfc44c0c37c354 P 5eb9e39c96df4db1ba03651dc265e02c [CANDIDATE]: Term 1 pre-election: Requested pre-vote from peers a968dac5245a451b920dd0de3c9955fd (127.28.154.1:39399), 5cea72e111d7401ea76388370532e93a (127.28.154.3:42059)
I20260601 13:38:02.326205  1235 tablet_service.cc:1917] Received RequestConsensusVote() RPC: tablet_id: "45814972bfc84f84bfbfc44c0c37c354" candidate_uuid: "5eb9e39c96df4db1ba03651dc265e02c" candidate_term: 1 candidate_status { last_received { term: 0 index: 0 } } ignore_live_leader: false dest_uuid: "a968dac5245a451b920dd0de3c9955fd" is_pre_election: true
I20260601 13:38:02.326332  1386 tablet_service.cc:1917] Received RequestConsensusVote() RPC: tablet_id: "45814972bfc84f84bfbfc44c0c37c354" candidate_uuid: "5eb9e39c96df4db1ba03651dc265e02c" candidate_term: 1 candidate_status { last_received { term: 0 index: 0 } } ignore_live_leader: false dest_uuid: "5cea72e111d7401ea76388370532e93a" is_pre_election: true
I20260601 13:38:02.326364  1235 raft_consensus.cc:2468] T 45814972bfc84f84bfbfc44c0c37c354 P a968dac5245a451b920dd0de3c9955fd [term 0 FOLLOWER]: Leader pre-election vote request: Granting yes vote for candidate 5eb9e39c96df4db1ba03651dc265e02c in term 0.
I20260601 13:38:02.326462  1386 raft_consensus.cc:2468] T 45814972bfc84f84bfbfc44c0c37c354 P 5cea72e111d7401ea76388370532e93a [term 0 FOLLOWER]: Leader pre-election vote request: Granting yes vote for candidate 5eb9e39c96df4db1ba03651dc265e02c in term 0.
I20260601 13:38:02.326656  1277 leader_election.cc:304] T 45814972bfc84f84bfbfc44c0c37c354 P 5eb9e39c96df4db1ba03651dc265e02c [CANDIDATE]: Term 1 pre-election: Election decided. Result: candidate won. Election summary: received 2 responses out of 3 voters: 2 yes votes; 0 no votes. yes voters: 5eb9e39c96df4db1ba03651dc265e02c, a968dac5245a451b920dd0de3c9955fd; no voters: 
I20260601 13:38:02.326807  1480 raft_consensus.cc:2804] T 45814972bfc84f84bfbfc44c0c37c354 P 5eb9e39c96df4db1ba03651dc265e02c [term 0 FOLLOWER]: Leader pre-election won for term 1
I20260601 13:38:02.326892  1480 raft_consensus.cc:493] T 45814972bfc84f84bfbfc44c0c37c354 P 5eb9e39c96df4db1ba03651dc265e02c [term 0 FOLLOWER]: Starting leader election (no leader contacted us within the election timeout)
I20260601 13:38:02.326956  1480 raft_consensus.cc:3060] T 45814972bfc84f84bfbfc44c0c37c354 P 5eb9e39c96df4db1ba03651dc265e02c [term 0 FOLLOWER]: Advancing to term 1
I20260601 13:38:02.327818  1480 raft_consensus.cc:515] T 45814972bfc84f84bfbfc44c0c37c354 P 5eb9e39c96df4db1ba03651dc265e02c [term 1 FOLLOWER]: Starting leader election with config: opid_index: -1 OBSOLETE_local: false peers { permanent_uuid: "a968dac5245a451b920dd0de3c9955fd" member_type: VOTER last_known_addr { host: "127.28.154.1" port: 39399 } } peers { permanent_uuid: "5eb9e39c96df4db1ba03651dc265e02c" member_type: VOTER last_known_addr { host: "127.28.154.2" port: 35971 } } peers { permanent_uuid: "5cea72e111d7401ea76388370532e93a" member_type: VOTER last_known_addr { host: "127.28.154.3" port: 42059 } }
I20260601 13:38:02.328092  1480 leader_election.cc:290] T 45814972bfc84f84bfbfc44c0c37c354 P 5eb9e39c96df4db1ba03651dc265e02c [CANDIDATE]: Term 1 election: Requested vote from peers a968dac5245a451b920dd0de3c9955fd (127.28.154.1:39399), 5cea72e111d7401ea76388370532e93a (127.28.154.3:42059)
I20260601 13:38:02.328440  1386 tablet_service.cc:1917] Received RequestConsensusVote() RPC: tablet_id: "45814972bfc84f84bfbfc44c0c37c354" candidate_uuid: "5eb9e39c96df4db1ba03651dc265e02c" candidate_term: 1 candidate_status { last_received { term: 0 index: 0 } } ignore_live_leader: false dest_uuid: "5cea72e111d7401ea76388370532e93a"
I20260601 13:38:02.328553  1386 raft_consensus.cc:3060] T 45814972bfc84f84bfbfc44c0c37c354 P 5cea72e111d7401ea76388370532e93a [term 0 FOLLOWER]: Advancing to term 1
I20260601 13:38:02.329183  1386 raft_consensus.cc:2468] T 45814972bfc84f84bfbfc44c0c37c354 P 5cea72e111d7401ea76388370532e93a [term 1 FOLLOWER]: Leader election vote request: Granting yes vote for candidate 5eb9e39c96df4db1ba03651dc265e02c in term 1.
I20260601 13:38:02.329396  1235 tablet_service.cc:1917] Received RequestConsensusVote() RPC: tablet_id: "45814972bfc84f84bfbfc44c0c37c354" candidate_uuid: "5eb9e39c96df4db1ba03651dc265e02c" candidate_term: 1 candidate_status { last_received { term: 0 index: 0 } } ignore_live_leader: false dest_uuid: "a968dac5245a451b920dd0de3c9955fd"
I20260601 13:38:02.329512  1235 raft_consensus.cc:3060] T 45814972bfc84f84bfbfc44c0c37c354 P a968dac5245a451b920dd0de3c9955fd [term 0 FOLLOWER]: Advancing to term 1
I20260601 13:38:02.329494  1277 leader_election.cc:304] T 45814972bfc84f84bfbfc44c0c37c354 P 5eb9e39c96df4db1ba03651dc265e02c [CANDIDATE]: Term 1 election: Election decided. Result: candidate won. Election summary: received 2 responses out of 3 voters: 2 yes votes; 0 no votes. yes voters: 5cea72e111d7401ea76388370532e93a, 5eb9e39c96df4db1ba03651dc265e02c; no voters: 
I20260601 13:38:02.329684  1480 raft_consensus.cc:2804] T 45814972bfc84f84bfbfc44c0c37c354 P 5eb9e39c96df4db1ba03651dc265e02c [term 1 FOLLOWER]: Leader election won for term 1
I20260601 13:38:02.329780  1480 raft_consensus.cc:697] T 45814972bfc84f84bfbfc44c0c37c354 P 5eb9e39c96df4db1ba03651dc265e02c [term 1 LEADER]: Becoming Leader. State: Replica: 5eb9e39c96df4db1ba03651dc265e02c, State: Running, Role: LEADER
I20260601 13:38:02.329886  1480 consensus_queue.cc:237] T 45814972bfc84f84bfbfc44c0c37c354 P 5eb9e39c96df4db1ba03651dc265e02c [LEADER]: Queue going to LEADER mode. State: All replicated index: 0, Majority replicated index: 0, Committed index: 0, Last appended: 0.0, Last appended by leader: 0, Current term: 1, Majority size: 2, State: 0, Mode: LEADER, active raft config: opid_index: -1 OBSOLETE_local: false peers { permanent_uuid: "a968dac5245a451b920dd0de3c9955fd" member_type: VOTER last_known_addr { host: "127.28.154.1" port: 39399 } } peers { permanent_uuid: "5eb9e39c96df4db1ba03651dc265e02c" member_type: VOTER last_known_addr { host: "127.28.154.2" port: 35971 } } peers { permanent_uuid: "5cea72e111d7401ea76388370532e93a" member_type: VOTER last_known_addr { host: "127.28.154.3" port: 42059 } }
I20260601 13:38:02.330395  1235 raft_consensus.cc:2468] T 45814972bfc84f84bfbfc44c0c37c354 P a968dac5245a451b920dd0de3c9955fd [term 1 FOLLOWER]: Leader election vote request: Granting yes vote for candidate 5eb9e39c96df4db1ba03651dc265e02c in term 1.
I20260601 13:38:02.331355  1131 catalog_manager.cc:5696] T 45814972bfc84f84bfbfc44c0c37c354 P 5eb9e39c96df4db1ba03651dc265e02c reported cstate change: term changed from 0 to 1, leader changed from <none> to 5eb9e39c96df4db1ba03651dc265e02c (127.28.154.2). New cstate: current_term: 1 leader_uuid: "5eb9e39c96df4db1ba03651dc265e02c" committed_config { opid_index: -1 OBSOLETE_local: false peers { permanent_uuid: "a968dac5245a451b920dd0de3c9955fd" member_type: VOTER last_known_addr { host: "127.28.154.1" port: 39399 } health_report { overall_health: UNKNOWN } } peers { permanent_uuid: "5eb9e39c96df4db1ba03651dc265e02c" member_type: VOTER last_known_addr { host: "127.28.154.2" port: 35971 } health_report { overall_health: HEALTHY } } peers { permanent_uuid: "5cea72e111d7401ea76388370532e93a" member_type: VOTER last_known_addr { host: "127.28.154.3" port: 42059 } health_report { overall_health: UNKNOWN } } }
I20260601 13:38:02.331612  1446 raft_consensus.cc:493] T 9a398b04ae1e4da29b25c2d3608a07a6 P a968dac5245a451b920dd0de3c9955fd [term 0 FOLLOWER]: Starting pre-election (no leader contacted us within the election timeout)
I20260601 13:38:02.331698  1446 raft_consensus.cc:515] T 9a398b04ae1e4da29b25c2d3608a07a6 P a968dac5245a451b920dd0de3c9955fd [term 0 FOLLOWER]: Starting pre-election with config: opid_index: -1 OBSOLETE_local: false peers { permanent_uuid: "a968dac5245a451b920dd0de3c9955fd" member_type: VOTER last_known_addr { host: "127.28.154.1" port: 39399 } } peers { permanent_uuid: "5eb9e39c96df4db1ba03651dc265e02c" member_type: VOTER last_known_addr { host: "127.28.154.2" port: 35971 } } peers { permanent_uuid: "5cea72e111d7401ea76388370532e93a" member_type: VOTER last_known_addr { host: "127.28.154.3" port: 42059 } }
I20260601 13:38:02.332195  1446 leader_election.cc:290] T 9a398b04ae1e4da29b25c2d3608a07a6 P a968dac5245a451b920dd0de3c9955fd [CANDIDATE]: Term 1 pre-election: Requested pre-vote from peers 5eb9e39c96df4db1ba03651dc265e02c (127.28.154.2:35971), 5cea72e111d7401ea76388370532e93a (127.28.154.3:42059)
I20260601 13:38:02.335903  1312 tablet_service.cc:1917] Received RequestConsensusVote() RPC: tablet_id: "9a398b04ae1e4da29b25c2d3608a07a6" candidate_uuid: "a968dac5245a451b920dd0de3c9955fd" candidate_term: 1 candidate_status { last_received { term: 0 index: 0 } } ignore_live_leader: false dest_uuid: "5eb9e39c96df4db1ba03651dc265e02c" is_pre_election: true
I20260601 13:38:02.336035  1312 raft_consensus.cc:2468] T 9a398b04ae1e4da29b25c2d3608a07a6 P 5eb9e39c96df4db1ba03651dc265e02c [term 0 FOLLOWER]: Leader pre-election vote request: Granting yes vote for candidate a968dac5245a451b920dd0de3c9955fd in term 0.
I20260601 13:38:02.336309  1199 leader_election.cc:304] T 9a398b04ae1e4da29b25c2d3608a07a6 P a968dac5245a451b920dd0de3c9955fd [CANDIDATE]: Term 1 pre-election: Election decided. Result: candidate won. Election summary: received 2 responses out of 3 voters: 2 yes votes; 0 no votes. yes voters: 5eb9e39c96df4db1ba03651dc265e02c, a968dac5245a451b920dd0de3c9955fd; no voters: 
I20260601 13:38:02.336499  1386 tablet_service.cc:1917] Received RequestConsensusVote() RPC: tablet_id: "9a398b04ae1e4da29b25c2d3608a07a6" candidate_uuid: "a968dac5245a451b920dd0de3c9955fd" candidate_term: 1 candidate_status { last_received { term: 0 index: 0 } } ignore_live_leader: false dest_uuid: "5cea72e111d7401ea76388370532e93a" is_pre_election: true
I20260601 13:38:02.336611  1386 raft_consensus.cc:2468] T 9a398b04ae1e4da29b25c2d3608a07a6 P 5cea72e111d7401ea76388370532e93a [term 0 FOLLOWER]: Leader pre-election vote request: Granting yes vote for candidate a968dac5245a451b920dd0de3c9955fd in term 0.
I20260601 13:38:02.336777  1446 raft_consensus.cc:2804] T 9a398b04ae1e4da29b25c2d3608a07a6 P a968dac5245a451b920dd0de3c9955fd [term 0 FOLLOWER]: Leader pre-election won for term 1
I20260601 13:38:02.336839  1446 raft_consensus.cc:493] T 9a398b04ae1e4da29b25c2d3608a07a6 P a968dac5245a451b920dd0de3c9955fd [term 0 FOLLOWER]: Starting leader election (no leader contacted us within the election timeout)
I20260601 13:38:02.336898  1446 raft_consensus.cc:3060] T 9a398b04ae1e4da29b25c2d3608a07a6 P a968dac5245a451b920dd0de3c9955fd [term 0 FOLLOWER]: Advancing to term 1
I20260601 13:38:02.337561  1446 raft_consensus.cc:515] T 9a398b04ae1e4da29b25c2d3608a07a6 P a968dac5245a451b920dd0de3c9955fd [term 1 FOLLOWER]: Starting leader election with config: opid_index: -1 OBSOLETE_local: false peers { permanent_uuid: "a968dac5245a451b920dd0de3c9955fd" member_type: VOTER last_known_addr { host: "127.28.154.1" port: 39399 } } peers { permanent_uuid: "5eb9e39c96df4db1ba03651dc265e02c" member_type: VOTER last_known_addr { host: "127.28.154.2" port: 35971 } } peers { permanent_uuid: "5cea72e111d7401ea76388370532e93a" member_type: VOTER last_known_addr { host: "127.28.154.3" port: 42059 } }
I20260601 13:38:02.337936  1446 leader_election.cc:290] T 9a398b04ae1e4da29b25c2d3608a07a6 P a968dac5245a451b920dd0de3c9955fd [CANDIDATE]: Term 1 election: Requested vote from peers 5eb9e39c96df4db1ba03651dc265e02c (127.28.154.2:35971), 5cea72e111d7401ea76388370532e93a (127.28.154.3:42059)
I20260601 13:38:02.338195  1312 tablet_service.cc:1917] Received RequestConsensusVote() RPC: tablet_id: "9a398b04ae1e4da29b25c2d3608a07a6" candidate_uuid: "a968dac5245a451b920dd0de3c9955fd" candidate_term: 1 candidate_status { last_received { term: 0 index: 0 } } ignore_live_leader: false dest_uuid: "5eb9e39c96df4db1ba03651dc265e02c"
I20260601 13:38:02.338317  1312 raft_consensus.cc:3060] T 9a398b04ae1e4da29b25c2d3608a07a6 P 5eb9e39c96df4db1ba03651dc265e02c [term 0 FOLLOWER]: Advancing to term 1
I20260601 13:38:02.338362  1386 tablet_service.cc:1917] Received RequestConsensusVote() RPC: tablet_id: "9a398b04ae1e4da29b25c2d3608a07a6" candidate_uuid: "a968dac5245a451b920dd0de3c9955fd" candidate_term: 1 candidate_status { last_received { term: 0 index: 0 } } ignore_live_leader: false dest_uuid: "5cea72e111d7401ea76388370532e93a"
I20260601 13:38:02.338461  1386 raft_consensus.cc:3060] T 9a398b04ae1e4da29b25c2d3608a07a6 P 5cea72e111d7401ea76388370532e93a [term 0 FOLLOWER]: Advancing to term 1
I20260601 13:38:02.339090  1312 raft_consensus.cc:2468] T 9a398b04ae1e4da29b25c2d3608a07a6 P 5eb9e39c96df4db1ba03651dc265e02c [term 1 FOLLOWER]: Leader election vote request: Granting yes vote for candidate a968dac5245a451b920dd0de3c9955fd in term 1.
I20260601 13:38:02.339092  1386 raft_consensus.cc:2468] T 9a398b04ae1e4da29b25c2d3608a07a6 P 5cea72e111d7401ea76388370532e93a [term 1 FOLLOWER]: Leader election vote request: Granting yes vote for candidate a968dac5245a451b920dd0de3c9955fd in term 1.
I20260601 13:38:02.339386  1199 leader_election.cc:304] T 9a398b04ae1e4da29b25c2d3608a07a6 P a968dac5245a451b920dd0de3c9955fd [CANDIDATE]: Term 1 election: Election decided. Result: candidate won. Election summary: received 2 responses out of 3 voters: 2 yes votes; 0 no votes. yes voters: 5eb9e39c96df4db1ba03651dc265e02c, a968dac5245a451b920dd0de3c9955fd; no voters: 
I20260601 13:38:02.339783  1446 raft_consensus.cc:2804] T 9a398b04ae1e4da29b25c2d3608a07a6 P a968dac5245a451b920dd0de3c9955fd [term 1 FOLLOWER]: Leader election won for term 1
I20260601 13:38:02.339802  1492 raft_consensus.cc:493] T 26ae099bbe4b432999e13adbb9141bf1 P a968dac5245a451b920dd0de3c9955fd [term 0 FOLLOWER]: Starting pre-election (no leader contacted us within the election timeout)
I20260601 13:38:02.339893  1492 raft_consensus.cc:515] T 26ae099bbe4b432999e13adbb9141bf1 P a968dac5245a451b920dd0de3c9955fd [term 0 FOLLOWER]: Starting pre-election with config: opid_index: -1 OBSOLETE_local: false peers { permanent_uuid: "a968dac5245a451b920dd0de3c9955fd" member_type: VOTER last_known_addr { host: "127.28.154.1" port: 39399 } } peers { permanent_uuid: "5eb9e39c96df4db1ba03651dc265e02c" member_type: VOTER last_known_addr { host: "127.28.154.2" port: 35971 } } peers { permanent_uuid: "5cea72e111d7401ea76388370532e93a" member_type: VOTER last_known_addr { host: "127.28.154.3" port: 42059 } }
I20260601 13:38:02.339951  1446 raft_consensus.cc:697] T 9a398b04ae1e4da29b25c2d3608a07a6 P a968dac5245a451b920dd0de3c9955fd [term 1 LEADER]: Becoming Leader. State: Replica: a968dac5245a451b920dd0de3c9955fd, State: Running, Role: LEADER
I20260601 13:38:02.340081  1446 consensus_queue.cc:237] T 9a398b04ae1e4da29b25c2d3608a07a6 P a968dac5245a451b920dd0de3c9955fd [LEADER]: Queue going to LEADER mode. State: All replicated index: 0, Majority replicated index: 0, Committed index: 0, Last appended: 0.0, Last appended by leader: 0, Current term: 1, Majority size: 2, State: 0, Mode: LEADER, active raft config: opid_index: -1 OBSOLETE_local: false peers { permanent_uuid: "a968dac5245a451b920dd0de3c9955fd" member_type: VOTER last_known_addr { host: "127.28.154.1" port: 39399 } } peers { permanent_uuid: "5eb9e39c96df4db1ba03651dc265e02c" member_type: VOTER last_known_addr { host: "127.28.154.2" port: 35971 } } peers { permanent_uuid: "5cea72e111d7401ea76388370532e93a" member_type: VOTER last_known_addr { host: "127.28.154.3" port: 42059 } }
I20260601 13:38:02.340256  1492 leader_election.cc:290] T 26ae099bbe4b432999e13adbb9141bf1 P a968dac5245a451b920dd0de3c9955fd [CANDIDATE]: Term 1 pre-election: Requested pre-vote from peers 5eb9e39c96df4db1ba03651dc265e02c (127.28.154.2:35971), 5cea72e111d7401ea76388370532e93a (127.28.154.3:42059)
I20260601 13:38:02.340523  1386 tablet_service.cc:1917] Received RequestConsensusVote() RPC: tablet_id: "26ae099bbe4b432999e13adbb9141bf1" candidate_uuid: "a968dac5245a451b920dd0de3c9955fd" candidate_term: 1 candidate_status { last_received { term: 0 index: 0 } } ignore_live_leader: false dest_uuid: "5cea72e111d7401ea76388370532e93a" is_pre_election: true
I20260601 13:38:02.340621  1386 raft_consensus.cc:2468] T 26ae099bbe4b432999e13adbb9141bf1 P 5cea72e111d7401ea76388370532e93a [term 0 FOLLOWER]: Leader pre-election vote request: Granting yes vote for candidate a968dac5245a451b920dd0de3c9955fd in term 0.
I20260601 13:38:02.340785  1312 tablet_service.cc:1917] Received RequestConsensusVote() RPC: tablet_id: "26ae099bbe4b432999e13adbb9141bf1" candidate_uuid: "a968dac5245a451b920dd0de3c9955fd" candidate_term: 1 candidate_status { last_received { term: 0 index: 0 } } ignore_live_leader: false dest_uuid: "5eb9e39c96df4db1ba03651dc265e02c" is_pre_election: true
I20260601 13:38:02.340891  1201 leader_election.cc:304] T 26ae099bbe4b432999e13adbb9141bf1 P a968dac5245a451b920dd0de3c9955fd [CANDIDATE]: Term 1 pre-election: Election decided. Result: candidate won. Election summary: received 2 responses out of 3 voters: 2 yes votes; 0 no votes. yes voters: 5cea72e111d7401ea76388370532e93a, a968dac5245a451b920dd0de3c9955fd; no voters: 
I20260601 13:38:02.340921  1312 raft_consensus.cc:2468] T 26ae099bbe4b432999e13adbb9141bf1 P 5eb9e39c96df4db1ba03651dc265e02c [term 0 FOLLOWER]: Leader pre-election vote request: Granting yes vote for candidate a968dac5245a451b920dd0de3c9955fd in term 0.
I20260601 13:38:02.341040  1446 raft_consensus.cc:2804] T 26ae099bbe4b432999e13adbb9141bf1 P a968dac5245a451b920dd0de3c9955fd [term 0 FOLLOWER]: Leader pre-election won for term 1
I20260601 13:38:02.341099  1446 raft_consensus.cc:493] T 26ae099bbe4b432999e13adbb9141bf1 P a968dac5245a451b920dd0de3c9955fd [term 0 FOLLOWER]: Starting leader election (no leader contacted us within the election timeout)
I20260601 13:38:02.341145  1446 raft_consensus.cc:3060] T 26ae099bbe4b432999e13adbb9141bf1 P a968dac5245a451b920dd0de3c9955fd [term 0 FOLLOWER]: Advancing to term 1
I20260601 13:38:02.341509  1131 catalog_manager.cc:5696] T 9a398b04ae1e4da29b25c2d3608a07a6 P a968dac5245a451b920dd0de3c9955fd reported cstate change: term changed from 0 to 1, leader changed from <none> to a968dac5245a451b920dd0de3c9955fd (127.28.154.1). New cstate: current_term: 1 leader_uuid: "a968dac5245a451b920dd0de3c9955fd" committed_config { opid_index: -1 OBSOLETE_local: false peers { permanent_uuid: "a968dac5245a451b920dd0de3c9955fd" member_type: VOTER last_known_addr { host: "127.28.154.1" port: 39399 } health_report { overall_health: HEALTHY } } peers { permanent_uuid: "5eb9e39c96df4db1ba03651dc265e02c" member_type: VOTER last_known_addr { host: "127.28.154.2" port: 35971 } health_report { overall_health: UNKNOWN } } peers { permanent_uuid: "5cea72e111d7401ea76388370532e93a" member_type: VOTER last_known_addr { host: "127.28.154.3" port: 42059 } health_report { overall_health: UNKNOWN } } }
I20260601 13:38:02.341943  1446 raft_consensus.cc:515] T 26ae099bbe4b432999e13adbb9141bf1 P a968dac5245a451b920dd0de3c9955fd [term 1 FOLLOWER]: Starting leader election with config: opid_index: -1 OBSOLETE_local: false peers { permanent_uuid: "a968dac5245a451b920dd0de3c9955fd" member_type: VOTER last_known_addr { host: "127.28.154.1" port: 39399 } } peers { permanent_uuid: "5eb9e39c96df4db1ba03651dc265e02c" member_type: VOTER last_known_addr { host: "127.28.154.2" port: 35971 } } peers { permanent_uuid: "5cea72e111d7401ea76388370532e93a" member_type: VOTER last_known_addr { host: "127.28.154.3" port: 42059 } }
I20260601 13:38:02.342305  1446 leader_election.cc:290] T 26ae099bbe4b432999e13adbb9141bf1 P a968dac5245a451b920dd0de3c9955fd [CANDIDATE]: Term 1 election: Requested vote from peers 5eb9e39c96df4db1ba03651dc265e02c (127.28.154.2:35971), 5cea72e111d7401ea76388370532e93a (127.28.154.3:42059)
I20260601 13:38:02.342535  1312 tablet_service.cc:1917] Received RequestConsensusVote() RPC: tablet_id: "26ae099bbe4b432999e13adbb9141bf1" candidate_uuid: "a968dac5245a451b920dd0de3c9955fd" candidate_term: 1 candidate_status { last_received { term: 0 index: 0 } } ignore_live_leader: false dest_uuid: "5eb9e39c96df4db1ba03651dc265e02c"
I20260601 13:38:02.342535  1386 tablet_service.cc:1917] Received RequestConsensusVote() RPC: tablet_id: "26ae099bbe4b432999e13adbb9141bf1" candidate_uuid: "a968dac5245a451b920dd0de3c9955fd" candidate_term: 1 candidate_status { last_received { term: 0 index: 0 } } ignore_live_leader: false dest_uuid: "5cea72e111d7401ea76388370532e93a"
I20260601 13:38:02.342665  1312 raft_consensus.cc:3060] T 26ae099bbe4b432999e13adbb9141bf1 P 5eb9e39c96df4db1ba03651dc265e02c [term 0 FOLLOWER]: Advancing to term 1
I20260601 13:38:02.342666  1386 raft_consensus.cc:3060] T 26ae099bbe4b432999e13adbb9141bf1 P 5cea72e111d7401ea76388370532e93a [term 0 FOLLOWER]: Advancing to term 1
I20260601 13:38:02.343438  1312 raft_consensus.cc:2468] T 26ae099bbe4b432999e13adbb9141bf1 P 5eb9e39c96df4db1ba03651dc265e02c [term 1 FOLLOWER]: Leader election vote request: Granting yes vote for candidate a968dac5245a451b920dd0de3c9955fd in term 1.
I20260601 13:38:02.343438  1386 raft_consensus.cc:2468] T 26ae099bbe4b432999e13adbb9141bf1 P 5cea72e111d7401ea76388370532e93a [term 1 FOLLOWER]: Leader election vote request: Granting yes vote for candidate a968dac5245a451b920dd0de3c9955fd in term 1.
I20260601 13:38:02.343724  1201 leader_election.cc:304] T 26ae099bbe4b432999e13adbb9141bf1 P a968dac5245a451b920dd0de3c9955fd [CANDIDATE]: Term 1 election: Election decided. Result: candidate won. Election summary: received 2 responses out of 3 voters: 2 yes votes; 0 no votes. yes voters: 5cea72e111d7401ea76388370532e93a, a968dac5245a451b920dd0de3c9955fd; no voters: 
I20260601 13:38:02.343900  1446 raft_consensus.cc:2804] T 26ae099bbe4b432999e13adbb9141bf1 P a968dac5245a451b920dd0de3c9955fd [term 1 FOLLOWER]: Leader election won for term 1
I20260601 13:38:02.344034  1446 raft_consensus.cc:697] T 26ae099bbe4b432999e13adbb9141bf1 P a968dac5245a451b920dd0de3c9955fd [term 1 LEADER]: Becoming Leader. State: Replica: a968dac5245a451b920dd0de3c9955fd, State: Running, Role: LEADER
I20260601 13:38:02.344161  1446 consensus_queue.cc:237] T 26ae099bbe4b432999e13adbb9141bf1 P a968dac5245a451b920dd0de3c9955fd [LEADER]: Queue going to LEADER mode. State: All replicated index: 0, Majority replicated index: 0, Committed index: 0, Last appended: 0.0, Last appended by leader: 0, Current term: 1, Majority size: 2, State: 0, Mode: LEADER, active raft config: opid_index: -1 OBSOLETE_local: false peers { permanent_uuid: "a968dac5245a451b920dd0de3c9955fd" member_type: VOTER last_known_addr { host: "127.28.154.1" port: 39399 } } peers { permanent_uuid: "5eb9e39c96df4db1ba03651dc265e02c" member_type: VOTER last_known_addr { host: "127.28.154.2" port: 35971 } } peers { permanent_uuid: "5cea72e111d7401ea76388370532e93a" member_type: VOTER last_known_addr { host: "127.28.154.3" port: 42059 } }
I20260601 13:38:02.345563  1131 catalog_manager.cc:5696] T 26ae099bbe4b432999e13adbb9141bf1 P a968dac5245a451b920dd0de3c9955fd reported cstate change: term changed from 0 to 1, leader changed from <none> to a968dac5245a451b920dd0de3c9955fd (127.28.154.1). New cstate: current_term: 1 leader_uuid: "a968dac5245a451b920dd0de3c9955fd" committed_config { opid_index: -1 OBSOLETE_local: false peers { permanent_uuid: "a968dac5245a451b920dd0de3c9955fd" member_type: VOTER last_known_addr { host: "127.28.154.1" port: 39399 } health_report { overall_health: HEALTHY } } peers { permanent_uuid: "5eb9e39c96df4db1ba03651dc265e02c" member_type: VOTER last_known_addr { host: "127.28.154.2" port: 35971 } health_report { overall_health: UNKNOWN } } peers { permanent_uuid: "5cea72e111d7401ea76388370532e93a" member_type: VOTER last_known_addr { host: "127.28.154.3" port: 42059 } health_report { overall_health: UNKNOWN } } }
I20260601 13:38:02.358704  1446 raft_consensus.cc:493] T 0225d1872fd44202b96d48aee386a2cb P a968dac5245a451b920dd0de3c9955fd [term 0 FOLLOWER]: Starting pre-election (no leader contacted us within the election timeout)
I20260601 13:38:02.358796  1446 raft_consensus.cc:515] T 0225d1872fd44202b96d48aee386a2cb P a968dac5245a451b920dd0de3c9955fd [term 0 FOLLOWER]: Starting pre-election with config: opid_index: -1 OBSOLETE_local: false peers { permanent_uuid: "a968dac5245a451b920dd0de3c9955fd" member_type: VOTER last_known_addr { host: "127.28.154.1" port: 39399 } } peers { permanent_uuid: "5eb9e39c96df4db1ba03651dc265e02c" member_type: VOTER last_known_addr { host: "127.28.154.2" port: 35971 } } peers { permanent_uuid: "5cea72e111d7401ea76388370532e93a" member_type: VOTER last_known_addr { host: "127.28.154.3" port: 42059 } }
I20260601 13:38:02.359185  1446 leader_election.cc:290] T 0225d1872fd44202b96d48aee386a2cb P a968dac5245a451b920dd0de3c9955fd [CANDIDATE]: Term 1 pre-election: Requested pre-vote from peers 5eb9e39c96df4db1ba03651dc265e02c (127.28.154.2:35971), 5cea72e111d7401ea76388370532e93a (127.28.154.3:42059)
I20260601 13:38:02.359453  1312 tablet_service.cc:1917] Received RequestConsensusVote() RPC: tablet_id: "0225d1872fd44202b96d48aee386a2cb" candidate_uuid: "a968dac5245a451b920dd0de3c9955fd" candidate_term: 1 candidate_status { last_received { term: 0 index: 0 } } ignore_live_leader: false dest_uuid: "5eb9e39c96df4db1ba03651dc265e02c" is_pre_election: true
I20260601 13:38:02.359524  1386 tablet_service.cc:1917] Received RequestConsensusVote() RPC: tablet_id: "0225d1872fd44202b96d48aee386a2cb" candidate_uuid: "a968dac5245a451b920dd0de3c9955fd" candidate_term: 1 candidate_status { last_received { term: 0 index: 0 } } ignore_live_leader: false dest_uuid: "5cea72e111d7401ea76388370532e93a" is_pre_election: true
I20260601 13:38:02.359599  1312 raft_consensus.cc:2468] T 0225d1872fd44202b96d48aee386a2cb P 5eb9e39c96df4db1ba03651dc265e02c [term 0 FOLLOWER]: Leader pre-election vote request: Granting yes vote for candidate a968dac5245a451b920dd0de3c9955fd in term 0.
I20260601 13:38:02.359679  1386 raft_consensus.cc:2468] T 0225d1872fd44202b96d48aee386a2cb P 5cea72e111d7401ea76388370532e93a [term 0 FOLLOWER]: Leader pre-election vote request: Granting yes vote for candidate a968dac5245a451b920dd0de3c9955fd in term 0.
I20260601 13:38:02.359877  1199 leader_election.cc:304] T 0225d1872fd44202b96d48aee386a2cb P a968dac5245a451b920dd0de3c9955fd [CANDIDATE]: Term 1 pre-election: Election decided. Result: candidate won. Election summary: received 2 responses out of 3 voters: 2 yes votes; 0 no votes. yes voters: 5eb9e39c96df4db1ba03651dc265e02c, a968dac5245a451b920dd0de3c9955fd; no voters: 
I20260601 13:38:02.360033  1446 raft_consensus.cc:2804] T 0225d1872fd44202b96d48aee386a2cb P a968dac5245a451b920dd0de3c9955fd [term 0 FOLLOWER]: Leader pre-election won for term 1
I20260601 13:38:02.360091  1446 raft_consensus.cc:493] T 0225d1872fd44202b96d48aee386a2cb P a968dac5245a451b920dd0de3c9955fd [term 0 FOLLOWER]: Starting leader election (no leader contacted us within the election timeout)
I20260601 13:38:02.360167  1446 raft_consensus.cc:3060] T 0225d1872fd44202b96d48aee386a2cb P a968dac5245a451b920dd0de3c9955fd [term 0 FOLLOWER]: Advancing to term 1
I20260601 13:38:02.360899  1446 raft_consensus.cc:515] T 0225d1872fd44202b96d48aee386a2cb P a968dac5245a451b920dd0de3c9955fd [term 1 FOLLOWER]: Starting leader election with config: opid_index: -1 OBSOLETE_local: false peers { permanent_uuid: "a968dac5245a451b920dd0de3c9955fd" member_type: VOTER last_known_addr { host: "127.28.154.1" port: 39399 } } peers { permanent_uuid: "5eb9e39c96df4db1ba03651dc265e02c" member_type: VOTER last_known_addr { host: "127.28.154.2" port: 35971 } } peers { permanent_uuid: "5cea72e111d7401ea76388370532e93a" member_type: VOTER last_known_addr { host: "127.28.154.3" port: 42059 } }
I20260601 13:38:02.361236  1446 leader_election.cc:290] T 0225d1872fd44202b96d48aee386a2cb P a968dac5245a451b920dd0de3c9955fd [CANDIDATE]: Term 1 election: Requested vote from peers 5eb9e39c96df4db1ba03651dc265e02c (127.28.154.2:35971), 5cea72e111d7401ea76388370532e93a (127.28.154.3:42059)
I20260601 13:38:02.361491  1312 tablet_service.cc:1917] Received RequestConsensusVote() RPC: tablet_id: "0225d1872fd44202b96d48aee386a2cb" candidate_uuid: "a968dac5245a451b920dd0de3c9955fd" candidate_term: 1 candidate_status { last_received { term: 0 index: 0 } } ignore_live_leader: false dest_uuid: "5eb9e39c96df4db1ba03651dc265e02c"
W20260601 13:38:02.361544  1262 tablet.cc:2404] T 0225d1872fd44202b96d48aee386a2cb P a968dac5245a451b920dd0de3c9955fd: Can't schedule compaction. Clean time has not been advanced past its initial value.
I20260601 13:38:02.361557  1386 tablet_service.cc:1917] Received RequestConsensusVote() RPC: tablet_id: "0225d1872fd44202b96d48aee386a2cb" candidate_uuid: "a968dac5245a451b920dd0de3c9955fd" candidate_term: 1 candidate_status { last_received { term: 0 index: 0 } } ignore_live_leader: false dest_uuid: "5cea72e111d7401ea76388370532e93a"
I20260601 13:38:02.361609  1312 raft_consensus.cc:3060] T 0225d1872fd44202b96d48aee386a2cb P 5eb9e39c96df4db1ba03651dc265e02c [term 0 FOLLOWER]: Advancing to term 1
I20260601 13:38:02.361658  1386 raft_consensus.cc:3060] T 0225d1872fd44202b96d48aee386a2cb P 5cea72e111d7401ea76388370532e93a [term 0 FOLLOWER]: Advancing to term 1
I20260601 13:38:02.362423  1312 raft_consensus.cc:2468] T 0225d1872fd44202b96d48aee386a2cb P 5eb9e39c96df4db1ba03651dc265e02c [term 1 FOLLOWER]: Leader election vote request: Granting yes vote for candidate a968dac5245a451b920dd0de3c9955fd in term 1.
I20260601 13:38:02.362450  1386 raft_consensus.cc:2468] T 0225d1872fd44202b96d48aee386a2cb P 5cea72e111d7401ea76388370532e93a [term 1 FOLLOWER]: Leader election vote request: Granting yes vote for candidate a968dac5245a451b920dd0de3c9955fd in term 1.
I20260601 13:38:02.362704  1199 leader_election.cc:304] T 0225d1872fd44202b96d48aee386a2cb P a968dac5245a451b920dd0de3c9955fd [CANDIDATE]: Term 1 election: Election decided. Result: candidate won. Election summary: received 2 responses out of 3 voters: 2 yes votes; 0 no votes. yes voters: 5eb9e39c96df4db1ba03651dc265e02c, a968dac5245a451b920dd0de3c9955fd; no voters: 
I20260601 13:38:02.362876  1446 raft_consensus.cc:2804] T 0225d1872fd44202b96d48aee386a2cb P a968dac5245a451b920dd0de3c9955fd [term 1 FOLLOWER]: Leader election won for term 1
I20260601 13:38:02.362995  1446 raft_consensus.cc:697] T 0225d1872fd44202b96d48aee386a2cb P a968dac5245a451b920dd0de3c9955fd [term 1 LEADER]: Becoming Leader. State: Replica: a968dac5245a451b920dd0de3c9955fd, State: Running, Role: LEADER
I20260601 13:38:02.363116  1446 consensus_queue.cc:237] T 0225d1872fd44202b96d48aee386a2cb P a968dac5245a451b920dd0de3c9955fd [LEADER]: Queue going to LEADER mode. State: All replicated index: 0, Majority replicated index: 0, Committed index: 0, Last appended: 0.0, Last appended by leader: 0, Current term: 1, Majority size: 2, State: 0, Mode: LEADER, active raft config: opid_index: -1 OBSOLETE_local: false peers { permanent_uuid: "a968dac5245a451b920dd0de3c9955fd" member_type: VOTER last_known_addr { host: "127.28.154.1" port: 39399 } } peers { permanent_uuid: "5eb9e39c96df4db1ba03651dc265e02c" member_type: VOTER last_known_addr { host: "127.28.154.2" port: 35971 } } peers { permanent_uuid: "5cea72e111d7401ea76388370532e93a" member_type: VOTER last_known_addr { host: "127.28.154.3" port: 42059 } }
I20260601 13:38:02.364478  1131 catalog_manager.cc:5696] T 0225d1872fd44202b96d48aee386a2cb P a968dac5245a451b920dd0de3c9955fd reported cstate change: term changed from 0 to 1, leader changed from <none> to a968dac5245a451b920dd0de3c9955fd (127.28.154.1). New cstate: current_term: 1 leader_uuid: "a968dac5245a451b920dd0de3c9955fd" committed_config { opid_index: -1 OBSOLETE_local: false peers { permanent_uuid: "a968dac5245a451b920dd0de3c9955fd" member_type: VOTER last_known_addr { host: "127.28.154.1" port: 39399 } health_report { overall_health: HEALTHY } } peers { permanent_uuid: "5eb9e39c96df4db1ba03651dc265e02c" member_type: VOTER last_known_addr { host: "127.28.154.2" port: 35971 } health_report { overall_health: UNKNOWN } } peers { permanent_uuid: "5cea72e111d7401ea76388370532e93a" member_type: VOTER last_known_addr { host: "127.28.154.3" port: 42059 } health_report { overall_health: UNKNOWN } } }
I20260601 13:38:02.379652  1480 raft_consensus.cc:493] T 5ed7c009920e477a8ef16c64e3c09e6b P 5eb9e39c96df4db1ba03651dc265e02c [term 0 FOLLOWER]: Starting pre-election (no leader contacted us within the election timeout)
I20260601 13:38:02.379812  1480 raft_consensus.cc:515] T 5ed7c009920e477a8ef16c64e3c09e6b P 5eb9e39c96df4db1ba03651dc265e02c [term 0 FOLLOWER]: Starting pre-election with config: opid_index: -1 OBSOLETE_local: false peers { permanent_uuid: "a968dac5245a451b920dd0de3c9955fd" member_type: VOTER last_known_addr { host: "127.28.154.1" port: 39399 } } peers { permanent_uuid: "5eb9e39c96df4db1ba03651dc265e02c" member_type: VOTER last_known_addr { host: "127.28.154.2" port: 35971 } } peers { permanent_uuid: "5cea72e111d7401ea76388370532e93a" member_type: VOTER last_known_addr { host: "127.28.154.3" port: 42059 } }
I20260601 13:38:02.380224  1480 leader_election.cc:290] T 5ed7c009920e477a8ef16c64e3c09e6b P 5eb9e39c96df4db1ba03651dc265e02c [CANDIDATE]: Term 1 pre-election: Requested pre-vote from peers a968dac5245a451b920dd0de3c9955fd (127.28.154.1:39399), 5cea72e111d7401ea76388370532e93a (127.28.154.3:42059)
I20260601 13:38:02.380633  1235 tablet_service.cc:1917] Received RequestConsensusVote() RPC: tablet_id: "5ed7c009920e477a8ef16c64e3c09e6b" candidate_uuid: "5eb9e39c96df4db1ba03651dc265e02c" candidate_term: 1 candidate_status { last_received { term: 0 index: 0 } } ignore_live_leader: false dest_uuid: "a968dac5245a451b920dd0de3c9955fd" is_pre_election: true
I20260601 13:38:02.380661  1386 tablet_service.cc:1917] Received RequestConsensusVote() RPC: tablet_id: "5ed7c009920e477a8ef16c64e3c09e6b" candidate_uuid: "5eb9e39c96df4db1ba03651dc265e02c" candidate_term: 1 candidate_status { last_received { term: 0 index: 0 } } ignore_live_leader: false dest_uuid: "5cea72e111d7401ea76388370532e93a" is_pre_election: true
I20260601 13:38:02.380766  1235 raft_consensus.cc:2468] T 5ed7c009920e477a8ef16c64e3c09e6b P a968dac5245a451b920dd0de3c9955fd [term 0 FOLLOWER]: Leader pre-election vote request: Granting yes vote for candidate 5eb9e39c96df4db1ba03651dc265e02c in term 0.
I20260601 13:38:02.380805  1386 raft_consensus.cc:2468] T 5ed7c009920e477a8ef16c64e3c09e6b P 5cea72e111d7401ea76388370532e93a [term 0 FOLLOWER]: Leader pre-election vote request: Granting yes vote for candidate 5eb9e39c96df4db1ba03651dc265e02c in term 0.
I20260601 13:38:02.381088  1480 raft_consensus.cc:493] T ecb7119b87b74ec0a7fc7d17d8c40354 P 5eb9e39c96df4db1ba03651dc265e02c [term 0 FOLLOWER]: Starting pre-election (no leader contacted us within the election timeout)
I20260601 13:38:02.381093  1277 leader_election.cc:304] T 5ed7c009920e477a8ef16c64e3c09e6b P 5eb9e39c96df4db1ba03651dc265e02c [CANDIDATE]: Term 1 pre-election: Election decided. Result: candidate won. Election summary: received 2 responses out of 3 voters: 2 yes votes; 0 no votes. yes voters: 5eb9e39c96df4db1ba03651dc265e02c, a968dac5245a451b920dd0de3c9955fd; no voters: 
I20260601 13:38:02.381174  1480 raft_consensus.cc:515] T ecb7119b87b74ec0a7fc7d17d8c40354 P 5eb9e39c96df4db1ba03651dc265e02c [term 0 FOLLOWER]: Starting pre-election with config: opid_index: -1 OBSOLETE_local: false peers { permanent_uuid: "a968dac5245a451b920dd0de3c9955fd" member_type: VOTER last_known_addr { host: "127.28.154.1" port: 39399 } } peers { permanent_uuid: "5eb9e39c96df4db1ba03651dc265e02c" member_type: VOTER last_known_addr { host: "127.28.154.2" port: 35971 } } peers { permanent_uuid: "5cea72e111d7401ea76388370532e93a" member_type: VOTER last_known_addr { host: "127.28.154.3" port: 42059 } }
