I20260601 13:36:12.440362 32456 raft_consensus.cc:3060] T 3449ab1fbc6c4347a620943f82eef386 P a1cc60bf16af4a43848297eb83b1b399 [term 0 FOLLOWER]: Advancing to term 1
I20260601 13:36:12.440430 32449 tablet_bootstrap.cc:492] T b49a16743d684d888c6e73f680b781ee P a1cc60bf16af4a43848297eb83b1b399: No bootstrap required, opened a new log
I20260601 13:36:12.440526 32449 ts_tablet_manager.cc:1403] T b49a16743d684d888c6e73f680b781ee P a1cc60bf16af4a43848297eb83b1b399: Time spent bootstrapping tablet: real 0.004s	user 0.001s	sys 0.001s
I20260601 13:36:12.441056 32449 raft_consensus.cc:359] T b49a16743d684d888c6e73f680b781ee P a1cc60bf16af4a43848297eb83b1b399 [term 0 FOLLOWER]: Replica starting. Triggering 0 pending ops. Active config: opid_index: -1 OBSOLETE_local: false peers { permanent_uuid: "a1cc60bf16af4a43848297eb83b1b399" member_type: VOTER last_known_addr { host: "127.30.215.65" port: 46283 } } peers { permanent_uuid: "6968ac00859b43c2977c75d7976424d5" member_type: VOTER last_known_addr { host: "127.30.215.66" port: 36007 } } peers { permanent_uuid: "5e0778be878042df9616b13bd014a2ca" member_type: VOTER last_known_addr { host: "127.30.215.67" port: 35915 } }
I20260601 13:36:12.441190 32449 raft_consensus.cc:385] T b49a16743d684d888c6e73f680b781ee P a1cc60bf16af4a43848297eb83b1b399 [term 0 FOLLOWER]: Consensus starting up: Expiring failure detector timer to make a prompt election more likely
I20260601 13:36:12.441221 32449 raft_consensus.cc:740] T b49a16743d684d888c6e73f680b781ee P a1cc60bf16af4a43848297eb83b1b399 [term 0 FOLLOWER]: Becoming Follower/Learner. State: Replica: a1cc60bf16af4a43848297eb83b1b399, State: Initialized, Role: FOLLOWER
I20260601 13:36:12.441393 32449 consensus_queue.cc:260] T b49a16743d684d888c6e73f680b781ee P a1cc60bf16af4a43848297eb83b1b399 [NON_LEADER]: Queue going to NON_LEADER mode. State: All replicated index: 0, Majority replicated index: 0, Committed index: 0, Last appended: 0.0, Last appended by leader: 0, Current term: 0, Majority size: -1, State: 0, Mode: NON_LEADER, active raft config: opid_index: -1 OBSOLETE_local: false peers { permanent_uuid: "a1cc60bf16af4a43848297eb83b1b399" member_type: VOTER last_known_addr { host: "127.30.215.65" port: 46283 } } peers { permanent_uuid: "6968ac00859b43c2977c75d7976424d5" member_type: VOTER last_known_addr { host: "127.30.215.66" port: 36007 } } peers { permanent_uuid: "5e0778be878042df9616b13bd014a2ca" member_type: VOTER last_known_addr { host: "127.30.215.67" port: 35915 } }
I20260601 13:36:12.441859 32449 ts_tablet_manager.cc:1434] T b49a16743d684d888c6e73f680b781ee P a1cc60bf16af4a43848297eb83b1b399: Time spent starting tablet: real 0.001s	user 0.001s	sys 0.001s
I20260601 13:36:12.441962 32456 raft_consensus.cc:515] T 3449ab1fbc6c4347a620943f82eef386 P a1cc60bf16af4a43848297eb83b1b399 [term 1 FOLLOWER]: Starting leader election with config: opid_index: -1 OBSOLETE_local: false peers { permanent_uuid: "a1cc60bf16af4a43848297eb83b1b399" member_type: VOTER last_known_addr { host: "127.30.215.65" port: 46283 } } peers { permanent_uuid: "6968ac00859b43c2977c75d7976424d5" member_type: VOTER last_known_addr { host: "127.30.215.66" port: 36007 } } peers { permanent_uuid: "5e0778be878042df9616b13bd014a2ca" member_type: VOTER last_known_addr { host: "127.30.215.67" port: 35915 } }
I20260601 13:36:12.442075 32449 tablet_bootstrap.cc:492] T 0b49b55e1da94b53bb4fb8f7e6528d15 P a1cc60bf16af4a43848297eb83b1b399: Bootstrap starting.
I20260601 13:36:12.442373 32456 leader_election.cc:290] T 3449ab1fbc6c4347a620943f82eef386 P a1cc60bf16af4a43848297eb83b1b399 [CANDIDATE]: Term 1 election: Requested vote from peers 6968ac00859b43c2977c75d7976424d5 (127.30.215.66:36007), 5e0778be878042df9616b13bd014a2ca (127.30.215.67:35915)
I20260601 13:36:12.442833 32448 tablet_bootstrap.cc:492] T 0b49b55e1da94b53bb4fb8f7e6528d15 P 5e0778be878042df9616b13bd014a2ca: No bootstrap required, opened a new log
I20260601 13:36:12.442940 32401 tablet_service.cc:1917] Received RequestConsensusVote() RPC: tablet_id: "3449ab1fbc6c4347a620943f82eef386" candidate_uuid: "a1cc60bf16af4a43848297eb83b1b399" candidate_term: 1 candidate_status { last_received { term: 0 index: 0 } } ignore_live_leader: false dest_uuid: "5e0778be878042df9616b13bd014a2ca"
I20260601 13:36:12.443055 32448 ts_tablet_manager.cc:1403] T 0b49b55e1da94b53bb4fb8f7e6528d15 P 5e0778be878042df9616b13bd014a2ca: Time spent bootstrapping tablet: real 0.008s	user 0.002s	sys 0.000s
I20260601 13:36:12.443104 32401 raft_consensus.cc:3060] T 3449ab1fbc6c4347a620943f82eef386 P 5e0778be878042df9616b13bd014a2ca [term 0 FOLLOWER]: Advancing to term 1
I20260601 13:36:12.443377 32449 tablet_bootstrap.cc:654] T 0b49b55e1da94b53bb4fb8f7e6528d15 P a1cc60bf16af4a43848297eb83b1b399: Neither blocks nor log segments found. Creating new log.
I20260601 13:36:12.442384 32402 tablet_service.cc:1917] Received RequestConsensusVote() RPC: tablet_id: "3449ab1fbc6c4347a620943f82eef386" candidate_uuid: "a1cc60bf16af4a43848297eb83b1b399" candidate_term: 1 candidate_status { last_received { term: 0 index: 0 } } ignore_live_leader: false dest_uuid: "5e0778be878042df9616b13bd014a2ca" is_pre_election: true
I20260601 13:36:12.443538 32448 raft_consensus.cc:359] T 0b49b55e1da94b53bb4fb8f7e6528d15 P 5e0778be878042df9616b13bd014a2ca [term 0 FOLLOWER]: Replica starting. Triggering 0 pending ops. Active config: opid_index: -1 OBSOLETE_local: false peers { permanent_uuid: "a1cc60bf16af4a43848297eb83b1b399" member_type: VOTER last_known_addr { host: "127.30.215.65" port: 46283 } } peers { permanent_uuid: "6968ac00859b43c2977c75d7976424d5" member_type: VOTER last_known_addr { host: "127.30.215.66" port: 36007 } } peers { permanent_uuid: "5e0778be878042df9616b13bd014a2ca" member_type: VOTER last_known_addr { host: "127.30.215.67" port: 35915 } }
I20260601 13:36:12.443627 32448 raft_consensus.cc:385] T 0b49b55e1da94b53bb4fb8f7e6528d15 P 5e0778be878042df9616b13bd014a2ca [term 0 FOLLOWER]: Consensus starting up: Expiring failure detector timer to make a prompt election more likely
I20260601 13:36:12.443652 32448 raft_consensus.cc:740] T 0b49b55e1da94b53bb4fb8f7e6528d15 P 5e0778be878042df9616b13bd014a2ca [term 0 FOLLOWER]: Becoming Follower/Learner. State: Replica: 5e0778be878042df9616b13bd014a2ca, State: Initialized, Role: FOLLOWER
I20260601 13:36:12.443791 32448 consensus_queue.cc:260] T 0b49b55e1da94b53bb4fb8f7e6528d15 P 5e0778be878042df9616b13bd014a2ca [NON_LEADER]: Queue going to NON_LEADER mode. State: All replicated index: 0, Majority replicated index: 0, Committed index: 0, Last appended: 0.0, Last appended by leader: 0, Current term: 0, Majority size: -1, State: 0, Mode: NON_LEADER, active raft config: opid_index: -1 OBSOLETE_local: false peers { permanent_uuid: "a1cc60bf16af4a43848297eb83b1b399" member_type: VOTER last_known_addr { host: "127.30.215.65" port: 46283 } } peers { permanent_uuid: "6968ac00859b43c2977c75d7976424d5" member_type: VOTER last_known_addr { host: "127.30.215.66" port: 36007 } } peers { permanent_uuid: "5e0778be878042df9616b13bd014a2ca" member_type: VOTER last_known_addr { host: "127.30.215.67" port: 35915 } }
I20260601 13:36:12.444237 32401 raft_consensus.cc:2468] T 3449ab1fbc6c4347a620943f82eef386 P 5e0778be878042df9616b13bd014a2ca [term 1 FOLLOWER]: Leader election vote request: Granting yes vote for candidate a1cc60bf16af4a43848297eb83b1b399 in term 1.
I20260601 13:36:12.444691 32448 ts_tablet_manager.cc:1434] T 0b49b55e1da94b53bb4fb8f7e6528d15 P 5e0778be878042df9616b13bd014a2ca: Time spent starting tablet: real 0.002s	user 0.001s	sys 0.000s
I20260601 13:36:12.444725 32217 leader_election.cc:304] T 3449ab1fbc6c4347a620943f82eef386 P a1cc60bf16af4a43848297eb83b1b399 [CANDIDATE]: Term 1 election: Election decided. Result: candidate won. Election summary: received 2 responses out of 3 voters: 2 yes votes; 0 no votes. yes voters: 5e0778be878042df9616b13bd014a2ca, a1cc60bf16af4a43848297eb83b1b399; no voters: 
I20260601 13:36:12.444885 32456 raft_consensus.cc:2804] T 3449ab1fbc6c4347a620943f82eef386 P a1cc60bf16af4a43848297eb83b1b399 [term 1 FOLLOWER]: Leader election won for term 1
I20260601 13:36:12.444968 32456 raft_consensus.cc:697] T 3449ab1fbc6c4347a620943f82eef386 P a1cc60bf16af4a43848297eb83b1b399 [term 1 LEADER]: Becoming Leader. State: Replica: a1cc60bf16af4a43848297eb83b1b399, State: Running, Role: LEADER
I20260601 13:36:12.445113 32456 consensus_queue.cc:237] T 3449ab1fbc6c4347a620943f82eef386 P a1cc60bf16af4a43848297eb83b1b399 [LEADER]: Queue going to LEADER mode. State: All replicated index: 0, Majority replicated index: 0, Committed index: 0, Last appended: 0.0, Last appended by leader: 0, Current term: 1, Majority size: 2, State: 0, Mode: LEADER, active raft config: opid_index: -1 OBSOLETE_local: false peers { permanent_uuid: "a1cc60bf16af4a43848297eb83b1b399" member_type: VOTER last_known_addr { host: "127.30.215.65" port: 46283 } } peers { permanent_uuid: "6968ac00859b43c2977c75d7976424d5" member_type: VOTER last_known_addr { host: "127.30.215.66" port: 36007 } } peers { permanent_uuid: "5e0778be878042df9616b13bd014a2ca" member_type: VOTER last_known_addr { host: "127.30.215.67" port: 35915 } }
I20260601 13:36:12.445825 32327 tablet_service.cc:1917] Received RequestConsensusVote() RPC: tablet_id: "3449ab1fbc6c4347a620943f82eef386" candidate_uuid: "a1cc60bf16af4a43848297eb83b1b399" candidate_term: 1 candidate_status { last_received { term: 0 index: 0 } } ignore_live_leader: false dest_uuid: "6968ac00859b43c2977c75d7976424d5"
I20260601 13:36:12.445946 32327 raft_consensus.cc:3060] T 3449ab1fbc6c4347a620943f82eef386 P 6968ac00859b43c2977c75d7976424d5 [term 0 FOLLOWER]: Advancing to term 1
I20260601 13:36:12.446949 32327 raft_consensus.cc:2468] T 3449ab1fbc6c4347a620943f82eef386 P 6968ac00859b43c2977c75d7976424d5 [term 1 FOLLOWER]: Leader election vote request: Granting yes vote for candidate a1cc60bf16af4a43848297eb83b1b399 in term 1.
I20260601 13:36:12.448518 32449 tablet_bootstrap.cc:492] T 0b49b55e1da94b53bb4fb8f7e6528d15 P a1cc60bf16af4a43848297eb83b1b399: No bootstrap required, opened a new log
I20260601 13:36:12.448436 32148 catalog_manager.cc:5696] T 3449ab1fbc6c4347a620943f82eef386 P a1cc60bf16af4a43848297eb83b1b399 reported cstate change: term changed from 0 to 1, leader changed from <none> to a1cc60bf16af4a43848297eb83b1b399 (127.30.215.65). New cstate: current_term: 1 leader_uuid: "a1cc60bf16af4a43848297eb83b1b399" committed_config { opid_index: -1 OBSOLETE_local: false peers { permanent_uuid: "a1cc60bf16af4a43848297eb83b1b399" member_type: VOTER last_known_addr { host: "127.30.215.65" port: 46283 } health_report { overall_health: HEALTHY } } peers { permanent_uuid: "6968ac00859b43c2977c75d7976424d5" member_type: VOTER last_known_addr { host: "127.30.215.66" port: 36007 } health_report { overall_health: UNKNOWN } } peers { permanent_uuid: "5e0778be878042df9616b13bd014a2ca" member_type: VOTER last_known_addr { host: "127.30.215.67" port: 35915 } health_report { overall_health: UNKNOWN } } }
I20260601 13:36:12.448642 32449 ts_tablet_manager.cc:1403] T 0b49b55e1da94b53bb4fb8f7e6528d15 P a1cc60bf16af4a43848297eb83b1b399: Time spent bootstrapping tablet: real 0.007s	user 0.002s	sys 0.000s
I20260601 13:36:12.449155 32449 raft_consensus.cc:359] T 0b49b55e1da94b53bb4fb8f7e6528d15 P a1cc60bf16af4a43848297eb83b1b399 [term 0 FOLLOWER]: Replica starting. Triggering 0 pending ops. Active config: opid_index: -1 OBSOLETE_local: false peers { permanent_uuid: "a1cc60bf16af4a43848297eb83b1b399" member_type: VOTER last_known_addr { host: "127.30.215.65" port: 46283 } } peers { permanent_uuid: "6968ac00859b43c2977c75d7976424d5" member_type: VOTER last_known_addr { host: "127.30.215.66" port: 36007 } } peers { permanent_uuid: "5e0778be878042df9616b13bd014a2ca" member_type: VOTER last_known_addr { host: "127.30.215.67" port: 35915 } }
I20260601 13:36:12.449270 32449 raft_consensus.cc:385] T 0b49b55e1da94b53bb4fb8f7e6528d15 P a1cc60bf16af4a43848297eb83b1b399 [term 0 FOLLOWER]: Consensus starting up: Expiring failure detector timer to make a prompt election more likely
I20260601 13:36:12.449301 32449 raft_consensus.cc:740] T 0b49b55e1da94b53bb4fb8f7e6528d15 P a1cc60bf16af4a43848297eb83b1b399 [term 0 FOLLOWER]: Becoming Follower/Learner. State: Replica: a1cc60bf16af4a43848297eb83b1b399, State: Initialized, Role: FOLLOWER
I20260601 13:36:12.449438 32449 consensus_queue.cc:260] T 0b49b55e1da94b53bb4fb8f7e6528d15 P a1cc60bf16af4a43848297eb83b1b399 [NON_LEADER]: Queue going to NON_LEADER mode. State: All replicated index: 0, Majority replicated index: 0, Committed index: 0, Last appended: 0.0, Last appended by leader: 0, Current term: 0, Majority size: -1, State: 0, Mode: NON_LEADER, active raft config: opid_index: -1 OBSOLETE_local: false peers { permanent_uuid: "a1cc60bf16af4a43848297eb83b1b399" member_type: VOTER last_known_addr { host: "127.30.215.65" port: 46283 } } peers { permanent_uuid: "6968ac00859b43c2977c75d7976424d5" member_type: VOTER last_known_addr { host: "127.30.215.66" port: 36007 } } peers { permanent_uuid: "5e0778be878042df9616b13bd014a2ca" member_type: VOTER last_known_addr { host: "127.30.215.67" port: 35915 } }
I20260601 13:36:12.449751 32449 ts_tablet_manager.cc:1434] T 0b49b55e1da94b53bb4fb8f7e6528d15 P a1cc60bf16af4a43848297eb83b1b399: Time spent starting tablet: real 0.001s	user 0.000s	sys 0.000s
I20260601 13:36:12.450456 32452 raft_consensus.cc:493] T de977f80f75449ac92bdf89fdd8a0979 P 6968ac00859b43c2977c75d7976424d5 [term 0 FOLLOWER]: Starting pre-election (no leader contacted us within the election timeout)
I20260601 13:36:12.450549 32452 raft_consensus.cc:515] T de977f80f75449ac92bdf89fdd8a0979 P 6968ac00859b43c2977c75d7976424d5 [term 0 FOLLOWER]: Starting pre-election with config: opid_index: -1 OBSOLETE_local: false peers { permanent_uuid: "a1cc60bf16af4a43848297eb83b1b399" member_type: VOTER last_known_addr { host: "127.30.215.65" port: 46283 } } peers { permanent_uuid: "6968ac00859b43c2977c75d7976424d5" member_type: VOTER last_known_addr { host: "127.30.215.66" port: 36007 } } peers { permanent_uuid: "5e0778be878042df9616b13bd014a2ca" member_type: VOTER last_known_addr { host: "127.30.215.67" port: 35915 } }
I20260601 13:36:12.451192 32452 leader_election.cc:290] T de977f80f75449ac92bdf89fdd8a0979 P 6968ac00859b43c2977c75d7976424d5 [CANDIDATE]: Term 1 pre-election: Requested pre-vote from peers a1cc60bf16af4a43848297eb83b1b399 (127.30.215.65:46283), 5e0778be878042df9616b13bd014a2ca (127.30.215.67:35915)
I20260601 13:36:12.455237 32401 tablet_service.cc:1917] Received RequestConsensusVote() RPC: tablet_id: "de977f80f75449ac92bdf89fdd8a0979" candidate_uuid: "6968ac00859b43c2977c75d7976424d5" candidate_term: 1 candidate_status { last_received { term: 0 index: 0 } } ignore_live_leader: false dest_uuid: "5e0778be878042df9616b13bd014a2ca" is_pre_election: true
I20260601 13:36:12.455241 32251 tablet_service.cc:1917] Received RequestConsensusVote() RPC: tablet_id: "de977f80f75449ac92bdf89fdd8a0979" candidate_uuid: "6968ac00859b43c2977c75d7976424d5" candidate_term: 1 candidate_status { last_received { term: 0 index: 0 } } ignore_live_leader: false dest_uuid: "a1cc60bf16af4a43848297eb83b1b399" is_pre_election: true
I20260601 13:36:12.455418 32401 raft_consensus.cc:2468] T de977f80f75449ac92bdf89fdd8a0979 P 5e0778be878042df9616b13bd014a2ca [term 0 FOLLOWER]: Leader pre-election vote request: Granting yes vote for candidate 6968ac00859b43c2977c75d7976424d5 in term 0.
I20260601 13:36:12.455418 32251 raft_consensus.cc:2468] T de977f80f75449ac92bdf89fdd8a0979 P a1cc60bf16af4a43848297eb83b1b399 [term 0 FOLLOWER]: Leader pre-election vote request: Granting yes vote for candidate 6968ac00859b43c2977c75d7976424d5 in term 0.
I20260601 13:36:12.456035 32293 leader_election.cc:304] T de977f80f75449ac92bdf89fdd8a0979 P 6968ac00859b43c2977c75d7976424d5 [CANDIDATE]: Term 1 pre-election: Election decided. Result: candidate won. Election summary: received 2 responses out of 3 voters: 2 yes votes; 0 no votes. yes voters: 5e0778be878042df9616b13bd014a2ca, 6968ac00859b43c2977c75d7976424d5; no voters: 
I20260601 13:36:12.456202 32452 raft_consensus.cc:2804] T de977f80f75449ac92bdf89fdd8a0979 P 6968ac00859b43c2977c75d7976424d5 [term 0 FOLLOWER]: Leader pre-election won for term 1
I20260601 13:36:12.456254 32452 raft_consensus.cc:493] T de977f80f75449ac92bdf89fdd8a0979 P 6968ac00859b43c2977c75d7976424d5 [term 0 FOLLOWER]: Starting leader election (no leader contacted us within the election timeout)
I20260601 13:36:12.456281 32452 raft_consensus.cc:3060] T de977f80f75449ac92bdf89fdd8a0979 P 6968ac00859b43c2977c75d7976424d5 [term 0 FOLLOWER]: Advancing to term 1
I20260601 13:36:12.457163 32452 raft_consensus.cc:515] T de977f80f75449ac92bdf89fdd8a0979 P 6968ac00859b43c2977c75d7976424d5 [term 1 FOLLOWER]: Starting leader election with config: opid_index: -1 OBSOLETE_local: false peers { permanent_uuid: "a1cc60bf16af4a43848297eb83b1b399" member_type: VOTER last_known_addr { host: "127.30.215.65" port: 46283 } } peers { permanent_uuid: "6968ac00859b43c2977c75d7976424d5" member_type: VOTER last_known_addr { host: "127.30.215.66" port: 36007 } } peers { permanent_uuid: "5e0778be878042df9616b13bd014a2ca" member_type: VOTER last_known_addr { host: "127.30.215.67" port: 35915 } }
I20260601 13:36:12.457463 32452 leader_election.cc:290] T de977f80f75449ac92bdf89fdd8a0979 P 6968ac00859b43c2977c75d7976424d5 [CANDIDATE]: Term 1 election: Requested vote from peers a1cc60bf16af4a43848297eb83b1b399 (127.30.215.65:46283), 5e0778be878042df9616b13bd014a2ca (127.30.215.67:35915)
I20260601 13:36:12.457756 32251 tablet_service.cc:1917] Received RequestConsensusVote() RPC: tablet_id: "de977f80f75449ac92bdf89fdd8a0979" candidate_uuid: "6968ac00859b43c2977c75d7976424d5" candidate_term: 1 candidate_status { last_received { term: 0 index: 0 } } ignore_live_leader: false dest_uuid: "a1cc60bf16af4a43848297eb83b1b399"
I20260601 13:36:12.457777 32401 tablet_service.cc:1917] Received RequestConsensusVote() RPC: tablet_id: "de977f80f75449ac92bdf89fdd8a0979" candidate_uuid: "6968ac00859b43c2977c75d7976424d5" candidate_term: 1 candidate_status { last_received { term: 0 index: 0 } } ignore_live_leader: false dest_uuid: "5e0778be878042df9616b13bd014a2ca"
I20260601 13:36:12.457858 32251 raft_consensus.cc:3060] T de977f80f75449ac92bdf89fdd8a0979 P a1cc60bf16af4a43848297eb83b1b399 [term 0 FOLLOWER]: Advancing to term 1
I20260601 13:36:12.457885 32401 raft_consensus.cc:3060] T de977f80f75449ac92bdf89fdd8a0979 P 5e0778be878042df9616b13bd014a2ca [term 0 FOLLOWER]: Advancing to term 1
I20260601 13:36:12.458519 32401 raft_consensus.cc:2468] T de977f80f75449ac92bdf89fdd8a0979 P 5e0778be878042df9616b13bd014a2ca [term 1 FOLLOWER]: Leader election vote request: Granting yes vote for candidate 6968ac00859b43c2977c75d7976424d5 in term 1.
I20260601 13:36:12.458670 32251 raft_consensus.cc:2468] T de977f80f75449ac92bdf89fdd8a0979 P a1cc60bf16af4a43848297eb83b1b399 [term 1 FOLLOWER]: Leader election vote request: Granting yes vote for candidate 6968ac00859b43c2977c75d7976424d5 in term 1.
I20260601 13:36:12.458792 32293 leader_election.cc:304] T de977f80f75449ac92bdf89fdd8a0979 P 6968ac00859b43c2977c75d7976424d5 [CANDIDATE]: Term 1 election: Election decided. Result: candidate won. Election summary: received 2 responses out of 3 voters: 2 yes votes; 0 no votes. yes voters: 5e0778be878042df9616b13bd014a2ca, 6968ac00859b43c2977c75d7976424d5; no voters: 
I20260601 13:36:12.458947 32452 raft_consensus.cc:2804] T de977f80f75449ac92bdf89fdd8a0979 P 6968ac00859b43c2977c75d7976424d5 [term 1 FOLLOWER]: Leader election won for term 1
I20260601 13:36:12.459153 32452 raft_consensus.cc:697] T de977f80f75449ac92bdf89fdd8a0979 P 6968ac00859b43c2977c75d7976424d5 [term 1 LEADER]: Becoming Leader. State: Replica: 6968ac00859b43c2977c75d7976424d5, State: Running, Role: LEADER
I20260601 13:36:12.459317 32452 consensus_queue.cc:237] T de977f80f75449ac92bdf89fdd8a0979 P 6968ac00859b43c2977c75d7976424d5 [LEADER]: Queue going to LEADER mode. State: All replicated index: 0, Majority replicated index: 0, Committed index: 0, Last appended: 0.0, Last appended by leader: 0, Current term: 1, Majority size: 2, State: 0, Mode: LEADER, active raft config: opid_index: -1 OBSOLETE_local: false peers { permanent_uuid: "a1cc60bf16af4a43848297eb83b1b399" member_type: VOTER last_known_addr { host: "127.30.215.65" port: 46283 } } peers { permanent_uuid: "6968ac00859b43c2977c75d7976424d5" member_type: VOTER last_known_addr { host: "127.30.215.66" port: 36007 } } peers { permanent_uuid: "5e0778be878042df9616b13bd014a2ca" member_type: VOTER last_known_addr { host: "127.30.215.67" port: 35915 } }
I20260601 13:36:12.460747 32148 catalog_manager.cc:5696] T de977f80f75449ac92bdf89fdd8a0979 P 6968ac00859b43c2977c75d7976424d5 reported cstate change: term changed from 0 to 1, leader changed from <none> to 6968ac00859b43c2977c75d7976424d5 (127.30.215.66). New cstate: current_term: 1 leader_uuid: "6968ac00859b43c2977c75d7976424d5" committed_config { opid_index: -1 OBSOLETE_local: false peers { permanent_uuid: "a1cc60bf16af4a43848297eb83b1b399" member_type: VOTER last_known_addr { host: "127.30.215.65" port: 46283 } health_report { overall_health: UNKNOWN } } peers { permanent_uuid: "6968ac00859b43c2977c75d7976424d5" member_type: VOTER last_known_addr { host: "127.30.215.66" port: 36007 } health_report { overall_health: HEALTHY } } peers { permanent_uuid: "5e0778be878042df9616b13bd014a2ca" member_type: VOTER last_known_addr { host: "127.30.215.67" port: 35915 } health_report { overall_health: UNKNOWN } } }
I20260601 13:36:12.469965 32452 raft_consensus.cc:493] T c556bed9773442e0b39db77895f95631 P 6968ac00859b43c2977c75d7976424d5 [term 0 FOLLOWER]: Starting pre-election (no leader contacted us within the election timeout)
I20260601 13:36:12.470064 32452 raft_consensus.cc:515] T c556bed9773442e0b39db77895f95631 P 6968ac00859b43c2977c75d7976424d5 [term 0 FOLLOWER]: Starting pre-election with config: opid_index: -1 OBSOLETE_local: false peers { permanent_uuid: "a1cc60bf16af4a43848297eb83b1b399" member_type: VOTER last_known_addr { host: "127.30.215.65" port: 46283 } } peers { permanent_uuid: "6968ac00859b43c2977c75d7976424d5" member_type: VOTER last_known_addr { host: "127.30.215.66" port: 36007 } } peers { permanent_uuid: "5e0778be878042df9616b13bd014a2ca" member_type: VOTER last_known_addr { host: "127.30.215.67" port: 35915 } }
I20260601 13:36:12.470417 32452 leader_election.cc:290] T c556bed9773442e0b39db77895f95631 P 6968ac00859b43c2977c75d7976424d5 [CANDIDATE]: Term 1 pre-election: Requested pre-vote from peers a1cc60bf16af4a43848297eb83b1b399 (127.30.215.65:46283), 5e0778be878042df9616b13bd014a2ca (127.30.215.67:35915)
I20260601 13:36:12.470742 32251 tablet_service.cc:1917] Received RequestConsensusVote() RPC: tablet_id: "c556bed9773442e0b39db77895f95631" candidate_uuid: "6968ac00859b43c2977c75d7976424d5" candidate_term: 1 candidate_status { last_received { term: 0 index: 0 } } ignore_live_leader: false dest_uuid: "a1cc60bf16af4a43848297eb83b1b399" is_pre_election: true
I20260601 13:36:12.470741 32401 tablet_service.cc:1917] Received RequestConsensusVote() RPC: tablet_id: "c556bed9773442e0b39db77895f95631" candidate_uuid: "6968ac00859b43c2977c75d7976424d5" candidate_term: 1 candidate_status { last_received { term: 0 index: 0 } } ignore_live_leader: false dest_uuid: "5e0778be878042df9616b13bd014a2ca" is_pre_election: true
I20260601 13:36:12.470863 32251 raft_consensus.cc:2468] T c556bed9773442e0b39db77895f95631 P a1cc60bf16af4a43848297eb83b1b399 [term 0 FOLLOWER]: Leader pre-election vote request: Granting yes vote for candidate 6968ac00859b43c2977c75d7976424d5 in term 0.
I20260601 13:36:12.470877 32401 raft_consensus.cc:2468] T c556bed9773442e0b39db77895f95631 P 5e0778be878042df9616b13bd014a2ca [term 0 FOLLOWER]: Leader pre-election vote request: Granting yes vote for candidate 6968ac00859b43c2977c75d7976424d5 in term 0.
I20260601 13:36:12.471118 32292 leader_election.cc:304] T c556bed9773442e0b39db77895f95631 P 6968ac00859b43c2977c75d7976424d5 [CANDIDATE]: Term 1 pre-election: Election decided. Result: candidate won. Election summary: received 2 responses out of 3 voters: 2 yes votes; 0 no votes. yes voters: 6968ac00859b43c2977c75d7976424d5, a1cc60bf16af4a43848297eb83b1b399; no voters: 
I20260601 13:36:12.471289 32452 raft_consensus.cc:2804] T c556bed9773442e0b39db77895f95631 P 6968ac00859b43c2977c75d7976424d5 [term 0 FOLLOWER]: Leader pre-election won for term 1
I20260601 13:36:12.471345 32452 raft_consensus.cc:493] T c556bed9773442e0b39db77895f95631 P 6968ac00859b43c2977c75d7976424d5 [term 0 FOLLOWER]: Starting leader election (no leader contacted us within the election timeout)
I20260601 13:36:12.471370 32452 raft_consensus.cc:3060] T c556bed9773442e0b39db77895f95631 P 6968ac00859b43c2977c75d7976424d5 [term 0 FOLLOWER]: Advancing to term 1
I20260601 13:36:12.472098 32452 raft_consensus.cc:515] T c556bed9773442e0b39db77895f95631 P 6968ac00859b43c2977c75d7976424d5 [term 1 FOLLOWER]: Starting leader election with config: opid_index: -1 OBSOLETE_local: false peers { permanent_uuid: "a1cc60bf16af4a43848297eb83b1b399" member_type: VOTER last_known_addr { host: "127.30.215.65" port: 46283 } } peers { permanent_uuid: "6968ac00859b43c2977c75d7976424d5" member_type: VOTER last_known_addr { host: "127.30.215.66" port: 36007 } } peers { permanent_uuid: "5e0778be878042df9616b13bd014a2ca" member_type: VOTER last_known_addr { host: "127.30.215.67" port: 35915 } }
I20260601 13:36:12.472431 32452 leader_election.cc:290] T c556bed9773442e0b39db77895f95631 P 6968ac00859b43c2977c75d7976424d5 [CANDIDATE]: Term 1 election: Requested vote from peers a1cc60bf16af4a43848297eb83b1b399 (127.30.215.65:46283), 5e0778be878042df9616b13bd014a2ca (127.30.215.67:35915)
I20260601 13:36:12.472643 32251 tablet_service.cc:1917] Received RequestConsensusVote() RPC: tablet_id: "c556bed9773442e0b39db77895f95631" candidate_uuid: "6968ac00859b43c2977c75d7976424d5" candidate_term: 1 candidate_status { last_received { term: 0 index: 0 } } ignore_live_leader: false dest_uuid: "a1cc60bf16af4a43848297eb83b1b399"
I20260601 13:36:12.472764 32251 raft_consensus.cc:3060] T c556bed9773442e0b39db77895f95631 P a1cc60bf16af4a43848297eb83b1b399 [term 0 FOLLOWER]: Advancing to term 1
I20260601 13:36:12.472769 32401 tablet_service.cc:1917] Received RequestConsensusVote() RPC: tablet_id: "c556bed9773442e0b39db77895f95631" candidate_uuid: "6968ac00859b43c2977c75d7976424d5" candidate_term: 1 candidate_status { last_received { term: 0 index: 0 } } ignore_live_leader: false dest_uuid: "5e0778be878042df9616b13bd014a2ca"
I20260601 13:36:12.473006 32401 raft_consensus.cc:3060] T c556bed9773442e0b39db77895f95631 P 5e0778be878042df9616b13bd014a2ca [term 0 FOLLOWER]: Advancing to term 1
I20260601 13:36:12.473603 32251 raft_consensus.cc:2468] T c556bed9773442e0b39db77895f95631 P a1cc60bf16af4a43848297eb83b1b399 [term 1 FOLLOWER]: Leader election vote request: Granting yes vote for candidate 6968ac00859b43c2977c75d7976424d5 in term 1.
I20260601 13:36:12.473670 32401 raft_consensus.cc:2468] T c556bed9773442e0b39db77895f95631 P 5e0778be878042df9616b13bd014a2ca [term 1 FOLLOWER]: Leader election vote request: Granting yes vote for candidate 6968ac00859b43c2977c75d7976424d5 in term 1.
I20260601 13:36:12.473887 32292 leader_election.cc:304] T c556bed9773442e0b39db77895f95631 P 6968ac00859b43c2977c75d7976424d5 [CANDIDATE]: Term 1 election: Election decided. Result: candidate won. Election summary: received 2 responses out of 3 voters: 2 yes votes; 0 no votes. yes voters: 6968ac00859b43c2977c75d7976424d5, a1cc60bf16af4a43848297eb83b1b399; no voters: 
I20260601 13:36:12.474037 32452 raft_consensus.cc:2804] T c556bed9773442e0b39db77895f95631 P 6968ac00859b43c2977c75d7976424d5 [term 1 FOLLOWER]: Leader election won for term 1
I20260601 13:36:12.474136 32452 raft_consensus.cc:697] T c556bed9773442e0b39db77895f95631 P 6968ac00859b43c2977c75d7976424d5 [term 1 LEADER]: Becoming Leader. State: Replica: 6968ac00859b43c2977c75d7976424d5, State: Running, Role: LEADER
I20260601 13:36:12.474254 32452 consensus_queue.cc:237] T c556bed9773442e0b39db77895f95631 P 6968ac00859b43c2977c75d7976424d5 [LEADER]: Queue going to LEADER mode. State: All replicated index: 0, Majority replicated index: 0, Committed index: 0, Last appended: 0.0, Last appended by leader: 0, Current term: 1, Majority size: 2, State: 0, Mode: LEADER, active raft config: opid_index: -1 OBSOLETE_local: false peers { permanent_uuid: "a1cc60bf16af4a43848297eb83b1b399" member_type: VOTER last_known_addr { host: "127.30.215.65" port: 46283 } } peers { permanent_uuid: "6968ac00859b43c2977c75d7976424d5" member_type: VOTER last_known_addr { host: "127.30.215.66" port: 36007 } } peers { permanent_uuid: "5e0778be878042df9616b13bd014a2ca" member_type: VOTER last_known_addr { host: "127.30.215.67" port: 35915 } }
I20260601 13:36:12.475807 32148 catalog_manager.cc:5696] T c556bed9773442e0b39db77895f95631 P 6968ac00859b43c2977c75d7976424d5 reported cstate change: term changed from 0 to 1, leader changed from <none> to 6968ac00859b43c2977c75d7976424d5 (127.30.215.66). New cstate: current_term: 1 leader_uuid: "6968ac00859b43c2977c75d7976424d5" committed_config { opid_index: -1 OBSOLETE_local: false peers { permanent_uuid: "a1cc60bf16af4a43848297eb83b1b399" member_type: VOTER last_known_addr { host: "127.30.215.65" port: 46283 } health_report { overall_health: UNKNOWN } } peers { permanent_uuid: "6968ac00859b43c2977c75d7976424d5" member_type: VOTER last_known_addr { host: "127.30.215.66" port: 36007 } health_report { overall_health: HEALTHY } } peers { permanent_uuid: "5e0778be878042df9616b13bd014a2ca" member_type: VOTER last_known_addr { host: "127.30.215.67" port: 35915 } health_report { overall_health: UNKNOWN } } }
W20260601 13:36:12.506790 32278 tablet.cc:2404] T 0b49b55e1da94b53bb4fb8f7e6528d15 P a1cc60bf16af4a43848297eb83b1b399: Can't schedule compaction. Clean time has not been advanced past its initial value.
I20260601 13:36:12.510270 32458 raft_consensus.cc:493] T 45c3b233ecbb4216959aadb9746701df P 5e0778be878042df9616b13bd014a2ca [term 0 FOLLOWER]: Starting pre-election (no leader contacted us within the election timeout)
I20260601 13:36:12.510462 32458 raft_consensus.cc:515] T 45c3b233ecbb4216959aadb9746701df P 5e0778be878042df9616b13bd014a2ca [term 0 FOLLOWER]: Starting pre-election with config: opid_index: -1 OBSOLETE_local: false peers { permanent_uuid: "a1cc60bf16af4a43848297eb83b1b399" member_type: VOTER last_known_addr { host: "127.30.215.65" port: 46283 } } peers { permanent_uuid: "6968ac00859b43c2977c75d7976424d5" member_type: VOTER last_known_addr { host: "127.30.215.66" port: 36007 } } peers { permanent_uuid: "5e0778be878042df9616b13bd014a2ca" member_type: VOTER last_known_addr { host: "127.30.215.67" port: 35915 } }
I20260601 13:36:12.511013 32458 leader_election.cc:290] T 45c3b233ecbb4216959aadb9746701df P 5e0778be878042df9616b13bd014a2ca [CANDIDATE]: Term 1 pre-election: Requested pre-vote from peers a1cc60bf16af4a43848297eb83b1b399 (127.30.215.65:46283), 6968ac00859b43c2977c75d7976424d5 (127.30.215.66:36007)
I20260601 13:36:12.514580 32251 tablet_service.cc:1917] Received RequestConsensusVote() RPC: tablet_id: "45c3b233ecbb4216959aadb9746701df" candidate_uuid: "5e0778be878042df9616b13bd014a2ca" candidate_term: 1 candidate_status { last_received { term: 0 index: 0 } } ignore_live_leader: false dest_uuid: "a1cc60bf16af4a43848297eb83b1b399" is_pre_election: true
I20260601 13:36:12.514612 32327 tablet_service.cc:1917] Received RequestConsensusVote() RPC: tablet_id: "45c3b233ecbb4216959aadb9746701df" candidate_uuid: "5e0778be878042df9616b13bd014a2ca" candidate_term: 1 candidate_status { last_received { term: 0 index: 0 } } ignore_live_leader: false dest_uuid: "6968ac00859b43c2977c75d7976424d5" is_pre_election: true
I20260601 13:36:12.514745 32251 raft_consensus.cc:2468] T 45c3b233ecbb4216959aadb9746701df P a1cc60bf16af4a43848297eb83b1b399 [term 0 FOLLOWER]: Leader pre-election vote request: Granting yes vote for candidate 5e0778be878042df9616b13bd014a2ca in term 0.
I20260601 13:36:12.514751 32327 raft_consensus.cc:2468] T 45c3b233ecbb4216959aadb9746701df P 6968ac00859b43c2977c75d7976424d5 [term 0 FOLLOWER]: Leader pre-election vote request: Granting yes vote for candidate 5e0778be878042df9616b13bd014a2ca in term 0.
I20260601 13:36:12.515033 32367 leader_election.cc:304] T 45c3b233ecbb4216959aadb9746701df P 5e0778be878042df9616b13bd014a2ca [CANDIDATE]: Term 1 pre-election: Election decided. Result: candidate won. Election summary: received 2 responses out of 3 voters: 2 yes votes; 0 no votes. yes voters: 5e0778be878042df9616b13bd014a2ca, a1cc60bf16af4a43848297eb83b1b399; no voters: 
I20260601 13:36:12.515229 32458 raft_consensus.cc:2804] T 45c3b233ecbb4216959aadb9746701df P 5e0778be878042df9616b13bd014a2ca [term 0 FOLLOWER]: Leader pre-election won for term 1
I20260601 13:36:12.515298 32458 raft_consensus.cc:493] T 45c3b233ecbb4216959aadb9746701df P 5e0778be878042df9616b13bd014a2ca [term 0 FOLLOWER]: Starting leader election (no leader contacted us within the election timeout)
I20260601 13:36:12.515337 32458 raft_consensus.cc:3060] T 45c3b233ecbb4216959aadb9746701df P 5e0778be878042df9616b13bd014a2ca [term 0 FOLLOWER]: Advancing to term 1
I20260601 13:36:12.516171 32458 raft_consensus.cc:515] T 45c3b233ecbb4216959aadb9746701df P 5e0778be878042df9616b13bd014a2ca [term 1 FOLLOWER]: Starting leader election with config: opid_index: -1 OBSOLETE_local: false peers { permanent_uuid: "a1cc60bf16af4a43848297eb83b1b399" member_type: VOTER last_known_addr { host: "127.30.215.65" port: 46283 } } peers { permanent_uuid: "6968ac00859b43c2977c75d7976424d5" member_type: VOTER last_known_addr { host: "127.30.215.66" port: 36007 } } peers { permanent_uuid: "5e0778be878042df9616b13bd014a2ca" member_type: VOTER last_known_addr { host: "127.30.215.67" port: 35915 } }
I20260601 13:36:12.516533 32458 leader_election.cc:290] T 45c3b233ecbb4216959aadb9746701df P 5e0778be878042df9616b13bd014a2ca [CANDIDATE]: Term 1 election: Requested vote from peers a1cc60bf16af4a43848297eb83b1b399 (127.30.215.65:46283), 6968ac00859b43c2977c75d7976424d5 (127.30.215.66:36007)
I20260601 13:36:12.516860 32251 tablet_service.cc:1917] Received RequestConsensusVote() RPC: tablet_id: "45c3b233ecbb4216959aadb9746701df" candidate_uuid: "5e0778be878042df9616b13bd014a2ca" candidate_term: 1 candidate_status { last_received { term: 0 index: 0 } } ignore_live_leader: false dest_uuid: "a1cc60bf16af4a43848297eb83b1b399"
I20260601 13:36:12.516865 32327 tablet_service.cc:1917] Received RequestConsensusVote() RPC: tablet_id: "45c3b233ecbb4216959aadb9746701df" candidate_uuid: "5e0778be878042df9616b13bd014a2ca" candidate_term: 1 candidate_status { last_received { term: 0 index: 0 } } ignore_live_leader: false dest_uuid: "6968ac00859b43c2977c75d7976424d5"
I20260601 13:36:12.516963 32251 raft_consensus.cc:3060] T 45c3b233ecbb4216959aadb9746701df P a1cc60bf16af4a43848297eb83b1b399 [term 0 FOLLOWER]: Advancing to term 1
I20260601 13:36:12.516993 32327 raft_consensus.cc:3060] T 45c3b233ecbb4216959aadb9746701df P 6968ac00859b43c2977c75d7976424d5 [term 0 FOLLOWER]: Advancing to term 1
I20260601 13:36:12.517644 32327 raft_consensus.cc:2468] T 45c3b233ecbb4216959aadb9746701df P 6968ac00859b43c2977c75d7976424d5 [term 1 FOLLOWER]: Leader election vote request: Granting yes vote for candidate 5e0778be878042df9616b13bd014a2ca in term 1.
I20260601 13:36:12.517704 32251 raft_consensus.cc:2468] T 45c3b233ecbb4216959aadb9746701df P a1cc60bf16af4a43848297eb83b1b399 [term 1 FOLLOWER]: Leader election vote request: Granting yes vote for candidate 5e0778be878042df9616b13bd014a2ca in term 1.
I20260601 13:36:12.517927 32365 leader_election.cc:304] T 45c3b233ecbb4216959aadb9746701df P 5e0778be878042df9616b13bd014a2ca [CANDIDATE]: Term 1 election: Election decided. Result: candidate won. Election summary: received 2 responses out of 3 voters: 2 yes votes; 0 no votes. yes voters: 5e0778be878042df9616b13bd014a2ca, 6968ac00859b43c2977c75d7976424d5; no voters: 
I20260601 13:36:12.518080 32458 raft_consensus.cc:2804] T 45c3b233ecbb4216959aadb9746701df P 5e0778be878042df9616b13bd014a2ca [term 1 FOLLOWER]: Leader election won for term 1
I20260601 13:36:12.518277 32458 raft_consensus.cc:697] T 45c3b233ecbb4216959aadb9746701df P 5e0778be878042df9616b13bd014a2ca [term 1 LEADER]: Becoming Leader. State: Replica: 5e0778be878042df9616b13bd014a2ca, State: Running, Role: LEADER
I20260601 13:36:12.518402 32458 consensus_queue.cc:237] T 45c3b233ecbb4216959aadb9746701df P 5e0778be878042df9616b13bd014a2ca [LEADER]: Queue going to LEADER mode. State: All replicated index: 0, Majority replicated index: 0, Committed index: 0, Last appended: 0.0, Last appended by leader: 0, Current term: 1, Majority size: 2, State: 0, Mode: LEADER, active raft config: opid_index: -1 OBSOLETE_local: false peers { permanent_uuid: "a1cc60bf16af4a43848297eb83b1b399" member_type: VOTER last_known_addr { host: "127.30.215.65" port: 46283 } } peers { permanent_uuid: "6968ac00859b43c2977c75d7976424d5" member_type: VOTER last_known_addr { host: "127.30.215.66" port: 36007 } } peers { permanent_uuid: "5e0778be878042df9616b13bd014a2ca" member_type: VOTER last_known_addr { host: "127.30.215.67" port: 35915 } }
I20260601 13:36:12.520071 32148 catalog_manager.cc:5696] T 45c3b233ecbb4216959aadb9746701df P 5e0778be878042df9616b13bd014a2ca reported cstate change: term changed from 0 to 1, leader changed from <none> to 5e0778be878042df9616b13bd014a2ca (127.30.215.67). New cstate: current_term: 1 leader_uuid: "5e0778be878042df9616b13bd014a2ca" committed_config { opid_index: -1 OBSOLETE_local: false peers { permanent_uuid: "a1cc60bf16af4a43848297eb83b1b399" member_type: VOTER last_known_addr { host: "127.30.215.65" port: 46283 } health_report { overall_health: UNKNOWN } } peers { permanent_uuid: "6968ac00859b43c2977c75d7976424d5" member_type: VOTER last_known_addr { host: "127.30.215.66" port: 36007 } health_report { overall_health: UNKNOWN } } peers { permanent_uuid: "5e0778be878042df9616b13bd014a2ca" member_type: VOTER last_known_addr { host: "127.30.215.67" port: 35915 } health_report { overall_health: HEALTHY } } }
I20260601 13:36:12.527271 32458 raft_consensus.cc:493] T 6cf70a834df34e018dbde9ea5a1a3f1f P 5e0778be878042df9616b13bd014a2ca [term 0 FOLLOWER]: Starting pre-election (no leader contacted us within the election timeout)
I20260601 13:36:12.527382 32458 raft_consensus.cc:515] T 6cf70a834df34e018dbde9ea5a1a3f1f P 5e0778be878042df9616b13bd014a2ca [term 0 FOLLOWER]: Starting pre-election with config: opid_index: -1 OBSOLETE_local: false peers { permanent_uuid: "6968ac00859b43c2977c75d7976424d5" member_type: VOTER last_known_addr { host: "127.30.215.66" port: 36007 } } peers { permanent_uuid: "a1cc60bf16af4a43848297eb83b1b399" member_type: VOTER last_known_addr { host: "127.30.215.65" port: 46283 } } peers { permanent_uuid: "5e0778be878042df9616b13bd014a2ca" member_type: VOTER last_known_addr { host: "127.30.215.67" port: 35915 } }
I20260601 13:36:12.527733 32458 leader_election.cc:290] T 6cf70a834df34e018dbde9ea5a1a3f1f P 5e0778be878042df9616b13bd014a2ca [CANDIDATE]: Term 1 pre-election: Requested pre-vote from peers 6968ac00859b43c2977c75d7976424d5 (127.30.215.66:36007), a1cc60bf16af4a43848297eb83b1b399 (127.30.215.65:46283)
I20260601 13:36:12.528051 32251 tablet_service.cc:1917] Received RequestConsensusVote() RPC: tablet_id: "6cf70a834df34e018dbde9ea5a1a3f1f" candidate_uuid: "5e0778be878042df9616b13bd014a2ca" candidate_term: 1 candidate_status { last_received { term: 0 index: 0 } } ignore_live_leader: false dest_uuid: "a1cc60bf16af4a43848297eb83b1b399" is_pre_election: true
I20260601 13:36:12.528066 32327 tablet_service.cc:1917] Received RequestConsensusVote() RPC: tablet_id: "6cf70a834df34e018dbde9ea5a1a3f1f" candidate_uuid: "5e0778be878042df9616b13bd014a2ca" candidate_term: 1 candidate_status { last_received { term: 0 index: 0 } } ignore_live_leader: false dest_uuid: "6968ac00859b43c2977c75d7976424d5" is_pre_election: true
I20260601 13:36:12.528151 32251 raft_consensus.cc:2468] T 6cf70a834df34e018dbde9ea5a1a3f1f P a1cc60bf16af4a43848297eb83b1b399 [term 0 FOLLOWER]: Leader pre-election vote request: Granting yes vote for candidate 5e0778be878042df9616b13bd014a2ca in term 0.
I20260601 13:36:12.528216 32327 raft_consensus.cc:2468] T 6cf70a834df34e018dbde9ea5a1a3f1f P 6968ac00859b43c2977c75d7976424d5 [term 0 FOLLOWER]: Leader pre-election vote request: Granting yes vote for candidate 5e0778be878042df9616b13bd014a2ca in term 0.
I20260601 13:36:12.528414 32367 leader_election.cc:304] T 6cf70a834df34e018dbde9ea5a1a3f1f P 5e0778be878042df9616b13bd014a2ca [CANDIDATE]: Term 1 pre-election: Election decided. Result: candidate won. Election summary: received 2 responses out of 3 voters: 2 yes votes; 0 no votes. yes voters: 5e0778be878042df9616b13bd014a2ca, a1cc60bf16af4a43848297eb83b1b399; no voters: 
I20260601 13:36:12.528591 32458 raft_consensus.cc:2804] T 6cf70a834df34e018dbde9ea5a1a3f1f P 5e0778be878042df9616b13bd014a2ca [term 0 FOLLOWER]: Leader pre-election won for term 1
I20260601 13:36:12.528677 32458 raft_consensus.cc:493] T 6cf70a834df34e018dbde9ea5a1a3f1f P 5e0778be878042df9616b13bd014a2ca [term 0 FOLLOWER]: Starting leader election (no leader contacted us within the election timeout)
I20260601 13:36:12.528717 32458 raft_consensus.cc:3060] T 6cf70a834df34e018dbde9ea5a1a3f1f P 5e0778be878042df9616b13bd014a2ca [term 0 FOLLOWER]: Advancing to term 1
I20260601 13:36:12.529528 32458 raft_consensus.cc:515] T 6cf70a834df34e018dbde9ea5a1a3f1f P 5e0778be878042df9616b13bd014a2ca [term 1 FOLLOWER]: Starting leader election with config: opid_index: -1 OBSOLETE_local: false peers { permanent_uuid: "6968ac00859b43c2977c75d7976424d5" member_type: VOTER last_known_addr { host: "127.30.215.66" port: 36007 } } peers { permanent_uuid: "a1cc60bf16af4a43848297eb83b1b399" member_type: VOTER last_known_addr { host: "127.30.215.65" port: 46283 } } peers { permanent_uuid: "5e0778be878042df9616b13bd014a2ca" member_type: VOTER last_known_addr { host: "127.30.215.67" port: 35915 } }
I20260601 13:36:12.529837 32458 leader_election.cc:290] T 6cf70a834df34e018dbde9ea5a1a3f1f P 5e0778be878042df9616b13bd014a2ca [CANDIDATE]: Term 1 election: Requested vote from peers 6968ac00859b43c2977c75d7976424d5 (127.30.215.66:36007), a1cc60bf16af4a43848297eb83b1b399 (127.30.215.65:46283)
I20260601 13:36:12.530125 32327 tablet_service.cc:1917] Received RequestConsensusVote() RPC: tablet_id: "6cf70a834df34e018dbde9ea5a1a3f1f" candidate_uuid: "5e0778be878042df9616b13bd014a2ca" candidate_term: 1 candidate_status { last_received { term: 0 index: 0 } } ignore_live_leader: false dest_uuid: "6968ac00859b43c2977c75d7976424d5"
I20260601 13:36:12.530122 32251 tablet_service.cc:1917] Received RequestConsensusVote() RPC: tablet_id: "6cf70a834df34e018dbde9ea5a1a3f1f" candidate_uuid: "5e0778be878042df9616b13bd014a2ca" candidate_term: 1 candidate_status { last_received { term: 0 index: 0 } } ignore_live_leader: false dest_uuid: "a1cc60bf16af4a43848297eb83b1b399"
I20260601 13:36:12.530251 32327 raft_consensus.cc:3060] T 6cf70a834df34e018dbde9ea5a1a3f1f P 6968ac00859b43c2977c75d7976424d5 [term 0 FOLLOWER]: Advancing to term 1
I20260601 13:36:12.530251 32251 raft_consensus.cc:3060] T 6cf70a834df34e018dbde9ea5a1a3f1f P a1cc60bf16af4a43848297eb83b1b399 [term 0 FOLLOWER]: Advancing to term 1
I20260601 13:36:12.531087 32251 raft_consensus.cc:2468] T 6cf70a834df34e018dbde9ea5a1a3f1f P a1cc60bf16af4a43848297eb83b1b399 [term 1 FOLLOWER]: Leader election vote request: Granting yes vote for candidate 5e0778be878042df9616b13bd014a2ca in term 1.
I20260601 13:36:12.531087 32327 raft_consensus.cc:2468] T 6cf70a834df34e018dbde9ea5a1a3f1f P 6968ac00859b43c2977c75d7976424d5 [term 1 FOLLOWER]: Leader election vote request: Granting yes vote for candidate 5e0778be878042df9616b13bd014a2ca in term 1.
I20260601 13:36:12.531409 32365 leader_election.cc:304] T 6cf70a834df34e018dbde9ea5a1a3f1f P 5e0778be878042df9616b13bd014a2ca [CANDIDATE]: Term 1 election: Election decided. Result: candidate won. Election summary: received 2 responses out of 3 voters: 2 yes votes; 0 no votes. yes voters: 5e0778be878042df9616b13bd014a2ca, 6968ac00859b43c2977c75d7976424d5; no voters: 
I20260601 13:36:12.531631 32458 raft_consensus.cc:2804] T 6cf70a834df34e018dbde9ea5a1a3f1f P 5e0778be878042df9616b13bd014a2ca [term 1 FOLLOWER]: Leader election won for term 1
I20260601 13:36:12.531726 32458 raft_consensus.cc:697] T 6cf70a834df34e018dbde9ea5a1a3f1f P 5e0778be878042df9616b13bd014a2ca [term 1 LEADER]: Becoming Leader. State: Replica: 5e0778be878042df9616b13bd014a2ca, State: Running, Role: LEADER
I20260601 13:36:12.531876 32458 consensus_queue.cc:237] T 6cf70a834df34e018dbde9ea5a1a3f1f P 5e0778be878042df9616b13bd014a2ca [LEADER]: Queue going to LEADER mode. State: All replicated index: 0, Majority replicated index: 0, Committed index: 0, Last appended: 0.0, Last appended by leader: 0, Current term: 1, Majority size: 2, State: 0, Mode: LEADER, active raft config: opid_index: -1 OBSOLETE_local: false peers { permanent_uuid: "6968ac00859b43c2977c75d7976424d5" member_type: VOTER last_known_addr { host: "127.30.215.66" port: 36007 } } peers { permanent_uuid: "a1cc60bf16af4a43848297eb83b1b399" member_type: VOTER last_known_addr { host: "127.30.215.65" port: 46283 } } peers { permanent_uuid: "5e0778be878042df9616b13bd014a2ca" member_type: VOTER last_known_addr { host: "127.30.215.67" port: 35915 } }
I20260601 13:36:12.533388 32148 catalog_manager.cc:5696] T 6cf70a834df34e018dbde9ea5a1a3f1f P 5e0778be878042df9616b13bd014a2ca reported cstate change: term changed from 0 to 1, leader changed from <none> to 5e0778be878042df9616b13bd014a2ca (127.30.215.67). New cstate: current_term: 1 leader_uuid: "5e0778be878042df9616b13bd014a2ca" committed_config { opid_index: -1 OBSOLETE_local: false peers { permanent_uuid: "6968ac00859b43c2977c75d7976424d5" member_type: VOTER last_known_addr { host: "127.30.215.66" port: 36007 } health_report { overall_health: UNKNOWN } } peers { permanent_uuid: "a1cc60bf16af4a43848297eb83b1b399" member_type: VOTER last_known_addr { host: "127.30.215.65" port: 46283 } health_report { overall_health: UNKNOWN } } peers { permanent_uuid: "5e0778be878042df9616b13bd014a2ca" member_type: VOTER last_known_addr { host: "127.30.215.67" port: 35915 } health_report { overall_health: HEALTHY } } }
I20260601 13:36:12.579517 32452 raft_consensus.cc:493] T b49a16743d684d888c6e73f680b781ee P 6968ac00859b43c2977c75d7976424d5 [term 0 FOLLOWER]: Starting pre-election (no leader contacted us within the election timeout)
I20260601 13:36:12.579686 32452 raft_consensus.cc:515] T b49a16743d684d888c6e73f680b781ee P 6968ac00859b43c2977c75d7976424d5 [term 0 FOLLOWER]: Starting pre-election with config: opid_index: -1 OBSOLETE_local: false peers { permanent_uuid: "a1cc60bf16af4a43848297eb83b1b399" member_type: VOTER last_known_addr { host: "127.30.215.65" port: 46283 } } peers { permanent_uuid: "6968ac00859b43c2977c75d7976424d5" member_type: VOTER last_known_addr { host: "127.30.215.66" port: 36007 } } peers { permanent_uuid: "5e0778be878042df9616b13bd014a2ca" member_type: VOTER last_known_addr { host: "127.30.215.67" port: 35915 } }
I20260601 13:36:12.580176 32452 leader_election.cc:290] T b49a16743d684d888c6e73f680b781ee P 6968ac00859b43c2977c75d7976424d5 [CANDIDATE]: Term 1 pre-election: Requested pre-vote from peers a1cc60bf16af4a43848297eb83b1b399 (127.30.215.65:46283), 5e0778be878042df9616b13bd014a2ca (127.30.215.67:35915)
I20260601 13:36:12.580641 32401 tablet_service.cc:1917] Received RequestConsensusVote() RPC: tablet_id: "b49a16743d684d888c6e73f680b781ee" candidate_uuid: "6968ac00859b43c2977c75d7976424d5" candidate_term: 1 candidate_status { last_received { term: 0 index: 0 } } ignore_live_leader: false dest_uuid: "5e0778be878042df9616b13bd014a2ca" is_pre_election: true
I20260601 13:36:12.580644 32251 tablet_service.cc:1917] Received RequestConsensusVote() RPC: tablet_id: "b49a16743d684d888c6e73f680b781ee" candidate_uuid: "6968ac00859b43c2977c75d7976424d5" candidate_term: 1 candidate_status { last_received { term: 0 index: 0 } } ignore_live_leader: false dest_uuid: "a1cc60bf16af4a43848297eb83b1b399" is_pre_election: true
I20260601 13:36:12.580762 32401 raft_consensus.cc:2468] T b49a16743d684d888c6e73f680b781ee P 5e0778be878042df9616b13bd014a2ca [term 0 FOLLOWER]: Leader pre-election vote request: Granting yes vote for candidate 6968ac00859b43c2977c75d7976424d5 in term 0.
I20260601 13:36:12.580804 32251 raft_consensus.cc:2468] T b49a16743d684d888c6e73f680b781ee P a1cc60bf16af4a43848297eb83b1b399 [term 0 FOLLOWER]: Leader pre-election vote request: Granting yes vote for candidate 6968ac00859b43c2977c75d7976424d5 in term 0.
I20260601 13:36:12.581049 32293 leader_election.cc:304] T b49a16743d684d888c6e73f680b781ee P 6968ac00859b43c2977c75d7976424d5 [CANDIDATE]: Term 1 pre-election: Election decided. Result: candidate won. Election summary: received 2 responses out of 3 voters: 2 yes votes; 0 no votes. yes voters: 5e0778be878042df9616b13bd014a2ca, 6968ac00859b43c2977c75d7976424d5; no voters: 
I20260601 13:36:12.581241 32452 raft_consensus.cc:2804] T b49a16743d684d888c6e73f680b781ee P 6968ac00859b43c2977c75d7976424d5 [term 0 FOLLOWER]: Leader pre-election won for term 1
I20260601 13:36:12.581305 32452 raft_consensus.cc:493] T b49a16743d684d888c6e73f680b781ee P 6968ac00859b43c2977c75d7976424d5 [term 0 FOLLOWER]: Starting leader election (no leader contacted us within the election timeout)
I20260601 13:36:12.581380 32452 raft_consensus.cc:3060] T b49a16743d684d888c6e73f680b781ee P 6968ac00859b43c2977c75d7976424d5 [term 0 FOLLOWER]: Advancing to term 1
