I20260601 13:22:46.874425 24313 consensus_queue.cc:260] T ff4653812d68494f8608c4542d7fc5a4 P 27065d8215f9444187febf859724091e [NON_LEADER]: Queue going to NON_LEADER mode. State: All replicated index: 0, Majority replicated index: 0, Committed index: 0, Last appended: 0.0, Last appended by leader: 0, Current term: 0, Majority size: -1, State: 0, Mode: NON_LEADER, active raft config: opid_index: -1 OBSOLETE_local: false peers { permanent_uuid: "55c0f0db9cba4405be8b774e9ab15af6" member_type: VOTER last_known_addr { host: "127.20.164.1" port: 33215 } } peers { permanent_uuid: "27065d8215f9444187febf859724091e" member_type: VOTER last_known_addr { host: "127.20.164.2" port: 37781 } } peers { permanent_uuid: "2f48e1bc7f2f439aba2b8eb7f59e1557" member_type: VOTER last_known_addr { host: "127.20.164.3" port: 42369 } }
I20260601 13:22:46.874749 24313 ts_tablet_manager.cc:1434] T ff4653812d68494f8608c4542d7fc5a4 P 27065d8215f9444187febf859724091e: Time spent starting tablet: real 0.001s	user 0.000s	sys 0.001s
I20260601 13:22:46.874935 24313 tablet_bootstrap.cc:492] T b9e2929bbb77465c8115aa5d130238cf P 27065d8215f9444187febf859724091e: Bootstrap starting.
I20260601 13:22:46.875264 24312 tablet_bootstrap.cc:492] T 122a027454414b4d81c839e5bda181a9 P 55c0f0db9cba4405be8b774e9ab15af6: No bootstrap required, opened a new log
I20260601 13:22:46.875379 24312 ts_tablet_manager.cc:1403] T 122a027454414b4d81c839e5bda181a9 P 55c0f0db9cba4405be8b774e9ab15af6: Time spent bootstrapping tablet: real 0.002s	user 0.002s	sys 0.000s
I20260601 13:22:46.875813 24312 raft_consensus.cc:359] T 122a027454414b4d81c839e5bda181a9 P 55c0f0db9cba4405be8b774e9ab15af6 [term 0 FOLLOWER]: Replica starting. Triggering 0 pending ops. Active config: opid_index: -1 OBSOLETE_local: false peers { permanent_uuid: "55c0f0db9cba4405be8b774e9ab15af6" member_type: VOTER last_known_addr { host: "127.20.164.1" port: 33215 } } peers { permanent_uuid: "27065d8215f9444187febf859724091e" member_type: VOTER last_known_addr { host: "127.20.164.2" port: 37781 } } peers { permanent_uuid: "2f48e1bc7f2f439aba2b8eb7f59e1557" member_type: VOTER last_known_addr { host: "127.20.164.3" port: 42369 } }
I20260601 13:22:46.875926 24312 raft_consensus.cc:385] T 122a027454414b4d81c839e5bda181a9 P 55c0f0db9cba4405be8b774e9ab15af6 [term 0 FOLLOWER]: Consensus starting up: Expiring failure detector timer to make a prompt election more likely
I20260601 13:22:46.875962 24312 raft_consensus.cc:740] T 122a027454414b4d81c839e5bda181a9 P 55c0f0db9cba4405be8b774e9ab15af6 [term 0 FOLLOWER]: Becoming Follower/Learner. State: Replica: 55c0f0db9cba4405be8b774e9ab15af6, State: Initialized, Role: FOLLOWER
I20260601 13:22:46.875967 24313 tablet_bootstrap.cc:654] T b9e2929bbb77465c8115aa5d130238cf P 27065d8215f9444187febf859724091e: Neither blocks nor log segments found. Creating new log.
I20260601 13:22:46.876092 24312 consensus_queue.cc:260] T 122a027454414b4d81c839e5bda181a9 P 55c0f0db9cba4405be8b774e9ab15af6 [NON_LEADER]: Queue going to NON_LEADER mode. State: All replicated index: 0, Majority replicated index: 0, Committed index: 0, Last appended: 0.0, Last appended by leader: 0, Current term: 0, Majority size: -1, State: 0, Mode: NON_LEADER, active raft config: opid_index: -1 OBSOLETE_local: false peers { permanent_uuid: "55c0f0db9cba4405be8b774e9ab15af6" member_type: VOTER last_known_addr { host: "127.20.164.1" port: 33215 } } peers { permanent_uuid: "27065d8215f9444187febf859724091e" member_type: VOTER last_known_addr { host: "127.20.164.2" port: 37781 } } peers { permanent_uuid: "2f48e1bc7f2f439aba2b8eb7f59e1557" member_type: VOTER last_known_addr { host: "127.20.164.3" port: 42369 } }
I20260601 13:22:46.876416 24312 ts_tablet_manager.cc:1434] T 122a027454414b4d81c839e5bda181a9 P 55c0f0db9cba4405be8b774e9ab15af6: Time spent starting tablet: real 0.001s	user 0.000s	sys 0.000s
I20260601 13:22:46.876579 24312 tablet_bootstrap.cc:492] T b9e2929bbb77465c8115aa5d130238cf P 55c0f0db9cba4405be8b774e9ab15af6: Bootstrap starting.
I20260601 13:22:46.877224 24317 tablet_bootstrap.cc:492] T 122a027454414b4d81c839e5bda181a9 P 2f48e1bc7f2f439aba2b8eb7f59e1557: No bootstrap required, opened a new log
I20260601 13:22:46.877224 24313 tablet_bootstrap.cc:492] T b9e2929bbb77465c8115aa5d130238cf P 27065d8215f9444187febf859724091e: No bootstrap required, opened a new log
I20260601 13:22:46.877332 24313 ts_tablet_manager.cc:1403] T b9e2929bbb77465c8115aa5d130238cf P 27065d8215f9444187febf859724091e: Time spent bootstrapping tablet: real 0.002s	user 0.001s	sys 0.000s
I20260601 13:22:46.877538 24312 tablet_bootstrap.cc:654] T b9e2929bbb77465c8115aa5d130238cf P 55c0f0db9cba4405be8b774e9ab15af6: Neither blocks nor log segments found. Creating new log.
I20260601 13:22:46.877768 24313 raft_consensus.cc:359] T b9e2929bbb77465c8115aa5d130238cf P 27065d8215f9444187febf859724091e [term 0 FOLLOWER]: Replica starting. Triggering 0 pending ops. Active config: opid_index: -1 OBSOLETE_local: false peers { permanent_uuid: "55c0f0db9cba4405be8b774e9ab15af6" member_type: VOTER last_known_addr { host: "127.20.164.1" port: 33215 } } peers { permanent_uuid: "27065d8215f9444187febf859724091e" member_type: VOTER last_known_addr { host: "127.20.164.2" port: 37781 } } peers { permanent_uuid: "2f48e1bc7f2f439aba2b8eb7f59e1557" member_type: VOTER last_known_addr { host: "127.20.164.3" port: 42369 } }
I20260601 13:22:46.877879 24313 raft_consensus.cc:385] T b9e2929bbb77465c8115aa5d130238cf P 27065d8215f9444187febf859724091e [term 0 FOLLOWER]: Consensus starting up: Expiring failure detector timer to make a prompt election more likely
I20260601 13:22:46.877926 24313 raft_consensus.cc:740] T b9e2929bbb77465c8115aa5d130238cf P 27065d8215f9444187febf859724091e [term 0 FOLLOWER]: Becoming Follower/Learner. State: Replica: 27065d8215f9444187febf859724091e, State: Initialized, Role: FOLLOWER
I20260601 13:22:46.878055 24313 consensus_queue.cc:260] T b9e2929bbb77465c8115aa5d130238cf P 27065d8215f9444187febf859724091e [NON_LEADER]: Queue going to NON_LEADER mode. State: All replicated index: 0, Majority replicated index: 0, Committed index: 0, Last appended: 0.0, Last appended by leader: 0, Current term: 0, Majority size: -1, State: 0, Mode: NON_LEADER, active raft config: opid_index: -1 OBSOLETE_local: false peers { permanent_uuid: "55c0f0db9cba4405be8b774e9ab15af6" member_type: VOTER last_known_addr { host: "127.20.164.1" port: 33215 } } peers { permanent_uuid: "27065d8215f9444187febf859724091e" member_type: VOTER last_known_addr { host: "127.20.164.2" port: 37781 } } peers { permanent_uuid: "2f48e1bc7f2f439aba2b8eb7f59e1557" member_type: VOTER last_known_addr { host: "127.20.164.3" port: 42369 } }
I20260601 13:22:46.878352 24313 ts_tablet_manager.cc:1434] T b9e2929bbb77465c8115aa5d130238cf P 27065d8215f9444187febf859724091e: Time spent starting tablet: real 0.001s	user 0.001s	sys 0.000s
I20260601 13:22:46.877332 24317 ts_tablet_manager.cc:1403] T 122a027454414b4d81c839e5bda181a9 P 2f48e1bc7f2f439aba2b8eb7f59e1557: Time spent bootstrapping tablet: real 0.006s	user 0.001s	sys 0.000s
I20260601 13:22:46.878723 24312 tablet_bootstrap.cc:492] T b9e2929bbb77465c8115aa5d130238cf P 55c0f0db9cba4405be8b774e9ab15af6: No bootstrap required, opened a new log
I20260601 13:22:46.878873 24313 tablet_bootstrap.cc:492] T 122a027454414b4d81c839e5bda181a9 P 27065d8215f9444187febf859724091e: Bootstrap starting.
I20260601 13:22:46.878849 24317 raft_consensus.cc:359] T 122a027454414b4d81c839e5bda181a9 P 2f48e1bc7f2f439aba2b8eb7f59e1557 [term 0 FOLLOWER]: Replica starting. Triggering 0 pending ops. Active config: opid_index: -1 OBSOLETE_local: false peers { permanent_uuid: "55c0f0db9cba4405be8b774e9ab15af6" member_type: VOTER last_known_addr { host: "127.20.164.1" port: 33215 } } peers { permanent_uuid: "27065d8215f9444187febf859724091e" member_type: VOTER last_known_addr { host: "127.20.164.2" port: 37781 } } peers { permanent_uuid: "2f48e1bc7f2f439aba2b8eb7f59e1557" member_type: VOTER last_known_addr { host: "127.20.164.3" port: 42369 } }
I20260601 13:22:46.878978 24317 raft_consensus.cc:385] T 122a027454414b4d81c839e5bda181a9 P 2f48e1bc7f2f439aba2b8eb7f59e1557 [term 0 FOLLOWER]: Consensus starting up: Expiring failure detector timer to make a prompt election more likely
I20260601 13:22:46.879010 24317 raft_consensus.cc:740] T 122a027454414b4d81c839e5bda181a9 P 2f48e1bc7f2f439aba2b8eb7f59e1557 [term 0 FOLLOWER]: Becoming Follower/Learner. State: Replica: 2f48e1bc7f2f439aba2b8eb7f59e1557, State: Initialized, Role: FOLLOWER
I20260601 13:22:46.879117 24317 consensus_queue.cc:260] T 122a027454414b4d81c839e5bda181a9 P 2f48e1bc7f2f439aba2b8eb7f59e1557 [NON_LEADER]: Queue going to NON_LEADER mode. State: All replicated index: 0, Majority replicated index: 0, Committed index: 0, Last appended: 0.0, Last appended by leader: 0, Current term: 0, Majority size: -1, State: 0, Mode: NON_LEADER, active raft config: opid_index: -1 OBSOLETE_local: false peers { permanent_uuid: "55c0f0db9cba4405be8b774e9ab15af6" member_type: VOTER last_known_addr { host: "127.20.164.1" port: 33215 } } peers { permanent_uuid: "27065d8215f9444187febf859724091e" member_type: VOTER last_known_addr { host: "127.20.164.2" port: 37781 } } peers { permanent_uuid: "2f48e1bc7f2f439aba2b8eb7f59e1557" member_type: VOTER last_known_addr { host: "127.20.164.3" port: 42369 } }
I20260601 13:22:46.879376 24317 ts_tablet_manager.cc:1434] T 122a027454414b4d81c839e5bda181a9 P 2f48e1bc7f2f439aba2b8eb7f59e1557: Time spent starting tablet: real 0.001s	user 0.000s	sys 0.000s
I20260601 13:22:46.879657 24317 tablet_bootstrap.cc:492] T b9e2929bbb77465c8115aa5d130238cf P 2f48e1bc7f2f439aba2b8eb7f59e1557: Bootstrap starting.
I20260601 13:22:46.879861 24313 tablet_bootstrap.cc:654] T 122a027454414b4d81c839e5bda181a9 P 27065d8215f9444187febf859724091e: Neither blocks nor log segments found. Creating new log.
I20260601 13:22:46.878854 24312 ts_tablet_manager.cc:1403] T b9e2929bbb77465c8115aa5d130238cf P 55c0f0db9cba4405be8b774e9ab15af6: Time spent bootstrapping tablet: real 0.002s	user 0.002s	sys 0.000s
I20260601 13:22:46.880616 24317 tablet_bootstrap.cc:654] T b9e2929bbb77465c8115aa5d130238cf P 2f48e1bc7f2f439aba2b8eb7f59e1557: Neither blocks nor log segments found. Creating new log.
I20260601 13:22:46.880844 24313 tablet_bootstrap.cc:492] T 122a027454414b4d81c839e5bda181a9 P 27065d8215f9444187febf859724091e: No bootstrap required, opened a new log
I20260601 13:22:46.880929 24313 ts_tablet_manager.cc:1403] T 122a027454414b4d81c839e5bda181a9 P 27065d8215f9444187febf859724091e: Time spent bootstrapping tablet: real 0.002s	user 0.002s	sys 0.000s
I20260601 13:22:46.880968 24312 raft_consensus.cc:359] T b9e2929bbb77465c8115aa5d130238cf P 55c0f0db9cba4405be8b774e9ab15af6 [term 0 FOLLOWER]: Replica starting. Triggering 0 pending ops. Active config: opid_index: -1 OBSOLETE_local: false peers { permanent_uuid: "55c0f0db9cba4405be8b774e9ab15af6" member_type: VOTER last_known_addr { host: "127.20.164.1" port: 33215 } } peers { permanent_uuid: "27065d8215f9444187febf859724091e" member_type: VOTER last_known_addr { host: "127.20.164.2" port: 37781 } } peers { permanent_uuid: "2f48e1bc7f2f439aba2b8eb7f59e1557" member_type: VOTER last_known_addr { host: "127.20.164.3" port: 42369 } }
I20260601 13:22:46.881062 24312 raft_consensus.cc:385] T b9e2929bbb77465c8115aa5d130238cf P 55c0f0db9cba4405be8b774e9ab15af6 [term 0 FOLLOWER]: Consensus starting up: Expiring failure detector timer to make a prompt election more likely
I20260601 13:22:46.881099 24312 raft_consensus.cc:740] T b9e2929bbb77465c8115aa5d130238cf P 55c0f0db9cba4405be8b774e9ab15af6 [term 0 FOLLOWER]: Becoming Follower/Learner. State: Replica: 55c0f0db9cba4405be8b774e9ab15af6, State: Initialized, Role: FOLLOWER
I20260601 13:22:46.881214 24312 consensus_queue.cc:260] T b9e2929bbb77465c8115aa5d130238cf P 55c0f0db9cba4405be8b774e9ab15af6 [NON_LEADER]: Queue going to NON_LEADER mode. State: All replicated index: 0, Majority replicated index: 0, Committed index: 0, Last appended: 0.0, Last appended by leader: 0, Current term: 0, Majority size: -1, State: 0, Mode: NON_LEADER, active raft config: opid_index: -1 OBSOLETE_local: false peers { permanent_uuid: "55c0f0db9cba4405be8b774e9ab15af6" member_type: VOTER last_known_addr { host: "127.20.164.1" port: 33215 } } peers { permanent_uuid: "27065d8215f9444187febf859724091e" member_type: VOTER last_known_addr { host: "127.20.164.2" port: 37781 } } peers { permanent_uuid: "2f48e1bc7f2f439aba2b8eb7f59e1557" member_type: VOTER last_known_addr { host: "127.20.164.3" port: 42369 } }
I20260601 13:22:46.881330 24313 raft_consensus.cc:359] T 122a027454414b4d81c839e5bda181a9 P 27065d8215f9444187febf859724091e [term 0 FOLLOWER]: Replica starting. Triggering 0 pending ops. Active config: opid_index: -1 OBSOLETE_local: false peers { permanent_uuid: "55c0f0db9cba4405be8b774e9ab15af6" member_type: VOTER last_known_addr { host: "127.20.164.1" port: 33215 } } peers { permanent_uuid: "27065d8215f9444187febf859724091e" member_type: VOTER last_known_addr { host: "127.20.164.2" port: 37781 } } peers { permanent_uuid: "2f48e1bc7f2f439aba2b8eb7f59e1557" member_type: VOTER last_known_addr { host: "127.20.164.3" port: 42369 } }
I20260601 13:22:46.881417 24313 raft_consensus.cc:385] T 122a027454414b4d81c839e5bda181a9 P 27065d8215f9444187febf859724091e [term 0 FOLLOWER]: Consensus starting up: Expiring failure detector timer to make a prompt election more likely
I20260601 13:22:46.881459 24313 raft_consensus.cc:740] T 122a027454414b4d81c839e5bda181a9 P 27065d8215f9444187febf859724091e [term 0 FOLLOWER]: Becoming Follower/Learner. State: Replica: 27065d8215f9444187febf859724091e, State: Initialized, Role: FOLLOWER
I20260601 13:22:46.881492 24312 ts_tablet_manager.cc:1434] T b9e2929bbb77465c8115aa5d130238cf P 55c0f0db9cba4405be8b774e9ab15af6: Time spent starting tablet: real 0.001s	user 0.000s	sys 0.000s
I20260601 13:22:46.881596 24313 consensus_queue.cc:260] T 122a027454414b4d81c839e5bda181a9 P 27065d8215f9444187febf859724091e [NON_LEADER]: Queue going to NON_LEADER mode. State: All replicated index: 0, Majority replicated index: 0, Committed index: 0, Last appended: 0.0, Last appended by leader: 0, Current term: 0, Majority size: -1, State: 0, Mode: NON_LEADER, active raft config: opid_index: -1 OBSOLETE_local: false peers { permanent_uuid: "55c0f0db9cba4405be8b774e9ab15af6" member_type: VOTER last_known_addr { host: "127.20.164.1" port: 33215 } } peers { permanent_uuid: "27065d8215f9444187febf859724091e" member_type: VOTER last_known_addr { host: "127.20.164.2" port: 37781 } } peers { permanent_uuid: "2f48e1bc7f2f439aba2b8eb7f59e1557" member_type: VOTER last_known_addr { host: "127.20.164.3" port: 42369 } }
I20260601 13:22:46.881676 24312 tablet_bootstrap.cc:492] T 469e2ee9087d4f4688b6301900113911 P 55c0f0db9cba4405be8b774e9ab15af6: Bootstrap starting.
I20260601 13:22:46.881848 24313 ts_tablet_manager.cc:1434] T 122a027454414b4d81c839e5bda181a9 P 27065d8215f9444187febf859724091e: Time spent starting tablet: real 0.001s	user 0.001s	sys 0.000s
I20260601 13:22:46.882000 24313 tablet_bootstrap.cc:492] T adfac4275d12402c9b1b990a445e5d44 P 27065d8215f9444187febf859724091e: Bootstrap starting.
I20260601 13:22:46.882637 24312 tablet_bootstrap.cc:654] T 469e2ee9087d4f4688b6301900113911 P 55c0f0db9cba4405be8b774e9ab15af6: Neither blocks nor log segments found. Creating new log.
I20260601 13:22:46.882994 24313 tablet_bootstrap.cc:654] T adfac4275d12402c9b1b990a445e5d44 P 27065d8215f9444187febf859724091e: Neither blocks nor log segments found. Creating new log.
I20260601 13:22:46.883671 24317 tablet_bootstrap.cc:492] T b9e2929bbb77465c8115aa5d130238cf P 2f48e1bc7f2f439aba2b8eb7f59e1557: No bootstrap required, opened a new log
I20260601 13:22:46.883764 24317 ts_tablet_manager.cc:1403] T b9e2929bbb77465c8115aa5d130238cf P 2f48e1bc7f2f439aba2b8eb7f59e1557: Time spent bootstrapping tablet: real 0.004s	user 0.001s	sys 0.000s
I20260601 13:22:46.884039 24313 tablet_bootstrap.cc:492] T adfac4275d12402c9b1b990a445e5d44 P 27065d8215f9444187febf859724091e: No bootstrap required, opened a new log
I20260601 13:22:46.884138 24313 ts_tablet_manager.cc:1403] T adfac4275d12402c9b1b990a445e5d44 P 27065d8215f9444187febf859724091e: Time spent bootstrapping tablet: real 0.002s	user 0.002s	sys 0.000s
I20260601 13:22:46.884253 24317 raft_consensus.cc:359] T b9e2929bbb77465c8115aa5d130238cf P 2f48e1bc7f2f439aba2b8eb7f59e1557 [term 0 FOLLOWER]: Replica starting. Triggering 0 pending ops. Active config: opid_index: -1 OBSOLETE_local: false peers { permanent_uuid: "55c0f0db9cba4405be8b774e9ab15af6" member_type: VOTER last_known_addr { host: "127.20.164.1" port: 33215 } } peers { permanent_uuid: "27065d8215f9444187febf859724091e" member_type: VOTER last_known_addr { host: "127.20.164.2" port: 37781 } } peers { permanent_uuid: "2f48e1bc7f2f439aba2b8eb7f59e1557" member_type: VOTER last_known_addr { host: "127.20.164.3" port: 42369 } }
I20260601 13:22:46.884370 24317 raft_consensus.cc:385] T b9e2929bbb77465c8115aa5d130238cf P 2f48e1bc7f2f439aba2b8eb7f59e1557 [term 0 FOLLOWER]: Consensus starting up: Expiring failure detector timer to make a prompt election more likely
I20260601 13:22:46.884404 24317 raft_consensus.cc:740] T b9e2929bbb77465c8115aa5d130238cf P 2f48e1bc7f2f439aba2b8eb7f59e1557 [term 0 FOLLOWER]: Becoming Follower/Learner. State: Replica: 2f48e1bc7f2f439aba2b8eb7f59e1557, State: Initialized, Role: FOLLOWER
I20260601 13:22:46.884526 24317 consensus_queue.cc:260] T b9e2929bbb77465c8115aa5d130238cf P 2f48e1bc7f2f439aba2b8eb7f59e1557 [NON_LEADER]: Queue going to NON_LEADER mode. State: All replicated index: 0, Majority replicated index: 0, Committed index: 0, Last appended: 0.0, Last appended by leader: 0, Current term: 0, Majority size: -1, State: 0, Mode: NON_LEADER, active raft config: opid_index: -1 OBSOLETE_local: false peers { permanent_uuid: "55c0f0db9cba4405be8b774e9ab15af6" member_type: VOTER last_known_addr { host: "127.20.164.1" port: 33215 } } peers { permanent_uuid: "27065d8215f9444187febf859724091e" member_type: VOTER last_known_addr { host: "127.20.164.2" port: 37781 } } peers { permanent_uuid: "2f48e1bc7f2f439aba2b8eb7f59e1557" member_type: VOTER last_known_addr { host: "127.20.164.3" port: 42369 } }
I20260601 13:22:46.884531 24313 raft_consensus.cc:359] T adfac4275d12402c9b1b990a445e5d44 P 27065d8215f9444187febf859724091e [term 0 FOLLOWER]: Replica starting. Triggering 0 pending ops. Active config: opid_index: -1 OBSOLETE_local: false peers { permanent_uuid: "27065d8215f9444187febf859724091e" member_type: VOTER last_known_addr { host: "127.20.164.2" port: 37781 } } peers { permanent_uuid: "55c0f0db9cba4405be8b774e9ab15af6" member_type: VOTER last_known_addr { host: "127.20.164.1" port: 33215 } } peers { permanent_uuid: "2f48e1bc7f2f439aba2b8eb7f59e1557" member_type: VOTER last_known_addr { host: "127.20.164.3" port: 42369 } }
I20260601 13:22:46.884665 24313 raft_consensus.cc:385] T adfac4275d12402c9b1b990a445e5d44 P 27065d8215f9444187febf859724091e [term 0 FOLLOWER]: Consensus starting up: Expiring failure detector timer to make a prompt election more likely
I20260601 13:22:46.884706 24313 raft_consensus.cc:740] T adfac4275d12402c9b1b990a445e5d44 P 27065d8215f9444187febf859724091e [term 0 FOLLOWER]: Becoming Follower/Learner. State: Replica: 27065d8215f9444187febf859724091e, State: Initialized, Role: FOLLOWER
I20260601 13:22:46.884857 24317 ts_tablet_manager.cc:1434] T b9e2929bbb77465c8115aa5d130238cf P 2f48e1bc7f2f439aba2b8eb7f59e1557: Time spent starting tablet: real 0.001s	user 0.001s	sys 0.000s
I20260601 13:22:46.884851 24313 consensus_queue.cc:260] T adfac4275d12402c9b1b990a445e5d44 P 27065d8215f9444187febf859724091e [NON_LEADER]: Queue going to NON_LEADER mode. State: All replicated index: 0, Majority replicated index: 0, Committed index: 0, Last appended: 0.0, Last appended by leader: 0, Current term: 0, Majority size: -1, State: 0, Mode: NON_LEADER, active raft config: opid_index: -1 OBSOLETE_local: false peers { permanent_uuid: "27065d8215f9444187febf859724091e" member_type: VOTER last_known_addr { host: "127.20.164.2" port: 37781 } } peers { permanent_uuid: "55c0f0db9cba4405be8b774e9ab15af6" member_type: VOTER last_known_addr { host: "127.20.164.1" port: 33215 } } peers { permanent_uuid: "2f48e1bc7f2f439aba2b8eb7f59e1557" member_type: VOTER last_known_addr { host: "127.20.164.3" port: 42369 } }
I20260601 13:22:46.885116 24317 tablet_bootstrap.cc:492] T ff4653812d68494f8608c4542d7fc5a4 P 2f48e1bc7f2f439aba2b8eb7f59e1557: Bootstrap starting.
I20260601 13:22:46.885139 24313 ts_tablet_manager.cc:1434] T adfac4275d12402c9b1b990a445e5d44 P 27065d8215f9444187febf859724091e: Time spent starting tablet: real 0.001s	user 0.001s	sys 0.000s
I20260601 13:22:46.885291 24313 tablet_bootstrap.cc:492] T 469e2ee9087d4f4688b6301900113911 P 27065d8215f9444187febf859724091e: Bootstrap starting.
I20260601 13:22:46.886176 24317 tablet_bootstrap.cc:654] T ff4653812d68494f8608c4542d7fc5a4 P 2f48e1bc7f2f439aba2b8eb7f59e1557: Neither blocks nor log segments found. Creating new log.
I20260601 13:22:46.886364 24313 tablet_bootstrap.cc:654] T 469e2ee9087d4f4688b6301900113911 P 27065d8215f9444187febf859724091e: Neither blocks nor log segments found. Creating new log.
I20260601 13:22:46.887461 24312 tablet_bootstrap.cc:492] T 469e2ee9087d4f4688b6301900113911 P 55c0f0db9cba4405be8b774e9ab15af6: No bootstrap required, opened a new log
I20260601 13:22:46.887458 24313 tablet_bootstrap.cc:492] T 469e2ee9087d4f4688b6301900113911 P 27065d8215f9444187febf859724091e: No bootstrap required, opened a new log
I20260601 13:22:46.887458 24317 tablet_bootstrap.cc:492] T ff4653812d68494f8608c4542d7fc5a4 P 2f48e1bc7f2f439aba2b8eb7f59e1557: No bootstrap required, opened a new log
I20260601 13:22:46.887565 24312 ts_tablet_manager.cc:1403] T 469e2ee9087d4f4688b6301900113911 P 55c0f0db9cba4405be8b774e9ab15af6: Time spent bootstrapping tablet: real 0.006s	user 0.002s	sys 0.000s
I20260601 13:22:46.887588 24313 ts_tablet_manager.cc:1403] T 469e2ee9087d4f4688b6301900113911 P 27065d8215f9444187febf859724091e: Time spent bootstrapping tablet: real 0.002s	user 0.000s	sys 0.002s
I20260601 13:22:46.887588 24317 ts_tablet_manager.cc:1403] T ff4653812d68494f8608c4542d7fc5a4 P 2f48e1bc7f2f439aba2b8eb7f59e1557: Time spent bootstrapping tablet: real 0.003s	user 0.002s	sys 0.000s
I20260601 13:22:46.887948 24312 raft_consensus.cc:359] T 469e2ee9087d4f4688b6301900113911 P 55c0f0db9cba4405be8b774e9ab15af6 [term 0 FOLLOWER]: Replica starting. Triggering 0 pending ops. Active config: opid_index: -1 OBSOLETE_local: false peers { permanent_uuid: "27065d8215f9444187febf859724091e" member_type: VOTER last_known_addr { host: "127.20.164.2" port: 37781 } } peers { permanent_uuid: "55c0f0db9cba4405be8b774e9ab15af6" member_type: VOTER last_known_addr { host: "127.20.164.1" port: 33215 } } peers { permanent_uuid: "2f48e1bc7f2f439aba2b8eb7f59e1557" member_type: VOTER last_known_addr { host: "127.20.164.3" port: 42369 } }
I20260601 13:22:46.888060 24312 raft_consensus.cc:385] T 469e2ee9087d4f4688b6301900113911 P 55c0f0db9cba4405be8b774e9ab15af6 [term 0 FOLLOWER]: Consensus starting up: Expiring failure detector timer to make a prompt election more likely
I20260601 13:22:46.888041 24317 raft_consensus.cc:359] T ff4653812d68494f8608c4542d7fc5a4 P 2f48e1bc7f2f439aba2b8eb7f59e1557 [term 0 FOLLOWER]: Replica starting. Triggering 0 pending ops. Active config: opid_index: -1 OBSOLETE_local: false peers { permanent_uuid: "55c0f0db9cba4405be8b774e9ab15af6" member_type: VOTER last_known_addr { host: "127.20.164.1" port: 33215 } } peers { permanent_uuid: "27065d8215f9444187febf859724091e" member_type: VOTER last_known_addr { host: "127.20.164.2" port: 37781 } } peers { permanent_uuid: "2f48e1bc7f2f439aba2b8eb7f59e1557" member_type: VOTER last_known_addr { host: "127.20.164.3" port: 42369 } }
I20260601 13:22:46.888185 24312 raft_consensus.cc:740] T 469e2ee9087d4f4688b6301900113911 P 55c0f0db9cba4405be8b774e9ab15af6 [term 0 FOLLOWER]: Becoming Follower/Learner. State: Replica: 55c0f0db9cba4405be8b774e9ab15af6, State: Initialized, Role: FOLLOWER
I20260601 13:22:46.888201 24317 raft_consensus.cc:385] T ff4653812d68494f8608c4542d7fc5a4 P 2f48e1bc7f2f439aba2b8eb7f59e1557 [term 0 FOLLOWER]: Consensus starting up: Expiring failure detector timer to make a prompt election more likely
I20260601 13:22:46.888247 24317 raft_consensus.cc:740] T ff4653812d68494f8608c4542d7fc5a4 P 2f48e1bc7f2f439aba2b8eb7f59e1557 [term 0 FOLLOWER]: Becoming Follower/Learner. State: Replica: 2f48e1bc7f2f439aba2b8eb7f59e1557, State: Initialized, Role: FOLLOWER
I20260601 13:22:46.888324 24312 consensus_queue.cc:260] T 469e2ee9087d4f4688b6301900113911 P 55c0f0db9cba4405be8b774e9ab15af6 [NON_LEADER]: Queue going to NON_LEADER mode. State: All replicated index: 0, Majority replicated index: 0, Committed index: 0, Last appended: 0.0, Last appended by leader: 0, Current term: 0, Majority size: -1, State: 0, Mode: NON_LEADER, active raft config: opid_index: -1 OBSOLETE_local: false peers { permanent_uuid: "27065d8215f9444187febf859724091e" member_type: VOTER last_known_addr { host: "127.20.164.2" port: 37781 } } peers { permanent_uuid: "55c0f0db9cba4405be8b774e9ab15af6" member_type: VOTER last_known_addr { host: "127.20.164.1" port: 33215 } } peers { permanent_uuid: "2f48e1bc7f2f439aba2b8eb7f59e1557" member_type: VOTER last_known_addr { host: "127.20.164.3" port: 42369 } }
I20260601 13:22:46.888375 24317 consensus_queue.cc:260] T ff4653812d68494f8608c4542d7fc5a4 P 2f48e1bc7f2f439aba2b8eb7f59e1557 [NON_LEADER]: Queue going to NON_LEADER mode. State: All replicated index: 0, Majority replicated index: 0, Committed index: 0, Last appended: 0.0, Last appended by leader: 0, Current term: 0, Majority size: -1, State: 0, Mode: NON_LEADER, active raft config: opid_index: -1 OBSOLETE_local: false peers { permanent_uuid: "55c0f0db9cba4405be8b774e9ab15af6" member_type: VOTER last_known_addr { host: "127.20.164.1" port: 33215 } } peers { permanent_uuid: "27065d8215f9444187febf859724091e" member_type: VOTER last_known_addr { host: "127.20.164.2" port: 37781 } } peers { permanent_uuid: "2f48e1bc7f2f439aba2b8eb7f59e1557" member_type: VOTER last_known_addr { host: "127.20.164.3" port: 42369 } }
I20260601 13:22:46.888573 24317 ts_tablet_manager.cc:1434] T ff4653812d68494f8608c4542d7fc5a4 P 2f48e1bc7f2f439aba2b8eb7f59e1557: Time spent starting tablet: real 0.001s	user 0.001s	sys 0.000s
I20260601 13:22:46.888612 24312 ts_tablet_manager.cc:1434] T 469e2ee9087d4f4688b6301900113911 P 55c0f0db9cba4405be8b774e9ab15af6: Time spent starting tablet: real 0.001s	user 0.001s	sys 0.000s
I20260601 13:22:46.888692 24317 tablet_bootstrap.cc:492] T be5401dad4aa4ea0aa3b9b03a33d4140 P 2f48e1bc7f2f439aba2b8eb7f59e1557: Bootstrap starting.
I20260601 13:22:46.889567 24317 tablet_bootstrap.cc:654] T be5401dad4aa4ea0aa3b9b03a33d4140 P 2f48e1bc7f2f439aba2b8eb7f59e1557: Neither blocks nor log segments found. Creating new log.
I20260601 13:22:46.888039 24313 raft_consensus.cc:359] T 469e2ee9087d4f4688b6301900113911 P 27065d8215f9444187febf859724091e [term 0 FOLLOWER]: Replica starting. Triggering 0 pending ops. Active config: opid_index: -1 OBSOLETE_local: false peers { permanent_uuid: "27065d8215f9444187febf859724091e" member_type: VOTER last_known_addr { host: "127.20.164.2" port: 37781 } } peers { permanent_uuid: "55c0f0db9cba4405be8b774e9ab15af6" member_type: VOTER last_known_addr { host: "127.20.164.1" port: 33215 } } peers { permanent_uuid: "2f48e1bc7f2f439aba2b8eb7f59e1557" member_type: VOTER last_known_addr { host: "127.20.164.3" port: 42369 } }
I20260601 13:22:46.890117 24313 raft_consensus.cc:385] T 469e2ee9087d4f4688b6301900113911 P 27065d8215f9444187febf859724091e [term 0 FOLLOWER]: Consensus starting up: Expiring failure detector timer to make a prompt election more likely
I20260601 13:22:46.890172 24313 raft_consensus.cc:740] T 469e2ee9087d4f4688b6301900113911 P 27065d8215f9444187febf859724091e [term 0 FOLLOWER]: Becoming Follower/Learner. State: Replica: 27065d8215f9444187febf859724091e, State: Initialized, Role: FOLLOWER
I20260601 13:22:46.890374 24313 consensus_queue.cc:260] T 469e2ee9087d4f4688b6301900113911 P 27065d8215f9444187febf859724091e [NON_LEADER]: Queue going to NON_LEADER mode. State: All replicated index: 0, Majority replicated index: 0, Committed index: 0, Last appended: 0.0, Last appended by leader: 0, Current term: 0, Majority size: -1, State: 0, Mode: NON_LEADER, active raft config: opid_index: -1 OBSOLETE_local: false peers { permanent_uuid: "27065d8215f9444187febf859724091e" member_type: VOTER last_known_addr { host: "127.20.164.2" port: 37781 } } peers { permanent_uuid: "55c0f0db9cba4405be8b774e9ab15af6" member_type: VOTER last_known_addr { host: "127.20.164.1" port: 33215 } } peers { permanent_uuid: "2f48e1bc7f2f439aba2b8eb7f59e1557" member_type: VOTER last_known_addr { host: "127.20.164.3" port: 42369 } }
I20260601 13:22:46.890574 24317 tablet_bootstrap.cc:492] T be5401dad4aa4ea0aa3b9b03a33d4140 P 2f48e1bc7f2f439aba2b8eb7f59e1557: No bootstrap required, opened a new log
I20260601 13:22:46.890635 24313 ts_tablet_manager.cc:1434] T 469e2ee9087d4f4688b6301900113911 P 27065d8215f9444187febf859724091e: Time spent starting tablet: real 0.003s	user 0.000s	sys 0.001s
I20260601 13:22:46.890651 24317 ts_tablet_manager.cc:1403] T be5401dad4aa4ea0aa3b9b03a33d4140 P 2f48e1bc7f2f439aba2b8eb7f59e1557: Time spent bootstrapping tablet: real 0.002s	user 0.001s	sys 0.000s
I20260601 13:22:46.890795 24313 tablet_bootstrap.cc:492] T 663303066bcb4a50bd04ebbfb83c3889 P 27065d8215f9444187febf859724091e: Bootstrap starting.
I20260601 13:22:46.891059 24317 raft_consensus.cc:359] T be5401dad4aa4ea0aa3b9b03a33d4140 P 2f48e1bc7f2f439aba2b8eb7f59e1557 [term 0 FOLLOWER]: Replica starting. Triggering 0 pending ops. Active config: opid_index: -1 OBSOLETE_local: false peers { permanent_uuid: "27065d8215f9444187febf859724091e" member_type: VOTER last_known_addr { host: "127.20.164.2" port: 37781 } } peers { permanent_uuid: "55c0f0db9cba4405be8b774e9ab15af6" member_type: VOTER last_known_addr { host: "127.20.164.1" port: 33215 } } peers { permanent_uuid: "2f48e1bc7f2f439aba2b8eb7f59e1557" member_type: VOTER last_known_addr { host: "127.20.164.3" port: 42369 } }
I20260601 13:22:46.891158 24317 raft_consensus.cc:385] T be5401dad4aa4ea0aa3b9b03a33d4140 P 2f48e1bc7f2f439aba2b8eb7f59e1557 [term 0 FOLLOWER]: Consensus starting up: Expiring failure detector timer to make a prompt election more likely
I20260601 13:22:46.891196 24317 raft_consensus.cc:740] T be5401dad4aa4ea0aa3b9b03a33d4140 P 2f48e1bc7f2f439aba2b8eb7f59e1557 [term 0 FOLLOWER]: Becoming Follower/Learner. State: Replica: 2f48e1bc7f2f439aba2b8eb7f59e1557, State: Initialized, Role: FOLLOWER
I20260601 13:22:46.891322 24317 consensus_queue.cc:260] T be5401dad4aa4ea0aa3b9b03a33d4140 P 2f48e1bc7f2f439aba2b8eb7f59e1557 [NON_LEADER]: Queue going to NON_LEADER mode. State: All replicated index: 0, Majority replicated index: 0, Committed index: 0, Last appended: 0.0, Last appended by leader: 0, Current term: 0, Majority size: -1, State: 0, Mode: NON_LEADER, active raft config: opid_index: -1 OBSOLETE_local: false peers { permanent_uuid: "27065d8215f9444187febf859724091e" member_type: VOTER last_known_addr { host: "127.20.164.2" port: 37781 } } peers { permanent_uuid: "55c0f0db9cba4405be8b774e9ab15af6" member_type: VOTER last_known_addr { host: "127.20.164.1" port: 33215 } } peers { permanent_uuid: "2f48e1bc7f2f439aba2b8eb7f59e1557" member_type: VOTER last_known_addr { host: "127.20.164.3" port: 42369 } }
I20260601 13:22:46.891561 24317 ts_tablet_manager.cc:1434] T be5401dad4aa4ea0aa3b9b03a33d4140 P 2f48e1bc7f2f439aba2b8eb7f59e1557: Time spent starting tablet: real 0.001s	user 0.000s	sys 0.000s
I20260601 13:22:46.891746 24317 tablet_bootstrap.cc:492] T adfac4275d12402c9b1b990a445e5d44 P 2f48e1bc7f2f439aba2b8eb7f59e1557: Bootstrap starting.
I20260601 13:22:46.891746 24313 tablet_bootstrap.cc:654] T 663303066bcb4a50bd04ebbfb83c3889 P 27065d8215f9444187febf859724091e: Neither blocks nor log segments found. Creating new log.
I20260601 13:22:46.892848 24317 tablet_bootstrap.cc:654] T adfac4275d12402c9b1b990a445e5d44 P 2f48e1bc7f2f439aba2b8eb7f59e1557: Neither blocks nor log segments found. Creating new log.
I20260601 13:22:46.892979 24313 tablet_bootstrap.cc:492] T 663303066bcb4a50bd04ebbfb83c3889 P 27065d8215f9444187febf859724091e: No bootstrap required, opened a new log
I20260601 13:22:46.893072 24313 ts_tablet_manager.cc:1403] T 663303066bcb4a50bd04ebbfb83c3889 P 27065d8215f9444187febf859724091e: Time spent bootstrapping tablet: real 0.002s	user 0.001s	sys 0.000s
I20260601 13:22:46.893433 24313 raft_consensus.cc:359] T 663303066bcb4a50bd04ebbfb83c3889 P 27065d8215f9444187febf859724091e [term 0 FOLLOWER]: Replica starting. Triggering 0 pending ops. Active config: opid_index: -1 OBSOLETE_local: false peers { permanent_uuid: "27065d8215f9444187febf859724091e" member_type: VOTER last_known_addr { host: "127.20.164.2" port: 37781 } } peers { permanent_uuid: "55c0f0db9cba4405be8b774e9ab15af6" member_type: VOTER last_known_addr { host: "127.20.164.1" port: 33215 } } peers { permanent_uuid: "2f48e1bc7f2f439aba2b8eb7f59e1557" member_type: VOTER last_known_addr { host: "127.20.164.3" port: 42369 } }
I20260601 13:22:46.893551 24313 raft_consensus.cc:385] T 663303066bcb4a50bd04ebbfb83c3889 P 27065d8215f9444187febf859724091e [term 0 FOLLOWER]: Consensus starting up: Expiring failure detector timer to make a prompt election more likely
I20260601 13:22:46.893603 24313 raft_consensus.cc:740] T 663303066bcb4a50bd04ebbfb83c3889 P 27065d8215f9444187febf859724091e [term 0 FOLLOWER]: Becoming Follower/Learner. State: Replica: 27065d8215f9444187febf859724091e, State: Initialized, Role: FOLLOWER
I20260601 13:22:46.893735 24313 consensus_queue.cc:260] T 663303066bcb4a50bd04ebbfb83c3889 P 27065d8215f9444187febf859724091e [NON_LEADER]: Queue going to NON_LEADER mode. State: All replicated index: 0, Majority replicated index: 0, Committed index: 0, Last appended: 0.0, Last appended by leader: 0, Current term: 0, Majority size: -1, State: 0, Mode: NON_LEADER, active raft config: opid_index: -1 OBSOLETE_local: false peers { permanent_uuid: "27065d8215f9444187febf859724091e" member_type: VOTER last_known_addr { host: "127.20.164.2" port: 37781 } } peers { permanent_uuid: "55c0f0db9cba4405be8b774e9ab15af6" member_type: VOTER last_known_addr { host: "127.20.164.1" port: 33215 } } peers { permanent_uuid: "2f48e1bc7f2f439aba2b8eb7f59e1557" member_type: VOTER last_known_addr { host: "127.20.164.3" port: 42369 } }
I20260601 13:22:46.893918 24317 tablet_bootstrap.cc:492] T adfac4275d12402c9b1b990a445e5d44 P 2f48e1bc7f2f439aba2b8eb7f59e1557: No bootstrap required, opened a new log
I20260601 13:22:46.894004 24317 ts_tablet_manager.cc:1403] T adfac4275d12402c9b1b990a445e5d44 P 2f48e1bc7f2f439aba2b8eb7f59e1557: Time spent bootstrapping tablet: real 0.002s	user 0.000s	sys 0.002s
I20260601 13:22:46.894040 24313 ts_tablet_manager.cc:1434] T 663303066bcb4a50bd04ebbfb83c3889 P 27065d8215f9444187febf859724091e: Time spent starting tablet: real 0.001s	user 0.000s	sys 0.000s
I20260601 13:22:46.894474 24317 raft_consensus.cc:359] T adfac4275d12402c9b1b990a445e5d44 P 2f48e1bc7f2f439aba2b8eb7f59e1557 [term 0 FOLLOWER]: Replica starting. Triggering 0 pending ops. Active config: opid_index: -1 OBSOLETE_local: false peers { permanent_uuid: "27065d8215f9444187febf859724091e" member_type: VOTER last_known_addr { host: "127.20.164.2" port: 37781 } } peers { permanent_uuid: "55c0f0db9cba4405be8b774e9ab15af6" member_type: VOTER last_known_addr { host: "127.20.164.1" port: 33215 } } peers { permanent_uuid: "2f48e1bc7f2f439aba2b8eb7f59e1557" member_type: VOTER last_known_addr { host: "127.20.164.3" port: 42369 } }
I20260601 13:22:46.894564 24317 raft_consensus.cc:385] T adfac4275d12402c9b1b990a445e5d44 P 2f48e1bc7f2f439aba2b8eb7f59e1557 [term 0 FOLLOWER]: Consensus starting up: Expiring failure detector timer to make a prompt election more likely
I20260601 13:22:46.894586 24317 raft_consensus.cc:740] T adfac4275d12402c9b1b990a445e5d44 P 2f48e1bc7f2f439aba2b8eb7f59e1557 [term 0 FOLLOWER]: Becoming Follower/Learner. State: Replica: 2f48e1bc7f2f439aba2b8eb7f59e1557, State: Initialized, Role: FOLLOWER
I20260601 13:22:46.894732 24317 consensus_queue.cc:260] T adfac4275d12402c9b1b990a445e5d44 P 2f48e1bc7f2f439aba2b8eb7f59e1557 [NON_LEADER]: Queue going to NON_LEADER mode. State: All replicated index: 0, Majority replicated index: 0, Committed index: 0, Last appended: 0.0, Last appended by leader: 0, Current term: 0, Majority size: -1, State: 0, Mode: NON_LEADER, active raft config: opid_index: -1 OBSOLETE_local: false peers { permanent_uuid: "27065d8215f9444187febf859724091e" member_type: VOTER last_known_addr { host: "127.20.164.2" port: 37781 } } peers { permanent_uuid: "55c0f0db9cba4405be8b774e9ab15af6" member_type: VOTER last_known_addr { host: "127.20.164.1" port: 33215 } } peers { permanent_uuid: "2f48e1bc7f2f439aba2b8eb7f59e1557" member_type: VOTER last_known_addr { host: "127.20.164.3" port: 42369 } }
I20260601 13:22:46.895001 24317 ts_tablet_manager.cc:1434] T adfac4275d12402c9b1b990a445e5d44 P 2f48e1bc7f2f439aba2b8eb7f59e1557: Time spent starting tablet: real 0.001s	user 0.001s	sys 0.000s
I20260601 13:22:46.912875 24324 raft_consensus.cc:493] T be5401dad4aa4ea0aa3b9b03a33d4140 P 27065d8215f9444187febf859724091e [term 0 FOLLOWER]: Starting pre-election (no leader contacted us within the election timeout)
I20260601 13:22:46.913074 24324 raft_consensus.cc:515] T be5401dad4aa4ea0aa3b9b03a33d4140 P 27065d8215f9444187febf859724091e [term 0 FOLLOWER]: Starting pre-election with config: opid_index: -1 OBSOLETE_local: false peers { permanent_uuid: "27065d8215f9444187febf859724091e" member_type: VOTER last_known_addr { host: "127.20.164.2" port: 37781 } } peers { permanent_uuid: "55c0f0db9cba4405be8b774e9ab15af6" member_type: VOTER last_known_addr { host: "127.20.164.1" port: 33215 } } peers { permanent_uuid: "2f48e1bc7f2f439aba2b8eb7f59e1557" member_type: VOTER last_known_addr { host: "127.20.164.3" port: 42369 } }
I20260601 13:22:46.913699 24324 leader_election.cc:290] T be5401dad4aa4ea0aa3b9b03a33d4140 P 27065d8215f9444187febf859724091e [CANDIDATE]: Term 1 pre-election: Requested pre-vote from peers 55c0f0db9cba4405be8b774e9ab15af6 (127.20.164.1:33215), 2f48e1bc7f2f439aba2b8eb7f59e1557 (127.20.164.3:42369)
I20260601 13:22:46.918635 24266 tablet_service.cc:1917] Received RequestConsensusVote() RPC: tablet_id: "be5401dad4aa4ea0aa3b9b03a33d4140" candidate_uuid: "27065d8215f9444187febf859724091e" candidate_term: 1 candidate_status { last_received { term: 0 index: 0 } } ignore_live_leader: false dest_uuid: "2f48e1bc7f2f439aba2b8eb7f59e1557" is_pre_election: true
I20260601 13:22:46.918782 24266 raft_consensus.cc:2468] T be5401dad4aa4ea0aa3b9b03a33d4140 P 2f48e1bc7f2f439aba2b8eb7f59e1557 [term 0 FOLLOWER]: Leader pre-election vote request: Granting yes vote for candidate 27065d8215f9444187febf859724091e in term 0.
I20260601 13:22:46.918722 24115 tablet_service.cc:1917] Received RequestConsensusVote() RPC: tablet_id: "be5401dad4aa4ea0aa3b9b03a33d4140" candidate_uuid: "27065d8215f9444187febf859724091e" candidate_term: 1 candidate_status { last_received { term: 0 index: 0 } } ignore_live_leader: false dest_uuid: "55c0f0db9cba4405be8b774e9ab15af6" is_pre_election: true
I20260601 13:22:46.918983 24115 raft_consensus.cc:2468] T be5401dad4aa4ea0aa3b9b03a33d4140 P 55c0f0db9cba4405be8b774e9ab15af6 [term 0 FOLLOWER]: Leader pre-election vote request: Granting yes vote for candidate 27065d8215f9444187febf859724091e in term 0.
I20260601 13:22:46.919212 24155 leader_election.cc:304] T be5401dad4aa4ea0aa3b9b03a33d4140 P 27065d8215f9444187febf859724091e [CANDIDATE]: Term 1 pre-election: Election decided. Result: candidate won. Election summary: received 2 responses out of 3 voters: 2 yes votes; 0 no votes. yes voters: 27065d8215f9444187febf859724091e, 2f48e1bc7f2f439aba2b8eb7f59e1557; no voters: 
I20260601 13:22:46.919394 24324 raft_consensus.cc:2804] T be5401dad4aa4ea0aa3b9b03a33d4140 P 27065d8215f9444187febf859724091e [term 0 FOLLOWER]: Leader pre-election won for term 1
I20260601 13:22:46.919476 24324 raft_consensus.cc:493] T be5401dad4aa4ea0aa3b9b03a33d4140 P 27065d8215f9444187febf859724091e [term 0 FOLLOWER]: Starting leader election (no leader contacted us within the election timeout)
I20260601 13:22:46.919524 24324 raft_consensus.cc:3060] T be5401dad4aa4ea0aa3b9b03a33d4140 P 27065d8215f9444187febf859724091e [term 0 FOLLOWER]: Advancing to term 1
I20260601 13:22:46.920351 24324 raft_consensus.cc:515] T be5401dad4aa4ea0aa3b9b03a33d4140 P 27065d8215f9444187febf859724091e [term 1 FOLLOWER]: Starting leader election with config: opid_index: -1 OBSOLETE_local: false peers { permanent_uuid: "27065d8215f9444187febf859724091e" member_type: VOTER last_known_addr { host: "127.20.164.2" port: 37781 } } peers { permanent_uuid: "55c0f0db9cba4405be8b774e9ab15af6" member_type: VOTER last_known_addr { host: "127.20.164.1" port: 33215 } } peers { permanent_uuid: "2f48e1bc7f2f439aba2b8eb7f59e1557" member_type: VOTER last_known_addr { host: "127.20.164.3" port: 42369 } }
I20260601 13:22:46.920697 24324 leader_election.cc:290] T be5401dad4aa4ea0aa3b9b03a33d4140 P 27065d8215f9444187febf859724091e [CANDIDATE]: Term 1 election: Requested vote from peers 55c0f0db9cba4405be8b774e9ab15af6 (127.20.164.1:33215), 2f48e1bc7f2f439aba2b8eb7f59e1557 (127.20.164.3:42369)
I20260601 13:22:46.921026 24115 tablet_service.cc:1917] Received RequestConsensusVote() RPC: tablet_id: "be5401dad4aa4ea0aa3b9b03a33d4140" candidate_uuid: "27065d8215f9444187febf859724091e" candidate_term: 1 candidate_status { last_received { term: 0 index: 0 } } ignore_live_leader: false dest_uuid: "55c0f0db9cba4405be8b774e9ab15af6"
I20260601 13:22:46.921060 24266 tablet_service.cc:1917] Received RequestConsensusVote() RPC: tablet_id: "be5401dad4aa4ea0aa3b9b03a33d4140" candidate_uuid: "27065d8215f9444187febf859724091e" candidate_term: 1 candidate_status { last_received { term: 0 index: 0 } } ignore_live_leader: false dest_uuid: "2f48e1bc7f2f439aba2b8eb7f59e1557"
I20260601 13:22:46.921156 24115 raft_consensus.cc:3060] T be5401dad4aa4ea0aa3b9b03a33d4140 P 55c0f0db9cba4405be8b774e9ab15af6 [term 0 FOLLOWER]: Advancing to term 1
I20260601 13:22:46.921160 24266 raft_consensus.cc:3060] T be5401dad4aa4ea0aa3b9b03a33d4140 P 2f48e1bc7f2f439aba2b8eb7f59e1557 [term 0 FOLLOWER]: Advancing to term 1
I20260601 13:22:46.922087 24266 raft_consensus.cc:2468] T be5401dad4aa4ea0aa3b9b03a33d4140 P 2f48e1bc7f2f439aba2b8eb7f59e1557 [term 1 FOLLOWER]: Leader election vote request: Granting yes vote for candidate 27065d8215f9444187febf859724091e in term 1.
I20260601 13:22:46.922088 24115 raft_consensus.cc:2468] T be5401dad4aa4ea0aa3b9b03a33d4140 P 55c0f0db9cba4405be8b774e9ab15af6 [term 1 FOLLOWER]: Leader election vote request: Granting yes vote for candidate 27065d8215f9444187febf859724091e in term 1.
I20260601 13:22:46.922375 24155 leader_election.cc:304] T be5401dad4aa4ea0aa3b9b03a33d4140 P 27065d8215f9444187febf859724091e [CANDIDATE]: Term 1 election: Election decided. Result: candidate won. Election summary: received 2 responses out of 3 voters: 2 yes votes; 0 no votes. yes voters: 27065d8215f9444187febf859724091e, 2f48e1bc7f2f439aba2b8eb7f59e1557; no voters: 
I20260601 13:22:46.922549 24324 raft_consensus.cc:2804] T be5401dad4aa4ea0aa3b9b03a33d4140 P 27065d8215f9444187febf859724091e [term 1 FOLLOWER]: Leader election won for term 1
I20260601 13:22:46.922765 24324 raft_consensus.cc:697] T be5401dad4aa4ea0aa3b9b03a33d4140 P 27065d8215f9444187febf859724091e [term 1 LEADER]: Becoming Leader. State: Replica: 27065d8215f9444187febf859724091e, State: Running, Role: LEADER
I20260601 13:22:46.922923 24324 consensus_queue.cc:237] T be5401dad4aa4ea0aa3b9b03a33d4140 P 27065d8215f9444187febf859724091e [LEADER]: Queue going to LEADER mode. State: All replicated index: 0, Majority replicated index: 0, Committed index: 0, Last appended: 0.0, Last appended by leader: 0, Current term: 1, Majority size: 2, State: 0, Mode: LEADER, active raft config: opid_index: -1 OBSOLETE_local: false peers { permanent_uuid: "27065d8215f9444187febf859724091e" member_type: VOTER last_known_addr { host: "127.20.164.2" port: 37781 } } peers { permanent_uuid: "55c0f0db9cba4405be8b774e9ab15af6" member_type: VOTER last_known_addr { host: "127.20.164.1" port: 33215 } } peers { permanent_uuid: "2f48e1bc7f2f439aba2b8eb7f59e1557" member_type: VOTER last_known_addr { host: "127.20.164.3" port: 42369 } }
I20260601 13:22:46.924552 24009 catalog_manager.cc:5696] T be5401dad4aa4ea0aa3b9b03a33d4140 P 27065d8215f9444187febf859724091e reported cstate change: term changed from 0 to 1, leader changed from <none> to 27065d8215f9444187febf859724091e (127.20.164.2). New cstate: current_term: 1 leader_uuid: "27065d8215f9444187febf859724091e" committed_config { opid_index: -1 OBSOLETE_local: false peers { permanent_uuid: "27065d8215f9444187febf859724091e" member_type: VOTER last_known_addr { host: "127.20.164.2" port: 37781 } health_report { overall_health: HEALTHY } } peers { permanent_uuid: "55c0f0db9cba4405be8b774e9ab15af6" member_type: VOTER last_known_addr { host: "127.20.164.1" port: 33215 } health_report { overall_health: UNKNOWN } } peers { permanent_uuid: "2f48e1bc7f2f439aba2b8eb7f59e1557" member_type: VOTER last_known_addr { host: "127.20.164.3" port: 42369 } health_report { overall_health: UNKNOWN } } }
I20260601 13:22:46.938951 24319 raft_consensus.cc:493] T b9e2929bbb77465c8115aa5d130238cf P 2f48e1bc7f2f439aba2b8eb7f59e1557 [term 0 FOLLOWER]: Starting pre-election (no leader contacted us within the election timeout)
I20260601 13:22:46.939074 24319 raft_consensus.cc:515] T b9e2929bbb77465c8115aa5d130238cf P 2f48e1bc7f2f439aba2b8eb7f59e1557 [term 0 FOLLOWER]: Starting pre-election with config: opid_index: -1 OBSOLETE_local: false peers { permanent_uuid: "55c0f0db9cba4405be8b774e9ab15af6" member_type: VOTER last_known_addr { host: "127.20.164.1" port: 33215 } } peers { permanent_uuid: "27065d8215f9444187febf859724091e" member_type: VOTER last_known_addr { host: "127.20.164.2" port: 37781 } } peers { permanent_uuid: "2f48e1bc7f2f439aba2b8eb7f59e1557" member_type: VOTER last_known_addr { host: "127.20.164.3" port: 42369 } }
I20260601 13:22:46.939585 24319 leader_election.cc:290] T b9e2929bbb77465c8115aa5d130238cf P 2f48e1bc7f2f439aba2b8eb7f59e1557 [CANDIDATE]: Term 1 pre-election: Requested pre-vote from peers 55c0f0db9cba4405be8b774e9ab15af6 (127.20.164.1:33215), 27065d8215f9444187febf859724091e (127.20.164.2:37781)
I20260601 13:22:46.943136 24115 tablet_service.cc:1917] Received RequestConsensusVote() RPC: tablet_id: "b9e2929bbb77465c8115aa5d130238cf" candidate_uuid: "2f48e1bc7f2f439aba2b8eb7f59e1557" candidate_term: 1 candidate_status { last_received { term: 0 index: 0 } } ignore_live_leader: false dest_uuid: "55c0f0db9cba4405be8b774e9ab15af6" is_pre_election: true
I20260601 13:22:46.943324 24115 raft_consensus.cc:2468] T b9e2929bbb77465c8115aa5d130238cf P 55c0f0db9cba4405be8b774e9ab15af6 [term 0 FOLLOWER]: Leader pre-election vote request: Granting yes vote for candidate 2f48e1bc7f2f439aba2b8eb7f59e1557 in term 0.
I20260601 13:22:46.943357 24191 tablet_service.cc:1917] Received RequestConsensusVote() RPC: tablet_id: "b9e2929bbb77465c8115aa5d130238cf" candidate_uuid: "2f48e1bc7f2f439aba2b8eb7f59e1557" candidate_term: 1 candidate_status { last_received { term: 0 index: 0 } } ignore_live_leader: false dest_uuid: "27065d8215f9444187febf859724091e" is_pre_election: true
I20260601 13:22:46.943444 24191 raft_consensus.cc:2468] T b9e2929bbb77465c8115aa5d130238cf P 27065d8215f9444187febf859724091e [term 0 FOLLOWER]: Leader pre-election vote request: Granting yes vote for candidate 2f48e1bc7f2f439aba2b8eb7f59e1557 in term 0.
I20260601 13:22:46.943667 24230 leader_election.cc:304] T b9e2929bbb77465c8115aa5d130238cf P 2f48e1bc7f2f439aba2b8eb7f59e1557 [CANDIDATE]: Term 1 pre-election: Election decided. Result: candidate won. Election summary: received 2 responses out of 3 voters: 2 yes votes; 0 no votes. yes voters: 2f48e1bc7f2f439aba2b8eb7f59e1557, 55c0f0db9cba4405be8b774e9ab15af6; no voters: 
I20260601 13:22:46.943895 24319 raft_consensus.cc:2804] T b9e2929bbb77465c8115aa5d130238cf P 2f48e1bc7f2f439aba2b8eb7f59e1557 [term 0 FOLLOWER]: Leader pre-election won for term 1
I20260601 13:22:46.944005 24319 raft_consensus.cc:493] T b9e2929bbb77465c8115aa5d130238cf P 2f48e1bc7f2f439aba2b8eb7f59e1557 [term 0 FOLLOWER]: Starting leader election (no leader contacted us within the election timeout)
I20260601 13:22:46.944067 24319 raft_consensus.cc:3060] T b9e2929bbb77465c8115aa5d130238cf P 2f48e1bc7f2f439aba2b8eb7f59e1557 [term 0 FOLLOWER]: Advancing to term 1
I20260601 13:22:46.945019 24319 raft_consensus.cc:515] T b9e2929bbb77465c8115aa5d130238cf P 2f48e1bc7f2f439aba2b8eb7f59e1557 [term 1 FOLLOWER]: Starting leader election with config: opid_index: -1 OBSOLETE_local: false peers { permanent_uuid: "55c0f0db9cba4405be8b774e9ab15af6" member_type: VOTER last_known_addr { host: "127.20.164.1" port: 33215 } } peers { permanent_uuid: "27065d8215f9444187febf859724091e" member_type: VOTER last_known_addr { host: "127.20.164.2" port: 37781 } } peers { permanent_uuid: "2f48e1bc7f2f439aba2b8eb7f59e1557" member_type: VOTER last_known_addr { host: "127.20.164.3" port: 42369 } }
I20260601 13:22:46.945436 24319 leader_election.cc:290] T b9e2929bbb77465c8115aa5d130238cf P 2f48e1bc7f2f439aba2b8eb7f59e1557 [CANDIDATE]: Term 1 election: Requested vote from peers 55c0f0db9cba4405be8b774e9ab15af6 (127.20.164.1:33215), 27065d8215f9444187febf859724091e (127.20.164.2:37781)
