I20260601 13:37:17.065376 17635 raft_consensus.cc:359] T fef2c919a73e41daa580fb9bf2019b68 P 1995cb66a47f4195a5380dc054c2f9f7 [term 0 FOLLOWER]: Replica starting. Triggering 0 pending ops. Active config: opid_index: -1 OBSOLETE_local: false peers { permanent_uuid: "d69d199aeeb0487bbdd223b8b87e8ba2" member_type: VOTER last_known_addr { host: "127.14.32.194" port: 41511 } } peers { permanent_uuid: "1995cb66a47f4195a5380dc054c2f9f7" member_type: VOTER last_known_addr { host: "127.14.32.193" port: 34393 } } peers { permanent_uuid: "e9feb3154dba46d0ba222d05208f9008" member_type: VOTER last_known_addr { host: "127.14.32.195" port: 37841 } }
I20260601 13:37:17.065465 17635 raft_consensus.cc:385] T fef2c919a73e41daa580fb9bf2019b68 P 1995cb66a47f4195a5380dc054c2f9f7 [term 0 FOLLOWER]: Consensus starting up: Expiring failure detector timer to make a prompt election more likely
I20260601 13:37:17.065508 17635 raft_consensus.cc:740] T fef2c919a73e41daa580fb9bf2019b68 P 1995cb66a47f4195a5380dc054c2f9f7 [term 0 FOLLOWER]: Becoming Follower/Learner. State: Replica: 1995cb66a47f4195a5380dc054c2f9f7, State: Initialized, Role: FOLLOWER
I20260601 13:37:17.065613 17635 consensus_queue.cc:260] T fef2c919a73e41daa580fb9bf2019b68 P 1995cb66a47f4195a5380dc054c2f9f7 [NON_LEADER]: Queue going to NON_LEADER mode. State: All replicated index: 0, Majority replicated index: 0, Committed index: 0, Last appended: 0.0, Last appended by leader: 0, Current term: 0, Majority size: -1, State: 0, Mode: NON_LEADER, active raft config: opid_index: -1 OBSOLETE_local: false peers { permanent_uuid: "d69d199aeeb0487bbdd223b8b87e8ba2" member_type: VOTER last_known_addr { host: "127.14.32.194" port: 41511 } } peers { permanent_uuid: "1995cb66a47f4195a5380dc054c2f9f7" member_type: VOTER last_known_addr { host: "127.14.32.193" port: 34393 } } peers { permanent_uuid: "e9feb3154dba46d0ba222d05208f9008" member_type: VOTER last_known_addr { host: "127.14.32.195" port: 37841 } }
I20260601 13:37:17.065588 17637 raft_consensus.cc:359] T 6cf157541bba488290f6a35f53fdd9a2 P e9feb3154dba46d0ba222d05208f9008 [term 0 FOLLOWER]: Replica starting. Triggering 0 pending ops. Active config: opid_index: -1 OBSOLETE_local: false peers { permanent_uuid: "1995cb66a47f4195a5380dc054c2f9f7" member_type: VOTER last_known_addr { host: "127.14.32.193" port: 34393 } } peers { permanent_uuid: "d69d199aeeb0487bbdd223b8b87e8ba2" member_type: VOTER last_known_addr { host: "127.14.32.194" port: 41511 } } peers { permanent_uuid: "e9feb3154dba46d0ba222d05208f9008" member_type: VOTER last_known_addr { host: "127.14.32.195" port: 37841 } }
I20260601 13:37:17.065728 17637 raft_consensus.cc:385] T 6cf157541bba488290f6a35f53fdd9a2 P e9feb3154dba46d0ba222d05208f9008 [term 0 FOLLOWER]: Consensus starting up: Expiring failure detector timer to make a prompt election more likely
I20260601 13:37:17.065769 17637 raft_consensus.cc:740] T 6cf157541bba488290f6a35f53fdd9a2 P e9feb3154dba46d0ba222d05208f9008 [term 0 FOLLOWER]: Becoming Follower/Learner. State: Replica: e9feb3154dba46d0ba222d05208f9008, State: Initialized, Role: FOLLOWER
I20260601 13:37:17.065842 17635 ts_tablet_manager.cc:1434] T fef2c919a73e41daa580fb9bf2019b68 P 1995cb66a47f4195a5380dc054c2f9f7: Time spent starting tablet: real 0.001s	user 0.000s	sys 0.000s
I20260601 13:37:17.065881 17637 consensus_queue.cc:260] T 6cf157541bba488290f6a35f53fdd9a2 P e9feb3154dba46d0ba222d05208f9008 [NON_LEADER]: Queue going to NON_LEADER mode. State: All replicated index: 0, Majority replicated index: 0, Committed index: 0, Last appended: 0.0, Last appended by leader: 0, Current term: 0, Majority size: -1, State: 0, Mode: NON_LEADER, active raft config: opid_index: -1 OBSOLETE_local: false peers { permanent_uuid: "1995cb66a47f4195a5380dc054c2f9f7" member_type: VOTER last_known_addr { host: "127.14.32.193" port: 34393 } } peers { permanent_uuid: "d69d199aeeb0487bbdd223b8b87e8ba2" member_type: VOTER last_known_addr { host: "127.14.32.194" port: 41511 } } peers { permanent_uuid: "e9feb3154dba46d0ba222d05208f9008" member_type: VOTER last_known_addr { host: "127.14.32.195" port: 37841 } }
I20260601 13:37:17.065968 17635 tablet_bootstrap.cc:492] T 0f29940c5b6e47b7bd82a6d64b089121 P 1995cb66a47f4195a5380dc054c2f9f7: Bootstrap starting.
I20260601 13:37:17.066119 17637 ts_tablet_manager.cc:1434] T 6cf157541bba488290f6a35f53fdd9a2 P e9feb3154dba46d0ba222d05208f9008: Time spent starting tablet: real 0.001s	user 0.001s	sys 0.000s
I20260601 13:37:17.066304 17637 tablet_bootstrap.cc:492] T 792a58c8d71f4f4abc23f3fb93c16285 P e9feb3154dba46d0ba222d05208f9008: Bootstrap starting.
I20260601 13:37:17.066838 17635 tablet_bootstrap.cc:654] T 0f29940c5b6e47b7bd82a6d64b089121 P 1995cb66a47f4195a5380dc054c2f9f7: Neither blocks nor log segments found. Creating new log.
I20260601 13:37:17.066941 17637 tablet_bootstrap.cc:654] T 792a58c8d71f4f4abc23f3fb93c16285 P e9feb3154dba46d0ba222d05208f9008: Neither blocks nor log segments found. Creating new log.
I20260601 13:37:17.064906 17647 consensus_queue.cc:260] T 6cf157541bba488290f6a35f53fdd9a2 P d69d199aeeb0487bbdd223b8b87e8ba2 [NON_LEADER]: Queue going to NON_LEADER mode. State: All replicated index: 0, Majority replicated index: 0, Committed index: 0, Last appended: 0.0, Last appended by leader: 0, Current term: 0, Majority size: -1, State: 0, Mode: NON_LEADER, active raft config: opid_index: -1 OBSOLETE_local: false peers { permanent_uuid: "1995cb66a47f4195a5380dc054c2f9f7" member_type: VOTER last_known_addr { host: "127.14.32.193" port: 34393 } } peers { permanent_uuid: "d69d199aeeb0487bbdd223b8b87e8ba2" member_type: VOTER last_known_addr { host: "127.14.32.194" port: 41511 } } peers { permanent_uuid: "e9feb3154dba46d0ba222d05208f9008" member_type: VOTER last_known_addr { host: "127.14.32.195" port: 37841 } }
I20260601 13:37:17.067564 17647 ts_tablet_manager.cc:1434] T 6cf157541bba488290f6a35f53fdd9a2 P d69d199aeeb0487bbdd223b8b87e8ba2: Time spent starting tablet: real 0.003s	user 0.001s	sys 0.000s
I20260601 13:37:17.067708 17647 tablet_bootstrap.cc:492] T b086ca926b904d2c8a04c2da59388a2a P d69d199aeeb0487bbdd223b8b87e8ba2: Bootstrap starting.
I20260601 13:37:17.067854 17637 tablet_bootstrap.cc:492] T 792a58c8d71f4f4abc23f3fb93c16285 P e9feb3154dba46d0ba222d05208f9008: No bootstrap required, opened a new log
I20260601 13:37:17.067919 17637 ts_tablet_manager.cc:1403] T 792a58c8d71f4f4abc23f3fb93c16285 P e9feb3154dba46d0ba222d05208f9008: Time spent bootstrapping tablet: real 0.002s	user 0.001s	sys 0.000s
I20260601 13:37:17.068279 17637 raft_consensus.cc:359] T 792a58c8d71f4f4abc23f3fb93c16285 P e9feb3154dba46d0ba222d05208f9008 [term 0 FOLLOWER]: Replica starting. Triggering 0 pending ops. Active config: opid_index: -1 OBSOLETE_local: false peers { permanent_uuid: "d69d199aeeb0487bbdd223b8b87e8ba2" member_type: VOTER last_known_addr { host: "127.14.32.194" port: 41511 } } peers { permanent_uuid: "1995cb66a47f4195a5380dc054c2f9f7" member_type: VOTER last_known_addr { host: "127.14.32.193" port: 34393 } } peers { permanent_uuid: "e9feb3154dba46d0ba222d05208f9008" member_type: VOTER last_known_addr { host: "127.14.32.195" port: 37841 } }
I20260601 13:37:17.068358 17637 raft_consensus.cc:385] T 792a58c8d71f4f4abc23f3fb93c16285 P e9feb3154dba46d0ba222d05208f9008 [term 0 FOLLOWER]: Consensus starting up: Expiring failure detector timer to make a prompt election more likely
I20260601 13:37:17.068390 17637 raft_consensus.cc:740] T 792a58c8d71f4f4abc23f3fb93c16285 P e9feb3154dba46d0ba222d05208f9008 [term 0 FOLLOWER]: Becoming Follower/Learner. State: Replica: e9feb3154dba46d0ba222d05208f9008, State: Initialized, Role: FOLLOWER
I20260601 13:37:17.068491 17637 consensus_queue.cc:260] T 792a58c8d71f4f4abc23f3fb93c16285 P e9feb3154dba46d0ba222d05208f9008 [NON_LEADER]: Queue going to NON_LEADER mode. State: All replicated index: 0, Majority replicated index: 0, Committed index: 0, Last appended: 0.0, Last appended by leader: 0, Current term: 0, Majority size: -1, State: 0, Mode: NON_LEADER, active raft config: opid_index: -1 OBSOLETE_local: false peers { permanent_uuid: "d69d199aeeb0487bbdd223b8b87e8ba2" member_type: VOTER last_known_addr { host: "127.14.32.194" port: 41511 } } peers { permanent_uuid: "1995cb66a47f4195a5380dc054c2f9f7" member_type: VOTER last_known_addr { host: "127.14.32.193" port: 34393 } } peers { permanent_uuid: "e9feb3154dba46d0ba222d05208f9008" member_type: VOTER last_known_addr { host: "127.14.32.195" port: 37841 } }
I20260601 13:37:17.068709 17637 ts_tablet_manager.cc:1434] T 792a58c8d71f4f4abc23f3fb93c16285 P e9feb3154dba46d0ba222d05208f9008: Time spent starting tablet: real 0.001s	user 0.001s	sys 0.000s
I20260601 13:37:17.068790 17647 tablet_bootstrap.cc:654] T b086ca926b904d2c8a04c2da59388a2a P d69d199aeeb0487bbdd223b8b87e8ba2: Neither blocks nor log segments found. Creating new log.
I20260601 13:37:17.068845 17637 tablet_bootstrap.cc:492] T fef2c919a73e41daa580fb9bf2019b68 P e9feb3154dba46d0ba222d05208f9008: Bootstrap starting.
I20260601 13:37:17.069682 17637 tablet_bootstrap.cc:654] T fef2c919a73e41daa580fb9bf2019b68 P e9feb3154dba46d0ba222d05208f9008: Neither blocks nor log segments found. Creating new log.
I20260601 13:37:17.070564 17637 tablet_bootstrap.cc:492] T fef2c919a73e41daa580fb9bf2019b68 P e9feb3154dba46d0ba222d05208f9008: No bootstrap required, opened a new log
I20260601 13:37:17.070631 17637 ts_tablet_manager.cc:1403] T fef2c919a73e41daa580fb9bf2019b68 P e9feb3154dba46d0ba222d05208f9008: Time spent bootstrapping tablet: real 0.002s	user 0.001s	sys 0.000s
I20260601 13:37:17.070983 17637 raft_consensus.cc:359] T fef2c919a73e41daa580fb9bf2019b68 P e9feb3154dba46d0ba222d05208f9008 [term 0 FOLLOWER]: Replica starting. Triggering 0 pending ops. Active config: opid_index: -1 OBSOLETE_local: false peers { permanent_uuid: "d69d199aeeb0487bbdd223b8b87e8ba2" member_type: VOTER last_known_addr { host: "127.14.32.194" port: 41511 } } peers { permanent_uuid: "1995cb66a47f4195a5380dc054c2f9f7" member_type: VOTER last_known_addr { host: "127.14.32.193" port: 34393 } } peers { permanent_uuid: "e9feb3154dba46d0ba222d05208f9008" member_type: VOTER last_known_addr { host: "127.14.32.195" port: 37841 } }
I20260601 13:37:17.070992 17635 tablet_bootstrap.cc:492] T 0f29940c5b6e47b7bd82a6d64b089121 P 1995cb66a47f4195a5380dc054c2f9f7: No bootstrap required, opened a new log
I20260601 13:37:17.071092 17637 raft_consensus.cc:385] T fef2c919a73e41daa580fb9bf2019b68 P e9feb3154dba46d0ba222d05208f9008 [term 0 FOLLOWER]: Consensus starting up: Expiring failure detector timer to make a prompt election more likely
I20260601 13:37:17.071168 17637 raft_consensus.cc:740] T fef2c919a73e41daa580fb9bf2019b68 P e9feb3154dba46d0ba222d05208f9008 [term 0 FOLLOWER]: Becoming Follower/Learner. State: Replica: e9feb3154dba46d0ba222d05208f9008, State: Initialized, Role: FOLLOWER
I20260601 13:37:17.071187 17635 ts_tablet_manager.cc:1403] T 0f29940c5b6e47b7bd82a6d64b089121 P 1995cb66a47f4195a5380dc054c2f9f7: Time spent bootstrapping tablet: real 0.005s	user 0.002s	sys 0.000s
I20260601 13:37:17.071267 17637 consensus_queue.cc:260] T fef2c919a73e41daa580fb9bf2019b68 P e9feb3154dba46d0ba222d05208f9008 [NON_LEADER]: Queue going to NON_LEADER mode. State: All replicated index: 0, Majority replicated index: 0, Committed index: 0, Last appended: 0.0, Last appended by leader: 0, Current term: 0, Majority size: -1, State: 0, Mode: NON_LEADER, active raft config: opid_index: -1 OBSOLETE_local: false peers { permanent_uuid: "d69d199aeeb0487bbdd223b8b87e8ba2" member_type: VOTER last_known_addr { host: "127.14.32.194" port: 41511 } } peers { permanent_uuid: "1995cb66a47f4195a5380dc054c2f9f7" member_type: VOTER last_known_addr { host: "127.14.32.193" port: 34393 } } peers { permanent_uuid: "e9feb3154dba46d0ba222d05208f9008" member_type: VOTER last_known_addr { host: "127.14.32.195" port: 37841 } }
I20260601 13:37:17.071547 17637 ts_tablet_manager.cc:1434] T fef2c919a73e41daa580fb9bf2019b68 P e9feb3154dba46d0ba222d05208f9008: Time spent starting tablet: real 0.001s	user 0.001s	sys 0.000s
I20260601 13:37:17.071570 17635 raft_consensus.cc:359] T 0f29940c5b6e47b7bd82a6d64b089121 P 1995cb66a47f4195a5380dc054c2f9f7 [term 0 FOLLOWER]: Replica starting. Triggering 0 pending ops. Active config: opid_index: -1 OBSOLETE_local: false peers { permanent_uuid: "1995cb66a47f4195a5380dc054c2f9f7" member_type: VOTER last_known_addr { host: "127.14.32.193" port: 34393 } } peers { permanent_uuid: "d69d199aeeb0487bbdd223b8b87e8ba2" member_type: VOTER last_known_addr { host: "127.14.32.194" port: 41511 } } peers { permanent_uuid: "e9feb3154dba46d0ba222d05208f9008" member_type: VOTER last_known_addr { host: "127.14.32.195" port: 37841 } }
I20260601 13:37:17.071658 17635 raft_consensus.cc:385] T 0f29940c5b6e47b7bd82a6d64b089121 P 1995cb66a47f4195a5380dc054c2f9f7 [term 0 FOLLOWER]: Consensus starting up: Expiring failure detector timer to make a prompt election more likely
I20260601 13:37:17.071681 17635 raft_consensus.cc:740] T 0f29940c5b6e47b7bd82a6d64b089121 P 1995cb66a47f4195a5380dc054c2f9f7 [term 0 FOLLOWER]: Becoming Follower/Learner. State: Replica: 1995cb66a47f4195a5380dc054c2f9f7, State: Initialized, Role: FOLLOWER
I20260601 13:37:17.071769 17635 consensus_queue.cc:260] T 0f29940c5b6e47b7bd82a6d64b089121 P 1995cb66a47f4195a5380dc054c2f9f7 [NON_LEADER]: Queue going to NON_LEADER mode. State: All replicated index: 0, Majority replicated index: 0, Committed index: 0, Last appended: 0.0, Last appended by leader: 0, Current term: 0, Majority size: -1, State: 0, Mode: NON_LEADER, active raft config: opid_index: -1 OBSOLETE_local: false peers { permanent_uuid: "1995cb66a47f4195a5380dc054c2f9f7" member_type: VOTER last_known_addr { host: "127.14.32.193" port: 34393 } } peers { permanent_uuid: "d69d199aeeb0487bbdd223b8b87e8ba2" member_type: VOTER last_known_addr { host: "127.14.32.194" port: 41511 } } peers { permanent_uuid: "e9feb3154dba46d0ba222d05208f9008" member_type: VOTER last_known_addr { host: "127.14.32.195" port: 37841 } }
I20260601 13:37:17.071988 17635 ts_tablet_manager.cc:1434] T 0f29940c5b6e47b7bd82a6d64b089121 P 1995cb66a47f4195a5380dc054c2f9f7: Time spent starting tablet: real 0.001s	user 0.001s	sys 0.000s
I20260601 13:37:17.072157 17635 tablet_bootstrap.cc:492] T 6cf157541bba488290f6a35f53fdd9a2 P 1995cb66a47f4195a5380dc054c2f9f7: Bootstrap starting.
I20260601 13:37:17.073108 17635 tablet_bootstrap.cc:654] T 6cf157541bba488290f6a35f53fdd9a2 P 1995cb66a47f4195a5380dc054c2f9f7: Neither blocks nor log segments found. Creating new log.
I20260601 13:37:17.073464 17649 raft_consensus.cc:493] T 0f29940c5b6e47b7bd82a6d64b089121 P d69d199aeeb0487bbdd223b8b87e8ba2 [term 0 FOLLOWER]: Starting pre-election (no leader contacted us within the election timeout)
I20260601 13:37:17.073539 17649 raft_consensus.cc:515] T 0f29940c5b6e47b7bd82a6d64b089121 P d69d199aeeb0487bbdd223b8b87e8ba2 [term 0 FOLLOWER]: Starting pre-election with config: opid_index: -1 OBSOLETE_local: false peers { permanent_uuid: "1995cb66a47f4195a5380dc054c2f9f7" member_type: VOTER last_known_addr { host: "127.14.32.193" port: 34393 } } peers { permanent_uuid: "d69d199aeeb0487bbdd223b8b87e8ba2" member_type: VOTER last_known_addr { host: "127.14.32.194" port: 41511 } } peers { permanent_uuid: "e9feb3154dba46d0ba222d05208f9008" member_type: VOTER last_known_addr { host: "127.14.32.195" port: 37841 } }
I20260601 13:37:17.074047 17649 leader_election.cc:290] T 0f29940c5b6e47b7bd82a6d64b089121 P d69d199aeeb0487bbdd223b8b87e8ba2 [CANDIDATE]: Term 1 pre-election: Requested pre-vote from peers 1995cb66a47f4195a5380dc054c2f9f7 (127.14.32.193:34393), e9feb3154dba46d0ba222d05208f9008 (127.14.32.195:37841)
I20260601 13:37:17.074182 17647 tablet_bootstrap.cc:492] T b086ca926b904d2c8a04c2da59388a2a P d69d199aeeb0487bbdd223b8b87e8ba2: No bootstrap required, opened a new log
I20260601 13:37:17.074255 17647 ts_tablet_manager.cc:1403] T b086ca926b904d2c8a04c2da59388a2a P d69d199aeeb0487bbdd223b8b87e8ba2: Time spent bootstrapping tablet: real 0.007s	user 0.001s	sys 0.000s
I20260601 13:37:17.074656 17647 raft_consensus.cc:359] T b086ca926b904d2c8a04c2da59388a2a P d69d199aeeb0487bbdd223b8b87e8ba2 [term 0 FOLLOWER]: Replica starting. Triggering 0 pending ops. Active config: opid_index: -1 OBSOLETE_local: false peers { permanent_uuid: "1995cb66a47f4195a5380dc054c2f9f7" member_type: VOTER last_known_addr { host: "127.14.32.193" port: 34393 } } peers { permanent_uuid: "d69d199aeeb0487bbdd223b8b87e8ba2" member_type: VOTER last_known_addr { host: "127.14.32.194" port: 41511 } } peers { permanent_uuid: "e9feb3154dba46d0ba222d05208f9008" member_type: VOTER last_known_addr { host: "127.14.32.195" port: 37841 } }
I20260601 13:37:17.074754 17647 raft_consensus.cc:385] T b086ca926b904d2c8a04c2da59388a2a P d69d199aeeb0487bbdd223b8b87e8ba2 [term 0 FOLLOWER]: Consensus starting up: Expiring failure detector timer to make a prompt election more likely
I20260601 13:37:17.074795 17647 raft_consensus.cc:740] T b086ca926b904d2c8a04c2da59388a2a P d69d199aeeb0487bbdd223b8b87e8ba2 [term 0 FOLLOWER]: Becoming Follower/Learner. State: Replica: d69d199aeeb0487bbdd223b8b87e8ba2, State: Initialized, Role: FOLLOWER
I20260601 13:37:17.074906 17647 consensus_queue.cc:260] T b086ca926b904d2c8a04c2da59388a2a P d69d199aeeb0487bbdd223b8b87e8ba2 [NON_LEADER]: Queue going to NON_LEADER mode. State: All replicated index: 0, Majority replicated index: 0, Committed index: 0, Last appended: 0.0, Last appended by leader: 0, Current term: 0, Majority size: -1, State: 0, Mode: NON_LEADER, active raft config: opid_index: -1 OBSOLETE_local: false peers { permanent_uuid: "1995cb66a47f4195a5380dc054c2f9f7" member_type: VOTER last_known_addr { host: "127.14.32.193" port: 34393 } } peers { permanent_uuid: "d69d199aeeb0487bbdd223b8b87e8ba2" member_type: VOTER last_known_addr { host: "127.14.32.194" port: 41511 } } peers { permanent_uuid: "e9feb3154dba46d0ba222d05208f9008" member_type: VOTER last_known_addr { host: "127.14.32.195" port: 37841 } }
I20260601 13:37:17.074940 17635 tablet_bootstrap.cc:492] T 6cf157541bba488290f6a35f53fdd9a2 P 1995cb66a47f4195a5380dc054c2f9f7: No bootstrap required, opened a new log
I20260601 13:37:17.075057 17635 ts_tablet_manager.cc:1403] T 6cf157541bba488290f6a35f53fdd9a2 P 1995cb66a47f4195a5380dc054c2f9f7: Time spent bootstrapping tablet: real 0.003s	user 0.002s	sys 0.000s
I20260601 13:37:17.075155 17647 ts_tablet_manager.cc:1434] T b086ca926b904d2c8a04c2da59388a2a P d69d199aeeb0487bbdd223b8b87e8ba2: Time spent starting tablet: real 0.001s	user 0.000s	sys 0.000s
I20260601 13:37:17.075315 17647 tablet_bootstrap.cc:492] T b12cfc41ae7441d6911ade4e2817b649 P d69d199aeeb0487bbdd223b8b87e8ba2: Bootstrap starting.
I20260601 13:37:17.075479 17635 raft_consensus.cc:359] T 6cf157541bba488290f6a35f53fdd9a2 P 1995cb66a47f4195a5380dc054c2f9f7 [term 0 FOLLOWER]: Replica starting. Triggering 0 pending ops. Active config: opid_index: -1 OBSOLETE_local: false peers { permanent_uuid: "1995cb66a47f4195a5380dc054c2f9f7" member_type: VOTER last_known_addr { host: "127.14.32.193" port: 34393 } } peers { permanent_uuid: "d69d199aeeb0487bbdd223b8b87e8ba2" member_type: VOTER last_known_addr { host: "127.14.32.194" port: 41511 } } peers { permanent_uuid: "e9feb3154dba46d0ba222d05208f9008" member_type: VOTER last_known_addr { host: "127.14.32.195" port: 37841 } }
I20260601 13:37:17.075562 17635 raft_consensus.cc:385] T 6cf157541bba488290f6a35f53fdd9a2 P 1995cb66a47f4195a5380dc054c2f9f7 [term 0 FOLLOWER]: Consensus starting up: Expiring failure detector timer to make a prompt election more likely
I20260601 13:37:17.075596 17635 raft_consensus.cc:740] T 6cf157541bba488290f6a35f53fdd9a2 P 1995cb66a47f4195a5380dc054c2f9f7 [term 0 FOLLOWER]: Becoming Follower/Learner. State: Replica: 1995cb66a47f4195a5380dc054c2f9f7, State: Initialized, Role: FOLLOWER
I20260601 13:37:17.075693 17635 consensus_queue.cc:260] T 6cf157541bba488290f6a35f53fdd9a2 P 1995cb66a47f4195a5380dc054c2f9f7 [NON_LEADER]: Queue going to NON_LEADER mode. State: All replicated index: 0, Majority replicated index: 0, Committed index: 0, Last appended: 0.0, Last appended by leader: 0, Current term: 0, Majority size: -1, State: 0, Mode: NON_LEADER, active raft config: opid_index: -1 OBSOLETE_local: false peers { permanent_uuid: "1995cb66a47f4195a5380dc054c2f9f7" member_type: VOTER last_known_addr { host: "127.14.32.193" port: 34393 } } peers { permanent_uuid: "d69d199aeeb0487bbdd223b8b87e8ba2" member_type: VOTER last_known_addr { host: "127.14.32.194" port: 41511 } } peers { permanent_uuid: "e9feb3154dba46d0ba222d05208f9008" member_type: VOTER last_known_addr { host: "127.14.32.195" port: 37841 } }
I20260601 13:37:17.075915 17635 ts_tablet_manager.cc:1434] T 6cf157541bba488290f6a35f53fdd9a2 P 1995cb66a47f4195a5380dc054c2f9f7: Time spent starting tablet: real 0.001s	user 0.000s	sys 0.000s
I20260601 13:37:17.076074 17635 tablet_bootstrap.cc:492] T 792a58c8d71f4f4abc23f3fb93c16285 P 1995cb66a47f4195a5380dc054c2f9f7: Bootstrap starting.
I20260601 13:37:17.076164 17647 tablet_bootstrap.cc:654] T b12cfc41ae7441d6911ade4e2817b649 P d69d199aeeb0487bbdd223b8b87e8ba2: Neither blocks nor log segments found. Creating new log.
I20260601 13:37:17.076903 17635 tablet_bootstrap.cc:654] T 792a58c8d71f4f4abc23f3fb93c16285 P 1995cb66a47f4195a5380dc054c2f9f7: Neither blocks nor log segments found. Creating new log.
I20260601 13:37:17.078193 17647 tablet_bootstrap.cc:492] T b12cfc41ae7441d6911ade4e2817b649 P d69d199aeeb0487bbdd223b8b87e8ba2: No bootstrap required, opened a new log
I20260601 13:37:17.078275 17647 ts_tablet_manager.cc:1403] T b12cfc41ae7441d6911ade4e2817b649 P d69d199aeeb0487bbdd223b8b87e8ba2: Time spent bootstrapping tablet: real 0.003s	user 0.001s	sys 0.000s
I20260601 13:37:17.078609 17647 raft_consensus.cc:359] T b12cfc41ae7441d6911ade4e2817b649 P d69d199aeeb0487bbdd223b8b87e8ba2 [term 0 FOLLOWER]: Replica starting. Triggering 0 pending ops. Active config: opid_index: -1 OBSOLETE_local: false peers { permanent_uuid: "1995cb66a47f4195a5380dc054c2f9f7" member_type: VOTER last_known_addr { host: "127.14.32.193" port: 34393 } } peers { permanent_uuid: "d69d199aeeb0487bbdd223b8b87e8ba2" member_type: VOTER last_known_addr { host: "127.14.32.194" port: 41511 } } peers { permanent_uuid: "e9feb3154dba46d0ba222d05208f9008" member_type: VOTER last_known_addr { host: "127.14.32.195" port: 37841 } }
I20260601 13:37:17.078716 17647 raft_consensus.cc:385] T b12cfc41ae7441d6911ade4e2817b649 P d69d199aeeb0487bbdd223b8b87e8ba2 [term 0 FOLLOWER]: Consensus starting up: Expiring failure detector timer to make a prompt election more likely
I20260601 13:37:17.078745 17647 raft_consensus.cc:740] T b12cfc41ae7441d6911ade4e2817b649 P d69d199aeeb0487bbdd223b8b87e8ba2 [term 0 FOLLOWER]: Becoming Follower/Learner. State: Replica: d69d199aeeb0487bbdd223b8b87e8ba2, State: Initialized, Role: FOLLOWER
I20260601 13:37:17.078841 17647 consensus_queue.cc:260] T b12cfc41ae7441d6911ade4e2817b649 P d69d199aeeb0487bbdd223b8b87e8ba2 [NON_LEADER]: Queue going to NON_LEADER mode. State: All replicated index: 0, Majority replicated index: 0, Committed index: 0, Last appended: 0.0, Last appended by leader: 0, Current term: 0, Majority size: -1, State: 0, Mode: NON_LEADER, active raft config: opid_index: -1 OBSOLETE_local: false peers { permanent_uuid: "1995cb66a47f4195a5380dc054c2f9f7" member_type: VOTER last_known_addr { host: "127.14.32.193" port: 34393 } } peers { permanent_uuid: "d69d199aeeb0487bbdd223b8b87e8ba2" member_type: VOTER last_known_addr { host: "127.14.32.194" port: 41511 } } peers { permanent_uuid: "e9feb3154dba46d0ba222d05208f9008" member_type: VOTER last_known_addr { host: "127.14.32.195" port: 37841 } }
I20260601 13:37:17.079326 17635 tablet_bootstrap.cc:492] T 792a58c8d71f4f4abc23f3fb93c16285 P 1995cb66a47f4195a5380dc054c2f9f7: No bootstrap required, opened a new log
I20260601 13:37:17.079427 17635 ts_tablet_manager.cc:1403] T 792a58c8d71f4f4abc23f3fb93c16285 P 1995cb66a47f4195a5380dc054c2f9f7: Time spent bootstrapping tablet: real 0.003s	user 0.001s	sys 0.000s
I20260601 13:37:17.079792 17635 raft_consensus.cc:359] T 792a58c8d71f4f4abc23f3fb93c16285 P 1995cb66a47f4195a5380dc054c2f9f7 [term 0 FOLLOWER]: Replica starting. Triggering 0 pending ops. Active config: opid_index: -1 OBSOLETE_local: false peers { permanent_uuid: "d69d199aeeb0487bbdd223b8b87e8ba2" member_type: VOTER last_known_addr { host: "127.14.32.194" port: 41511 } } peers { permanent_uuid: "1995cb66a47f4195a5380dc054c2f9f7" member_type: VOTER last_known_addr { host: "127.14.32.193" port: 34393 } } peers { permanent_uuid: "e9feb3154dba46d0ba222d05208f9008" member_type: VOTER last_known_addr { host: "127.14.32.195" port: 37841 } }
I20260601 13:37:17.079866 17635 raft_consensus.cc:385] T 792a58c8d71f4f4abc23f3fb93c16285 P 1995cb66a47f4195a5380dc054c2f9f7 [term 0 FOLLOWER]: Consensus starting up: Expiring failure detector timer to make a prompt election more likely
I20260601 13:37:17.079892 17635 raft_consensus.cc:740] T 792a58c8d71f4f4abc23f3fb93c16285 P 1995cb66a47f4195a5380dc054c2f9f7 [term 0 FOLLOWER]: Becoming Follower/Learner. State: Replica: 1995cb66a47f4195a5380dc054c2f9f7, State: Initialized, Role: FOLLOWER
I20260601 13:37:17.079986 17635 consensus_queue.cc:260] T 792a58c8d71f4f4abc23f3fb93c16285 P 1995cb66a47f4195a5380dc054c2f9f7 [NON_LEADER]: Queue going to NON_LEADER mode. State: All replicated index: 0, Majority replicated index: 0, Committed index: 0, Last appended: 0.0, Last appended by leader: 0, Current term: 0, Majority size: -1, State: 0, Mode: NON_LEADER, active raft config: opid_index: -1 OBSOLETE_local: false peers { permanent_uuid: "d69d199aeeb0487bbdd223b8b87e8ba2" member_type: VOTER last_known_addr { host: "127.14.32.194" port: 41511 } } peers { permanent_uuid: "1995cb66a47f4195a5380dc054c2f9f7" member_type: VOTER last_known_addr { host: "127.14.32.193" port: 34393 } } peers { permanent_uuid: "e9feb3154dba46d0ba222d05208f9008" member_type: VOTER last_known_addr { host: "127.14.32.195" port: 37841 } }
I20260601 13:37:17.080265 17589 tablet_service.cc:1917] Received RequestConsensusVote() RPC: tablet_id: "0f29940c5b6e47b7bd82a6d64b089121" candidate_uuid: "d69d199aeeb0487bbdd223b8b87e8ba2" candidate_term: 1 candidate_status { last_received { term: 0 index: 0 } } ignore_live_leader: false dest_uuid: "e9feb3154dba46d0ba222d05208f9008" is_pre_election: true
I20260601 13:37:17.080281 17438 tablet_service.cc:1917] Received RequestConsensusVote() RPC: tablet_id: "0f29940c5b6e47b7bd82a6d64b089121" candidate_uuid: "d69d199aeeb0487bbdd223b8b87e8ba2" candidate_term: 1 candidate_status { last_received { term: 0 index: 0 } } ignore_live_leader: false dest_uuid: "1995cb66a47f4195a5380dc054c2f9f7" is_pre_election: true
I20260601 13:37:17.080344 17647 ts_tablet_manager.cc:1434] T b12cfc41ae7441d6911ade4e2817b649 P d69d199aeeb0487bbdd223b8b87e8ba2: Time spent starting tablet: real 0.002s	user 0.001s	sys 0.000s
I20260601 13:37:17.080384 17589 raft_consensus.cc:2468] T 0f29940c5b6e47b7bd82a6d64b089121 P e9feb3154dba46d0ba222d05208f9008 [term 0 FOLLOWER]: Leader pre-election vote request: Granting yes vote for candidate d69d199aeeb0487bbdd223b8b87e8ba2 in term 0.
I20260601 13:37:17.080411 17438 raft_consensus.cc:2468] T 0f29940c5b6e47b7bd82a6d64b089121 P 1995cb66a47f4195a5380dc054c2f9f7 [term 0 FOLLOWER]: Leader pre-election vote request: Granting yes vote for candidate d69d199aeeb0487bbdd223b8b87e8ba2 in term 0.
I20260601 13:37:17.080281 17635 ts_tablet_manager.cc:1434] T 792a58c8d71f4f4abc23f3fb93c16285 P 1995cb66a47f4195a5380dc054c2f9f7: Time spent starting tablet: real 0.001s	user 0.001s	sys 0.000s
I20260601 13:37:17.080533 17647 tablet_bootstrap.cc:492] T 8a52aae79baa401bbc674071151df72a P d69d199aeeb0487bbdd223b8b87e8ba2: Bootstrap starting.
I20260601 13:37:17.080760 17478 leader_election.cc:304] T 0f29940c5b6e47b7bd82a6d64b089121 P d69d199aeeb0487bbdd223b8b87e8ba2 [CANDIDATE]: Term 1 pre-election: Election decided. Result: candidate won. Election summary: received 2 responses out of 3 voters: 2 yes votes; 0 no votes. yes voters: 1995cb66a47f4195a5380dc054c2f9f7, d69d199aeeb0487bbdd223b8b87e8ba2; no voters: 
I20260601 13:37:17.080926 17649 raft_consensus.cc:2804] T 0f29940c5b6e47b7bd82a6d64b089121 P d69d199aeeb0487bbdd223b8b87e8ba2 [term 0 FOLLOWER]: Leader pre-election won for term 1
I20260601 13:37:17.080997 17649 raft_consensus.cc:493] T 0f29940c5b6e47b7bd82a6d64b089121 P d69d199aeeb0487bbdd223b8b87e8ba2 [term 0 FOLLOWER]: Starting leader election (no leader contacted us within the election timeout)
I20260601 13:37:17.081029 17649 raft_consensus.cc:3060] T 0f29940c5b6e47b7bd82a6d64b089121 P d69d199aeeb0487bbdd223b8b87e8ba2 [term 0 FOLLOWER]: Advancing to term 1
I20260601 13:37:17.081393 17647 tablet_bootstrap.cc:654] T 8a52aae79baa401bbc674071151df72a P d69d199aeeb0487bbdd223b8b87e8ba2: Neither blocks nor log segments found. Creating new log.
I20260601 13:37:17.081956 17649 raft_consensus.cc:515] T 0f29940c5b6e47b7bd82a6d64b089121 P d69d199aeeb0487bbdd223b8b87e8ba2 [term 1 FOLLOWER]: Starting leader election with config: opid_index: -1 OBSOLETE_local: false peers { permanent_uuid: "1995cb66a47f4195a5380dc054c2f9f7" member_type: VOTER last_known_addr { host: "127.14.32.193" port: 34393 } } peers { permanent_uuid: "d69d199aeeb0487bbdd223b8b87e8ba2" member_type: VOTER last_known_addr { host: "127.14.32.194" port: 41511 } } peers { permanent_uuid: "e9feb3154dba46d0ba222d05208f9008" member_type: VOTER last_known_addr { host: "127.14.32.195" port: 37841 } }
I20260601 13:37:17.082335 17649 leader_election.cc:290] T 0f29940c5b6e47b7bd82a6d64b089121 P d69d199aeeb0487bbdd223b8b87e8ba2 [CANDIDATE]: Term 1 election: Requested vote from peers 1995cb66a47f4195a5380dc054c2f9f7 (127.14.32.193:34393), e9feb3154dba46d0ba222d05208f9008 (127.14.32.195:37841)
I20260601 13:37:17.082701 17647 tablet_bootstrap.cc:492] T 8a52aae79baa401bbc674071151df72a P d69d199aeeb0487bbdd223b8b87e8ba2: No bootstrap required, opened a new log
I20260601 13:37:17.082821 17647 ts_tablet_manager.cc:1403] T 8a52aae79baa401bbc674071151df72a P d69d199aeeb0487bbdd223b8b87e8ba2: Time spent bootstrapping tablet: real 0.002s	user 0.002s	sys 0.000s
I20260601 13:37:17.082999 17438 tablet_service.cc:1917] Received RequestConsensusVote() RPC: tablet_id: "0f29940c5b6e47b7bd82a6d64b089121" candidate_uuid: "d69d199aeeb0487bbdd223b8b87e8ba2" candidate_term: 1 candidate_status { last_received { term: 0 index: 0 } } ignore_live_leader: false dest_uuid: "1995cb66a47f4195a5380dc054c2f9f7"
I20260601 13:37:17.083014 17589 tablet_service.cc:1917] Received RequestConsensusVote() RPC: tablet_id: "0f29940c5b6e47b7bd82a6d64b089121" candidate_uuid: "d69d199aeeb0487bbdd223b8b87e8ba2" candidate_term: 1 candidate_status { last_received { term: 0 index: 0 } } ignore_live_leader: false dest_uuid: "e9feb3154dba46d0ba222d05208f9008"
I20260601 13:37:17.083108 17438 raft_consensus.cc:3060] T 0f29940c5b6e47b7bd82a6d64b089121 P 1995cb66a47f4195a5380dc054c2f9f7 [term 0 FOLLOWER]: Advancing to term 1
I20260601 13:37:17.083108 17589 raft_consensus.cc:3060] T 0f29940c5b6e47b7bd82a6d64b089121 P e9feb3154dba46d0ba222d05208f9008 [term 0 FOLLOWER]: Advancing to term 1
I20260601 13:37:17.083304 17647 raft_consensus.cc:359] T 8a52aae79baa401bbc674071151df72a P d69d199aeeb0487bbdd223b8b87e8ba2 [term 0 FOLLOWER]: Replica starting. Triggering 0 pending ops. Active config: opid_index: -1 OBSOLETE_local: false peers { permanent_uuid: "d69d199aeeb0487bbdd223b8b87e8ba2" member_type: VOTER last_known_addr { host: "127.14.32.194" port: 41511 } } peers { permanent_uuid: "1995cb66a47f4195a5380dc054c2f9f7" member_type: VOTER last_known_addr { host: "127.14.32.193" port: 34393 } } peers { permanent_uuid: "e9feb3154dba46d0ba222d05208f9008" member_type: VOTER last_known_addr { host: "127.14.32.195" port: 37841 } }
I20260601 13:37:17.083400 17647 raft_consensus.cc:385] T 8a52aae79baa401bbc674071151df72a P d69d199aeeb0487bbdd223b8b87e8ba2 [term 0 FOLLOWER]: Consensus starting up: Expiring failure detector timer to make a prompt election more likely
I20260601 13:37:17.083465 17647 raft_consensus.cc:740] T 8a52aae79baa401bbc674071151df72a P d69d199aeeb0487bbdd223b8b87e8ba2 [term 0 FOLLOWER]: Becoming Follower/Learner. State: Replica: d69d199aeeb0487bbdd223b8b87e8ba2, State: Initialized, Role: FOLLOWER
I20260601 13:37:17.083599 17647 consensus_queue.cc:260] T 8a52aae79baa401bbc674071151df72a P d69d199aeeb0487bbdd223b8b87e8ba2 [NON_LEADER]: Queue going to NON_LEADER mode. State: All replicated index: 0, Majority replicated index: 0, Committed index: 0, Last appended: 0.0, Last appended by leader: 0, Current term: 0, Majority size: -1, State: 0, Mode: NON_LEADER, active raft config: opid_index: -1 OBSOLETE_local: false peers { permanent_uuid: "d69d199aeeb0487bbdd223b8b87e8ba2" member_type: VOTER last_known_addr { host: "127.14.32.194" port: 41511 } } peers { permanent_uuid: "1995cb66a47f4195a5380dc054c2f9f7" member_type: VOTER last_known_addr { host: "127.14.32.193" port: 34393 } } peers { permanent_uuid: "e9feb3154dba46d0ba222d05208f9008" member_type: VOTER last_known_addr { host: "127.14.32.195" port: 37841 } }
I20260601 13:37:17.083889 17647 ts_tablet_manager.cc:1434] T 8a52aae79baa401bbc674071151df72a P d69d199aeeb0487bbdd223b8b87e8ba2: Time spent starting tablet: real 0.001s	user 0.001s	sys 0.000s
I20260601 13:37:17.084070 17647 tablet_bootstrap.cc:492] T fef2c919a73e41daa580fb9bf2019b68 P d69d199aeeb0487bbdd223b8b87e8ba2: Bootstrap starting.
I20260601 13:37:17.084033 17589 raft_consensus.cc:2468] T 0f29940c5b6e47b7bd82a6d64b089121 P e9feb3154dba46d0ba222d05208f9008 [term 1 FOLLOWER]: Leader election vote request: Granting yes vote for candidate d69d199aeeb0487bbdd223b8b87e8ba2 in term 1.
I20260601 13:37:17.084033 17438 raft_consensus.cc:2468] T 0f29940c5b6e47b7bd82a6d64b089121 P 1995cb66a47f4195a5380dc054c2f9f7 [term 1 FOLLOWER]: Leader election vote request: Granting yes vote for candidate d69d199aeeb0487bbdd223b8b87e8ba2 in term 1.
I20260601 13:37:17.084425 17478 leader_election.cc:304] T 0f29940c5b6e47b7bd82a6d64b089121 P d69d199aeeb0487bbdd223b8b87e8ba2 [CANDIDATE]: Term 1 election: Election decided. Result: candidate won. Election summary: received 2 responses out of 3 voters: 2 yes votes; 0 no votes. yes voters: 1995cb66a47f4195a5380dc054c2f9f7, d69d199aeeb0487bbdd223b8b87e8ba2; no voters: 
I20260601 13:37:17.085000 17647 tablet_bootstrap.cc:654] T fef2c919a73e41daa580fb9bf2019b68 P d69d199aeeb0487bbdd223b8b87e8ba2: Neither blocks nor log segments found. Creating new log.
I20260601 13:37:17.085251 17649 raft_consensus.cc:2804] T 0f29940c5b6e47b7bd82a6d64b089121 P d69d199aeeb0487bbdd223b8b87e8ba2 [term 1 FOLLOWER]: Leader election won for term 1
I20260601 13:37:17.085363 17667 raft_consensus.cc:493] T 6cf157541bba488290f6a35f53fdd9a2 P d69d199aeeb0487bbdd223b8b87e8ba2 [term 0 FOLLOWER]: Starting pre-election (no leader contacted us within the election timeout)
I20260601 13:37:17.085429 17667 raft_consensus.cc:515] T 6cf157541bba488290f6a35f53fdd9a2 P d69d199aeeb0487bbdd223b8b87e8ba2 [term 0 FOLLOWER]: Starting pre-election with config: opid_index: -1 OBSOLETE_local: false peers { permanent_uuid: "1995cb66a47f4195a5380dc054c2f9f7" member_type: VOTER last_known_addr { host: "127.14.32.193" port: 34393 } } peers { permanent_uuid: "d69d199aeeb0487bbdd223b8b87e8ba2" member_type: VOTER last_known_addr { host: "127.14.32.194" port: 41511 } } peers { permanent_uuid: "e9feb3154dba46d0ba222d05208f9008" member_type: VOTER last_known_addr { host: "127.14.32.195" port: 37841 } }
I20260601 13:37:17.085445 17649 raft_consensus.cc:697] T 0f29940c5b6e47b7bd82a6d64b089121 P d69d199aeeb0487bbdd223b8b87e8ba2 [term 1 LEADER]: Becoming Leader. State: Replica: d69d199aeeb0487bbdd223b8b87e8ba2, State: Running, Role: LEADER
I20260601 13:37:17.085563 17649 consensus_queue.cc:237] T 0f29940c5b6e47b7bd82a6d64b089121 P d69d199aeeb0487bbdd223b8b87e8ba2 [LEADER]: Queue going to LEADER mode. State: All replicated index: 0, Majority replicated index: 0, Committed index: 0, Last appended: 0.0, Last appended by leader: 0, Current term: 1, Majority size: 2, State: 0, Mode: LEADER, active raft config: opid_index: -1 OBSOLETE_local: false peers { permanent_uuid: "1995cb66a47f4195a5380dc054c2f9f7" member_type: VOTER last_known_addr { host: "127.14.32.193" port: 34393 } } peers { permanent_uuid: "d69d199aeeb0487bbdd223b8b87e8ba2" member_type: VOTER last_known_addr { host: "127.14.32.194" port: 41511 } } peers { permanent_uuid: "e9feb3154dba46d0ba222d05208f9008" member_type: VOTER last_known_addr { host: "127.14.32.195" port: 37841 } }
I20260601 13:37:17.085894 17667 leader_election.cc:290] T 6cf157541bba488290f6a35f53fdd9a2 P d69d199aeeb0487bbdd223b8b87e8ba2 [CANDIDATE]: Term 1 pre-election: Requested pre-vote from peers 1995cb66a47f4195a5380dc054c2f9f7 (127.14.32.193:34393), e9feb3154dba46d0ba222d05208f9008 (127.14.32.195:37841)
I20260601 13:37:17.085937 17589 tablet_service.cc:1917] Received RequestConsensusVote() RPC: tablet_id: "6cf157541bba488290f6a35f53fdd9a2" candidate_uuid: "d69d199aeeb0487bbdd223b8b87e8ba2" candidate_term: 1 candidate_status { last_received { term: 0 index: 0 } } ignore_live_leader: false dest_uuid: "e9feb3154dba46d0ba222d05208f9008" is_pre_election: true
I20260601 13:37:17.086030 17589 raft_consensus.cc:2468] T 6cf157541bba488290f6a35f53fdd9a2 P e9feb3154dba46d0ba222d05208f9008 [term 0 FOLLOWER]: Leader pre-election vote request: Granting yes vote for candidate d69d199aeeb0487bbdd223b8b87e8ba2 in term 0.
I20260601 13:37:17.086040 17438 tablet_service.cc:1917] Received RequestConsensusVote() RPC: tablet_id: "6cf157541bba488290f6a35f53fdd9a2" candidate_uuid: "d69d199aeeb0487bbdd223b8b87e8ba2" candidate_term: 1 candidate_status { last_received { term: 0 index: 0 } } ignore_live_leader: false dest_uuid: "1995cb66a47f4195a5380dc054c2f9f7" is_pre_election: true
I20260601 13:37:17.086244 17438 raft_consensus.cc:2468] T 6cf157541bba488290f6a35f53fdd9a2 P 1995cb66a47f4195a5380dc054c2f9f7 [term 0 FOLLOWER]: Leader pre-election vote request: Granting yes vote for candidate d69d199aeeb0487bbdd223b8b87e8ba2 in term 0.
I20260601 13:37:17.086266 17479 leader_election.cc:304] T 6cf157541bba488290f6a35f53fdd9a2 P d69d199aeeb0487bbdd223b8b87e8ba2 [CANDIDATE]: Term 1 pre-election: Election decided. Result: candidate won. Election summary: received 2 responses out of 3 voters: 2 yes votes; 0 no votes. yes voters: d69d199aeeb0487bbdd223b8b87e8ba2, e9feb3154dba46d0ba222d05208f9008; no voters: 
I20260601 13:37:17.086383 17649 raft_consensus.cc:2804] T 6cf157541bba488290f6a35f53fdd9a2 P d69d199aeeb0487bbdd223b8b87e8ba2 [term 0 FOLLOWER]: Leader pre-election won for term 1
I20260601 13:37:17.086423 17649 raft_consensus.cc:493] T 6cf157541bba488290f6a35f53fdd9a2 P d69d199aeeb0487bbdd223b8b87e8ba2 [term 0 FOLLOWER]: Starting leader election (no leader contacted us within the election timeout)
I20260601 13:37:17.086457 17649 raft_consensus.cc:3060] T 6cf157541bba488290f6a35f53fdd9a2 P d69d199aeeb0487bbdd223b8b87e8ba2 [term 0 FOLLOWER]: Advancing to term 1
I20260601 13:37:17.087155 17647 tablet_bootstrap.cc:492] T fef2c919a73e41daa580fb9bf2019b68 P d69d199aeeb0487bbdd223b8b87e8ba2: No bootstrap required, opened a new log
I20260601 13:37:17.087136 17649 raft_consensus.cc:515] T 6cf157541bba488290f6a35f53fdd9a2 P d69d199aeeb0487bbdd223b8b87e8ba2 [term 1 FOLLOWER]: Starting leader election with config: opid_index: -1 OBSOLETE_local: false peers { permanent_uuid: "1995cb66a47f4195a5380dc054c2f9f7" member_type: VOTER last_known_addr { host: "127.14.32.193" port: 34393 } } peers { permanent_uuid: "d69d199aeeb0487bbdd223b8b87e8ba2" member_type: VOTER last_known_addr { host: "127.14.32.194" port: 41511 } } peers { permanent_uuid: "e9feb3154dba46d0ba222d05208f9008" member_type: VOTER last_known_addr { host: "127.14.32.195" port: 37841 } }
I20260601 13:37:17.087218 17647 ts_tablet_manager.cc:1403] T fef2c919a73e41daa580fb9bf2019b68 P d69d199aeeb0487bbdd223b8b87e8ba2: Time spent bootstrapping tablet: real 0.003s	user 0.001s	sys 0.000s
I20260601 13:37:17.087504 17334 catalog_manager.cc:5696] T 0f29940c5b6e47b7bd82a6d64b089121 P d69d199aeeb0487bbdd223b8b87e8ba2 reported cstate change: term changed from 0 to 1, leader changed from <none> to d69d199aeeb0487bbdd223b8b87e8ba2 (127.14.32.194). New cstate: current_term: 1 leader_uuid: "d69d199aeeb0487bbdd223b8b87e8ba2" committed_config { opid_index: -1 OBSOLETE_local: false peers { permanent_uuid: "1995cb66a47f4195a5380dc054c2f9f7" member_type: VOTER last_known_addr { host: "127.14.32.193" port: 34393 } health_report { overall_health: UNKNOWN } } peers { permanent_uuid: "d69d199aeeb0487bbdd223b8b87e8ba2" member_type: VOTER last_known_addr { host: "127.14.32.194" port: 41511 } health_report { overall_health: HEALTHY } } peers { permanent_uuid: "e9feb3154dba46d0ba222d05208f9008" member_type: VOTER last_known_addr { host: "127.14.32.195" port: 37841 } health_report { overall_health: UNKNOWN } } }
I20260601 13:37:17.087656 17438 tablet_service.cc:1917] Received RequestConsensusVote() RPC: tablet_id: "6cf157541bba488290f6a35f53fdd9a2" candidate_uuid: "d69d199aeeb0487bbdd223b8b87e8ba2" candidate_term: 1 candidate_status { last_received { term: 0 index: 0 } } ignore_live_leader: false dest_uuid: "1995cb66a47f4195a5380dc054c2f9f7"
I20260601 13:37:17.087656 17589 tablet_service.cc:1917] Received RequestConsensusVote() RPC: tablet_id: "6cf157541bba488290f6a35f53fdd9a2" candidate_uuid: "d69d199aeeb0487bbdd223b8b87e8ba2" candidate_term: 1 candidate_status { last_received { term: 0 index: 0 } } ignore_live_leader: false dest_uuid: "e9feb3154dba46d0ba222d05208f9008"
I20260601 13:37:17.087670 17649 leader_election.cc:290] T 6cf157541bba488290f6a35f53fdd9a2 P d69d199aeeb0487bbdd223b8b87e8ba2 [CANDIDATE]: Term 1 election: Requested vote from peers 1995cb66a47f4195a5380dc054c2f9f7 (127.14.32.193:34393), e9feb3154dba46d0ba222d05208f9008 (127.14.32.195:37841)
I20260601 13:37:17.087776 17589 raft_consensus.cc:3060] T 6cf157541bba488290f6a35f53fdd9a2 P e9feb3154dba46d0ba222d05208f9008 [term 0 FOLLOWER]: Advancing to term 1
I20260601 13:37:17.087591 17647 raft_consensus.cc:359] T fef2c919a73e41daa580fb9bf2019b68 P d69d199aeeb0487bbdd223b8b87e8ba2 [term 0 FOLLOWER]: Replica starting. Triggering 0 pending ops. Active config: opid_index: -1 OBSOLETE_local: false peers { permanent_uuid: "d69d199aeeb0487bbdd223b8b87e8ba2" member_type: VOTER last_known_addr { host: "127.14.32.194" port: 41511 } } peers { permanent_uuid: "1995cb66a47f4195a5380dc054c2f9f7" member_type: VOTER last_known_addr { host: "127.14.32.193" port: 34393 } } peers { permanent_uuid: "e9feb3154dba46d0ba222d05208f9008" member_type: VOTER last_known_addr { host: "127.14.32.195" port: 37841 } }
I20260601 13:37:17.087836 17647 raft_consensus.cc:385] T fef2c919a73e41daa580fb9bf2019b68 P d69d199aeeb0487bbdd223b8b87e8ba2 [term 0 FOLLOWER]: Consensus starting up: Expiring failure detector timer to make a prompt election more likely
I20260601 13:37:17.087865 17647 raft_consensus.cc:740] T fef2c919a73e41daa580fb9bf2019b68 P d69d199aeeb0487bbdd223b8b87e8ba2 [term 0 FOLLOWER]: Becoming Follower/Learner. State: Replica: d69d199aeeb0487bbdd223b8b87e8ba2, State: Initialized, Role: FOLLOWER
I20260601 13:37:17.087970 17647 consensus_queue.cc:260] T fef2c919a73e41daa580fb9bf2019b68 P d69d199aeeb0487bbdd223b8b87e8ba2 [NON_LEADER]: Queue going to NON_LEADER mode. State: All replicated index: 0, Majority replicated index: 0, Committed index: 0, Last appended: 0.0, Last appended by leader: 0, Current term: 0, Majority size: -1, State: 0, Mode: NON_LEADER, active raft config: opid_index: -1 OBSOLETE_local: false peers { permanent_uuid: "d69d199aeeb0487bbdd223b8b87e8ba2" member_type: VOTER last_known_addr { host: "127.14.32.194" port: 41511 } } peers { permanent_uuid: "1995cb66a47f4195a5380dc054c2f9f7" member_type: VOTER last_known_addr { host: "127.14.32.193" port: 34393 } } peers { permanent_uuid: "e9feb3154dba46d0ba222d05208f9008" member_type: VOTER last_known_addr { host: "127.14.32.195" port: 37841 } }
I20260601 13:37:17.088236 17647 ts_tablet_manager.cc:1434] T fef2c919a73e41daa580fb9bf2019b68 P d69d199aeeb0487bbdd223b8b87e8ba2: Time spent starting tablet: real 0.001s	user 0.001s	sys 0.000s
I20260601 13:37:17.088475 17589 raft_consensus.cc:2468] T 6cf157541bba488290f6a35f53fdd9a2 P e9feb3154dba46d0ba222d05208f9008 [term 1 FOLLOWER]: Leader election vote request: Granting yes vote for candidate d69d199aeeb0487bbdd223b8b87e8ba2 in term 1.
I20260601 13:37:17.087776 17438 raft_consensus.cc:3060] T 6cf157541bba488290f6a35f53fdd9a2 P 1995cb66a47f4195a5380dc054c2f9f7 [term 0 FOLLOWER]: Advancing to term 1
I20260601 13:37:17.088762 17479 leader_election.cc:304] T 6cf157541bba488290f6a35f53fdd9a2 P d69d199aeeb0487bbdd223b8b87e8ba2 [CANDIDATE]: Term 1 election: Election decided. Result: candidate won. Election summary: received 2 responses out of 3 voters: 2 yes votes; 0 no votes. yes voters: d69d199aeeb0487bbdd223b8b87e8ba2, e9feb3154dba46d0ba222d05208f9008; no voters: 
I20260601 13:37:17.088891 17649 raft_consensus.cc:2804] T 6cf157541bba488290f6a35f53fdd9a2 P d69d199aeeb0487bbdd223b8b87e8ba2 [term 1 FOLLOWER]: Leader election won for term 1
I20260601 13:37:17.088949 17649 raft_consensus.cc:697] T 6cf157541bba488290f6a35f53fdd9a2 P d69d199aeeb0487bbdd223b8b87e8ba2 [term 1 LEADER]: Becoming Leader. State: Replica: d69d199aeeb0487bbdd223b8b87e8ba2, State: Running, Role: LEADER
I20260601 13:37:17.089032 17649 consensus_queue.cc:237] T 6cf157541bba488290f6a35f53fdd9a2 P d69d199aeeb0487bbdd223b8b87e8ba2 [LEADER]: Queue going to LEADER mode. State: All replicated index: 0, Majority replicated index: 0, Committed index: 0, Last appended: 0.0, Last appended by leader: 0, Current term: 1, Majority size: 2, State: 0, Mode: LEADER, active raft config: opid_index: -1 OBSOLETE_local: false peers { permanent_uuid: "1995cb66a47f4195a5380dc054c2f9f7" member_type: VOTER last_known_addr { host: "127.14.32.193" port: 34393 } } peers { permanent_uuid: "d69d199aeeb0487bbdd223b8b87e8ba2" member_type: VOTER last_known_addr { host: "127.14.32.194" port: 41511 } } peers { permanent_uuid: "e9feb3154dba46d0ba222d05208f9008" member_type: VOTER last_known_addr { host: "127.14.32.195" port: 37841 } }
I20260601 13:37:17.089352 17438 raft_consensus.cc:2468] T 6cf157541bba488290f6a35f53fdd9a2 P 1995cb66a47f4195a5380dc054c2f9f7 [term 1 FOLLOWER]: Leader election vote request: Granting yes vote for candidate d69d199aeeb0487bbdd223b8b87e8ba2 in term 1.
I20260601 13:37:17.090227 17334 catalog_manager.cc:5696] T 6cf157541bba488290f6a35f53fdd9a2 P d69d199aeeb0487bbdd223b8b87e8ba2 reported cstate change: term changed from 0 to 1, leader changed from <none> to d69d199aeeb0487bbdd223b8b87e8ba2 (127.14.32.194). New cstate: current_term: 1 leader_uuid: "d69d199aeeb0487bbdd223b8b87e8ba2" committed_config { opid_index: -1 OBSOLETE_local: false peers { permanent_uuid: "1995cb66a47f4195a5380dc054c2f9f7" member_type: VOTER last_known_addr { host: "127.14.32.193" port: 34393 } health_report { overall_health: UNKNOWN } } peers { permanent_uuid: "d69d199aeeb0487bbdd223b8b87e8ba2" member_type: VOTER last_known_addr { host: "127.14.32.194" port: 41511 } health_report { overall_health: HEALTHY } } peers { permanent_uuid: "e9feb3154dba46d0ba222d05208f9008" member_type: VOTER last_known_addr { host: "127.14.32.195" port: 37841 } health_report { overall_health: UNKNOWN } } }
I20260601 13:37:17.120142 17639 raft_consensus.cc:493] T b086ca926b904d2c8a04c2da59388a2a P e9feb3154dba46d0ba222d05208f9008 [term 0 FOLLOWER]: Starting pre-election (no leader contacted us within the election timeout)
I20260601 13:37:17.120245 17639 raft_consensus.cc:515] T b086ca926b904d2c8a04c2da59388a2a P e9feb3154dba46d0ba222d05208f9008 [term 0 FOLLOWER]: Starting pre-election with config: opid_index: -1 OBSOLETE_local: false peers { permanent_uuid: "1995cb66a47f4195a5380dc054c2f9f7" member_type: VOTER last_known_addr { host: "127.14.32.193" port: 34393 } } peers { permanent_uuid: "d69d199aeeb0487bbdd223b8b87e8ba2" member_type: VOTER last_known_addr { host: "127.14.32.194" port: 41511 } } peers { permanent_uuid: "e9feb3154dba46d0ba222d05208f9008" member_type: VOTER last_known_addr { host: "127.14.32.195" port: 37841 } }
I20260601 13:37:17.120600 17639 leader_election.cc:290] T b086ca926b904d2c8a04c2da59388a2a P e9feb3154dba46d0ba222d05208f9008 [CANDIDATE]: Term 1 pre-election: Requested pre-vote from peers 1995cb66a47f4195a5380dc054c2f9f7 (127.14.32.193:34393), d69d199aeeb0487bbdd223b8b87e8ba2 (127.14.32.194:41511)
I20260601 13:37:17.123744 17438 tablet_service.cc:1917] Received RequestConsensusVote() RPC: tablet_id: "b086ca926b904d2c8a04c2da59388a2a" candidate_uuid: "e9feb3154dba46d0ba222d05208f9008" candidate_term: 1 candidate_status { last_received { term: 0 index: 0 } } ignore_live_leader: false dest_uuid: "1995cb66a47f4195a5380dc054c2f9f7" is_pre_election: true
I20260601 13:37:17.123795 17514 tablet_service.cc:1917] Received RequestConsensusVote() RPC: tablet_id: "b086ca926b904d2c8a04c2da59388a2a" candidate_uuid: "e9feb3154dba46d0ba222d05208f9008" candidate_term: 1 candidate_status { last_received { term: 0 index: 0 } } ignore_live_leader: false dest_uuid: "d69d199aeeb0487bbdd223b8b87e8ba2" is_pre_election: true
I20260601 13:37:17.123826 17438 raft_consensus.cc:2468] T b086ca926b904d2c8a04c2da59388a2a P 1995cb66a47f4195a5380dc054c2f9f7 [term 0 FOLLOWER]: Leader pre-election vote request: Granting yes vote for candidate e9feb3154dba46d0ba222d05208f9008 in term 0.
I20260601 13:37:17.123934 17514 raft_consensus.cc:2468] T b086ca926b904d2c8a04c2da59388a2a P d69d199aeeb0487bbdd223b8b87e8ba2 [term 0 FOLLOWER]: Leader pre-election vote request: Granting yes vote for candidate e9feb3154dba46d0ba222d05208f9008 in term 0.
