I20260601 13:37:17.438436 17647 ts_tablet_manager.cc:1403] T 4f41626e69794327800de9d6af518934 P d69d199aeeb0487bbdd223b8b87e8ba2: Time spent bootstrapping tablet: real 0.003s	user 0.000s	sys 0.002s
I20260601 13:37:17.438581 17637 raft_consensus.cc:359] T 27000a72d8464fe9be952bab2950f214 P e9feb3154dba46d0ba222d05208f9008 [term 0 FOLLOWER]: Replica starting. Triggering 0 pending ops. Active config: opid_index: -1 OBSOLETE_local: false peers { permanent_uuid: "cf3e4b3976664d328622f15ad80bac06" member_type: VOTER last_known_addr { host: "127.14.32.196" port: 40405 } } peers { permanent_uuid: "1995cb66a47f4195a5380dc054c2f9f7" member_type: VOTER last_known_addr { host: "127.14.32.193" port: 34393 } } peers { permanent_uuid: "e9feb3154dba46d0ba222d05208f9008" member_type: VOTER last_known_addr { host: "127.14.32.195" port: 37841 } }
I20260601 13:37:17.438656 17637 raft_consensus.cc:385] T 27000a72d8464fe9be952bab2950f214 P e9feb3154dba46d0ba222d05208f9008 [term 0 FOLLOWER]: Consensus starting up: Expiring failure detector timer to make a prompt election more likely
I20260601 13:37:17.438684 17637 raft_consensus.cc:740] T 27000a72d8464fe9be952bab2950f214 P e9feb3154dba46d0ba222d05208f9008 [term 0 FOLLOWER]: Becoming Follower/Learner. State: Replica: e9feb3154dba46d0ba222d05208f9008, State: Initialized, Role: FOLLOWER
I20260601 13:37:17.438777 17637 consensus_queue.cc:260] T 27000a72d8464fe9be952bab2950f214 P e9feb3154dba46d0ba222d05208f9008 [NON_LEADER]: Queue going to NON_LEADER mode. State: All replicated index: 0, Majority replicated index: 0, Committed index: 0, Last appended: 0.0, Last appended by leader: 0, Current term: 0, Majority size: -1, State: 0, Mode: NON_LEADER, active raft config: opid_index: -1 OBSOLETE_local: false peers { permanent_uuid: "cf3e4b3976664d328622f15ad80bac06" member_type: VOTER last_known_addr { host: "127.14.32.196" port: 40405 } } peers { permanent_uuid: "1995cb66a47f4195a5380dc054c2f9f7" member_type: VOTER last_known_addr { host: "127.14.32.193" port: 34393 } } peers { permanent_uuid: "e9feb3154dba46d0ba222d05208f9008" member_type: VOTER last_known_addr { host: "127.14.32.195" port: 37841 } }
I20260601 13:37:17.439020 17637 ts_tablet_manager.cc:1434] T 27000a72d8464fe9be952bab2950f214 P e9feb3154dba46d0ba222d05208f9008: Time spent starting tablet: real 0.001s	user 0.001s	sys 0.000s
I20260601 13:37:17.438782 17647 raft_consensus.cc:359] T 4f41626e69794327800de9d6af518934 P d69d199aeeb0487bbdd223b8b87e8ba2 [term 0 FOLLOWER]: Replica starting. Triggering 0 pending ops. Active config: opid_index: -1 OBSOLETE_local: false peers { permanent_uuid: "d69d199aeeb0487bbdd223b8b87e8ba2" member_type: VOTER last_known_addr { host: "127.14.32.194" port: 41511 } } peers { permanent_uuid: "cf3e4b3976664d328622f15ad80bac06" member_type: VOTER last_known_addr { host: "127.14.32.196" port: 40405 } } peers { permanent_uuid: "e9feb3154dba46d0ba222d05208f9008" member_type: VOTER last_known_addr { host: "127.14.32.195" port: 37841 } }
I20260601 13:37:17.439147 17647 raft_consensus.cc:385] T 4f41626e69794327800de9d6af518934 P d69d199aeeb0487bbdd223b8b87e8ba2 [term 0 FOLLOWER]: Consensus starting up: Expiring failure detector timer to make a prompt election more likely
I20260601 13:37:17.439178 17647 raft_consensus.cc:740] T 4f41626e69794327800de9d6af518934 P d69d199aeeb0487bbdd223b8b87e8ba2 [term 0 FOLLOWER]: Becoming Follower/Learner. State: Replica: d69d199aeeb0487bbdd223b8b87e8ba2, State: Initialized, Role: FOLLOWER
I20260601 13:37:17.439266 17647 consensus_queue.cc:260] T 4f41626e69794327800de9d6af518934 P d69d199aeeb0487bbdd223b8b87e8ba2 [NON_LEADER]: Queue going to NON_LEADER mode. State: All replicated index: 0, Majority replicated index: 0, Committed index: 0, Last appended: 0.0, Last appended by leader: 0, Current term: 0, Majority size: -1, State: 0, Mode: NON_LEADER, active raft config: opid_index: -1 OBSOLETE_local: false peers { permanent_uuid: "d69d199aeeb0487bbdd223b8b87e8ba2" member_type: VOTER last_known_addr { host: "127.14.32.194" port: 41511 } } peers { permanent_uuid: "cf3e4b3976664d328622f15ad80bac06" member_type: VOTER last_known_addr { host: "127.14.32.196" port: 40405 } } peers { permanent_uuid: "e9feb3154dba46d0ba222d05208f9008" member_type: VOTER last_known_addr { host: "127.14.32.195" port: 37841 } }
I20260601 13:37:17.439524 17647 ts_tablet_manager.cc:1434] T 4f41626e69794327800de9d6af518934 P d69d199aeeb0487bbdd223b8b87e8ba2: Time spent starting tablet: real 0.001s	user 0.000s	sys 0.001s
I20260601 13:37:17.440425 17635 tablet_bootstrap.cc:492] T 27000a72d8464fe9be952bab2950f214 P 1995cb66a47f4195a5380dc054c2f9f7: No bootstrap required, opened a new log
I20260601 13:37:17.440505 17635 ts_tablet_manager.cc:1403] T 27000a72d8464fe9be952bab2950f214 P 1995cb66a47f4195a5380dc054c2f9f7: Time spent bootstrapping tablet: real 0.019s	user 0.001s	sys 0.000s
I20260601 13:37:17.440627 17765 tablet_bootstrap.cc:492] T f0a2ab59e5c3464890f71230ca5511b9 P cf3e4b3976664d328622f15ad80bac06: No bootstrap required, opened a new log
I20260601 13:37:17.440697 17765 ts_tablet_manager.cc:1403] T f0a2ab59e5c3464890f71230ca5511b9 P cf3e4b3976664d328622f15ad80bac06: Time spent bootstrapping tablet: real 0.011s	user 0.001s	sys 0.000s
I20260601 13:37:17.440871 17635 raft_consensus.cc:359] T 27000a72d8464fe9be952bab2950f214 P 1995cb66a47f4195a5380dc054c2f9f7 [term 0 FOLLOWER]: Replica starting. Triggering 0 pending ops. Active config: opid_index: -1 OBSOLETE_local: false peers { permanent_uuid: "cf3e4b3976664d328622f15ad80bac06" member_type: VOTER last_known_addr { host: "127.14.32.196" port: 40405 } } peers { permanent_uuid: "1995cb66a47f4195a5380dc054c2f9f7" member_type: VOTER last_known_addr { host: "127.14.32.193" port: 34393 } } peers { permanent_uuid: "e9feb3154dba46d0ba222d05208f9008" member_type: VOTER last_known_addr { host: "127.14.32.195" port: 37841 } }
I20260601 13:37:17.440984 17635 raft_consensus.cc:385] T 27000a72d8464fe9be952bab2950f214 P 1995cb66a47f4195a5380dc054c2f9f7 [term 0 FOLLOWER]: Consensus starting up: Expiring failure detector timer to make a prompt election more likely
I20260601 13:37:17.441015 17635 raft_consensus.cc:740] T 27000a72d8464fe9be952bab2950f214 P 1995cb66a47f4195a5380dc054c2f9f7 [term 0 FOLLOWER]: Becoming Follower/Learner. State: Replica: 1995cb66a47f4195a5380dc054c2f9f7, State: Initialized, Role: FOLLOWER
I20260601 13:37:17.441098 17765 raft_consensus.cc:359] T f0a2ab59e5c3464890f71230ca5511b9 P cf3e4b3976664d328622f15ad80bac06 [term 0 FOLLOWER]: Replica starting. Triggering 0 pending ops. Active config: opid_index: -1 OBSOLETE_local: false peers { permanent_uuid: "cf3e4b3976664d328622f15ad80bac06" member_type: VOTER last_known_addr { host: "127.14.32.196" port: 40405 } } peers { permanent_uuid: "1995cb66a47f4195a5380dc054c2f9f7" member_type: VOTER last_known_addr { host: "127.14.32.193" port: 34393 } } peers { permanent_uuid: "d69d199aeeb0487bbdd223b8b87e8ba2" member_type: VOTER last_known_addr { host: "127.14.32.194" port: 41511 } }
I20260601 13:37:17.441187 17765 raft_consensus.cc:385] T f0a2ab59e5c3464890f71230ca5511b9 P cf3e4b3976664d328622f15ad80bac06 [term 0 FOLLOWER]: Consensus starting up: Expiring failure detector timer to make a prompt election more likely
I20260601 13:37:17.441224 17765 raft_consensus.cc:740] T f0a2ab59e5c3464890f71230ca5511b9 P cf3e4b3976664d328622f15ad80bac06 [term 0 FOLLOWER]: Becoming Follower/Learner. State: Replica: cf3e4b3976664d328622f15ad80bac06, State: Initialized, Role: FOLLOWER
I20260601 13:37:17.441354 17765 consensus_queue.cc:260] T f0a2ab59e5c3464890f71230ca5511b9 P cf3e4b3976664d328622f15ad80bac06 [NON_LEADER]: Queue going to NON_LEADER mode. State: All replicated index: 0, Majority replicated index: 0, Committed index: 0, Last appended: 0.0, Last appended by leader: 0, Current term: 0, Majority size: -1, State: 0, Mode: NON_LEADER, active raft config: opid_index: -1 OBSOLETE_local: false peers { permanent_uuid: "cf3e4b3976664d328622f15ad80bac06" member_type: VOTER last_known_addr { host: "127.14.32.196" port: 40405 } } peers { permanent_uuid: "1995cb66a47f4195a5380dc054c2f9f7" member_type: VOTER last_known_addr { host: "127.14.32.193" port: 34393 } } peers { permanent_uuid: "d69d199aeeb0487bbdd223b8b87e8ba2" member_type: VOTER last_known_addr { host: "127.14.32.194" port: 41511 } }
I20260601 13:37:17.441761 17765 ts_tablet_manager.cc:1434] T f0a2ab59e5c3464890f71230ca5511b9 P cf3e4b3976664d328622f15ad80bac06: Time spent starting tablet: real 0.001s	user 0.001s	sys 0.000s
I20260601 13:37:17.441895 17755 heartbeater.cc:499] Master 127.14.32.254:35213 was elected leader, sending a full tablet report...
I20260601 13:37:17.441924 17765 tablet_bootstrap.cc:492] T 8581ae3f2b0b45008160d7314f6ee39a P cf3e4b3976664d328622f15ad80bac06: Bootstrap starting.
I20260601 13:37:17.441109 17635 consensus_queue.cc:260] T 27000a72d8464fe9be952bab2950f214 P 1995cb66a47f4195a5380dc054c2f9f7 [NON_LEADER]: Queue going to NON_LEADER mode. State: All replicated index: 0, Majority replicated index: 0, Committed index: 0, Last appended: 0.0, Last appended by leader: 0, Current term: 0, Majority size: -1, State: 0, Mode: NON_LEADER, active raft config: opid_index: -1 OBSOLETE_local: false peers { permanent_uuid: "cf3e4b3976664d328622f15ad80bac06" member_type: VOTER last_known_addr { host: "127.14.32.196" port: 40405 } } peers { permanent_uuid: "1995cb66a47f4195a5380dc054c2f9f7" member_type: VOTER last_known_addr { host: "127.14.32.193" port: 34393 } } peers { permanent_uuid: "e9feb3154dba46d0ba222d05208f9008" member_type: VOTER last_known_addr { host: "127.14.32.195" port: 37841 } }
I20260601 13:37:17.442343 17635 ts_tablet_manager.cc:1434] T 27000a72d8464fe9be952bab2950f214 P 1995cb66a47f4195a5380dc054c2f9f7: Time spent starting tablet: real 0.002s	user 0.001s	sys 0.000s
I20260601 13:37:17.442493 17635 tablet_bootstrap.cc:492] T 95ef97bbebb8428e9f4a0e70fc56935a P 1995cb66a47f4195a5380dc054c2f9f7: Bootstrap starting.
I20260601 13:37:17.442719 17334 catalog_manager.cc:6241] T 00000000000000000000000000000000 P a78eb55943e14a43b031088e02327d16: range_aware_rebalance_new_range [id=cb941c783f9e430495cfb9f1a69de814] alter complete (version 0)
I20260601 13:37:17.443045 17765 tablet_bootstrap.cc:654] T 8581ae3f2b0b45008160d7314f6ee39a P cf3e4b3976664d328622f15ad80bac06: Neither blocks nor log segments found. Creating new log.
I20260601 13:37:17.443388 17635 tablet_bootstrap.cc:654] T 95ef97bbebb8428e9f4a0e70fc56935a P 1995cb66a47f4195a5380dc054c2f9f7: Neither blocks nor log segments found. Creating new log.
I20260601 13:37:17.444149 17765 tablet_bootstrap.cc:492] T 8581ae3f2b0b45008160d7314f6ee39a P cf3e4b3976664d328622f15ad80bac06: No bootstrap required, opened a new log
I20260601 13:37:17.444231 17765 ts_tablet_manager.cc:1403] T 8581ae3f2b0b45008160d7314f6ee39a P cf3e4b3976664d328622f15ad80bac06: Time spent bootstrapping tablet: real 0.002s	user 0.002s	sys 0.000s
I20260601 13:37:17.444597 17765 raft_consensus.cc:359] T 8581ae3f2b0b45008160d7314f6ee39a P cf3e4b3976664d328622f15ad80bac06 [term 0 FOLLOWER]: Replica starting. Triggering 0 pending ops. Active config: opid_index: -1 OBSOLETE_local: false peers { permanent_uuid: "cf3e4b3976664d328622f15ad80bac06" member_type: VOTER last_known_addr { host: "127.14.32.196" port: 40405 } } peers { permanent_uuid: "d69d199aeeb0487bbdd223b8b87e8ba2" member_type: VOTER last_known_addr { host: "127.14.32.194" port: 41511 } } peers { permanent_uuid: "e9feb3154dba46d0ba222d05208f9008" member_type: VOTER last_known_addr { host: "127.14.32.195" port: 37841 } }
I20260601 13:37:17.444694 17765 raft_consensus.cc:385] T 8581ae3f2b0b45008160d7314f6ee39a P cf3e4b3976664d328622f15ad80bac06 [term 0 FOLLOWER]: Consensus starting up: Expiring failure detector timer to make a prompt election more likely
I20260601 13:37:17.444721 17765 raft_consensus.cc:740] T 8581ae3f2b0b45008160d7314f6ee39a P cf3e4b3976664d328622f15ad80bac06 [term 0 FOLLOWER]: Becoming Follower/Learner. State: Replica: cf3e4b3976664d328622f15ad80bac06, State: Initialized, Role: FOLLOWER
I20260601 13:37:17.444810 17765 consensus_queue.cc:260] T 8581ae3f2b0b45008160d7314f6ee39a P cf3e4b3976664d328622f15ad80bac06 [NON_LEADER]: Queue going to NON_LEADER mode. State: All replicated index: 0, Majority replicated index: 0, Committed index: 0, Last appended: 0.0, Last appended by leader: 0, Current term: 0, Majority size: -1, State: 0, Mode: NON_LEADER, active raft config: opid_index: -1 OBSOLETE_local: false peers { permanent_uuid: "cf3e4b3976664d328622f15ad80bac06" member_type: VOTER last_known_addr { host: "127.14.32.196" port: 40405 } } peers { permanent_uuid: "d69d199aeeb0487bbdd223b8b87e8ba2" member_type: VOTER last_known_addr { host: "127.14.32.194" port: 41511 } } peers { permanent_uuid: "e9feb3154dba46d0ba222d05208f9008" member_type: VOTER last_known_addr { host: "127.14.32.195" port: 37841 } }
I20260601 13:37:17.444868 17635 tablet_bootstrap.cc:492] T 95ef97bbebb8428e9f4a0e70fc56935a P 1995cb66a47f4195a5380dc054c2f9f7: No bootstrap required, opened a new log
I20260601 13:37:17.444939 17635 ts_tablet_manager.cc:1403] T 95ef97bbebb8428e9f4a0e70fc56935a P 1995cb66a47f4195a5380dc054c2f9f7: Time spent bootstrapping tablet: real 0.002s	user 0.001s	sys 0.000s
I20260601 13:37:17.445047 17765 ts_tablet_manager.cc:1434] T 8581ae3f2b0b45008160d7314f6ee39a P cf3e4b3976664d328622f15ad80bac06: Time spent starting tablet: real 0.001s	user 0.001s	sys 0.000s
I20260601 13:37:17.445202 17765 tablet_bootstrap.cc:492] T 95ef97bbebb8428e9f4a0e70fc56935a P cf3e4b3976664d328622f15ad80bac06: Bootstrap starting.
I20260601 13:37:17.445389 17635 raft_consensus.cc:359] T 95ef97bbebb8428e9f4a0e70fc56935a P 1995cb66a47f4195a5380dc054c2f9f7 [term 0 FOLLOWER]: Replica starting. Triggering 0 pending ops. Active config: opid_index: -1 OBSOLETE_local: false peers { permanent_uuid: "1995cb66a47f4195a5380dc054c2f9f7" member_type: VOTER last_known_addr { host: "127.14.32.193" port: 34393 } } peers { permanent_uuid: "cf3e4b3976664d328622f15ad80bac06" member_type: VOTER last_known_addr { host: "127.14.32.196" port: 40405 } } peers { permanent_uuid: "d69d199aeeb0487bbdd223b8b87e8ba2" member_type: VOTER last_known_addr { host: "127.14.32.194" port: 41511 } }
I20260601 13:37:17.445478 17635 raft_consensus.cc:385] T 95ef97bbebb8428e9f4a0e70fc56935a P 1995cb66a47f4195a5380dc054c2f9f7 [term 0 FOLLOWER]: Consensus starting up: Expiring failure detector timer to make a prompt election more likely
I20260601 13:37:17.445520 17635 raft_consensus.cc:740] T 95ef97bbebb8428e9f4a0e70fc56935a P 1995cb66a47f4195a5380dc054c2f9f7 [term 0 FOLLOWER]: Becoming Follower/Learner. State: Replica: 1995cb66a47f4195a5380dc054c2f9f7, State: Initialized, Role: FOLLOWER
I20260601 13:37:17.445628 17635 consensus_queue.cc:260] T 95ef97bbebb8428e9f4a0e70fc56935a P 1995cb66a47f4195a5380dc054c2f9f7 [NON_LEADER]: Queue going to NON_LEADER mode. State: All replicated index: 0, Majority replicated index: 0, Committed index: 0, Last appended: 0.0, Last appended by leader: 0, Current term: 0, Majority size: -1, State: 0, Mode: NON_LEADER, active raft config: opid_index: -1 OBSOLETE_local: false peers { permanent_uuid: "1995cb66a47f4195a5380dc054c2f9f7" member_type: VOTER last_known_addr { host: "127.14.32.193" port: 34393 } } peers { permanent_uuid: "cf3e4b3976664d328622f15ad80bac06" member_type: VOTER last_known_addr { host: "127.14.32.196" port: 40405 } } peers { permanent_uuid: "d69d199aeeb0487bbdd223b8b87e8ba2" member_type: VOTER last_known_addr { host: "127.14.32.194" port: 41511 } }
I20260601 13:37:17.445884 17635 ts_tablet_manager.cc:1434] T 95ef97bbebb8428e9f4a0e70fc56935a P 1995cb66a47f4195a5380dc054c2f9f7: Time spent starting tablet: real 0.001s	user 0.001s	sys 0.000s
I20260601 13:37:17.446038 17765 tablet_bootstrap.cc:654] T 95ef97bbebb8428e9f4a0e70fc56935a P cf3e4b3976664d328622f15ad80bac06: Neither blocks nor log segments found. Creating new log.
I20260601 13:37:17.446053 17635 tablet_bootstrap.cc:492] T f56ac9b1bdfd4d4c8e18221a138f7dd0 P 1995cb66a47f4195a5380dc054c2f9f7: Bootstrap starting.
I20260601 13:37:17.446858 17635 tablet_bootstrap.cc:654] T f56ac9b1bdfd4d4c8e18221a138f7dd0 P 1995cb66a47f4195a5380dc054c2f9f7: Neither blocks nor log segments found. Creating new log.
I20260601 13:37:17.447853 17635 tablet_bootstrap.cc:492] T f56ac9b1bdfd4d4c8e18221a138f7dd0 P 1995cb66a47f4195a5380dc054c2f9f7: No bootstrap required, opened a new log
I20260601 13:37:17.447930 17635 ts_tablet_manager.cc:1403] T f56ac9b1bdfd4d4c8e18221a138f7dd0 P 1995cb66a47f4195a5380dc054c2f9f7: Time spent bootstrapping tablet: real 0.002s	user 0.001s	sys 0.000s
I20260601 13:37:17.448282 17635 raft_consensus.cc:359] T f56ac9b1bdfd4d4c8e18221a138f7dd0 P 1995cb66a47f4195a5380dc054c2f9f7 [term 0 FOLLOWER]: Replica starting. Triggering 0 pending ops. Active config: opid_index: -1 OBSOLETE_local: false peers { permanent_uuid: "cf3e4b3976664d328622f15ad80bac06" member_type: VOTER last_known_addr { host: "127.14.32.196" port: 40405 } } peers { permanent_uuid: "d69d199aeeb0487bbdd223b8b87e8ba2" member_type: VOTER last_known_addr { host: "127.14.32.194" port: 41511 } } peers { permanent_uuid: "1995cb66a47f4195a5380dc054c2f9f7" member_type: VOTER last_known_addr { host: "127.14.32.193" port: 34393 } }
I20260601 13:37:17.448372 17635 raft_consensus.cc:385] T f56ac9b1bdfd4d4c8e18221a138f7dd0 P 1995cb66a47f4195a5380dc054c2f9f7 [term 0 FOLLOWER]: Consensus starting up: Expiring failure detector timer to make a prompt election more likely
I20260601 13:37:17.448401 17635 raft_consensus.cc:740] T f56ac9b1bdfd4d4c8e18221a138f7dd0 P 1995cb66a47f4195a5380dc054c2f9f7 [term 0 FOLLOWER]: Becoming Follower/Learner. State: Replica: 1995cb66a47f4195a5380dc054c2f9f7, State: Initialized, Role: FOLLOWER
I20260601 13:37:17.448518 17635 consensus_queue.cc:260] T f56ac9b1bdfd4d4c8e18221a138f7dd0 P 1995cb66a47f4195a5380dc054c2f9f7 [NON_LEADER]: Queue going to NON_LEADER mode. State: All replicated index: 0, Majority replicated index: 0, Committed index: 0, Last appended: 0.0, Last appended by leader: 0, Current term: 0, Majority size: -1, State: 0, Mode: NON_LEADER, active raft config: opid_index: -1 OBSOLETE_local: false peers { permanent_uuid: "cf3e4b3976664d328622f15ad80bac06" member_type: VOTER last_known_addr { host: "127.14.32.196" port: 40405 } } peers { permanent_uuid: "d69d199aeeb0487bbdd223b8b87e8ba2" member_type: VOTER last_known_addr { host: "127.14.32.194" port: 41511 } } peers { permanent_uuid: "1995cb66a47f4195a5380dc054c2f9f7" member_type: VOTER last_known_addr { host: "127.14.32.193" port: 34393 } }
I20260601 13:37:17.448762 17635 ts_tablet_manager.cc:1434] T f56ac9b1bdfd4d4c8e18221a138f7dd0 P 1995cb66a47f4195a5380dc054c2f9f7: Time spent starting tablet: real 0.001s	user 0.001s	sys 0.000s
I20260601 13:37:17.448915 17635 tablet_bootstrap.cc:492] T 74bfd8be72454cfbb5551a73a3f6d91c P 1995cb66a47f4195a5380dc054c2f9f7: Bootstrap starting.
I20260601 13:37:17.449208 17765 tablet_bootstrap.cc:492] T 95ef97bbebb8428e9f4a0e70fc56935a P cf3e4b3976664d328622f15ad80bac06: No bootstrap required, opened a new log
I20260601 13:37:17.449283 17765 ts_tablet_manager.cc:1403] T 95ef97bbebb8428e9f4a0e70fc56935a P cf3e4b3976664d328622f15ad80bac06: Time spent bootstrapping tablet: real 0.004s	user 0.002s	sys 0.000s
I20260601 13:37:17.449736 17635 tablet_bootstrap.cc:654] T 74bfd8be72454cfbb5551a73a3f6d91c P 1995cb66a47f4195a5380dc054c2f9f7: Neither blocks nor log segments found. Creating new log.
I20260601 13:37:17.449662 17765 raft_consensus.cc:359] T 95ef97bbebb8428e9f4a0e70fc56935a P cf3e4b3976664d328622f15ad80bac06 [term 0 FOLLOWER]: Replica starting. Triggering 0 pending ops. Active config: opid_index: -1 OBSOLETE_local: false peers { permanent_uuid: "1995cb66a47f4195a5380dc054c2f9f7" member_type: VOTER last_known_addr { host: "127.14.32.193" port: 34393 } } peers { permanent_uuid: "cf3e4b3976664d328622f15ad80bac06" member_type: VOTER last_known_addr { host: "127.14.32.196" port: 40405 } } peers { permanent_uuid: "d69d199aeeb0487bbdd223b8b87e8ba2" member_type: VOTER last_known_addr { host: "127.14.32.194" port: 41511 } }
I20260601 13:37:17.449788 17765 raft_consensus.cc:385] T 95ef97bbebb8428e9f4a0e70fc56935a P cf3e4b3976664d328622f15ad80bac06 [term 0 FOLLOWER]: Consensus starting up: Expiring failure detector timer to make a prompt election more likely
I20260601 13:37:17.449824 17765 raft_consensus.cc:740] T 95ef97bbebb8428e9f4a0e70fc56935a P cf3e4b3976664d328622f15ad80bac06 [term 0 FOLLOWER]: Becoming Follower/Learner. State: Replica: cf3e4b3976664d328622f15ad80bac06, State: Initialized, Role: FOLLOWER
I20260601 13:37:17.449934 17765 consensus_queue.cc:260] T 95ef97bbebb8428e9f4a0e70fc56935a P cf3e4b3976664d328622f15ad80bac06 [NON_LEADER]: Queue going to NON_LEADER mode. State: All replicated index: 0, Majority replicated index: 0, Committed index: 0, Last appended: 0.0, Last appended by leader: 0, Current term: 0, Majority size: -1, State: 0, Mode: NON_LEADER, active raft config: opid_index: -1 OBSOLETE_local: false peers { permanent_uuid: "1995cb66a47f4195a5380dc054c2f9f7" member_type: VOTER last_known_addr { host: "127.14.32.193" port: 34393 } } peers { permanent_uuid: "cf3e4b3976664d328622f15ad80bac06" member_type: VOTER last_known_addr { host: "127.14.32.196" port: 40405 } } peers { permanent_uuid: "d69d199aeeb0487bbdd223b8b87e8ba2" member_type: VOTER last_known_addr { host: "127.14.32.194" port: 41511 } }
I20260601 13:37:17.450186 17765 ts_tablet_manager.cc:1434] T 95ef97bbebb8428e9f4a0e70fc56935a P cf3e4b3976664d328622f15ad80bac06: Time spent starting tablet: real 0.001s	user 0.001s	sys 0.000s
I20260601 13:37:17.450374 17765 tablet_bootstrap.cc:492] T 74bfd8be72454cfbb5551a73a3f6d91c P cf3e4b3976664d328622f15ad80bac06: Bootstrap starting.
I20260601 13:37:17.451284 17765 tablet_bootstrap.cc:654] T 74bfd8be72454cfbb5551a73a3f6d91c P cf3e4b3976664d328622f15ad80bac06: Neither blocks nor log segments found. Creating new log.
I20260601 13:37:17.451988 17635 tablet_bootstrap.cc:492] T 74bfd8be72454cfbb5551a73a3f6d91c P 1995cb66a47f4195a5380dc054c2f9f7: No bootstrap required, opened a new log
I20260601 13:37:17.452114 17635 ts_tablet_manager.cc:1403] T 74bfd8be72454cfbb5551a73a3f6d91c P 1995cb66a47f4195a5380dc054c2f9f7: Time spent bootstrapping tablet: real 0.003s	user 0.001s	sys 0.000s
I20260601 13:37:17.452409 17765 tablet_bootstrap.cc:492] T 74bfd8be72454cfbb5551a73a3f6d91c P cf3e4b3976664d328622f15ad80bac06: No bootstrap required, opened a new log
I20260601 13:37:17.452498 17765 ts_tablet_manager.cc:1403] T 74bfd8be72454cfbb5551a73a3f6d91c P cf3e4b3976664d328622f15ad80bac06: Time spent bootstrapping tablet: real 0.002s	user 0.002s	sys 0.000s
I20260601 13:37:17.452530 17635 raft_consensus.cc:359] T 74bfd8be72454cfbb5551a73a3f6d91c P 1995cb66a47f4195a5380dc054c2f9f7 [term 0 FOLLOWER]: Replica starting. Triggering 0 pending ops. Active config: opid_index: -1 OBSOLETE_local: false peers { permanent_uuid: "cf3e4b3976664d328622f15ad80bac06" member_type: VOTER last_known_addr { host: "127.14.32.196" port: 40405 } } peers { permanent_uuid: "e9feb3154dba46d0ba222d05208f9008" member_type: VOTER last_known_addr { host: "127.14.32.195" port: 37841 } } peers { permanent_uuid: "1995cb66a47f4195a5380dc054c2f9f7" member_type: VOTER last_known_addr { host: "127.14.32.193" port: 34393 } }
I20260601 13:37:17.452631 17635 raft_consensus.cc:385] T 74bfd8be72454cfbb5551a73a3f6d91c P 1995cb66a47f4195a5380dc054c2f9f7 [term 0 FOLLOWER]: Consensus starting up: Expiring failure detector timer to make a prompt election more likely
I20260601 13:37:17.452685 17635 raft_consensus.cc:740] T 74bfd8be72454cfbb5551a73a3f6d91c P 1995cb66a47f4195a5380dc054c2f9f7 [term 0 FOLLOWER]: Becoming Follower/Learner. State: Replica: 1995cb66a47f4195a5380dc054c2f9f7, State: Initialized, Role: FOLLOWER
I20260601 13:37:17.452822 17635 consensus_queue.cc:260] T 74bfd8be72454cfbb5551a73a3f6d91c P 1995cb66a47f4195a5380dc054c2f9f7 [NON_LEADER]: Queue going to NON_LEADER mode. State: All replicated index: 0, Majority replicated index: 0, Committed index: 0, Last appended: 0.0, Last appended by leader: 0, Current term: 0, Majority size: -1, State: 0, Mode: NON_LEADER, active raft config: opid_index: -1 OBSOLETE_local: false peers { permanent_uuid: "cf3e4b3976664d328622f15ad80bac06" member_type: VOTER last_known_addr { host: "127.14.32.196" port: 40405 } } peers { permanent_uuid: "e9feb3154dba46d0ba222d05208f9008" member_type: VOTER last_known_addr { host: "127.14.32.195" port: 37841 } } peers { permanent_uuid: "1995cb66a47f4195a5380dc054c2f9f7" member_type: VOTER last_known_addr { host: "127.14.32.193" port: 34393 } }
I20260601 13:37:17.452953 17765 raft_consensus.cc:359] T 74bfd8be72454cfbb5551a73a3f6d91c P cf3e4b3976664d328622f15ad80bac06 [term 0 FOLLOWER]: Replica starting. Triggering 0 pending ops. Active config: opid_index: -1 OBSOLETE_local: false peers { permanent_uuid: "cf3e4b3976664d328622f15ad80bac06" member_type: VOTER last_known_addr { host: "127.14.32.196" port: 40405 } } peers { permanent_uuid: "e9feb3154dba46d0ba222d05208f9008" member_type: VOTER last_known_addr { host: "127.14.32.195" port: 37841 } } peers { permanent_uuid: "1995cb66a47f4195a5380dc054c2f9f7" member_type: VOTER last_known_addr { host: "127.14.32.193" port: 34393 } }
I20260601 13:37:17.453043 17765 raft_consensus.cc:385] T 74bfd8be72454cfbb5551a73a3f6d91c P cf3e4b3976664d328622f15ad80bac06 [term 0 FOLLOWER]: Consensus starting up: Expiring failure detector timer to make a prompt election more likely
I20260601 13:37:17.453073 17765 raft_consensus.cc:740] T 74bfd8be72454cfbb5551a73a3f6d91c P cf3e4b3976664d328622f15ad80bac06 [term 0 FOLLOWER]: Becoming Follower/Learner. State: Replica: cf3e4b3976664d328622f15ad80bac06, State: Initialized, Role: FOLLOWER
I20260601 13:37:17.453138 17635 ts_tablet_manager.cc:1434] T 74bfd8be72454cfbb5551a73a3f6d91c P 1995cb66a47f4195a5380dc054c2f9f7: Time spent starting tablet: real 0.001s	user 0.001s	sys 0.000s
I20260601 13:37:17.453222 17765 consensus_queue.cc:260] T 74bfd8be72454cfbb5551a73a3f6d91c P cf3e4b3976664d328622f15ad80bac06 [NON_LEADER]: Queue going to NON_LEADER mode. State: All replicated index: 0, Majority replicated index: 0, Committed index: 0, Last appended: 0.0, Last appended by leader: 0, Current term: 0, Majority size: -1, State: 0, Mode: NON_LEADER, active raft config: opid_index: -1 OBSOLETE_local: false peers { permanent_uuid: "cf3e4b3976664d328622f15ad80bac06" member_type: VOTER last_known_addr { host: "127.14.32.196" port: 40405 } } peers { permanent_uuid: "e9feb3154dba46d0ba222d05208f9008" member_type: VOTER last_known_addr { host: "127.14.32.195" port: 37841 } } peers { permanent_uuid: "1995cb66a47f4195a5380dc054c2f9f7" member_type: VOTER last_known_addr { host: "127.14.32.193" port: 34393 } }
I20260601 13:37:17.453311 17635 tablet_bootstrap.cc:492] T b17bae560c254e6f99267b4db610588b P 1995cb66a47f4195a5380dc054c2f9f7: Bootstrap starting.
I20260601 13:37:17.453488 17765 ts_tablet_manager.cc:1434] T 74bfd8be72454cfbb5551a73a3f6d91c P cf3e4b3976664d328622f15ad80bac06: Time spent starting tablet: real 0.001s	user 0.001s	sys 0.000s
I20260601 13:37:17.453634 17765 tablet_bootstrap.cc:492] T 4f41626e69794327800de9d6af518934 P cf3e4b3976664d328622f15ad80bac06: Bootstrap starting.
I20260601 13:37:17.454236 17635 tablet_bootstrap.cc:654] T b17bae560c254e6f99267b4db610588b P 1995cb66a47f4195a5380dc054c2f9f7: Neither blocks nor log segments found. Creating new log.
I20260601 13:37:17.454550 17765 tablet_bootstrap.cc:654] T 4f41626e69794327800de9d6af518934 P cf3e4b3976664d328622f15ad80bac06: Neither blocks nor log segments found. Creating new log.
I20260601 13:37:17.455358 17635 tablet_bootstrap.cc:492] T b17bae560c254e6f99267b4db610588b P 1995cb66a47f4195a5380dc054c2f9f7: No bootstrap required, opened a new log
I20260601 13:37:17.455463 17635 ts_tablet_manager.cc:1403] T b17bae560c254e6f99267b4db610588b P 1995cb66a47f4195a5380dc054c2f9f7: Time spent bootstrapping tablet: real 0.002s	user 0.002s	sys 0.000s
I20260601 13:37:17.455551 17765 tablet_bootstrap.cc:492] T 4f41626e69794327800de9d6af518934 P cf3e4b3976664d328622f15ad80bac06: No bootstrap required, opened a new log
I20260601 13:37:17.455612 17765 ts_tablet_manager.cc:1403] T 4f41626e69794327800de9d6af518934 P cf3e4b3976664d328622f15ad80bac06: Time spent bootstrapping tablet: real 0.002s	user 0.002s	sys 0.000s
I20260601 13:37:17.455822 17635 raft_consensus.cc:359] T b17bae560c254e6f99267b4db610588b P 1995cb66a47f4195a5380dc054c2f9f7 [term 0 FOLLOWER]: Replica starting. Triggering 0 pending ops. Active config: opid_index: -1 OBSOLETE_local: false peers { permanent_uuid: "cf3e4b3976664d328622f15ad80bac06" member_type: VOTER last_known_addr { host: "127.14.32.196" port: 40405 } } peers { permanent_uuid: "e9feb3154dba46d0ba222d05208f9008" member_type: VOTER last_known_addr { host: "127.14.32.195" port: 37841 } } peers { permanent_uuid: "1995cb66a47f4195a5380dc054c2f9f7" member_type: VOTER last_known_addr { host: "127.14.32.193" port: 34393 } }
I20260601 13:37:17.455926 17635 raft_consensus.cc:385] T b17bae560c254e6f99267b4db610588b P 1995cb66a47f4195a5380dc054c2f9f7 [term 0 FOLLOWER]: Consensus starting up: Expiring failure detector timer to make a prompt election more likely
I20260601 13:37:17.455971 17635 raft_consensus.cc:740] T b17bae560c254e6f99267b4db610588b P 1995cb66a47f4195a5380dc054c2f9f7 [term 0 FOLLOWER]: Becoming Follower/Learner. State: Replica: 1995cb66a47f4195a5380dc054c2f9f7, State: Initialized, Role: FOLLOWER
I20260601 13:37:17.455966 17765 raft_consensus.cc:359] T 4f41626e69794327800de9d6af518934 P cf3e4b3976664d328622f15ad80bac06 [term 0 FOLLOWER]: Replica starting. Triggering 0 pending ops. Active config: opid_index: -1 OBSOLETE_local: false peers { permanent_uuid: "d69d199aeeb0487bbdd223b8b87e8ba2" member_type: VOTER last_known_addr { host: "127.14.32.194" port: 41511 } } peers { permanent_uuid: "cf3e4b3976664d328622f15ad80bac06" member_type: VOTER last_known_addr { host: "127.14.32.196" port: 40405 } } peers { permanent_uuid: "e9feb3154dba46d0ba222d05208f9008" member_type: VOTER last_known_addr { host: "127.14.32.195" port: 37841 } }
I20260601 13:37:17.456061 17765 raft_consensus.cc:385] T 4f41626e69794327800de9d6af518934 P cf3e4b3976664d328622f15ad80bac06 [term 0 FOLLOWER]: Consensus starting up: Expiring failure detector timer to make a prompt election more likely
I20260601 13:37:17.456097 17765 raft_consensus.cc:740] T 4f41626e69794327800de9d6af518934 P cf3e4b3976664d328622f15ad80bac06 [term 0 FOLLOWER]: Becoming Follower/Learner. State: Replica: cf3e4b3976664d328622f15ad80bac06, State: Initialized, Role: FOLLOWER
I20260601 13:37:17.456128 17635 consensus_queue.cc:260] T b17bae560c254e6f99267b4db610588b P 1995cb66a47f4195a5380dc054c2f9f7 [NON_LEADER]: Queue going to NON_LEADER mode. State: All replicated index: 0, Majority replicated index: 0, Committed index: 0, Last appended: 0.0, Last appended by leader: 0, Current term: 0, Majority size: -1, State: 0, Mode: NON_LEADER, active raft config: opid_index: -1 OBSOLETE_local: false peers { permanent_uuid: "cf3e4b3976664d328622f15ad80bac06" member_type: VOTER last_known_addr { host: "127.14.32.196" port: 40405 } } peers { permanent_uuid: "e9feb3154dba46d0ba222d05208f9008" member_type: VOTER last_known_addr { host: "127.14.32.195" port: 37841 } } peers { permanent_uuid: "1995cb66a47f4195a5380dc054c2f9f7" member_type: VOTER last_known_addr { host: "127.14.32.193" port: 34393 } }
I20260601 13:37:17.456216 17765 consensus_queue.cc:260] T 4f41626e69794327800de9d6af518934 P cf3e4b3976664d328622f15ad80bac06 [NON_LEADER]: Queue going to NON_LEADER mode. State: All replicated index: 0, Majority replicated index: 0, Committed index: 0, Last appended: 0.0, Last appended by leader: 0, Current term: 0, Majority size: -1, State: 0, Mode: NON_LEADER, active raft config: opid_index: -1 OBSOLETE_local: false peers { permanent_uuid: "d69d199aeeb0487bbdd223b8b87e8ba2" member_type: VOTER last_known_addr { host: "127.14.32.194" port: 41511 } } peers { permanent_uuid: "cf3e4b3976664d328622f15ad80bac06" member_type: VOTER last_known_addr { host: "127.14.32.196" port: 40405 } } peers { permanent_uuid: "e9feb3154dba46d0ba222d05208f9008" member_type: VOTER last_known_addr { host: "127.14.32.195" port: 37841 } }
I20260601 13:37:17.456440 17635 ts_tablet_manager.cc:1434] T b17bae560c254e6f99267b4db610588b P 1995cb66a47f4195a5380dc054c2f9f7: Time spent starting tablet: real 0.001s	user 0.001s	sys 0.000s
I20260601 13:37:17.456444 17765 ts_tablet_manager.cc:1434] T 4f41626e69794327800de9d6af518934 P cf3e4b3976664d328622f15ad80bac06: Time spent starting tablet: real 0.001s	user 0.001s	sys 0.000s
I20260601 13:37:17.456641 17765 tablet_bootstrap.cc:492] T b17bae560c254e6f99267b4db610588b P cf3e4b3976664d328622f15ad80bac06: Bootstrap starting.
I20260601 13:37:17.457564 17765 tablet_bootstrap.cc:654] T b17bae560c254e6f99267b4db610588b P cf3e4b3976664d328622f15ad80bac06: Neither blocks nor log segments found. Creating new log.
I20260601 13:37:17.458766 17765 tablet_bootstrap.cc:492] T b17bae560c254e6f99267b4db610588b P cf3e4b3976664d328622f15ad80bac06: No bootstrap required, opened a new log
I20260601 13:37:17.458829 17765 ts_tablet_manager.cc:1403] T b17bae560c254e6f99267b4db610588b P cf3e4b3976664d328622f15ad80bac06: Time spent bootstrapping tablet: real 0.002s	user 0.001s	sys 0.000s
I20260601 13:37:17.459154 17765 raft_consensus.cc:359] T b17bae560c254e6f99267b4db610588b P cf3e4b3976664d328622f15ad80bac06 [term 0 FOLLOWER]: Replica starting. Triggering 0 pending ops. Active config: opid_index: -1 OBSOLETE_local: false peers { permanent_uuid: "cf3e4b3976664d328622f15ad80bac06" member_type: VOTER last_known_addr { host: "127.14.32.196" port: 40405 } } peers { permanent_uuid: "e9feb3154dba46d0ba222d05208f9008" member_type: VOTER last_known_addr { host: "127.14.32.195" port: 37841 } } peers { permanent_uuid: "1995cb66a47f4195a5380dc054c2f9f7" member_type: VOTER last_known_addr { host: "127.14.32.193" port: 34393 } }
I20260601 13:37:17.459223 17765 raft_consensus.cc:385] T b17bae560c254e6f99267b4db610588b P cf3e4b3976664d328622f15ad80bac06 [term 0 FOLLOWER]: Consensus starting up: Expiring failure detector timer to make a prompt election more likely
I20260601 13:37:17.459280 17765 raft_consensus.cc:740] T b17bae560c254e6f99267b4db610588b P cf3e4b3976664d328622f15ad80bac06 [term 0 FOLLOWER]: Becoming Follower/Learner. State: Replica: cf3e4b3976664d328622f15ad80bac06, State: Initialized, Role: FOLLOWER
I20260601 13:37:17.459384 17765 consensus_queue.cc:260] T b17bae560c254e6f99267b4db610588b P cf3e4b3976664d328622f15ad80bac06 [NON_LEADER]: Queue going to NON_LEADER mode. State: All replicated index: 0, Majority replicated index: 0, Committed index: 0, Last appended: 0.0, Last appended by leader: 0, Current term: 0, Majority size: -1, State: 0, Mode: NON_LEADER, active raft config: opid_index: -1 OBSOLETE_local: false peers { permanent_uuid: "cf3e4b3976664d328622f15ad80bac06" member_type: VOTER last_known_addr { host: "127.14.32.196" port: 40405 } } peers { permanent_uuid: "e9feb3154dba46d0ba222d05208f9008" member_type: VOTER last_known_addr { host: "127.14.32.195" port: 37841 } } peers { permanent_uuid: "1995cb66a47f4195a5380dc054c2f9f7" member_type: VOTER last_known_addr { host: "127.14.32.193" port: 34393 } }
I20260601 13:37:17.459610 17765 ts_tablet_manager.cc:1434] T b17bae560c254e6f99267b4db610588b P cf3e4b3976664d328622f15ad80bac06: Time spent starting tablet: real 0.001s	user 0.001s	sys 0.000s
I20260601 13:37:17.459770 17765 tablet_bootstrap.cc:492] T f56ac9b1bdfd4d4c8e18221a138f7dd0 P cf3e4b3976664d328622f15ad80bac06: Bootstrap starting.
I20260601 13:37:17.460631 17765 tablet_bootstrap.cc:654] T f56ac9b1bdfd4d4c8e18221a138f7dd0 P cf3e4b3976664d328622f15ad80bac06: Neither blocks nor log segments found. Creating new log.
I20260601 13:37:17.461498 17765 tablet_bootstrap.cc:492] T f56ac9b1bdfd4d4c8e18221a138f7dd0 P cf3e4b3976664d328622f15ad80bac06: No bootstrap required, opened a new log
I20260601 13:37:17.461615 17765 ts_tablet_manager.cc:1403] T f56ac9b1bdfd4d4c8e18221a138f7dd0 P cf3e4b3976664d328622f15ad80bac06: Time spent bootstrapping tablet: real 0.002s	user 0.001s	sys 0.000s
I20260601 13:37:17.461959 17765 raft_consensus.cc:359] T f56ac9b1bdfd4d4c8e18221a138f7dd0 P cf3e4b3976664d328622f15ad80bac06 [term 0 FOLLOWER]: Replica starting. Triggering 0 pending ops. Active config: opid_index: -1 OBSOLETE_local: false peers { permanent_uuid: "cf3e4b3976664d328622f15ad80bac06" member_type: VOTER last_known_addr { host: "127.14.32.196" port: 40405 } } peers { permanent_uuid: "d69d199aeeb0487bbdd223b8b87e8ba2" member_type: VOTER last_known_addr { host: "127.14.32.194" port: 41511 } } peers { permanent_uuid: "1995cb66a47f4195a5380dc054c2f9f7" member_type: VOTER last_known_addr { host: "127.14.32.193" port: 34393 } }
I20260601 13:37:17.462060 17765 raft_consensus.cc:385] T f56ac9b1bdfd4d4c8e18221a138f7dd0 P cf3e4b3976664d328622f15ad80bac06 [term 0 FOLLOWER]: Consensus starting up: Expiring failure detector timer to make a prompt election more likely
I20260601 13:37:17.462103 17765 raft_consensus.cc:740] T f56ac9b1bdfd4d4c8e18221a138f7dd0 P cf3e4b3976664d328622f15ad80bac06 [term 0 FOLLOWER]: Becoming Follower/Learner. State: Replica: cf3e4b3976664d328622f15ad80bac06, State: Initialized, Role: FOLLOWER
I20260601 13:37:17.462251 17765 consensus_queue.cc:260] T f56ac9b1bdfd4d4c8e18221a138f7dd0 P cf3e4b3976664d328622f15ad80bac06 [NON_LEADER]: Queue going to NON_LEADER mode. State: All replicated index: 0, Majority replicated index: 0, Committed index: 0, Last appended: 0.0, Last appended by leader: 0, Current term: 0, Majority size: -1, State: 0, Mode: NON_LEADER, active raft config: opid_index: -1 OBSOLETE_local: false peers { permanent_uuid: "cf3e4b3976664d328622f15ad80bac06" member_type: VOTER last_known_addr { host: "127.14.32.196" port: 40405 } } peers { permanent_uuid: "d69d199aeeb0487bbdd223b8b87e8ba2" member_type: VOTER last_known_addr { host: "127.14.32.194" port: 41511 } } peers { permanent_uuid: "1995cb66a47f4195a5380dc054c2f9f7" member_type: VOTER last_known_addr { host: "127.14.32.193" port: 34393 } }
I20260601 13:37:17.462532 17765 ts_tablet_manager.cc:1434] T f56ac9b1bdfd4d4c8e18221a138f7dd0 P cf3e4b3976664d328622f15ad80bac06: Time spent starting tablet: real 0.001s	user 0.000s	sys 0.000s
I20260601 13:37:17.462743 17765 tablet_bootstrap.cc:492] T 27000a72d8464fe9be952bab2950f214 P cf3e4b3976664d328622f15ad80bac06: Bootstrap starting.
I20260601 13:37:17.463471 17765 tablet_bootstrap.cc:654] T 27000a72d8464fe9be952bab2950f214 P cf3e4b3976664d328622f15ad80bac06: Neither blocks nor log segments found. Creating new log.
I20260601 13:37:17.464335 17765 tablet_bootstrap.cc:492] T 27000a72d8464fe9be952bab2950f214 P cf3e4b3976664d328622f15ad80bac06: No bootstrap required, opened a new log
I20260601 13:37:17.464395 17765 ts_tablet_manager.cc:1403] T 27000a72d8464fe9be952bab2950f214 P cf3e4b3976664d328622f15ad80bac06: Time spent bootstrapping tablet: real 0.002s	user 0.000s	sys 0.001s
I20260601 13:37:17.464766 17765 raft_consensus.cc:359] T 27000a72d8464fe9be952bab2950f214 P cf3e4b3976664d328622f15ad80bac06 [term 0 FOLLOWER]: Replica starting. Triggering 0 pending ops. Active config: opid_index: -1 OBSOLETE_local: false peers { permanent_uuid: "cf3e4b3976664d328622f15ad80bac06" member_type: VOTER last_known_addr { host: "127.14.32.196" port: 40405 } } peers { permanent_uuid: "1995cb66a47f4195a5380dc054c2f9f7" member_type: VOTER last_known_addr { host: "127.14.32.193" port: 34393 } } peers { permanent_uuid: "e9feb3154dba46d0ba222d05208f9008" member_type: VOTER last_known_addr { host: "127.14.32.195" port: 37841 } }
I20260601 13:37:17.464854 17765 raft_consensus.cc:385] T 27000a72d8464fe9be952bab2950f214 P cf3e4b3976664d328622f15ad80bac06 [term 0 FOLLOWER]: Consensus starting up: Expiring failure detector timer to make a prompt election more likely
I20260601 13:37:17.464892 17765 raft_consensus.cc:740] T 27000a72d8464fe9be952bab2950f214 P cf3e4b3976664d328622f15ad80bac06 [term 0 FOLLOWER]: Becoming Follower/Learner. State: Replica: cf3e4b3976664d328622f15ad80bac06, State: Initialized, Role: FOLLOWER
I20260601 13:37:17.464996 17765 consensus_queue.cc:260] T 27000a72d8464fe9be952bab2950f214 P cf3e4b3976664d328622f15ad80bac06 [NON_LEADER]: Queue going to NON_LEADER mode. State: All replicated index: 0, Majority replicated index: 0, Committed index: 0, Last appended: 0.0, Last appended by leader: 0, Current term: 0, Majority size: -1, State: 0, Mode: NON_LEADER, active raft config: opid_index: -1 OBSOLETE_local: false peers { permanent_uuid: "cf3e4b3976664d328622f15ad80bac06" member_type: VOTER last_known_addr { host: "127.14.32.196" port: 40405 } } peers { permanent_uuid: "1995cb66a47f4195a5380dc054c2f9f7" member_type: VOTER last_known_addr { host: "127.14.32.193" port: 34393 } } peers { permanent_uuid: "e9feb3154dba46d0ba222d05208f9008" member_type: VOTER last_known_addr { host: "127.14.32.195" port: 37841 } }
I20260601 13:37:17.465221 17765 ts_tablet_manager.cc:1434] T 27000a72d8464fe9be952bab2950f214 P cf3e4b3976664d328622f15ad80bac06: Time spent starting tablet: real 0.001s	user 0.000s	sys 0.000s
I20260601 13:37:17.473312 17773 raft_consensus.cc:493] T 74bfd8be72454cfbb5551a73a3f6d91c P cf3e4b3976664d328622f15ad80bac06 [term 0 FOLLOWER]: Starting pre-election (no leader contacted us within the election timeout)
I20260601 13:37:17.473397 17773 raft_consensus.cc:515] T 74bfd8be72454cfbb5551a73a3f6d91c P cf3e4b3976664d328622f15ad80bac06 [term 0 FOLLOWER]: Starting pre-election with config: opid_index: -1 OBSOLETE_local: false peers { permanent_uuid: "cf3e4b3976664d328622f15ad80bac06" member_type: VOTER last_known_addr { host: "127.14.32.196" port: 40405 } } peers { permanent_uuid: "e9feb3154dba46d0ba222d05208f9008" member_type: VOTER last_known_addr { host: "127.14.32.195" port: 37841 } } peers { permanent_uuid: "1995cb66a47f4195a5380dc054c2f9f7" member_type: VOTER last_known_addr { host: "127.14.32.193" port: 34393 } }
I20260601 13:37:17.473783 17773 leader_election.cc:290] T 74bfd8be72454cfbb5551a73a3f6d91c P cf3e4b3976664d328622f15ad80bac06 [CANDIDATE]: Term 1 pre-election: Requested pre-vote from peers e9feb3154dba46d0ba222d05208f9008 (127.14.32.195:37841), 1995cb66a47f4195a5380dc054c2f9f7 (127.14.32.193:34393)
I20260601 13:37:17.477185 17438 tablet_service.cc:1917] Received RequestConsensusVote() RPC: tablet_id: "74bfd8be72454cfbb5551a73a3f6d91c" candidate_uuid: "cf3e4b3976664d328622f15ad80bac06" candidate_term: 1 candidate_status { last_received { term: 0 index: 0 } } ignore_live_leader: false dest_uuid: "1995cb66a47f4195a5380dc054c2f9f7" is_pre_election: true
I20260601 13:37:17.477209 17588 tablet_service.cc:1917] Received RequestConsensusVote() RPC: tablet_id: "74bfd8be72454cfbb5551a73a3f6d91c" candidate_uuid: "cf3e4b3976664d328622f15ad80bac06" candidate_term: 1 candidate_status { last_received { term: 0 index: 0 } } ignore_live_leader: false dest_uuid: "e9feb3154dba46d0ba222d05208f9008" is_pre_election: true
I20260601 13:37:17.477270 17438 raft_consensus.cc:2468] T 74bfd8be72454cfbb5551a73a3f6d91c P 1995cb66a47f4195a5380dc054c2f9f7 [term 0 FOLLOWER]: Leader pre-election vote request: Granting yes vote for candidate cf3e4b3976664d328622f15ad80bac06 in term 0.
I20260601 13:37:17.477314 17588 raft_consensus.cc:2468] T 74bfd8be72454cfbb5551a73a3f6d91c P e9feb3154dba46d0ba222d05208f9008 [term 0 FOLLOWER]: Leader pre-election vote request: Granting yes vote for candidate cf3e4b3976664d328622f15ad80bac06 in term 0.
I20260601 13:37:17.477538 17693 leader_election.cc:304] T 74bfd8be72454cfbb5551a73a3f6d91c P cf3e4b3976664d328622f15ad80bac06 [CANDIDATE]: Term 1 pre-election: Election decided. Result: candidate won. Election summary: received 2 responses out of 3 voters: 2 yes votes; 0 no votes. yes voters: 1995cb66a47f4195a5380dc054c2f9f7, cf3e4b3976664d328622f15ad80bac06; no voters: 
I20260601 13:37:17.477684 17773 raft_consensus.cc:2804] T 74bfd8be72454cfbb5551a73a3f6d91c P cf3e4b3976664d328622f15ad80bac06 [term 0 FOLLOWER]: Leader pre-election won for term 1
I20260601 13:37:17.477737 17773 raft_consensus.cc:493] T 74bfd8be72454cfbb5551a73a3f6d91c P cf3e4b3976664d328622f15ad80bac06 [term 0 FOLLOWER]: Starting leader election (no leader contacted us within the election timeout)
I20260601 13:37:17.477784 17773 raft_consensus.cc:3060] T 74bfd8be72454cfbb5551a73a3f6d91c P cf3e4b3976664d328622f15ad80bac06 [term 0 FOLLOWER]: Advancing to term 1
I20260601 13:37:17.478394 17773 raft_consensus.cc:515] T 74bfd8be72454cfbb5551a73a3f6d91c P cf3e4b3976664d328622f15ad80bac06 [term 1 FOLLOWER]: Starting leader election with config: opid_index: -1 OBSOLETE_local: false peers { permanent_uuid: "cf3e4b3976664d328622f15ad80bac06" member_type: VOTER last_known_addr { host: "127.14.32.196" port: 40405 } } peers { permanent_uuid: "e9feb3154dba46d0ba222d05208f9008" member_type: VOTER last_known_addr { host: "127.14.32.195" port: 37841 } } peers { permanent_uuid: "1995cb66a47f4195a5380dc054c2f9f7" member_type: VOTER last_known_addr { host: "127.14.32.193" port: 34393 } }
I20260601 13:37:17.478690 17773 leader_election.cc:290] T 74bfd8be72454cfbb5551a73a3f6d91c P cf3e4b3976664d328622f15ad80bac06 [CANDIDATE]: Term 1 election: Requested vote from peers e9feb3154dba46d0ba222d05208f9008 (127.14.32.195:37841), 1995cb66a47f4195a5380dc054c2f9f7 (127.14.32.193:34393)
I20260601 13:37:17.478927 17588 tablet_service.cc:1917] Received RequestConsensusVote() RPC: tablet_id: "74bfd8be72454cfbb5551a73a3f6d91c" candidate_uuid: "cf3e4b3976664d328622f15ad80bac06" candidate_term: 1 candidate_status { last_received { term: 0 index: 0 } } ignore_live_leader: false dest_uuid: "e9feb3154dba46d0ba222d05208f9008"
I20260601 13:37:17.478956 17438 tablet_service.cc:1917] Received RequestConsensusVote() RPC: tablet_id: "74bfd8be72454cfbb5551a73a3f6d91c" candidate_uuid: "cf3e4b3976664d328622f15ad80bac06" candidate_term: 1 candidate_status { last_received { term: 0 index: 0 } } ignore_live_leader: false dest_uuid: "1995cb66a47f4195a5380dc054c2f9f7"
I20260601 13:37:17.479017 17588 raft_consensus.cc:3060] T 74bfd8be72454cfbb5551a73a3f6d91c P e9feb3154dba46d0ba222d05208f9008 [term 0 FOLLOWER]: Advancing to term 1
I20260601 13:37:17.479082 17438 raft_consensus.cc:3060] T 74bfd8be72454cfbb5551a73a3f6d91c P 1995cb66a47f4195a5380dc054c2f9f7 [term 0 FOLLOWER]: Advancing to term 1
I20260601 13:37:17.479645 17588 raft_consensus.cc:2468] T 74bfd8be72454cfbb5551a73a3f6d91c P e9feb3154dba46d0ba222d05208f9008 [term 1 FOLLOWER]: Leader election vote request: Granting yes vote for candidate cf3e4b3976664d328622f15ad80bac06 in term 1.
I20260601 13:37:17.479751 17438 raft_consensus.cc:2468] T 74bfd8be72454cfbb5551a73a3f6d91c P 1995cb66a47f4195a5380dc054c2f9f7 [term 1 FOLLOWER]: Leader election vote request: Granting yes vote for candidate cf3e4b3976664d328622f15ad80bac06 in term 1.
I20260601 13:37:17.479888 17694 leader_election.cc:304] T 74bfd8be72454cfbb5551a73a3f6d91c P cf3e4b3976664d328622f15ad80bac06 [CANDIDATE]: Term 1 election: Election decided. Result: candidate won. Election summary: received 2 responses out of 3 voters: 2 yes votes; 0 no votes. yes voters: cf3e4b3976664d328622f15ad80bac06, e9feb3154dba46d0ba222d05208f9008; no voters: 
I20260601 13:37:17.480062 17773 raft_consensus.cc:2804] T 74bfd8be72454cfbb5551a73a3f6d91c P cf3e4b3976664d328622f15ad80bac06 [term 1 FOLLOWER]: Leader election won for term 1
I20260601 13:37:17.480221 17773 raft_consensus.cc:697] T 74bfd8be72454cfbb5551a73a3f6d91c P cf3e4b3976664d328622f15ad80bac06 [term 1 LEADER]: Becoming Leader. State: Replica: cf3e4b3976664d328622f15ad80bac06, State: Running, Role: LEADER
I20260601 13:37:17.480332 17773 consensus_queue.cc:237] T 74bfd8be72454cfbb5551a73a3f6d91c P cf3e4b3976664d328622f15ad80bac06 [LEADER]: Queue going to LEADER mode. State: All replicated index: 0, Majority replicated index: 0, Committed index: 0, Last appended: 0.0, Last appended by leader: 0, Current term: 1, Majority size: 2, State: 0, Mode: LEADER, active raft config: opid_index: -1 OBSOLETE_local: false peers { permanent_uuid: "cf3e4b3976664d328622f15ad80bac06" member_type: VOTER last_known_addr { host: "127.14.32.196" port: 40405 } } peers { permanent_uuid: "e9feb3154dba46d0ba222d05208f9008" member_type: VOTER last_known_addr { host: "127.14.32.195" port: 37841 } } peers { permanent_uuid: "1995cb66a47f4195a5380dc054c2f9f7" member_type: VOTER last_known_addr { host: "127.14.32.193" port: 34393 } }
I20260601 13:37:17.481503 17335 catalog_manager.cc:5696] T 74bfd8be72454cfbb5551a73a3f6d91c P cf3e4b3976664d328622f15ad80bac06 reported cstate change: term changed from 0 to 1, leader changed from <none> to cf3e4b3976664d328622f15ad80bac06 (127.14.32.196). New cstate: current_term: 1 leader_uuid: "cf3e4b3976664d328622f15ad80bac06" committed_config { opid_index: -1 OBSOLETE_local: false peers { permanent_uuid: "cf3e4b3976664d328622f15ad80bac06" member_type: VOTER last_known_addr { host: "127.14.32.196" port: 40405 } health_report { overall_health: HEALTHY } } peers { permanent_uuid: "e9feb3154dba46d0ba222d05208f9008" member_type: VOTER last_known_addr { host: "127.14.32.195" port: 37841 } health_report { overall_health: UNKNOWN } } peers { permanent_uuid: "1995cb66a47f4195a5380dc054c2f9f7" member_type: VOTER last_known_addr { host: "127.14.32.193" port: 34393 } health_report { overall_health: UNKNOWN } } }
I20260601 13:37:17.495784 17649 consensus_queue.cc:1048] T 6cf157541bba488290f6a35f53fdd9a2 P d69d199aeeb0487bbdd223b8b87e8ba2 [LEADER]: Connected to new peer: Peer: permanent_uuid: "1995cb66a47f4195a5380dc054c2f9f7" member_type: VOTER last_known_addr { host: "127.14.32.193" port: 34393 }, Status: LMP_MISMATCH, Last received: 0.0, Next index: 1, Last known committed idx: 0, Time since last communication: 0.000s
