I20260601 13:37:09.667407 11318 consensus_queue.cc:237] T 774a8714346748109965413c5430aca5 P b009d7a2880345e187cdae466d4b26bc [LEADER]: Queue going to LEADER mode. State: All replicated index: 0, Majority replicated index: 0, Committed index: 0, Last appended: 0.0, Last appended by leader: 0, Current term: 1, Majority size: 2, State: 0, Mode: LEADER, active raft config: opid_index: -1 OBSOLETE_local: false peers { permanent_uuid: "b009d7a2880345e187cdae466d4b26bc" member_type: VOTER last_known_addr { host: "127.8.76.193" port: 44451 } } peers { permanent_uuid: "0c203946dd6d4d0d93beee653192392a" member_type: VOTER last_known_addr { host: "127.8.76.194" port: 46217 } } peers { permanent_uuid: "1b7de101c4554c84b9f576829687dba1" member_type: VOTER last_known_addr { host: "127.8.76.195" port: 44825 } }
I20260601 13:37:09.669200 11010 catalog_manager.cc:5696] T 774a8714346748109965413c5430aca5 P b009d7a2880345e187cdae466d4b26bc reported cstate change: term changed from 0 to 1, leader changed from <none> to b009d7a2880345e187cdae466d4b26bc (127.8.76.193). New cstate: current_term: 1 leader_uuid: "b009d7a2880345e187cdae466d4b26bc" committed_config { opid_index: -1 OBSOLETE_local: false peers { permanent_uuid: "b009d7a2880345e187cdae466d4b26bc" member_type: VOTER last_known_addr { host: "127.8.76.193" port: 44451 } health_report { overall_health: HEALTHY } } peers { permanent_uuid: "0c203946dd6d4d0d93beee653192392a" member_type: VOTER last_known_addr { host: "127.8.76.194" port: 46217 } health_report { overall_health: UNKNOWN } } peers { permanent_uuid: "1b7de101c4554c84b9f576829687dba1" member_type: VOTER last_known_addr { host: "127.8.76.195" port: 44825 } health_report { overall_health: UNKNOWN } } }
I20260601 13:37:09.719957  8499 tablet_server.cc:179] TabletServer@127.8.76.193:0 shutting down...
I20260601 13:37:09.725566  8499 ts_tablet_manager.cc:1507] Shutting down tablet manager...
I20260601 13:37:09.726123  8499 tablet_replica.cc:333] T 08cf8f3178af4f6b83122576b7055687 P b009d7a2880345e187cdae466d4b26bc: stopping tablet replica
I20260601 13:37:09.726409  8499 raft_consensus.cc:2243] T 08cf8f3178af4f6b83122576b7055687 P b009d7a2880345e187cdae466d4b26bc [term 1 FOLLOWER]: Raft consensus shutting down.
I20260601 13:37:09.726610  8499 raft_consensus.cc:2272] T 08cf8f3178af4f6b83122576b7055687 P b009d7a2880345e187cdae466d4b26bc [term 1 FOLLOWER]: Raft consensus is shut down!
I20260601 13:37:09.727475  8499 tablet_replica.cc:333] T 82c2863882b840799b38e6cb39c65d7d P b009d7a2880345e187cdae466d4b26bc: stopping tablet replica
I20260601 13:37:09.727639  8499 raft_consensus.cc:2243] T 82c2863882b840799b38e6cb39c65d7d P b009d7a2880345e187cdae466d4b26bc [term 1 LEADER]: Raft consensus shutting down.
I20260601 13:37:09.727880  8499 pending_rounds.cc:70] T 82c2863882b840799b38e6cb39c65d7d P b009d7a2880345e187cdae466d4b26bc: Trying to abort 1 pending ops.
I20260601 13:37:09.727981  8499 pending_rounds.cc:77] T 82c2863882b840799b38e6cb39c65d7d P b009d7a2880345e187cdae466d4b26bc: Aborting op as it isn't in flight: id { term: 1 index: 1 } timestamp: 7292194937124335616 op_type: NO_OP noop_request { }
I20260601 13:37:09.728114  8499 raft_consensus.cc:2889] T 82c2863882b840799b38e6cb39c65d7d P b009d7a2880345e187cdae466d4b26bc [term 1 LEADER]: NO_OP replication failed: Aborted: Op aborted
I20260601 13:37:09.728188  8499 raft_consensus.cc:2272] T 82c2863882b840799b38e6cb39c65d7d P b009d7a2880345e187cdae466d4b26bc [term 1 FOLLOWER]: Raft consensus is shut down!
I20260601 13:37:09.729003  8499 tablet_replica.cc:333] T 774a8714346748109965413c5430aca5 P b009d7a2880345e187cdae466d4b26bc: stopping tablet replica
I20260601 13:37:09.729100  8499 raft_consensus.cc:2243] T 774a8714346748109965413c5430aca5 P b009d7a2880345e187cdae466d4b26bc [term 1 LEADER]: Raft consensus shutting down.
I20260601 13:37:09.729279  8499 pending_rounds.cc:70] T 774a8714346748109965413c5430aca5 P b009d7a2880345e187cdae466d4b26bc: Trying to abort 1 pending ops.
I20260601 13:37:09.729316  8499 pending_rounds.cc:77] T 774a8714346748109965413c5430aca5 P b009d7a2880345e187cdae466d4b26bc: Aborting op as it isn't in flight: id { term: 1 index: 1 } timestamp: 7292194937519468544 op_type: NO_OP noop_request { }
I20260601 13:37:09.729372  8499 raft_consensus.cc:2889] T 774a8714346748109965413c5430aca5 P b009d7a2880345e187cdae466d4b26bc [term 1 LEADER]: NO_OP replication failed: Aborted: Op aborted
I20260601 13:37:09.729465  8499 raft_consensus.cc:2272] T 774a8714346748109965413c5430aca5 P b009d7a2880345e187cdae466d4b26bc [term 1 FOLLOWER]: Raft consensus is shut down!
I20260601 13:37:09.730099  8499 tablet_replica.cc:333] T 1437588f3dcc4dc6886d987f4916d8c8 P b009d7a2880345e187cdae466d4b26bc: stopping tablet replica
I20260601 13:37:09.730177  8499 raft_consensus.cc:2243] T 1437588f3dcc4dc6886d987f4916d8c8 P b009d7a2880345e187cdae466d4b26bc [term 1 FOLLOWER]: Raft consensus shutting down.
I20260601 13:37:09.730280  8499 raft_consensus.cc:2272] T 1437588f3dcc4dc6886d987f4916d8c8 P b009d7a2880345e187cdae466d4b26bc [term 1 FOLLOWER]: Raft consensus is shut down!
I20260601 13:37:09.744383  8499 tablet_server.cc:196] TabletServer@127.8.76.193:0 shutdown complete.
I20260601 13:37:09.747228  8499 tablet_server.cc:179] TabletServer@127.8.76.194:0 shutting down...
I20260601 13:37:09.751567  8499 ts_tablet_manager.cc:1507] Shutting down tablet manager...
I20260601 13:37:09.752015  8499 tablet_replica.cc:333] T 82c2863882b840799b38e6cb39c65d7d P 0c203946dd6d4d0d93beee653192392a: stopping tablet replica
I20260601 13:37:09.752195  8499 raft_consensus.cc:2243] T 82c2863882b840799b38e6cb39c65d7d P 0c203946dd6d4d0d93beee653192392a [term 1 FOLLOWER]: Raft consensus shutting down.
I20260601 13:37:09.752338  8499 raft_consensus.cc:2272] T 82c2863882b840799b38e6cb39c65d7d P 0c203946dd6d4d0d93beee653192392a [term 1 FOLLOWER]: Raft consensus is shut down!
I20260601 13:37:09.753125  8499 tablet_replica.cc:333] T 08cf8f3178af4f6b83122576b7055687 P 0c203946dd6d4d0d93beee653192392a: stopping tablet replica
I20260601 13:37:09.753216  8499 raft_consensus.cc:2243] T 08cf8f3178af4f6b83122576b7055687 P 0c203946dd6d4d0d93beee653192392a [term 1 LEADER]: Raft consensus shutting down.
I20260601 13:37:09.753376  8499 pending_rounds.cc:70] T 08cf8f3178af4f6b83122576b7055687 P 0c203946dd6d4d0d93beee653192392a: Trying to abort 1 pending ops.
I20260601 13:37:09.753423  8499 pending_rounds.cc:77] T 08cf8f3178af4f6b83122576b7055687 P 0c203946dd6d4d0d93beee653192392a: Aborting op as it isn't in flight: id { term: 1 index: 1 } timestamp: 7292194936948408320 op_type: NO_OP noop_request { }
I20260601 13:37:09.753513  8499 raft_consensus.cc:2889] T 08cf8f3178af4f6b83122576b7055687 P 0c203946dd6d4d0d93beee653192392a [term 1 LEADER]: NO_OP replication failed: Aborted: Op aborted
I20260601 13:37:09.753576  8499 raft_consensus.cc:2272] T 08cf8f3178af4f6b83122576b7055687 P 0c203946dd6d4d0d93beee653192392a [term 1 FOLLOWER]: Raft consensus is shut down!
I20260601 13:37:09.754264  8499 tablet_replica.cc:333] T 774a8714346748109965413c5430aca5 P 0c203946dd6d4d0d93beee653192392a: stopping tablet replica
I20260601 13:37:09.754336  8499 raft_consensus.cc:2243] T 774a8714346748109965413c5430aca5 P 0c203946dd6d4d0d93beee653192392a [term 1 FOLLOWER]: Raft consensus shutting down.
I20260601 13:37:09.754468  8499 raft_consensus.cc:2272] T 774a8714346748109965413c5430aca5 P 0c203946dd6d4d0d93beee653192392a [term 1 FOLLOWER]: Raft consensus is shut down!
I20260601 13:37:09.754864  8499 tablet_replica.cc:333] T 1437588f3dcc4dc6886d987f4916d8c8 P 0c203946dd6d4d0d93beee653192392a: stopping tablet replica
I20260601 13:37:09.754942  8499 raft_consensus.cc:2243] T 1437588f3dcc4dc6886d987f4916d8c8 P 0c203946dd6d4d0d93beee653192392a [term 1 LEADER]: Raft consensus shutting down.
I20260601 13:37:09.755107  8499 pending_rounds.cc:70] T 1437588f3dcc4dc6886d987f4916d8c8 P 0c203946dd6d4d0d93beee653192392a: Trying to abort 1 pending ops.
I20260601 13:37:09.755138  8499 pending_rounds.cc:77] T 1437588f3dcc4dc6886d987f4916d8c8 P 0c203946dd6d4d0d93beee653192392a: Aborting op as it isn't in flight: id { term: 1 index: 1 } timestamp: 7292194937001537536 op_type: NO_OP noop_request { }
I20260601 13:37:09.755193  8499 raft_consensus.cc:2889] T 1437588f3dcc4dc6886d987f4916d8c8 P 0c203946dd6d4d0d93beee653192392a [term 1 LEADER]: NO_OP replication failed: Aborted: Op aborted
I20260601 13:37:09.755275  8499 raft_consensus.cc:2272] T 1437588f3dcc4dc6886d987f4916d8c8 P 0c203946dd6d4d0d93beee653192392a [term 1 FOLLOWER]: Raft consensus is shut down!
I20260601 13:37:09.759394  8499 tablet_server.cc:196] TabletServer@127.8.76.194:0 shutdown complete.
I20260601 13:37:09.762084  8499 tablet_server.cc:179] TabletServer@127.8.76.195:0 shutting down...
I20260601 13:37:09.766784  8499 ts_tablet_manager.cc:1507] Shutting down tablet manager...
I20260601 13:37:09.767252  8499 tablet_replica.cc:333] T 08cf8f3178af4f6b83122576b7055687 P 1b7de101c4554c84b9f576829687dba1: stopping tablet replica
I20260601 13:37:09.767429  8499 raft_consensus.cc:2243] T 08cf8f3178af4f6b83122576b7055687 P 1b7de101c4554c84b9f576829687dba1 [term 1 FOLLOWER]: Raft consensus shutting down.
I20260601 13:37:09.767594  8499 raft_consensus.cc:2272] T 08cf8f3178af4f6b83122576b7055687 P 1b7de101c4554c84b9f576829687dba1 [term 1 FOLLOWER]: Raft consensus is shut down!
I20260601 13:37:09.768229  8499 tablet_replica.cc:333] T 82c2863882b840799b38e6cb39c65d7d P 1b7de101c4554c84b9f576829687dba1: stopping tablet replica
I20260601 13:37:09.768366  8499 raft_consensus.cc:2243] T 82c2863882b840799b38e6cb39c65d7d P 1b7de101c4554c84b9f576829687dba1 [term 1 FOLLOWER]: Raft consensus shutting down.
I20260601 13:37:09.768489  8499 raft_consensus.cc:2272] T 82c2863882b840799b38e6cb39c65d7d P 1b7de101c4554c84b9f576829687dba1 [term 1 FOLLOWER]: Raft consensus is shut down!
I20260601 13:37:09.769289  8499 tablet_replica.cc:333] T 1437588f3dcc4dc6886d987f4916d8c8 P 1b7de101c4554c84b9f576829687dba1: stopping tablet replica
I20260601 13:37:09.769433  8499 raft_consensus.cc:2243] T 1437588f3dcc4dc6886d987f4916d8c8 P 1b7de101c4554c84b9f576829687dba1 [term 1 FOLLOWER]: Raft consensus shutting down.
I20260601 13:37:09.769572  8499 raft_consensus.cc:2272] T 1437588f3dcc4dc6886d987f4916d8c8 P 1b7de101c4554c84b9f576829687dba1 [term 1 FOLLOWER]: Raft consensus is shut down!
I20260601 13:37:09.770083  8499 tablet_replica.cc:333] T 774a8714346748109965413c5430aca5 P 1b7de101c4554c84b9f576829687dba1: stopping tablet replica
I20260601 13:37:09.770265  8499 raft_consensus.cc:2243] T 774a8714346748109965413c5430aca5 P 1b7de101c4554c84b9f576829687dba1 [term 1 FOLLOWER]: Raft consensus shutting down.
I20260601 13:37:09.770376  8499 raft_consensus.cc:2272] T 774a8714346748109965413c5430aca5 P 1b7de101c4554c84b9f576829687dba1 [term 1 FOLLOWER]: Raft consensus is shut down!
I20260601 13:37:09.784157  8499 tablet_server.cc:196] TabletServer@127.8.76.195:0 shutdown complete.
I20260601 13:37:09.786751  8499 master.cc:562] Master@127.8.76.254:37003 shutting down...
I20260601 13:37:09.790589  8499 raft_consensus.cc:2243] T 00000000000000000000000000000000 P 596bab3a21ad477b9e8fdce05d8ef724 [term 1 LEADER]: Raft consensus shutting down.
I20260601 13:37:09.790820  8499 raft_consensus.cc:2272] T 00000000000000000000000000000000 P 596bab3a21ad477b9e8fdce05d8ef724 [term 1 FOLLOWER]: Raft consensus is shut down!
I20260601 13:37:09.790900  8499 tablet_replica.cc:333] T 00000000000000000000000000000000 P 596bab3a21ad477b9e8fdce05d8ef724: stopping tablet replica
I20260601 13:37:09.804360  8499 master.cc:584] Master@127.8.76.254:37003 shutdown complete.
[       OK ] AutoRebalancerTest.RangeAwareBuildClusterInfoGroupsByRange (1595 ms)
[ RUN      ] AutoRebalancerTest.RangeAwareRebalancesNewRangeReplicas
I20260601 13:37:09.813063  8499 internal_mini_cluster.cc:156] Creating distributed mini masters. Addrs: 127.8.76.254:41095
I20260601 13:37:09.813448  8499 file_cache.cc:492] Constructed file cache file cache with capacity 419430
W20260601 13:37:09.815218 11342 instance_detector.cc:116] could not retrieve Azure instance metadata: Network error: curl error: HTTP response code said error: The requested URL returned error: 404
W20260601 13:37:09.815234 11341 instance_detector.cc:116] could not retrieve AWS instance metadata: Network error: curl error: HTTP response code said error: The requested URL returned error: 404
W20260601 13:37:09.815361 11344 instance_detector.cc:116] could not retrieve OpenStack instance metadata: Network error: curl error: HTTP response code said error: The requested URL returned error: 404
I20260601 13:37:09.815486  8499 server_base.cc:1061] running on GCE node
I20260601 13:37:09.815790  8499 hybrid_clock.cc:584] initializing the hybrid clock with 'system_unsync' time source
W20260601 13:37:09.815847  8499 system_unsync_time.cc:38] NTP support is disabled. Clock error bounds will not be accurate. This configuration is not suitable for distributed clusters.
I20260601 13:37:09.815864  8499 hybrid_clock.cc:648] HybridClock initialized: now 1780321029815864 us; error 0 us; skew 500 ppm
I20260601 13:37:09.816720  8499 webserver.cc:533] Webserver started at http://127.8.76.254:46361/ using document root <none> and password file <none>
I20260601 13:37:09.816962  8499 fs_manager.cc:362] Metadata directory not provided
I20260601 13:37:09.817015  8499 fs_manager.cc:368] Using write-ahead log directory (fs_wal_dir) as metadata directory
I20260601 13:37:09.817118  8499 server_base.cc:909] This appears to be a new deployment of Kudu; creating new FS layout
I20260601 13:37:09.817559  8499 fs_manager.cc:1068] Generated new instance metadata in path /tmp/dist-test-taskbMMbk1/test-tmp/auto_rebalancer-test.0.AutoRebalancerTest.RangeAwareRebalancesNewRangeReplicas.1780320960601027-8499-0/minicluster-data/master-0-root/instance:
uuid: "ad4057e48916441c815e49334d4cf812"
format_stamp: "Formatted at 2026-06-01 13:37:09 on dist-test-slave-3dt6"
I20260601 13:37:09.820099  8499 fs_manager.cc:696] Time spent creating directory manager: real 0.002s	user 0.003s	sys 0.000s
I20260601 13:37:09.821353 11349 log_block_manager.cc:4031] Time spent loading block containers with low live blocks: real 0.000s	user 0.000s	sys 0.000s
I20260601 13:37:09.821655  8499 fs_manager.cc:730] Time spent opening block manager: real 0.001s	user 0.001s	sys 0.000s
I20260601 13:37:09.821748  8499 fs_manager.cc:647] Opened local filesystem: /tmp/dist-test-taskbMMbk1/test-tmp/auto_rebalancer-test.0.AutoRebalancerTest.RangeAwareRebalancesNewRangeReplicas.1780320960601027-8499-0/minicluster-data/master-0-root
uuid: "ad4057e48916441c815e49334d4cf812"
format_stamp: "Formatted at 2026-06-01 13:37:09 on dist-test-slave-3dt6"
I20260601 13:37:09.821856  8499 fs_report.cc:389] FS layout report
--------------------
wal directory: /tmp/dist-test-taskbMMbk1/test-tmp/auto_rebalancer-test.0.AutoRebalancerTest.RangeAwareRebalancesNewRangeReplicas.1780320960601027-8499-0/minicluster-data/master-0-root
metadata directory: /tmp/dist-test-taskbMMbk1/test-tmp/auto_rebalancer-test.0.AutoRebalancerTest.RangeAwareRebalancesNewRangeReplicas.1780320960601027-8499-0/minicluster-data/master-0-root
1 data directories: /tmp/dist-test-taskbMMbk1/test-tmp/auto_rebalancer-test.0.AutoRebalancerTest.RangeAwareRebalancesNewRangeReplicas.1780320960601027-8499-0/minicluster-data/master-0-root/data
Total live blocks: 0
Total live bytes: 0
Total live bytes (after alignment): 0
Total number of LBM containers: 0 (0 full)
Did not check for missing blocks
Did not check for orphaned blocks
Total full LBM containers with extra space: 0 (0 repaired)
Total full LBM container extra space in bytes: 0 (0 repaired)
Total incomplete LBM containers: 0 (0 repaired)
Total LBM partial records: 0 (0 repaired)
Total corrupted LBM metadata records in RocksDB: 0 (0 repaired)
I20260601 13:37:09.841048  8499 rpc_server.cc:225] running with OpenSSL 1.1.1  11 Sep 2018
I20260601 13:37:09.841526  8499 kserver.cc:163] Server-wide thread pool size limit: 3276
I20260601 13:37:09.846107  8499 rpc_server.cc:307] RPC server started. Bound to: 127.8.76.254:41095
I20260601 13:37:09.849748 11401 acceptor_pool.cc:272] collecting diagnostics on the listening RPC socket 127.8.76.254:41095 every 8 connection(s)
I20260601 13:37:09.850431 11402 data_dirs.cc:400] Could only allocate 1 dirs of requested 3 for tablet 00000000000000000000000000000000. 1 dirs total, 0 dirs full, 0 dirs failed
I20260601 13:37:09.852447 11402 tablet_bootstrap.cc:492] T 00000000000000000000000000000000 P ad4057e48916441c815e49334d4cf812: Bootstrap starting.
I20260601 13:37:09.853509 11402 tablet_bootstrap.cc:654] T 00000000000000000000000000000000 P ad4057e48916441c815e49334d4cf812: Neither blocks nor log segments found. Creating new log.
I20260601 13:37:09.854786 11402 tablet_bootstrap.cc:492] T 00000000000000000000000000000000 P ad4057e48916441c815e49334d4cf812: No bootstrap required, opened a new log
I20260601 13:37:09.855254 11402 raft_consensus.cc:359] T 00000000000000000000000000000000 P ad4057e48916441c815e49334d4cf812 [term 0 FOLLOWER]: Replica starting. Triggering 0 pending ops. Active config: opid_index: -1 OBSOLETE_local: true peers { permanent_uuid: "ad4057e48916441c815e49334d4cf812" member_type: VOTER }
I20260601 13:37:09.855357 11402 raft_consensus.cc:385] T 00000000000000000000000000000000 P ad4057e48916441c815e49334d4cf812 [term 0 FOLLOWER]: Consensus starting up: Expiring failure detector timer to make a prompt election more likely
I20260601 13:37:09.855381 11402 raft_consensus.cc:740] T 00000000000000000000000000000000 P ad4057e48916441c815e49334d4cf812 [term 0 FOLLOWER]: Becoming Follower/Learner. State: Replica: ad4057e48916441c815e49334d4cf812, State: Initialized, Role: FOLLOWER
I20260601 13:37:09.855543 11402 consensus_queue.cc:260] T 00000000000000000000000000000000 P ad4057e48916441c815e49334d4cf812 [NON_LEADER]: Queue going to NON_LEADER mode. State: All replicated index: 0, Majority replicated index: 0, Committed index: 0, Last appended: 0.0, Last appended by leader: 0, Current term: 0, Majority size: -1, State: 0, Mode: NON_LEADER, active raft config: opid_index: -1 OBSOLETE_local: true peers { permanent_uuid: "ad4057e48916441c815e49334d4cf812" member_type: VOTER }
I20260601 13:37:09.855616 11402 raft_consensus.cc:399] T 00000000000000000000000000000000 P ad4057e48916441c815e49334d4cf812 [term 0 FOLLOWER]: Only one voter in the Raft config. Triggering election immediately
I20260601 13:37:09.855676 11402 raft_consensus.cc:493] T 00000000000000000000000000000000 P ad4057e48916441c815e49334d4cf812 [term 0 FOLLOWER]: Starting leader election (initial election of a single-replica configuration)
I20260601 13:37:09.855737 11402 raft_consensus.cc:3060] T 00000000000000000000000000000000 P ad4057e48916441c815e49334d4cf812 [term 0 FOLLOWER]: Advancing to term 1
I20260601 13:37:09.856578 11402 raft_consensus.cc:515] T 00000000000000000000000000000000 P ad4057e48916441c815e49334d4cf812 [term 1 FOLLOWER]: Starting leader election with config: opid_index: -1 OBSOLETE_local: true peers { permanent_uuid: "ad4057e48916441c815e49334d4cf812" member_type: VOTER }
I20260601 13:37:09.856735 11402 leader_election.cc:304] T 00000000000000000000000000000000 P ad4057e48916441c815e49334d4cf812 [CANDIDATE]: Term 1 election: Election decided. Result: candidate won. Election summary: received 1 responses out of 1 voters: 1 yes votes; 0 no votes. yes voters: ad4057e48916441c815e49334d4cf812; no voters: 
I20260601 13:37:09.857030 11402 leader_election.cc:290] T 00000000000000000000000000000000 P ad4057e48916441c815e49334d4cf812 [CANDIDATE]: Term 1 election: Requested vote from peers 
I20260601 13:37:09.857182 11405 raft_consensus.cc:2804] T 00000000000000000000000000000000 P ad4057e48916441c815e49334d4cf812 [term 1 FOLLOWER]: Leader election won for term 1
I20260601 13:37:09.857472 11405 raft_consensus.cc:697] T 00000000000000000000000000000000 P ad4057e48916441c815e49334d4cf812 [term 1 LEADER]: Becoming Leader. State: Replica: ad4057e48916441c815e49334d4cf812, State: Running, Role: LEADER
I20260601 13:37:09.857626 11402 sys_catalog.cc:565] T 00000000000000000000000000000000 P ad4057e48916441c815e49334d4cf812 [sys.catalog]: configured and running, proceeding with master startup.
I20260601 13:37:09.857635 11405 consensus_queue.cc:237] T 00000000000000000000000000000000 P ad4057e48916441c815e49334d4cf812 [LEADER]: Queue going to LEADER mode. State: All replicated index: 0, Majority replicated index: 0, Committed index: 0, Last appended: 0.0, Last appended by leader: 0, Current term: 1, Majority size: 1, State: 0, Mode: LEADER, active raft config: opid_index: -1 OBSOLETE_local: true peers { permanent_uuid: "ad4057e48916441c815e49334d4cf812" member_type: VOTER }
I20260601 13:37:09.858170 11407 sys_catalog.cc:455] T 00000000000000000000000000000000 P ad4057e48916441c815e49334d4cf812 [sys.catalog]: SysCatalogTable state changed. Reason: New leader ad4057e48916441c815e49334d4cf812. Latest consensus state: current_term: 1 leader_uuid: "ad4057e48916441c815e49334d4cf812" committed_config { opid_index: -1 OBSOLETE_local: true peers { permanent_uuid: "ad4057e48916441c815e49334d4cf812" member_type: VOTER } }
I20260601 13:37:09.858157 11406 sys_catalog.cc:455] T 00000000000000000000000000000000 P ad4057e48916441c815e49334d4cf812 [sys.catalog]: SysCatalogTable state changed. Reason: RaftConsensus started. Latest consensus state: current_term: 1 leader_uuid: "ad4057e48916441c815e49334d4cf812" committed_config { opid_index: -1 OBSOLETE_local: true peers { permanent_uuid: "ad4057e48916441c815e49334d4cf812" member_type: VOTER } }
I20260601 13:37:09.858274 11407 sys_catalog.cc:458] T 00000000000000000000000000000000 P ad4057e48916441c815e49334d4cf812 [sys.catalog]: This master's current role is: LEADER
I20260601 13:37:09.858323 11406 sys_catalog.cc:458] T 00000000000000000000000000000000 P ad4057e48916441c815e49334d4cf812 [sys.catalog]: This master's current role is: LEADER
I20260601 13:37:09.858582 11410 catalog_manager.cc:1510] Loading table and tablet metadata into memory...
I20260601 13:37:09.859515 11410 catalog_manager.cc:1519] Initializing Kudu cluster ID...
I20260601 13:37:09.859784  8499 internal_mini_cluster.cc:184] Waiting to initialize catalog manager on master 0
I20260601 13:37:09.861691 11410 catalog_manager.cc:1382] Generated new cluster ID: 7ce37f90afb5468589e63e65c3d8efc4
I20260601 13:37:09.861773 11410 catalog_manager.cc:1530] Initializing Kudu internal certificate authority...
I20260601 13:37:09.868330 11410 catalog_manager.cc:1405] Generated new certificate authority record
I20260601 13:37:09.869094 11410 catalog_manager.cc:1539] Loading token signing keys...
I20260601 13:37:09.879681 11410 catalog_manager.cc:6069] T 00000000000000000000000000000000 P ad4057e48916441c815e49334d4cf812: Generated new TSK 0
I20260601 13:37:09.879946 11410 catalog_manager.cc:1549] Initializing in-progress tserver states...
I20260601 13:37:09.892554  8499 file_cache.cc:492] Constructed file cache file cache with capacity 419430
W20260601 13:37:09.894766 11423 instance_detector.cc:116] could not retrieve AWS instance metadata: Network error: curl error: HTTP response code said error: The requested URL returned error: 404
W20260601 13:37:09.894865 11426 instance_detector.cc:116] could not retrieve OpenStack instance metadata: Network error: curl error: HTTP response code said error: The requested URL returned error: 404
I20260601 13:37:09.894858  8499 server_base.cc:1061] running on GCE node
W20260601 13:37:09.894968 11424 instance_detector.cc:116] could not retrieve Azure instance metadata: Network error: curl error: HTTP response code said error: The requested URL returned error: 404
I20260601 13:37:09.895191  8499 hybrid_clock.cc:584] initializing the hybrid clock with 'system_unsync' time source
W20260601 13:37:09.895262  8499 system_unsync_time.cc:38] NTP support is disabled. Clock error bounds will not be accurate. This configuration is not suitable for distributed clusters.
I20260601 13:37:09.895290  8499 hybrid_clock.cc:648] HybridClock initialized: now 1780321029895289 us; error 0 us; skew 500 ppm
I20260601 13:37:09.896384  8499 webserver.cc:533] Webserver started at http://127.8.76.193:36575/ using document root <none> and password file <none>
I20260601 13:37:09.896586  8499 fs_manager.cc:362] Metadata directory not provided
I20260601 13:37:09.896667  8499 fs_manager.cc:368] Using write-ahead log directory (fs_wal_dir) as metadata directory
I20260601 13:37:09.896754  8499 server_base.cc:909] This appears to be a new deployment of Kudu; creating new FS layout
I20260601 13:37:09.897269  8499 fs_manager.cc:1068] Generated new instance metadata in path /tmp/dist-test-taskbMMbk1/test-tmp/auto_rebalancer-test.0.AutoRebalancerTest.RangeAwareRebalancesNewRangeReplicas.1780320960601027-8499-0/minicluster-data/ts-0-root/instance:
uuid: "debc7825fa0f4c2287832909c67efc44"
format_stamp: "Formatted at 2026-06-01 13:37:09 on dist-test-slave-3dt6"
I20260601 13:37:09.899024  8499 fs_manager.cc:696] Time spent creating directory manager: real 0.001s	user 0.000s	sys 0.002s
I20260601 13:37:09.900379 11431 log_block_manager.cc:4031] Time spent loading block containers with low live blocks: real 0.000s	user 0.000s	sys 0.000s
I20260601 13:37:09.900745  8499 fs_manager.cc:730] Time spent opening block manager: real 0.001s	user 0.000s	sys 0.001s
I20260601 13:37:09.900853  8499 fs_manager.cc:647] Opened local filesystem: /tmp/dist-test-taskbMMbk1/test-tmp/auto_rebalancer-test.0.AutoRebalancerTest.RangeAwareRebalancesNewRangeReplicas.1780320960601027-8499-0/minicluster-data/ts-0-root
uuid: "debc7825fa0f4c2287832909c67efc44"
format_stamp: "Formatted at 2026-06-01 13:37:09 on dist-test-slave-3dt6"
I20260601 13:37:09.901011  8499 fs_report.cc:389] FS layout report
--------------------
wal directory: /tmp/dist-test-taskbMMbk1/test-tmp/auto_rebalancer-test.0.AutoRebalancerTest.RangeAwareRebalancesNewRangeReplicas.1780320960601027-8499-0/minicluster-data/ts-0-root
metadata directory: /tmp/dist-test-taskbMMbk1/test-tmp/auto_rebalancer-test.0.AutoRebalancerTest.RangeAwareRebalancesNewRangeReplicas.1780320960601027-8499-0/minicluster-data/ts-0-root
1 data directories: /tmp/dist-test-taskbMMbk1/test-tmp/auto_rebalancer-test.0.AutoRebalancerTest.RangeAwareRebalancesNewRangeReplicas.1780320960601027-8499-0/minicluster-data/ts-0-root/data
Total live blocks: 0
Total live bytes: 0
Total live bytes (after alignment): 0
Total number of LBM containers: 0 (0 full)
Did not check for missing blocks
Did not check for orphaned blocks
Total full LBM containers with extra space: 0 (0 repaired)
Total full LBM container extra space in bytes: 0 (0 repaired)
Total incomplete LBM containers: 0 (0 repaired)
Total LBM partial records: 0 (0 repaired)
Total corrupted LBM metadata records in RocksDB: 0 (0 repaired)
I20260601 13:37:09.926419  8499 rpc_server.cc:225] running with OpenSSL 1.1.1  11 Sep 2018
I20260601 13:37:09.926972  8499 kserver.cc:163] Server-wide thread pool size limit: 3276
I20260601 13:37:09.927371  8499 txn_system_client.cc:432] TxnSystemClient initialization is disabled...
I20260601 13:37:09.927937  8499 ts_tablet_manager.cc:585] Loaded tablet metadata (0 total tablets, 0 live tablets)
I20260601 13:37:09.928005  8499 ts_tablet_manager.cc:531] Time spent load tablet metadata: real 0.000s	user 0.000s	sys 0.000s
I20260601 13:37:09.928061  8499 ts_tablet_manager.cc:616] Registered 0 tablets
I20260601 13:37:09.928113  8499 ts_tablet_manager.cc:595] Time spent register tablets: real 0.000s	user 0.000s	sys 0.000s
I20260601 13:37:09.933384  8499 rpc_server.cc:307] RPC server started. Bound to: 127.8.76.193:41103
I20260601 13:37:09.933476 11495 acceptor_pool.cc:272] collecting diagnostics on the listening RPC socket 127.8.76.193:41103 every 8 connection(s)
I20260601 13:37:09.934386  8499 file_cache.cc:492] Constructed file cache file cache with capacity 419430
W20260601 13:37:09.936422 11500 instance_detector.cc:116] could not retrieve AWS instance metadata: Network error: curl error: HTTP response code said error: The requested URL returned error: 404
W20260601 13:37:09.936604 11503 instance_detector.cc:116] could not retrieve OpenStack instance metadata: Network error: curl error: HTTP response code said error: The requested URL returned error: 404
W20260601 13:37:09.936645 11501 instance_detector.cc:116] could not retrieve Azure instance metadata: Network error: curl error: HTTP response code said error: The requested URL returned error: 404
I20260601 13:37:09.937008  8499 server_base.cc:1061] running on GCE node
I20260601 13:37:09.937356  8499 hybrid_clock.cc:584] initializing the hybrid clock with 'system_unsync' time source
W20260601 13:37:09.937418  8499 system_unsync_time.cc:38] NTP support is disabled. Clock error bounds will not be accurate. This configuration is not suitable for distributed clusters.
I20260601 13:37:09.937440  8499 hybrid_clock.cc:648] HybridClock initialized: now 1780321029937439 us; error 0 us; skew 500 ppm
I20260601 13:37:09.938587  8499 webserver.cc:533] Webserver started at http://127.8.76.194:41807/ using document root <none> and password file <none>
I20260601 13:37:09.938795  8499 fs_manager.cc:362] Metadata directory not provided
I20260601 13:37:09.938879  8499 fs_manager.cc:368] Using write-ahead log directory (fs_wal_dir) as metadata directory
I20260601 13:37:09.938975  8499 server_base.cc:909] This appears to be a new deployment of Kudu; creating new FS layout
I20260601 13:37:09.939695  8499 fs_manager.cc:1068] Generated new instance metadata in path /tmp/dist-test-taskbMMbk1/test-tmp/auto_rebalancer-test.0.AutoRebalancerTest.RangeAwareRebalancesNewRangeReplicas.1780320960601027-8499-0/minicluster-data/ts-1-root/instance:
uuid: "f3ea8ca91fa84a04aec5a9357b9b2899"
format_stamp: "Formatted at 2026-06-01 13:37:09 on dist-test-slave-3dt6"
I20260601 13:37:09.939857 11496 heartbeater.cc:344] Connected to a master server at 127.8.76.254:41095
I20260601 13:37:09.939970 11496 heartbeater.cc:461] Registering TS with master...
I20260601 13:37:09.940227 11496 heartbeater.cc:507] Master 127.8.76.254:41095 requested a full tablet report, sending...
I20260601 13:37:09.941049 11366 ts_manager.cc:194] Registered new tserver with Master: debc7825fa0f4c2287832909c67efc44 (127.8.76.193:41103)
I20260601 13:37:09.941802  8499 fs_manager.cc:696] Time spent creating directory manager: real 0.002s	user 0.003s	sys 0.000s
I20260601 13:37:09.941835 11366 master_service.cc:502] Signed X509 certificate for tserver {username='slave'} at 127.0.0.1:58290
I20260601 13:37:09.943002 11508 log_block_manager.cc:4031] Time spent loading block containers with low live blocks: real 0.000s	user 0.000s	sys 0.000s
I20260601 13:37:09.943274  8499 fs_manager.cc:730] Time spent opening block manager: real 0.001s	user 0.001s	sys 0.000s
I20260601 13:37:09.943346  8499 fs_manager.cc:647] Opened local filesystem: /tmp/dist-test-taskbMMbk1/test-tmp/auto_rebalancer-test.0.AutoRebalancerTest.RangeAwareRebalancesNewRangeReplicas.1780320960601027-8499-0/minicluster-data/ts-1-root
uuid: "f3ea8ca91fa84a04aec5a9357b9b2899"
format_stamp: "Formatted at 2026-06-01 13:37:09 on dist-test-slave-3dt6"
I20260601 13:37:09.943410  8499 fs_report.cc:389] FS layout report
--------------------
wal directory: /tmp/dist-test-taskbMMbk1/test-tmp/auto_rebalancer-test.0.AutoRebalancerTest.RangeAwareRebalancesNewRangeReplicas.1780320960601027-8499-0/minicluster-data/ts-1-root
metadata directory: /tmp/dist-test-taskbMMbk1/test-tmp/auto_rebalancer-test.0.AutoRebalancerTest.RangeAwareRebalancesNewRangeReplicas.1780320960601027-8499-0/minicluster-data/ts-1-root
1 data directories: /tmp/dist-test-taskbMMbk1/test-tmp/auto_rebalancer-test.0.AutoRebalancerTest.RangeAwareRebalancesNewRangeReplicas.1780320960601027-8499-0/minicluster-data/ts-1-root/data
Total live blocks: 0
Total live bytes: 0
Total live bytes (after alignment): 0
Total number of LBM containers: 0 (0 full)
Did not check for missing blocks
Did not check for orphaned blocks
Total full LBM containers with extra space: 0 (0 repaired)
Total full LBM container extra space in bytes: 0 (0 repaired)
Total incomplete LBM containers: 0 (0 repaired)
Total LBM partial records: 0 (0 repaired)
Total corrupted LBM metadata records in RocksDB: 0 (0 repaired)
I20260601 13:37:09.955899  8499 rpc_server.cc:225] running with OpenSSL 1.1.1  11 Sep 2018
I20260601 13:37:09.956833  8499 kserver.cc:163] Server-wide thread pool size limit: 3276
I20260601 13:37:09.957386  8499 txn_system_client.cc:432] TxnSystemClient initialization is disabled...
I20260601 13:37:09.958182  8499 ts_tablet_manager.cc:585] Loaded tablet metadata (0 total tablets, 0 live tablets)
I20260601 13:37:09.958235  8499 ts_tablet_manager.cc:531] Time spent load tablet metadata: real 0.000s	user 0.000s	sys 0.000s
I20260601 13:37:09.958276  8499 ts_tablet_manager.cc:616] Registered 0 tablets
I20260601 13:37:09.958292  8499 ts_tablet_manager.cc:595] Time spent register tablets: real 0.000s	user 0.000s	sys 0.000s
I20260601 13:37:09.964085  8499 rpc_server.cc:307] RPC server started. Bound to: 127.8.76.194:34805
I20260601 13:37:09.964148 11571 acceptor_pool.cc:272] collecting diagnostics on the listening RPC socket 127.8.76.194:34805 every 8 connection(s)
I20260601 13:37:09.965168  8499 file_cache.cc:492] Constructed file cache file cache with capacity 419430
W20260601 13:37:09.967602 11575 instance_detector.cc:116] could not retrieve AWS instance metadata: Network error: curl error: HTTP response code said error: The requested URL returned error: 404
W20260601 13:37:09.967751 11578 instance_detector.cc:116] could not retrieve OpenStack instance metadata: Network error: curl error: HTTP response code said error: The requested URL returned error: 404
W20260601 13:37:09.967753 11576 instance_detector.cc:116] could not retrieve Azure instance metadata: Network error: curl error: HTTP response code said error: The requested URL returned error: 404
I20260601 13:37:09.969153  8499 server_base.cc:1061] running on GCE node
I20260601 13:37:09.969381  8499 hybrid_clock.cc:584] initializing the hybrid clock with 'system_unsync' time source
W20260601 13:37:09.969440  8499 system_unsync_time.cc:38] NTP support is disabled. Clock error bounds will not be accurate. This configuration is not suitable for distributed clusters.
I20260601 13:37:09.969463  8499 hybrid_clock.cc:648] HybridClock initialized: now 1780321029969463 us; error 0 us; skew 500 ppm
I20260601 13:37:09.970808  8499 webserver.cc:533] Webserver started at http://127.8.76.195:40265/ using document root <none> and password file <none>
I20260601 13:37:09.971055  8499 fs_manager.cc:362] Metadata directory not provided
I20260601 13:37:09.971130  8499 fs_manager.cc:368] Using write-ahead log directory (fs_wal_dir) as metadata directory
I20260601 13:37:09.971220  8499 server_base.cc:909] This appears to be a new deployment of Kudu; creating new FS layout
I20260601 13:37:09.971444 11572 heartbeater.cc:344] Connected to a master server at 127.8.76.254:41095
I20260601 13:37:09.971578 11572 heartbeater.cc:461] Registering TS with master...
I20260601 13:37:09.971755  8499 fs_manager.cc:1068] Generated new instance metadata in path /tmp/dist-test-taskbMMbk1/test-tmp/auto_rebalancer-test.0.AutoRebalancerTest.RangeAwareRebalancesNewRangeReplicas.1780320960601027-8499-0/minicluster-data/ts-2-root/instance:
uuid: "6d8a3b4360f34d88a50cb98262e24d61"
format_stamp: "Formatted at 2026-06-01 13:37:09 on dist-test-slave-3dt6"
I20260601 13:37:09.971882 11572 heartbeater.cc:507] Master 127.8.76.254:41095 requested a full tablet report, sending...
I20260601 13:37:09.972767 11366 ts_manager.cc:194] Registered new tserver with Master: f3ea8ca91fa84a04aec5a9357b9b2899 (127.8.76.194:34805)
I20260601 13:37:09.973627 11366 master_service.cc:502] Signed X509 certificate for tserver {username='slave'} at 127.0.0.1:58294
I20260601 13:37:09.976156  8499 fs_manager.cc:696] Time spent creating directory manager: real 0.004s	user 0.000s	sys 0.003s
I20260601 13:37:09.977813 11583 log_block_manager.cc:4031] Time spent loading block containers with low live blocks: real 0.000s	user 0.000s	sys 0.000s
I20260601 13:37:09.978633  8499 fs_manager.cc:730] Time spent opening block manager: real 0.002s	user 0.001s	sys 0.000s
I20260601 13:37:09.978763  8499 fs_manager.cc:647] Opened local filesystem: /tmp/dist-test-taskbMMbk1/test-tmp/auto_rebalancer-test.0.AutoRebalancerTest.RangeAwareRebalancesNewRangeReplicas.1780320960601027-8499-0/minicluster-data/ts-2-root
uuid: "6d8a3b4360f34d88a50cb98262e24d61"
format_stamp: "Formatted at 2026-06-01 13:37:09 on dist-test-slave-3dt6"
I20260601 13:37:09.978873  8499 fs_report.cc:389] FS layout report
--------------------
wal directory: /tmp/dist-test-taskbMMbk1/test-tmp/auto_rebalancer-test.0.AutoRebalancerTest.RangeAwareRebalancesNewRangeReplicas.1780320960601027-8499-0/minicluster-data/ts-2-root
metadata directory: /tmp/dist-test-taskbMMbk1/test-tmp/auto_rebalancer-test.0.AutoRebalancerTest.RangeAwareRebalancesNewRangeReplicas.1780320960601027-8499-0/minicluster-data/ts-2-root
1 data directories: /tmp/dist-test-taskbMMbk1/test-tmp/auto_rebalancer-test.0.AutoRebalancerTest.RangeAwareRebalancesNewRangeReplicas.1780320960601027-8499-0/minicluster-data/ts-2-root/data
Total live blocks: 0
Total live bytes: 0
Total live bytes (after alignment): 0
Total number of LBM containers: 0 (0 full)
Did not check for missing blocks
Did not check for orphaned blocks
Total full LBM containers with extra space: 0 (0 repaired)
Total full LBM container extra space in bytes: 0 (0 repaired)
Total incomplete LBM containers: 0 (0 repaired)
Total LBM partial records: 0 (0 repaired)
Total corrupted LBM metadata records in RocksDB: 0 (0 repaired)
I20260601 13:37:09.993386  8499 rpc_server.cc:225] running with OpenSSL 1.1.1  11 Sep 2018
I20260601 13:37:09.993923  8499 kserver.cc:163] Server-wide thread pool size limit: 3276
I20260601 13:37:09.994294  8499 txn_system_client.cc:432] TxnSystemClient initialization is disabled...
I20260601 13:37:09.994858  8499 ts_tablet_manager.cc:585] Loaded tablet metadata (0 total tablets, 0 live tablets)
I20260601 13:37:09.994932  8499 ts_tablet_manager.cc:531] Time spent load tablet metadata: real 0.000s	user 0.000s	sys 0.000s
I20260601 13:37:09.994997  8499 ts_tablet_manager.cc:616] Registered 0 tablets
I20260601 13:37:09.995031  8499 ts_tablet_manager.cc:595] Time spent register tablets: real 0.000s	user 0.000s	sys 0.000s
I20260601 13:37:10.000218  8499 rpc_server.cc:307] RPC server started. Bound to: 127.8.76.195:45833
I20260601 13:37:10.000308 11647 acceptor_pool.cc:272] collecting diagnostics on the listening RPC socket 127.8.76.195:45833 every 8 connection(s)
I20260601 13:37:10.006286 11648 heartbeater.cc:344] Connected to a master server at 127.8.76.254:41095
I20260601 13:37:10.006429 11648 heartbeater.cc:461] Registering TS with master...
I20260601 13:37:10.006762 11648 heartbeater.cc:507] Master 127.8.76.254:41095 requested a full tablet report, sending...
I20260601 13:37:10.007512 11366 ts_manager.cc:194] Registered new tserver with Master: 6d8a3b4360f34d88a50cb98262e24d61 (127.8.76.195:45833)
I20260601 13:37:10.007901  8499 internal_mini_cluster.cc:371] 3 TS(s) registered with all masters after 0.00715923s
I20260601 13:37:10.008191 11366 master_service.cc:502] Signed X509 certificate for tserver {username='slave'} at 127.0.0.1:58302
I20260601 13:37:10.943023 11496 heartbeater.cc:499] Master 127.8.76.254:41095 was elected leader, sending a full tablet report...
I20260601 13:37:10.975070 11572 heartbeater.cc:499] Master 127.8.76.254:41095 was elected leader, sending a full tablet report...
I20260601 13:37:11.009367 11648 heartbeater.cc:499] Master 127.8.76.254:41095 was elected leader, sending a full tablet report...
I20260601 13:37:11.045816 11366 catalog_manager.cc:2282] Servicing CreateTable request from {username='slave'} at 127.0.0.1:58312:
name: "range_aware_rebalance_new_range"
schema {
  columns {
    name: "key"
    type: INT32
    is_key: true
    is_nullable: false
    encoding: AUTO_ENCODING
    compression: DEFAULT_COMPRESSION
    cfile_block_size: 0
    immutable: false
  }
}
num_replicas: 3
split_rows_range_bounds {
  rows: "\006\001\000\000\000\000\007\001\n\000\000\000""\006\001\000\000\000\000\007\001\n\000\000\000"
  indirect_data: """"
}
partition_schema {
  hash_schema {
    columns {
      name: "key"
    }
    num_buckets: 8
    seed: 0
  }
  range_schema {
    columns {
      name: "key"
    }
  }
}
W20260601 13:37:11.046448 11366 catalog_manager.cc:7076] The number of live tablet servers is not enough to re-replicate a tablet replica of the newly created table range_aware_rebalance_new_range in case of a server failure: 4 tablet servers would be needed, 3 are available. Consider bringing up more tablet servers.
I20260601 13:37:11.059450 11536 tablet_service.cc:1511] Processing CreateTablet for tablet dbf4f7165cde47b789f3ec65512390d9 (DEFAULT_TABLE table=range_aware_rebalance_new_range [id=6ff835362d244555afbd4ca6e025394f]), partition=HASH (key) PARTITION 0, RANGE (key) PARTITION 0 <= VALUES < 10
I20260601 13:37:11.059693 11530 tablet_service.cc:1511] Processing CreateTablet for tablet 56296f3bd00843e7b7a1fded6a773bfa (DEFAULT_TABLE table=range_aware_rebalance_new_range [id=6ff835362d244555afbd4ca6e025394f]), partition=HASH (key) PARTITION 6, RANGE (key) PARTITION 0 <= VALUES < 10
I20260601 13:37:11.059927 11536 data_dirs.cc:400] Could only allocate 1 dirs of requested 3 for tablet dbf4f7165cde47b789f3ec65512390d9. 1 dirs total, 0 dirs full, 0 dirs failed
I20260601 13:37:11.060096 11530 data_dirs.cc:400] Could only allocate 1 dirs of requested 3 for tablet 56296f3bd00843e7b7a1fded6a773bfa. 1 dirs total, 0 dirs full, 0 dirs failed
I20260601 13:37:11.062537 11529 tablet_service.cc:1511] Processing CreateTablet for tablet 8db342ed7ffb4c81ae7f0bc60d5d05ef (DEFAULT_TABLE table=range_aware_rebalance_new_range [id=6ff835362d244555afbd4ca6e025394f]), partition=HASH (key) PARTITION 7, RANGE (key) PARTITION 0 <= VALUES < 10
I20260601 13:37:11.062714 11531 tablet_service.cc:1511] Processing CreateTablet for tablet faf6ae10abbb494c88843998d4f20934 (DEFAULT_TABLE table=range_aware_rebalance_new_range [id=6ff835362d244555afbd4ca6e025394f]), partition=HASH (key) PARTITION 5, RANGE (key) PARTITION 0 <= VALUES < 10
I20260601 13:37:11.062851 11529 data_dirs.cc:400] Could only allocate 1 dirs of requested 3 for tablet 8db342ed7ffb4c81ae7f0bc60d5d05ef. 1 dirs total, 0 dirs full, 0 dirs failed
I20260601 13:37:11.063055 11531 data_dirs.cc:400] Could only allocate 1 dirs of requested 3 for tablet faf6ae10abbb494c88843998d4f20934. 1 dirs total, 0 dirs full, 0 dirs failed
I20260601 13:37:11.063256 11611 tablet_service.cc:1511] Processing CreateTablet for tablet dbf4f7165cde47b789f3ec65512390d9 (DEFAULT_TABLE table=range_aware_rebalance_new_range [id=6ff835362d244555afbd4ca6e025394f]), partition=HASH (key) PARTITION 0, RANGE (key) PARTITION 0 <= VALUES < 10
I20260601 13:37:11.063522 11611 data_dirs.cc:400] Could only allocate 1 dirs of requested 3 for tablet dbf4f7165cde47b789f3ec65512390d9. 1 dirs total, 0 dirs full, 0 dirs failed
I20260601 13:37:11.065377 11668 tablet_bootstrap.cc:492] T 8db342ed7ffb4c81ae7f0bc60d5d05ef P f3ea8ca91fa84a04aec5a9357b9b2899: Bootstrap starting.
I20260601 13:37:11.065658 11532 tablet_service.cc:1511] Processing CreateTablet for tablet ab4bbc5145a240b8976ba99bc5210d29 (DEFAULT_TABLE table=range_aware_rebalance_new_range [id=6ff835362d244555afbd4ca6e025394f]), partition=HASH (key) PARTITION 4, RANGE (key) PARTITION 0 <= VALUES < 10
I20260601 13:37:11.065968 11532 data_dirs.cc:400] Could only allocate 1 dirs of requested 3 for tablet ab4bbc5145a240b8976ba99bc5210d29. 1 dirs total, 0 dirs full, 0 dirs failed
I20260601 13:37:11.066125 11610 tablet_service.cc:1511] Processing CreateTablet for tablet 769b6d00698443e481ae225cd1c7ac67 (DEFAULT_TABLE table=range_aware_rebalance_new_range [id=6ff835362d244555afbd4ca6e025394f]), partition=HASH (key) PARTITION 1, RANGE (key) PARTITION 0 <= VALUES < 10
I20260601 13:37:11.066375 11610 data_dirs.cc:400] Could only allocate 1 dirs of requested 3 for tablet 769b6d00698443e481ae225cd1c7ac67. 1 dirs total, 0 dirs full, 0 dirs failed
I20260601 13:37:11.066679 11668 tablet_bootstrap.cc:654] T 8db342ed7ffb4c81ae7f0bc60d5d05ef P f3ea8ca91fa84a04aec5a9357b9b2899: Neither blocks nor log segments found. Creating new log.
I20260601 13:37:11.067924 11668 tablet_bootstrap.cc:492] T 8db342ed7ffb4c81ae7f0bc60d5d05ef P f3ea8ca91fa84a04aec5a9357b9b2899: No bootstrap required, opened a new log
I20260601 13:37:11.068068 11668 ts_tablet_manager.cc:1403] T 8db342ed7ffb4c81ae7f0bc60d5d05ef P f3ea8ca91fa84a04aec5a9357b9b2899: Time spent bootstrapping tablet: real 0.003s	user 0.002s	sys 0.000s
I20260601 13:37:11.068270 11533 tablet_service.cc:1511] Processing CreateTablet for tablet cd6af9ca703d4ec0bbfe0fb8440e11c9 (DEFAULT_TABLE table=range_aware_rebalance_new_range [id=6ff835362d244555afbd4ca6e025394f]), partition=HASH (key) PARTITION 3, RANGE (key) PARTITION 0 <= VALUES < 10
I20260601 13:37:11.068565 11609 tablet_service.cc:1511] Processing CreateTablet for tablet 07d3c7c91f1848cfb0b384e970937372 (DEFAULT_TABLE table=range_aware_rebalance_new_range [id=6ff835362d244555afbd4ca6e025394f]), partition=HASH (key) PARTITION 2, RANGE (key) PARTITION 0 <= VALUES < 10
I20260601 13:37:11.068570 11533 data_dirs.cc:400] Could only allocate 1 dirs of requested 3 for tablet cd6af9ca703d4ec0bbfe0fb8440e11c9. 1 dirs total, 0 dirs full, 0 dirs failed
I20260601 13:37:11.068639 11668 raft_consensus.cc:359] T 8db342ed7ffb4c81ae7f0bc60d5d05ef P f3ea8ca91fa84a04aec5a9357b9b2899 [term 0 FOLLOWER]: Replica starting. Triggering 0 pending ops. Active config: opid_index: -1 OBSOLETE_local: false peers { permanent_uuid: "debc7825fa0f4c2287832909c67efc44" member_type: VOTER last_known_addr { host: "127.8.76.193" port: 41103 } } peers { permanent_uuid: "f3ea8ca91fa84a04aec5a9357b9b2899" member_type: VOTER last_known_addr { host: "127.8.76.194" port: 34805 } } peers { permanent_uuid: "6d8a3b4360f34d88a50cb98262e24d61" member_type: VOTER last_known_addr { host: "127.8.76.195" port: 45833 } }
I20260601 13:37:11.068783 11668 raft_consensus.cc:385] T 8db342ed7ffb4c81ae7f0bc60d5d05ef P f3ea8ca91fa84a04aec5a9357b9b2899 [term 0 FOLLOWER]: Consensus starting up: Expiring failure detector timer to make a prompt election more likely
I20260601 13:37:11.068820 11668 raft_consensus.cc:740] T 8db342ed7ffb4c81ae7f0bc60d5d05ef P f3ea8ca91fa84a04aec5a9357b9b2899 [term 0 FOLLOWER]: Becoming Follower/Learner. State: Replica: f3ea8ca91fa84a04aec5a9357b9b2899, State: Initialized, Role: FOLLOWER
I20260601 13:37:11.068832 11609 data_dirs.cc:400] Could only allocate 1 dirs of requested 3 for tablet 07d3c7c91f1848cfb0b384e970937372. 1 dirs total, 0 dirs full, 0 dirs failed
I20260601 13:37:11.069018 11668 consensus_queue.cc:260] T 8db342ed7ffb4c81ae7f0bc60d5d05ef P f3ea8ca91fa84a04aec5a9357b9b2899 [NON_LEADER]: Queue going to NON_LEADER mode. State: All replicated index: 0, Majority replicated index: 0, Committed index: 0, Last appended: 0.0, Last appended by leader: 0, Current term: 0, Majority size: -1, State: 0, Mode: NON_LEADER, active raft config: opid_index: -1 OBSOLETE_local: false peers { permanent_uuid: "debc7825fa0f4c2287832909c67efc44" member_type: VOTER last_known_addr { host: "127.8.76.193" port: 41103 } } peers { permanent_uuid: "f3ea8ca91fa84a04aec5a9357b9b2899" member_type: VOTER last_known_addr { host: "127.8.76.194" port: 34805 } } peers { permanent_uuid: "6d8a3b4360f34d88a50cb98262e24d61" member_type: VOTER last_known_addr { host: "127.8.76.195" port: 45833 } }
I20260601 13:37:11.069067 11535 tablet_service.cc:1511] Processing CreateTablet for tablet 769b6d00698443e481ae225cd1c7ac67 (DEFAULT_TABLE table=range_aware_rebalance_new_range [id=6ff835362d244555afbd4ca6e025394f]), partition=HASH (key) PARTITION 1, RANGE (key) PARTITION 0 <= VALUES < 10
I20260601 13:37:11.069403 11668 ts_tablet_manager.cc:1434] T 8db342ed7ffb4c81ae7f0bc60d5d05ef P f3ea8ca91fa84a04aec5a9357b9b2899: Time spent starting tablet: real 0.001s	user 0.002s	sys 0.000s
I20260601 13:37:11.069746 11535 data_dirs.cc:400] Could only allocate 1 dirs of requested 3 for tablet 769b6d00698443e481ae225cd1c7ac67. 1 dirs total, 0 dirs full, 0 dirs failed
I20260601 13:37:11.071331 11668 tablet_bootstrap.cc:492] T faf6ae10abbb494c88843998d4f20934 P f3ea8ca91fa84a04aec5a9357b9b2899: Bootstrap starting.
I20260601 13:37:11.071599 11608 tablet_service.cc:1511] Processing CreateTablet for tablet cd6af9ca703d4ec0bbfe0fb8440e11c9 (DEFAULT_TABLE table=range_aware_rebalance_new_range [id=6ff835362d244555afbd4ca6e025394f]), partition=HASH (key) PARTITION 3, RANGE (key) PARTITION 0 <= VALUES < 10
I20260601 13:37:11.071888 11608 data_dirs.cc:400] Could only allocate 1 dirs of requested 3 for tablet cd6af9ca703d4ec0bbfe0fb8440e11c9. 1 dirs total, 0 dirs full, 0 dirs failed
I20260601 13:37:11.068763 11534 tablet_service.cc:1511] Processing CreateTablet for tablet 07d3c7c91f1848cfb0b384e970937372 (DEFAULT_TABLE table=range_aware_rebalance_new_range [id=6ff835362d244555afbd4ca6e025394f]), partition=HASH (key) PARTITION 2, RANGE (key) PARTITION 0 <= VALUES < 10
I20260601 13:37:11.072275 11534 data_dirs.cc:400] Could only allocate 1 dirs of requested 3 for tablet 07d3c7c91f1848cfb0b384e970937372. 1 dirs total, 0 dirs full, 0 dirs failed
I20260601 13:37:11.072513 11668 tablet_bootstrap.cc:654] T faf6ae10abbb494c88843998d4f20934 P f3ea8ca91fa84a04aec5a9357b9b2899: Neither blocks nor log segments found. Creating new log.
I20260601 13:37:11.073805 11668 tablet_bootstrap.cc:492] T faf6ae10abbb494c88843998d4f20934 P f3ea8ca91fa84a04aec5a9357b9b2899: No bootstrap required, opened a new log
