I20260601 13:36:00.531986 28057 raft_consensus.cc:515] T ff9aed75d0cb46ea9044cb72fbea0830 P f1246366c77e4659bed607668a541e3d [term 1 FOLLOWER]: Starting leader election with config: opid_index: -1 OBSOLETE_local: false peers { permanent_uuid: "517ced699afe40ce9911166f0be4f8e0" member_type: VOTER last_known_addr { host: "127.26.138.129" port: 46431 } } peers { permanent_uuid: "f1246366c77e4659bed607668a541e3d" member_type: VOTER last_known_addr { host: "127.26.138.130" port: 35313 } } peers { permanent_uuid: "14d85ed8df754f86af6615216acfb295" member_type: VOTER last_known_addr { host: "127.26.138.131" port: 39837 } }
I20260601 13:36:00.531997 28083 consensus_queue.cc:237] T e4c88e13c3824d318ceb1a9131db274b P 14d85ed8df754f86af6615216acfb295 [LEADER]: Queue going to LEADER mode. State: All replicated index: 0, Majority replicated index: 0, Committed index: 0, Last appended: 0.0, Last appended by leader: 0, Current term: 1, Majority size: 2, State: 0, Mode: LEADER, active raft config: opid_index: -1 OBSOLETE_local: false peers { permanent_uuid: "517ced699afe40ce9911166f0be4f8e0" member_type: VOTER last_known_addr { host: "127.26.138.129" port: 46431 } } peers { permanent_uuid: "f1246366c77e4659bed607668a541e3d" member_type: VOTER last_known_addr { host: "127.26.138.130" port: 35313 } } peers { permanent_uuid: "14d85ed8df754f86af6615216acfb295" member_type: VOTER last_known_addr { host: "127.26.138.131" port: 39837 } }
I20260601 13:36:00.532635 28057 leader_election.cc:290] T ff9aed75d0cb46ea9044cb72fbea0830 P f1246366c77e4659bed607668a541e3d [CANDIDATE]: Term 1 election: Requested vote from peers 517ced699afe40ce9911166f0be4f8e0 (127.26.138.129:46431), 14d85ed8df754f86af6615216acfb295 (127.26.138.131:39837)
I20260601 13:36:00.532670 27850 tablet_service.cc:1917] Received RequestConsensusVote() RPC: tablet_id: "ff9aed75d0cb46ea9044cb72fbea0830" candidate_uuid: "f1246366c77e4659bed607668a541e3d" candidate_term: 1 candidate_status { last_received { term: 0 index: 0 } } ignore_live_leader: false dest_uuid: "517ced699afe40ce9911166f0be4f8e0"
I20260601 13:36:00.532683 28002 tablet_service.cc:1917] Received RequestConsensusVote() RPC: tablet_id: "ff9aed75d0cb46ea9044cb72fbea0830" candidate_uuid: "f1246366c77e4659bed607668a541e3d" candidate_term: 1 candidate_status { last_received { term: 0 index: 0 } } ignore_live_leader: false dest_uuid: "14d85ed8df754f86af6615216acfb295"
I20260601 13:36:00.532783 27850 raft_consensus.cc:3060] T ff9aed75d0cb46ea9044cb72fbea0830 P 517ced699afe40ce9911166f0be4f8e0 [term 0 FOLLOWER]: Advancing to term 1
I20260601 13:36:00.532804 28002 raft_consensus.cc:3060] T ff9aed75d0cb46ea9044cb72fbea0830 P 14d85ed8df754f86af6615216acfb295 [term 0 FOLLOWER]: Advancing to term 1
I20260601 13:36:00.533471 27850 raft_consensus.cc:2468] T ff9aed75d0cb46ea9044cb72fbea0830 P 517ced699afe40ce9911166f0be4f8e0 [term 1 FOLLOWER]: Leader election vote request: Granting yes vote for candidate f1246366c77e4659bed607668a541e3d in term 1.
I20260601 13:36:00.533494 28002 raft_consensus.cc:2468] T ff9aed75d0cb46ea9044cb72fbea0830 P 14d85ed8df754f86af6615216acfb295 [term 1 FOLLOWER]: Leader election vote request: Granting yes vote for candidate f1246366c77e4659bed607668a541e3d in term 1.
I20260601 13:36:00.533731 27891 leader_election.cc:304] T ff9aed75d0cb46ea9044cb72fbea0830 P f1246366c77e4659bed607668a541e3d [CANDIDATE]: Term 1 election: Election decided. Result: candidate won. Election summary: received 2 responses out of 3 voters: 2 yes votes; 0 no votes. yes voters: 517ced699afe40ce9911166f0be4f8e0, f1246366c77e4659bed607668a541e3d; no voters: 
I20260601 13:36:00.533982 28057 raft_consensus.cc:2804] T ff9aed75d0cb46ea9044cb72fbea0830 P f1246366c77e4659bed607668a541e3d [term 1 FOLLOWER]: Leader election won for term 1
I20260601 13:36:00.534176 28057 raft_consensus.cc:697] T ff9aed75d0cb46ea9044cb72fbea0830 P f1246366c77e4659bed607668a541e3d [term 1 LEADER]: Becoming Leader. State: Replica: f1246366c77e4659bed607668a541e3d, State: Running, Role: LEADER
I20260601 13:36:00.534343 28057 consensus_queue.cc:237] T ff9aed75d0cb46ea9044cb72fbea0830 P f1246366c77e4659bed607668a541e3d [LEADER]: Queue going to LEADER mode. State: All replicated index: 0, Majority replicated index: 0, Committed index: 0, Last appended: 0.0, Last appended by leader: 0, Current term: 1, Majority size: 2, State: 0, Mode: LEADER, active raft config: opid_index: -1 OBSOLETE_local: false peers { permanent_uuid: "517ced699afe40ce9911166f0be4f8e0" member_type: VOTER last_known_addr { host: "127.26.138.129" port: 46431 } } peers { permanent_uuid: "f1246366c77e4659bed607668a541e3d" member_type: VOTER last_known_addr { host: "127.26.138.130" port: 35313 } } peers { permanent_uuid: "14d85ed8df754f86af6615216acfb295" member_type: VOTER last_known_addr { host: "127.26.138.131" port: 39837 } }
I20260601 13:36:00.535061 27747 catalog_manager.cc:5696] T e4c88e13c3824d318ceb1a9131db274b P 14d85ed8df754f86af6615216acfb295 reported cstate change: term changed from 0 to 1, leader changed from <none> to 14d85ed8df754f86af6615216acfb295 (127.26.138.131). New cstate: current_term: 1 leader_uuid: "14d85ed8df754f86af6615216acfb295" committed_config { opid_index: -1 OBSOLETE_local: false peers { permanent_uuid: "517ced699afe40ce9911166f0be4f8e0" member_type: VOTER last_known_addr { host: "127.26.138.129" port: 46431 } health_report { overall_health: UNKNOWN } } peers { permanent_uuid: "f1246366c77e4659bed607668a541e3d" member_type: VOTER last_known_addr { host: "127.26.138.130" port: 35313 } health_report { overall_health: UNKNOWN } } peers { permanent_uuid: "14d85ed8df754f86af6615216acfb295" member_type: VOTER last_known_addr { host: "127.26.138.131" port: 39837 } health_report { overall_health: HEALTHY } } }
I20260601 13:36:00.535960 27748 catalog_manager.cc:5696] T ff9aed75d0cb46ea9044cb72fbea0830 P f1246366c77e4659bed607668a541e3d reported cstate change: term changed from 0 to 1, leader changed from <none> to f1246366c77e4659bed607668a541e3d (127.26.138.130). New cstate: current_term: 1 leader_uuid: "f1246366c77e4659bed607668a541e3d" committed_config { opid_index: -1 OBSOLETE_local: false peers { permanent_uuid: "517ced699afe40ce9911166f0be4f8e0" member_type: VOTER last_known_addr { host: "127.26.138.129" port: 46431 } health_report { overall_health: UNKNOWN } } peers { permanent_uuid: "f1246366c77e4659bed607668a541e3d" member_type: VOTER last_known_addr { host: "127.26.138.130" port: 35313 } health_report { overall_health: HEALTHY } } peers { permanent_uuid: "14d85ed8df754f86af6615216acfb295" member_type: VOTER last_known_addr { host: "127.26.138.131" port: 39837 } health_report { overall_health: UNKNOWN } } }
I20260601 13:36:00.538261 28057 raft_consensus.cc:493] T 97a31d210a9c42d3bc04bd30c36a69a4 P f1246366c77e4659bed607668a541e3d [term 0 FOLLOWER]: Starting pre-election (no leader contacted us within the election timeout)
I20260601 13:36:00.538362 28057 raft_consensus.cc:515] T 97a31d210a9c42d3bc04bd30c36a69a4 P f1246366c77e4659bed607668a541e3d [term 0 FOLLOWER]: Starting pre-election with config: opid_index: -1 OBSOLETE_local: false peers { permanent_uuid: "517ced699afe40ce9911166f0be4f8e0" member_type: VOTER last_known_addr { host: "127.26.138.129" port: 46431 } } peers { permanent_uuid: "f1246366c77e4659bed607668a541e3d" member_type: VOTER last_known_addr { host: "127.26.138.130" port: 35313 } } peers { permanent_uuid: "14d85ed8df754f86af6615216acfb295" member_type: VOTER last_known_addr { host: "127.26.138.131" port: 39837 } }
I20260601 13:36:00.538643 28057 leader_election.cc:290] T 97a31d210a9c42d3bc04bd30c36a69a4 P f1246366c77e4659bed607668a541e3d [CANDIDATE]: Term 1 pre-election: Requested pre-vote from peers 517ced699afe40ce9911166f0be4f8e0 (127.26.138.129:46431), 14d85ed8df754f86af6615216acfb295 (127.26.138.131:39837)
I20260601 13:36:00.539072 28002 tablet_service.cc:1917] Received RequestConsensusVote() RPC: tablet_id: "97a31d210a9c42d3bc04bd30c36a69a4" candidate_uuid: "f1246366c77e4659bed607668a541e3d" candidate_term: 1 candidate_status { last_received { term: 0 index: 0 } } ignore_live_leader: false dest_uuid: "14d85ed8df754f86af6615216acfb295" is_pre_election: true
I20260601 13:36:00.539072 27850 tablet_service.cc:1917] Received RequestConsensusVote() RPC: tablet_id: "97a31d210a9c42d3bc04bd30c36a69a4" candidate_uuid: "f1246366c77e4659bed607668a541e3d" candidate_term: 1 candidate_status { last_received { term: 0 index: 0 } } ignore_live_leader: false dest_uuid: "517ced699afe40ce9911166f0be4f8e0" is_pre_election: true
I20260601 13:36:00.539242 28002 raft_consensus.cc:2468] T 97a31d210a9c42d3bc04bd30c36a69a4 P 14d85ed8df754f86af6615216acfb295 [term 0 FOLLOWER]: Leader pre-election vote request: Granting yes vote for candidate f1246366c77e4659bed607668a541e3d in term 0.
I20260601 13:36:00.539242 27850 raft_consensus.cc:2468] T 97a31d210a9c42d3bc04bd30c36a69a4 P 517ced699afe40ce9911166f0be4f8e0 [term 0 FOLLOWER]: Leader pre-election vote request: Granting yes vote for candidate f1246366c77e4659bed607668a541e3d in term 0.
I20260601 13:36:00.539546 27891 leader_election.cc:304] T 97a31d210a9c42d3bc04bd30c36a69a4 P f1246366c77e4659bed607668a541e3d [CANDIDATE]: Term 1 pre-election: Election decided. Result: candidate won. Election summary: received 2 responses out of 3 voters: 2 yes votes; 0 no votes. yes voters: 517ced699afe40ce9911166f0be4f8e0, f1246366c77e4659bed607668a541e3d; no voters: 
I20260601 13:36:00.539711 28057 raft_consensus.cc:2804] T 97a31d210a9c42d3bc04bd30c36a69a4 P f1246366c77e4659bed607668a541e3d [term 0 FOLLOWER]: Leader pre-election won for term 1
I20260601 13:36:00.539778 28057 raft_consensus.cc:493] T 97a31d210a9c42d3bc04bd30c36a69a4 P f1246366c77e4659bed607668a541e3d [term 0 FOLLOWER]: Starting leader election (no leader contacted us within the election timeout)
I20260601 13:36:00.539829 28057 raft_consensus.cc:3060] T 97a31d210a9c42d3bc04bd30c36a69a4 P f1246366c77e4659bed607668a541e3d [term 0 FOLLOWER]: Advancing to term 1
I20260601 13:36:00.540710 28057 raft_consensus.cc:515] T 97a31d210a9c42d3bc04bd30c36a69a4 P f1246366c77e4659bed607668a541e3d [term 1 FOLLOWER]: Starting leader election with config: opid_index: -1 OBSOLETE_local: false peers { permanent_uuid: "517ced699afe40ce9911166f0be4f8e0" member_type: VOTER last_known_addr { host: "127.26.138.129" port: 46431 } } peers { permanent_uuid: "f1246366c77e4659bed607668a541e3d" member_type: VOTER last_known_addr { host: "127.26.138.130" port: 35313 } } peers { permanent_uuid: "14d85ed8df754f86af6615216acfb295" member_type: VOTER last_known_addr { host: "127.26.138.131" port: 39837 } }
I20260601 13:36:00.541109 28057 leader_election.cc:290] T 97a31d210a9c42d3bc04bd30c36a69a4 P f1246366c77e4659bed607668a541e3d [CANDIDATE]: Term 1 election: Requested vote from peers 517ced699afe40ce9911166f0be4f8e0 (127.26.138.129:46431), 14d85ed8df754f86af6615216acfb295 (127.26.138.131:39837)
I20260601 13:36:00.541400 27850 tablet_service.cc:1917] Received RequestConsensusVote() RPC: tablet_id: "97a31d210a9c42d3bc04bd30c36a69a4" candidate_uuid: "f1246366c77e4659bed607668a541e3d" candidate_term: 1 candidate_status { last_received { term: 0 index: 0 } } ignore_live_leader: false dest_uuid: "517ced699afe40ce9911166f0be4f8e0"
I20260601 13:36:00.541451 28002 tablet_service.cc:1917] Received RequestConsensusVote() RPC: tablet_id: "97a31d210a9c42d3bc04bd30c36a69a4" candidate_uuid: "f1246366c77e4659bed607668a541e3d" candidate_term: 1 candidate_status { last_received { term: 0 index: 0 } } ignore_live_leader: false dest_uuid: "14d85ed8df754f86af6615216acfb295"
I20260601 13:36:00.541528 27850 raft_consensus.cc:3060] T 97a31d210a9c42d3bc04bd30c36a69a4 P 517ced699afe40ce9911166f0be4f8e0 [term 0 FOLLOWER]: Advancing to term 1
I20260601 13:36:00.541589 28002 raft_consensus.cc:3060] T 97a31d210a9c42d3bc04bd30c36a69a4 P 14d85ed8df754f86af6615216acfb295 [term 0 FOLLOWER]: Advancing to term 1
I20260601 13:36:00.542280 27850 raft_consensus.cc:2468] T 97a31d210a9c42d3bc04bd30c36a69a4 P 517ced699afe40ce9911166f0be4f8e0 [term 1 FOLLOWER]: Leader election vote request: Granting yes vote for candidate f1246366c77e4659bed607668a541e3d in term 1.
I20260601 13:36:00.542289 28002 raft_consensus.cc:2468] T 97a31d210a9c42d3bc04bd30c36a69a4 P 14d85ed8df754f86af6615216acfb295 [term 1 FOLLOWER]: Leader election vote request: Granting yes vote for candidate f1246366c77e4659bed607668a541e3d in term 1.
I20260601 13:36:00.542610 27891 leader_election.cc:304] T 97a31d210a9c42d3bc04bd30c36a69a4 P f1246366c77e4659bed607668a541e3d [CANDIDATE]: Term 1 election: Election decided. Result: candidate won. Election summary: received 2 responses out of 3 voters: 2 yes votes; 0 no votes. yes voters: 517ced699afe40ce9911166f0be4f8e0, f1246366c77e4659bed607668a541e3d; no voters: 
I20260601 13:36:00.542790 28057 raft_consensus.cc:2804] T 97a31d210a9c42d3bc04bd30c36a69a4 P f1246366c77e4659bed607668a541e3d [term 1 FOLLOWER]: Leader election won for term 1
I20260601 13:36:00.542891 28057 raft_consensus.cc:697] T 97a31d210a9c42d3bc04bd30c36a69a4 P f1246366c77e4659bed607668a541e3d [term 1 LEADER]: Becoming Leader. State: Replica: f1246366c77e4659bed607668a541e3d, State: Running, Role: LEADER
I20260601 13:36:00.543030 28057 consensus_queue.cc:237] T 97a31d210a9c42d3bc04bd30c36a69a4 P f1246366c77e4659bed607668a541e3d [LEADER]: Queue going to LEADER mode. State: All replicated index: 0, Majority replicated index: 0, Committed index: 0, Last appended: 0.0, Last appended by leader: 0, Current term: 1, Majority size: 2, State: 0, Mode: LEADER, active raft config: opid_index: -1 OBSOLETE_local: false peers { permanent_uuid: "517ced699afe40ce9911166f0be4f8e0" member_type: VOTER last_known_addr { host: "127.26.138.129" port: 46431 } } peers { permanent_uuid: "f1246366c77e4659bed607668a541e3d" member_type: VOTER last_known_addr { host: "127.26.138.130" port: 35313 } } peers { permanent_uuid: "14d85ed8df754f86af6615216acfb295" member_type: VOTER last_known_addr { host: "127.26.138.131" port: 39837 } }
I20260601 13:36:00.544700 27748 catalog_manager.cc:5696] T 97a31d210a9c42d3bc04bd30c36a69a4 P f1246366c77e4659bed607668a541e3d reported cstate change: term changed from 0 to 1, leader changed from <none> to f1246366c77e4659bed607668a541e3d (127.26.138.130). New cstate: current_term: 1 leader_uuid: "f1246366c77e4659bed607668a541e3d" committed_config { opid_index: -1 OBSOLETE_local: false peers { permanent_uuid: "517ced699afe40ce9911166f0be4f8e0" member_type: VOTER last_known_addr { host: "127.26.138.129" port: 46431 } health_report { overall_health: UNKNOWN } } peers { permanent_uuid: "f1246366c77e4659bed607668a541e3d" member_type: VOTER last_known_addr { host: "127.26.138.130" port: 35313 } health_report { overall_health: HEALTHY } } peers { permanent_uuid: "14d85ed8df754f86af6615216acfb295" member_type: VOTER last_known_addr { host: "127.26.138.131" port: 39837 } health_report { overall_health: UNKNOWN } } }
I20260601 13:36:00.629222 28057 raft_consensus.cc:493] T fa384ba12d3f40389e6435121527b35f P f1246366c77e4659bed607668a541e3d [term 0 FOLLOWER]: Starting pre-election (no leader contacted us within the election timeout)
I20260601 13:36:00.629413 28057 raft_consensus.cc:515] T fa384ba12d3f40389e6435121527b35f P f1246366c77e4659bed607668a541e3d [term 0 FOLLOWER]: Starting pre-election with config: opid_index: -1 OBSOLETE_local: false peers { permanent_uuid: "517ced699afe40ce9911166f0be4f8e0" member_type: VOTER last_known_addr { host: "127.26.138.129" port: 46431 } } peers { permanent_uuid: "f1246366c77e4659bed607668a541e3d" member_type: VOTER last_known_addr { host: "127.26.138.130" port: 35313 } } peers { permanent_uuid: "14d85ed8df754f86af6615216acfb295" member_type: VOTER last_known_addr { host: "127.26.138.131" port: 39837 } }
I20260601 13:36:00.630013 28057 leader_election.cc:290] T fa384ba12d3f40389e6435121527b35f P f1246366c77e4659bed607668a541e3d [CANDIDATE]: Term 1 pre-election: Requested pre-vote from peers 517ced699afe40ce9911166f0be4f8e0 (127.26.138.129:46431), 14d85ed8df754f86af6615216acfb295 (127.26.138.131:39837)
I20260601 13:36:00.630492 27850 tablet_service.cc:1917] Received RequestConsensusVote() RPC: tablet_id: "fa384ba12d3f40389e6435121527b35f" candidate_uuid: "f1246366c77e4659bed607668a541e3d" candidate_term: 1 candidate_status { last_received { term: 0 index: 0 } } ignore_live_leader: false dest_uuid: "517ced699afe40ce9911166f0be4f8e0" is_pre_election: true
I20260601 13:36:00.630568 28002 tablet_service.cc:1917] Received RequestConsensusVote() RPC: tablet_id: "fa384ba12d3f40389e6435121527b35f" candidate_uuid: "f1246366c77e4659bed607668a541e3d" candidate_term: 1 candidate_status { last_received { term: 0 index: 0 } } ignore_live_leader: false dest_uuid: "14d85ed8df754f86af6615216acfb295" is_pre_election: true
I20260601 13:36:00.630708 27850 raft_consensus.cc:2468] T fa384ba12d3f40389e6435121527b35f P 517ced699afe40ce9911166f0be4f8e0 [term 0 FOLLOWER]: Leader pre-election vote request: Granting yes vote for candidate f1246366c77e4659bed607668a541e3d in term 0.
I20260601 13:36:00.630724 28002 raft_consensus.cc:2468] T fa384ba12d3f40389e6435121527b35f P 14d85ed8df754f86af6615216acfb295 [term 0 FOLLOWER]: Leader pre-election vote request: Granting yes vote for candidate f1246366c77e4659bed607668a541e3d in term 0.
I20260601 13:36:00.631075 27891 leader_election.cc:304] T fa384ba12d3f40389e6435121527b35f P f1246366c77e4659bed607668a541e3d [CANDIDATE]: Term 1 pre-election: Election decided. Result: candidate won. Election summary: received 2 responses out of 3 voters: 2 yes votes; 0 no votes. yes voters: 517ced699afe40ce9911166f0be4f8e0, f1246366c77e4659bed607668a541e3d; no voters: 
I20260601 13:36:00.631261 28057 raft_consensus.cc:2804] T fa384ba12d3f40389e6435121527b35f P f1246366c77e4659bed607668a541e3d [term 0 FOLLOWER]: Leader pre-election won for term 1
I20260601 13:36:00.631335 28057 raft_consensus.cc:493] T fa384ba12d3f40389e6435121527b35f P f1246366c77e4659bed607668a541e3d [term 0 FOLLOWER]: Starting leader election (no leader contacted us within the election timeout)
I20260601 13:36:00.631394 28057 raft_consensus.cc:3060] T fa384ba12d3f40389e6435121527b35f P f1246366c77e4659bed607668a541e3d [term 0 FOLLOWER]: Advancing to term 1
I20260601 13:36:00.632249 28057 raft_consensus.cc:515] T fa384ba12d3f40389e6435121527b35f P f1246366c77e4659bed607668a541e3d [term 1 FOLLOWER]: Starting leader election with config: opid_index: -1 OBSOLETE_local: false peers { permanent_uuid: "517ced699afe40ce9911166f0be4f8e0" member_type: VOTER last_known_addr { host: "127.26.138.129" port: 46431 } } peers { permanent_uuid: "f1246366c77e4659bed607668a541e3d" member_type: VOTER last_known_addr { host: "127.26.138.130" port: 35313 } } peers { permanent_uuid: "14d85ed8df754f86af6615216acfb295" member_type: VOTER last_known_addr { host: "127.26.138.131" port: 39837 } }
I20260601 13:36:00.632640 28057 leader_election.cc:290] T fa384ba12d3f40389e6435121527b35f P f1246366c77e4659bed607668a541e3d [CANDIDATE]: Term 1 election: Requested vote from peers 517ced699afe40ce9911166f0be4f8e0 (127.26.138.129:46431), 14d85ed8df754f86af6615216acfb295 (127.26.138.131:39837)
I20260601 13:36:00.632968 27850 tablet_service.cc:1917] Received RequestConsensusVote() RPC: tablet_id: "fa384ba12d3f40389e6435121527b35f" candidate_uuid: "f1246366c77e4659bed607668a541e3d" candidate_term: 1 candidate_status { last_received { term: 0 index: 0 } } ignore_live_leader: false dest_uuid: "517ced699afe40ce9911166f0be4f8e0"
I20260601 13:36:00.632989 28002 tablet_service.cc:1917] Received RequestConsensusVote() RPC: tablet_id: "fa384ba12d3f40389e6435121527b35f" candidate_uuid: "f1246366c77e4659bed607668a541e3d" candidate_term: 1 candidate_status { last_received { term: 0 index: 0 } } ignore_live_leader: false dest_uuid: "14d85ed8df754f86af6615216acfb295"
I20260601 13:36:00.633090 28002 raft_consensus.cc:3060] T fa384ba12d3f40389e6435121527b35f P 14d85ed8df754f86af6615216acfb295 [term 0 FOLLOWER]: Advancing to term 1
I20260601 13:36:00.633090 27850 raft_consensus.cc:3060] T fa384ba12d3f40389e6435121527b35f P 517ced699afe40ce9911166f0be4f8e0 [term 0 FOLLOWER]: Advancing to term 1
I20260601 13:36:00.633980 28002 raft_consensus.cc:2468] T fa384ba12d3f40389e6435121527b35f P 14d85ed8df754f86af6615216acfb295 [term 1 FOLLOWER]: Leader election vote request: Granting yes vote for candidate f1246366c77e4659bed607668a541e3d in term 1.
I20260601 13:36:00.633980 27850 raft_consensus.cc:2468] T fa384ba12d3f40389e6435121527b35f P 517ced699afe40ce9911166f0be4f8e0 [term 1 FOLLOWER]: Leader election vote request: Granting yes vote for candidate f1246366c77e4659bed607668a541e3d in term 1.
I20260601 13:36:00.634281 27892 leader_election.cc:304] T fa384ba12d3f40389e6435121527b35f P f1246366c77e4659bed607668a541e3d [CANDIDATE]: Term 1 election: Election decided. Result: candidate won. Election summary: received 2 responses out of 3 voters: 2 yes votes; 0 no votes. yes voters: 14d85ed8df754f86af6615216acfb295, f1246366c77e4659bed607668a541e3d; no voters: 
I20260601 13:36:00.634446 28057 raft_consensus.cc:2804] T fa384ba12d3f40389e6435121527b35f P f1246366c77e4659bed607668a541e3d [term 1 FOLLOWER]: Leader election won for term 1
I20260601 13:36:00.634536 28057 raft_consensus.cc:697] T fa384ba12d3f40389e6435121527b35f P f1246366c77e4659bed607668a541e3d [term 1 LEADER]: Becoming Leader. State: Replica: f1246366c77e4659bed607668a541e3d, State: Running, Role: LEADER
I20260601 13:36:00.634690 28057 consensus_queue.cc:237] T fa384ba12d3f40389e6435121527b35f P f1246366c77e4659bed607668a541e3d [LEADER]: Queue going to LEADER mode. State: All replicated index: 0, Majority replicated index: 0, Committed index: 0, Last appended: 0.0, Last appended by leader: 0, Current term: 1, Majority size: 2, State: 0, Mode: LEADER, active raft config: opid_index: -1 OBSOLETE_local: false peers { permanent_uuid: "517ced699afe40ce9911166f0be4f8e0" member_type: VOTER last_known_addr { host: "127.26.138.129" port: 46431 } } peers { permanent_uuid: "f1246366c77e4659bed607668a541e3d" member_type: VOTER last_known_addr { host: "127.26.138.130" port: 35313 } } peers { permanent_uuid: "14d85ed8df754f86af6615216acfb295" member_type: VOTER last_known_addr { host: "127.26.138.131" port: 39837 } }
I20260601 13:36:00.636543 27748 catalog_manager.cc:5696] T fa384ba12d3f40389e6435121527b35f P f1246366c77e4659bed607668a541e3d reported cstate change: term changed from 0 to 1, leader changed from <none> to f1246366c77e4659bed607668a541e3d (127.26.138.130). New cstate: current_term: 1 leader_uuid: "f1246366c77e4659bed607668a541e3d" committed_config { opid_index: -1 OBSOLETE_local: false peers { permanent_uuid: "517ced699afe40ce9911166f0be4f8e0" member_type: VOTER last_known_addr { host: "127.26.138.129" port: 46431 } health_report { overall_health: UNKNOWN } } peers { permanent_uuid: "f1246366c77e4659bed607668a541e3d" member_type: VOTER last_known_addr { host: "127.26.138.130" port: 35313 } health_report { overall_health: HEALTHY } } peers { permanent_uuid: "14d85ed8df754f86af6615216acfb295" member_type: VOTER last_known_addr { host: "127.26.138.131" port: 39837 } health_report { overall_health: UNKNOWN } } }
I20260601 13:36:00.651724 27178 file_cache.cc:492] Constructed file cache file cache with capacity 419430
I20260601 13:36:00.654174 27178 server_base.cc:1061] running on GCE node
W20260601 13:36:00.654299 28094 instance_detector.cc:116] could not retrieve AWS instance metadata: Network error: curl error: HTTP response code said error: The requested URL returned error: 404
W20260601 13:36:00.654198 28097 instance_detector.cc:116] could not retrieve OpenStack instance metadata: Network error: curl error: HTTP response code said error: The requested URL returned error: 404
W20260601 13:36:00.654385 28095 instance_detector.cc:116] could not retrieve Azure instance metadata: Network error: curl error: HTTP response code said error: The requested URL returned error: 404
I20260601 13:36:00.654604 27178 hybrid_clock.cc:584] initializing the hybrid clock with 'system_unsync' time source
W20260601 13:36:00.654654 27178 system_unsync_time.cc:38] NTP support is disabled. Clock error bounds will not be accurate. This configuration is not suitable for distributed clusters.
I20260601 13:36:00.654671 27178 hybrid_clock.cc:648] HybridClock initialized: now 1780320960654671 us; error 0 us; skew 500 ppm
I20260601 13:36:00.655682 27178 webserver.cc:533] Webserver started at http://127.26.138.132:39287/ using document root <none> and password file <none>
I20260601 13:36:00.655869 27178 fs_manager.cc:362] Metadata directory not provided
I20260601 13:36:00.655922 27178 fs_manager.cc:368] Using write-ahead log directory (fs_wal_dir) as metadata directory
I20260601 13:36:00.656006 27178 server_base.cc:909] This appears to be a new deployment of Kudu; creating new FS layout
I20260601 13:36:00.656495 27178 fs_manager.cc:1068] Generated new instance metadata in path /tmp/dist-test-taskWzbycc/test-tmp/auto_rebalancer-test.0.AutoRebalancerTest.AutoRebalancingTurnOffAndOn.1780320956393927-27178-0/minicluster-data/ts-3-root/instance:
uuid: "b8092c1bd9ed40a8b8dd21ef63a28ecd"
format_stamp: "Formatted at 2026-06-01 13:36:00 on dist-test-slave-vh7q"
I20260601 13:36:00.658044 27178 fs_manager.cc:696] Time spent creating directory manager: real 0.001s	user 0.001s	sys 0.000s
I20260601 13:36:00.659098 28102 log_block_manager.cc:4031] Time spent loading block containers with low live blocks: real 0.000s	user 0.000s	sys 0.000s
I20260601 13:36:00.659423 27178 fs_manager.cc:730] Time spent opening block manager: real 0.001s	user 0.001s	sys 0.000s
I20260601 13:36:00.659511 27178 fs_manager.cc:647] Opened local filesystem: /tmp/dist-test-taskWzbycc/test-tmp/auto_rebalancer-test.0.AutoRebalancerTest.AutoRebalancingTurnOffAndOn.1780320956393927-27178-0/minicluster-data/ts-3-root
uuid: "b8092c1bd9ed40a8b8dd21ef63a28ecd"
format_stamp: "Formatted at 2026-06-01 13:36:00 on dist-test-slave-vh7q"
I20260601 13:36:00.659606 27178 fs_report.cc:389] FS layout report
--------------------
wal directory: /tmp/dist-test-taskWzbycc/test-tmp/auto_rebalancer-test.0.AutoRebalancerTest.AutoRebalancingTurnOffAndOn.1780320956393927-27178-0/minicluster-data/ts-3-root
metadata directory: /tmp/dist-test-taskWzbycc/test-tmp/auto_rebalancer-test.0.AutoRebalancerTest.AutoRebalancingTurnOffAndOn.1780320956393927-27178-0/minicluster-data/ts-3-root
1 data directories: /tmp/dist-test-taskWzbycc/test-tmp/auto_rebalancer-test.0.AutoRebalancerTest.AutoRebalancingTurnOffAndOn.1780320956393927-27178-0/minicluster-data/ts-3-root/data
Total live blocks: 0
Total live bytes: 0
Total live bytes (after alignment): 0
Total number of LBM containers: 0 (0 full)
Did not check for missing blocks
Did not check for orphaned blocks
Total full LBM containers with extra space: 0 (0 repaired)
Total full LBM container extra space in bytes: 0 (0 repaired)
Total incomplete LBM containers: 0 (0 repaired)
Total LBM partial records: 0 (0 repaired)
Total corrupted LBM metadata records in RocksDB: 0 (0 repaired)
I20260601 13:36:00.670290 27178 rpc_server.cc:225] running with OpenSSL 1.1.1  11 Sep 2018
I20260601 13:36:00.670773 27178 kserver.cc:163] Server-wide thread pool size limit: 3276
I20260601 13:36:00.671113 27178 txn_system_client.cc:432] TxnSystemClient initialization is disabled...
I20260601 13:36:00.671612 27178 ts_tablet_manager.cc:585] Loaded tablet metadata (0 total tablets, 0 live tablets)
I20260601 13:36:00.671679 27178 ts_tablet_manager.cc:531] Time spent load tablet metadata: real 0.000s	user 0.000s	sys 0.000s
I20260601 13:36:00.671741 27178 ts_tablet_manager.cc:616] Registered 0 tablets
I20260601 13:36:00.671773 27178 ts_tablet_manager.cc:595] Time spent register tablets: real 0.000s	user 0.000s	sys 0.000s
I20260601 13:36:00.677218 27178 rpc_server.cc:307] RPC server started. Bound to: 127.26.138.132:41423
I20260601 13:36:00.677284 28165 acceptor_pool.cc:272] collecting diagnostics on the listening RPC socket 127.26.138.132:41423 every 8 connection(s)
I20260601 13:36:00.682801 28166 heartbeater.cc:344] Connected to a master server at 127.26.138.190:43317
I20260601 13:36:00.682919 28166 heartbeater.cc:461] Registering TS with master...
I20260601 13:36:00.683117 28166 heartbeater.cc:507] Master 127.26.138.190:43317 requested a full tablet report, sending...
I20260601 13:36:00.683789 27748 ts_manager.cc:194] Registered new tserver with Master: b8092c1bd9ed40a8b8dd21ef63a28ecd (127.26.138.132:41423)
I20260601 13:36:00.684895 27748 master_service.cc:502] Signed X509 certificate for tserver {username='slave'} at 127.0.0.1:47506
I20260601 13:36:00.876550 28083 consensus_queue.cc:1048] T 895427ec35974abaa6767a869f0aa5fa P 14d85ed8df754f86af6615216acfb295 [LEADER]: Connected to new peer: Peer: permanent_uuid: "f1246366c77e4659bed607668a541e3d" member_type: VOTER last_known_addr { host: "127.26.138.130" port: 35313 }, Status: LMP_MISMATCH, Last received: 0.0, Next index: 1, Last known committed idx: 0, Time since last communication: 0.000s
I20260601 13:36:00.882171 28082 consensus_queue.cc:1048] T 895427ec35974abaa6767a869f0aa5fa P 14d85ed8df754f86af6615216acfb295 [LEADER]: Connected to new peer: Peer: permanent_uuid: "517ced699afe40ce9911166f0be4f8e0" member_type: VOTER last_known_addr { host: "127.26.138.129" port: 46431 }, Status: LMP_MISMATCH, Last received: 0.0, Next index: 1, Last known committed idx: 0, Time since last communication: 0.000s
I20260601 13:36:00.910905 28082 consensus_queue.cc:1048] T 915266b64fe2421ba0fd16d1bdeb6c49 P 14d85ed8df754f86af6615216acfb295 [LEADER]: Connected to new peer: Peer: permanent_uuid: "517ced699afe40ce9911166f0be4f8e0" member_type: VOTER last_known_addr { host: "127.26.138.129" port: 46431 }, Status: LMP_MISMATCH, Last received: 0.0, Next index: 1, Last known committed idx: 0, Time since last communication: 0.000s
I20260601 13:36:00.914400 28082 consensus_queue.cc:1048] T e685b86be3184bbba155004f5a596b1b P 14d85ed8df754f86af6615216acfb295 [LEADER]: Connected to new peer: Peer: permanent_uuid: "f1246366c77e4659bed607668a541e3d" member_type: VOTER last_known_addr { host: "127.26.138.130" port: 35313 }, Status: LMP_MISMATCH, Last received: 0.0, Next index: 1, Last known committed idx: 0, Time since last communication: 0.000s
I20260601 13:36:00.914451 28054 consensus_queue.cc:1048] T 915266b64fe2421ba0fd16d1bdeb6c49 P 14d85ed8df754f86af6615216acfb295 [LEADER]: Connected to new peer: Peer: permanent_uuid: "f1246366c77e4659bed607668a541e3d" member_type: VOTER last_known_addr { host: "127.26.138.130" port: 35313 }, Status: LMP_MISMATCH, Last received: 0.0, Next index: 1, Last known committed idx: 0, Time since last communication: 0.000s
I20260601 13:36:00.917496 28083 consensus_queue.cc:1048] T e685b86be3184bbba155004f5a596b1b P 14d85ed8df754f86af6615216acfb295 [LEADER]: Connected to new peer: Peer: permanent_uuid: "517ced699afe40ce9911166f0be4f8e0" member_type: VOTER last_known_addr { host: "127.26.138.129" port: 46431 }, Status: LMP_MISMATCH, Last received: 0.0, Next index: 1, Last known committed idx: 0, Time since last communication: 0.000s
I20260601 13:36:00.918992 28057 consensus_queue.cc:1048] T d1051c4b64c3416ca422ce193d0a2c28 P f1246366c77e4659bed607668a541e3d [LEADER]: Connected to new peer: Peer: permanent_uuid: "14d85ed8df754f86af6615216acfb295" member_type: VOTER last_known_addr { host: "127.26.138.131" port: 39837 }, Status: LMP_MISMATCH, Last received: 0.0, Next index: 1, Last known committed idx: 0, Time since last communication: 0.000s
I20260601 13:36:00.921753 28062 consensus_queue.cc:1048] T d1051c4b64c3416ca422ce193d0a2c28 P f1246366c77e4659bed607668a541e3d [LEADER]: Connected to new peer: Peer: permanent_uuid: "517ced699afe40ce9911166f0be4f8e0" member_type: VOTER last_known_addr { host: "127.26.138.129" port: 46431 }, Status: LMP_MISMATCH, Last received: 0.0, Next index: 1, Last known committed idx: 0, Time since last communication: 0.000s
I20260601 13:36:00.936417 28083 consensus_queue.cc:1048] T e4c88e13c3824d318ceb1a9131db274b P 14d85ed8df754f86af6615216acfb295 [LEADER]: Connected to new peer: Peer: permanent_uuid: "517ced699afe40ce9911166f0be4f8e0" member_type: VOTER last_known_addr { host: "127.26.138.129" port: 46431 }, Status: LMP_MISMATCH, Last received: 0.0, Next index: 1, Last known committed idx: 0, Time since last communication: 0.000s
I20260601 13:36:00.938889 28083 consensus_queue.cc:1048] T e4c88e13c3824d318ceb1a9131db274b P 14d85ed8df754f86af6615216acfb295 [LEADER]: Connected to new peer: Peer: permanent_uuid: "f1246366c77e4659bed607668a541e3d" member_type: VOTER last_known_addr { host: "127.26.138.130" port: 35313 }, Status: LMP_MISMATCH, Last received: 0.0, Next index: 1, Last known committed idx: 0, Time since last communication: 0.000s
I20260601 13:36:00.945144 28062 consensus_queue.cc:1048] T ff9aed75d0cb46ea9044cb72fbea0830 P f1246366c77e4659bed607668a541e3d [LEADER]: Connected to new peer: Peer: permanent_uuid: "517ced699afe40ce9911166f0be4f8e0" member_type: VOTER last_known_addr { host: "127.26.138.129" port: 46431 }, Status: LMP_MISMATCH, Last received: 0.0, Next index: 1, Last known committed idx: 0, Time since last communication: 0.000s
I20260601 13:36:00.947899 28057 consensus_queue.cc:1048] T ff9aed75d0cb46ea9044cb72fbea0830 P f1246366c77e4659bed607668a541e3d [LEADER]: Connected to new peer: Peer: permanent_uuid: "14d85ed8df754f86af6615216acfb295" member_type: VOTER last_known_addr { host: "127.26.138.131" port: 39837 }, Status: LMP_MISMATCH, Last received: 0.0, Next index: 1, Last known committed idx: 0, Time since last communication: 0.000s
I20260601 13:36:01.028568 28057 consensus_queue.cc:1048] T fa384ba12d3f40389e6435121527b35f P f1246366c77e4659bed607668a541e3d [LEADER]: Connected to new peer: Peer: permanent_uuid: "14d85ed8df754f86af6615216acfb295" member_type: VOTER last_known_addr { host: "127.26.138.131" port: 39837 }, Status: LMP_MISMATCH, Last received: 0.0, Next index: 1, Last known committed idx: 0, Time since last communication: 0.000s
I20260601 13:36:01.032243 28057 consensus_queue.cc:1048] T fa384ba12d3f40389e6435121527b35f P f1246366c77e4659bed607668a541e3d [LEADER]: Connected to new peer: Peer: permanent_uuid: "517ced699afe40ce9911166f0be4f8e0" member_type: VOTER last_known_addr { host: "127.26.138.129" port: 46431 }, Status: LMP_MISMATCH, Last received: 0.0, Next index: 1, Last known committed idx: 0, Time since last communication: 0.000s
I20260601 13:36:01.042248 28057 consensus_queue.cc:1048] T 97a31d210a9c42d3bc04bd30c36a69a4 P f1246366c77e4659bed607668a541e3d [LEADER]: Connected to new peer: Peer: permanent_uuid: "14d85ed8df754f86af6615216acfb295" member_type: VOTER last_known_addr { host: "127.26.138.131" port: 39837 }, Status: LMP_MISMATCH, Last received: 0.0, Next index: 1, Last known committed idx: 0, Time since last communication: 0.000s
I20260601 13:36:01.045871 28057 consensus_queue.cc:1048] T 97a31d210a9c42d3bc04bd30c36a69a4 P f1246366c77e4659bed607668a541e3d [LEADER]: Connected to new peer: Peer: permanent_uuid: "517ced699afe40ce9911166f0be4f8e0" member_type: VOTER last_known_addr { host: "127.26.138.129" port: 46431 }, Status: LMP_MISMATCH, Last received: 0.0, Next index: 1, Last known committed idx: 0, Time since last communication: 0.000s
I20260601 13:36:01.209671 27802 auto_leader_rebalancer.cc:140] leader rebalance for table test-workload
I20260601 13:36:01.215312 27926 tablet_service.cc:2072] Received LeaderStepDown RPC: tablet_id: "97a31d210a9c42d3bc04bd30c36a69a4"
dest_uuid: "f1246366c77e4659bed607668a541e3d"
mode: GRACEFUL
new_leader_uuid: "517ced699afe40ce9911166f0be4f8e0"
 from {username='slave'} at 127.0.0.1:52090
I20260601 13:36:01.215524 27926 raft_consensus.cc:606] T 97a31d210a9c42d3bc04bd30c36a69a4 P f1246366c77e4659bed607668a541e3d [term 1 LEADER]: Received request to transfer leadership to TS 517ced699afe40ce9911166f0be4f8e0
I20260601 13:36:01.219511 28002 tablet_service.cc:2072] Received LeaderStepDown RPC: tablet_id: "e685b86be3184bbba155004f5a596b1b"
dest_uuid: "14d85ed8df754f86af6615216acfb295"
mode: GRACEFUL
new_leader_uuid: "517ced699afe40ce9911166f0be4f8e0"
 from {username='slave'} at 127.0.0.1:43794
I20260601 13:36:01.219662 28002 raft_consensus.cc:606] T e685b86be3184bbba155004f5a596b1b P 14d85ed8df754f86af6615216acfb295 [term 1 LEADER]: Received request to transfer leadership to TS 517ced699afe40ce9911166f0be4f8e0
I20260601 13:36:01.220027 27802 auto_leader_rebalancer.cc:388] table: test-workload, leader rebalance finish, leader transfer count: 2
I20260601 13:36:01.220257 27802 auto_leader_rebalancer.cc:451] All tables' leader rebalancing finished this round
I20260601 13:36:01.478579 28054 raft_consensus.cc:993] T e685b86be3184bbba155004f5a596b1b P 14d85ed8df754f86af6615216acfb295: : Instructing follower 517ced699afe40ce9911166f0be4f8e0 to start an election
I20260601 13:36:01.478751 28083 raft_consensus.cc:1081] T e685b86be3184bbba155004f5a596b1b P 14d85ed8df754f86af6615216acfb295 [term 1 LEADER]: Signalling peer 517ced699afe40ce9911166f0be4f8e0 to start an election
I20260601 13:36:01.479355 27850 tablet_service.cc:2044] Received Run Leader Election RPC: tablet_id: "e685b86be3184bbba155004f5a596b1b"
dest_uuid: "517ced699afe40ce9911166f0be4f8e0"
 from {username='slave'} at 127.0.0.1:36860
I20260601 13:36:01.479504 27850 raft_consensus.cc:493] T e685b86be3184bbba155004f5a596b1b P 517ced699afe40ce9911166f0be4f8e0 [term 1 FOLLOWER]: Starting forced leader election (received explicit request)
I20260601 13:36:01.479548 27850 raft_consensus.cc:3060] T e685b86be3184bbba155004f5a596b1b P 517ced699afe40ce9911166f0be4f8e0 [term 1 FOLLOWER]: Advancing to term 2
I20260601 13:36:01.480340 27850 raft_consensus.cc:515] T e685b86be3184bbba155004f5a596b1b P 517ced699afe40ce9911166f0be4f8e0 [term 2 FOLLOWER]: Starting forced leader election with config: opid_index: -1 OBSOLETE_local: false peers { permanent_uuid: "517ced699afe40ce9911166f0be4f8e0" member_type: VOTER last_known_addr { host: "127.26.138.129" port: 46431 } } peers { permanent_uuid: "f1246366c77e4659bed607668a541e3d" member_type: VOTER last_known_addr { host: "127.26.138.130" port: 35313 } } peers { permanent_uuid: "14d85ed8df754f86af6615216acfb295" member_type: VOTER last_known_addr { host: "127.26.138.131" port: 39837 } }
I20260601 13:36:01.480875 27850 leader_election.cc:290] T e685b86be3184bbba155004f5a596b1b P 517ced699afe40ce9911166f0be4f8e0 [CANDIDATE]: Term 2 election: Requested vote from peers f1246366c77e4659bed607668a541e3d (127.26.138.130:35313), 14d85ed8df754f86af6615216acfb295 (127.26.138.131:39837)
I20260601 13:36:01.484154 28002 tablet_service.cc:1917] Received RequestConsensusVote() RPC: tablet_id: "e685b86be3184bbba155004f5a596b1b" candidate_uuid: "517ced699afe40ce9911166f0be4f8e0" candidate_term: 2 candidate_status { last_received { term: 1 index: 1 } } ignore_live_leader: true dest_uuid: "14d85ed8df754f86af6615216acfb295"
I20260601 13:36:01.484236 27926 tablet_service.cc:1917] Received RequestConsensusVote() RPC: tablet_id: "e685b86be3184bbba155004f5a596b1b" candidate_uuid: "517ced699afe40ce9911166f0be4f8e0" candidate_term: 2 candidate_status { last_received { term: 1 index: 1 } } ignore_live_leader: true dest_uuid: "f1246366c77e4659bed607668a541e3d"
I20260601 13:36:01.484315 28002 raft_consensus.cc:3055] T e685b86be3184bbba155004f5a596b1b P 14d85ed8df754f86af6615216acfb295 [term 1 LEADER]: Stepping down as leader of term 1
I20260601 13:36:01.484370 27926 raft_consensus.cc:3060] T e685b86be3184bbba155004f5a596b1b P f1246366c77e4659bed607668a541e3d [term 1 FOLLOWER]: Advancing to term 2
I20260601 13:36:01.484386 28002 raft_consensus.cc:740] T e685b86be3184bbba155004f5a596b1b P 14d85ed8df754f86af6615216acfb295 [term 1 LEADER]: Becoming Follower/Learner. State: Replica: 14d85ed8df754f86af6615216acfb295, State: Running, Role: LEADER
I20260601 13:36:01.484625 28002 consensus_queue.cc:260] T e685b86be3184bbba155004f5a596b1b P 14d85ed8df754f86af6615216acfb295 [NON_LEADER]: Queue going to NON_LEADER mode. State: All replicated index: 0, Majority replicated index: 1, Committed index: 1, Last appended: 1.1, Last appended by leader: 1, Current term: 1, Majority size: -1, State: 0, Mode: NON_LEADER, active raft config: opid_index: -1 OBSOLETE_local: false peers { permanent_uuid: "517ced699afe40ce9911166f0be4f8e0" member_type: VOTER last_known_addr { host: "127.26.138.129" port: 46431 } } peers { permanent_uuid: "f1246366c77e4659bed607668a541e3d" member_type: VOTER last_known_addr { host: "127.26.138.130" port: 35313 } } peers { permanent_uuid: "14d85ed8df754f86af6615216acfb295" member_type: VOTER last_known_addr { host: "127.26.138.131" port: 39837 } }
I20260601 13:36:01.484807 28002 raft_consensus.cc:3060] T e685b86be3184bbba155004f5a596b1b P 14d85ed8df754f86af6615216acfb295 [term 1 FOLLOWER]: Advancing to term 2
I20260601 13:36:01.485314 27926 raft_consensus.cc:2468] T e685b86be3184bbba155004f5a596b1b P f1246366c77e4659bed607668a541e3d [term 2 FOLLOWER]: Leader election vote request: Granting yes vote for candidate 517ced699afe40ce9911166f0be4f8e0 in term 2.
I20260601 13:36:01.485575 28002 raft_consensus.cc:2468] T e685b86be3184bbba155004f5a596b1b P 14d85ed8df754f86af6615216acfb295 [term 2 FOLLOWER]: Leader election vote request: Granting yes vote for candidate 517ced699afe40ce9911166f0be4f8e0 in term 2.
I20260601 13:36:01.485606 27815 leader_election.cc:304] T e685b86be3184bbba155004f5a596b1b P 517ced699afe40ce9911166f0be4f8e0 [CANDIDATE]: Term 2 election: Election decided. Result: candidate won. Election summary: received 2 responses out of 3 voters: 2 yes votes; 0 no votes. yes voters: 517ced699afe40ce9911166f0be4f8e0, f1246366c77e4659bed607668a541e3d; no voters: 
I20260601 13:36:01.485819 28178 raft_consensus.cc:2804] T e685b86be3184bbba155004f5a596b1b P 517ced699afe40ce9911166f0be4f8e0 [term 2 FOLLOWER]: Leader election won for term 2
I20260601 13:36:01.486052 28178 raft_consensus.cc:697] T e685b86be3184bbba155004f5a596b1b P 517ced699afe40ce9911166f0be4f8e0 [term 2 LEADER]: Becoming Leader. State: Replica: 517ced699afe40ce9911166f0be4f8e0, State: Running, Role: LEADER
I20260601 13:36:01.486209 28178 consensus_queue.cc:237] T e685b86be3184bbba155004f5a596b1b P 517ced699afe40ce9911166f0be4f8e0 [LEADER]: Queue going to LEADER mode. State: All replicated index: 0, Majority replicated index: 1, Committed index: 1, Last appended: 1.1, Last appended by leader: 1, Current term: 2, Majority size: 2, State: 0, Mode: LEADER, active raft config: opid_index: -1 OBSOLETE_local: false peers { permanent_uuid: "517ced699afe40ce9911166f0be4f8e0" member_type: VOTER last_known_addr { host: "127.26.138.129" port: 46431 } } peers { permanent_uuid: "f1246366c77e4659bed607668a541e3d" member_type: VOTER last_known_addr { host: "127.26.138.130" port: 35313 } } peers { permanent_uuid: "14d85ed8df754f86af6615216acfb295" member_type: VOTER last_known_addr { host: "127.26.138.131" port: 39837 } }
I20260601 13:36:01.487592 27747 catalog_manager.cc:5696] T e685b86be3184bbba155004f5a596b1b P 517ced699afe40ce9911166f0be4f8e0 reported cstate change: term changed from 1 to 2, leader changed from 14d85ed8df754f86af6615216acfb295 (127.26.138.131) to 517ced699afe40ce9911166f0be4f8e0 (127.26.138.129). New cstate: current_term: 2 leader_uuid: "517ced699afe40ce9911166f0be4f8e0" committed_config { opid_index: -1 OBSOLETE_local: false peers { permanent_uuid: "517ced699afe40ce9911166f0be4f8e0" member_type: VOTER last_known_addr { host: "127.26.138.129" port: 46431 } health_report { overall_health: HEALTHY } } peers { permanent_uuid: "f1246366c77e4659bed607668a541e3d" member_type: VOTER last_known_addr { host: "127.26.138.130" port: 35313 } health_report { overall_health: UNKNOWN } } peers { permanent_uuid: "14d85ed8df754f86af6615216acfb295" member_type: VOTER last_known_addr { host: "127.26.138.131" port: 39837 } health_report { overall_health: UNKNOWN } } }
I20260601 13:36:01.566206 28062 raft_consensus.cc:993] T 97a31d210a9c42d3bc04bd30c36a69a4 P f1246366c77e4659bed607668a541e3d: : Instructing follower 517ced699afe40ce9911166f0be4f8e0 to start an election
I20260601 13:36:01.566347 28062 raft_consensus.cc:1081] T 97a31d210a9c42d3bc04bd30c36a69a4 P f1246366c77e4659bed607668a541e3d [term 1 LEADER]: Signalling peer 517ced699afe40ce9911166f0be4f8e0 to start an election
I20260601 13:36:01.566820 27850 tablet_service.cc:2044] Received Run Leader Election RPC: tablet_id: "97a31d210a9c42d3bc04bd30c36a69a4"
dest_uuid: "517ced699afe40ce9911166f0be4f8e0"
 from {username='slave'} at 127.0.0.1:36864
I20260601 13:36:01.567008 27850 raft_consensus.cc:493] T 97a31d210a9c42d3bc04bd30c36a69a4 P 517ced699afe40ce9911166f0be4f8e0 [term 1 FOLLOWER]: Starting forced leader election (received explicit request)
I20260601 13:36:01.567073 27850 raft_consensus.cc:3060] T 97a31d210a9c42d3bc04bd30c36a69a4 P 517ced699afe40ce9911166f0be4f8e0 [term 1 FOLLOWER]: Advancing to term 2
I20260601 13:36:01.568341 27850 raft_consensus.cc:515] T 97a31d210a9c42d3bc04bd30c36a69a4 P 517ced699afe40ce9911166f0be4f8e0 [term 2 FOLLOWER]: Starting forced leader election with config: opid_index: -1 OBSOLETE_local: false peers { permanent_uuid: "517ced699afe40ce9911166f0be4f8e0" member_type: VOTER last_known_addr { host: "127.26.138.129" port: 46431 } } peers { permanent_uuid: "f1246366c77e4659bed607668a541e3d" member_type: VOTER last_known_addr { host: "127.26.138.130" port: 35313 } } peers { permanent_uuid: "14d85ed8df754f86af6615216acfb295" member_type: VOTER last_known_addr { host: "127.26.138.131" port: 39837 } }
I20260601 13:36:01.568858 27850 leader_election.cc:290] T 97a31d210a9c42d3bc04bd30c36a69a4 P 517ced699afe40ce9911166f0be4f8e0 [CANDIDATE]: Term 2 election: Requested vote from peers f1246366c77e4659bed607668a541e3d (127.26.138.130:35313), 14d85ed8df754f86af6615216acfb295 (127.26.138.131:39837)
I20260601 13:36:01.569329 28002 tablet_service.cc:1917] Received RequestConsensusVote() RPC: tablet_id: "97a31d210a9c42d3bc04bd30c36a69a4" candidate_uuid: "517ced699afe40ce9911166f0be4f8e0" candidate_term: 2 candidate_status { last_received { term: 1 index: 1 } } ignore_live_leader: true dest_uuid: "14d85ed8df754f86af6615216acfb295"
I20260601 13:36:01.569372 27926 tablet_service.cc:1917] Received RequestConsensusVote() RPC: tablet_id: "97a31d210a9c42d3bc04bd30c36a69a4" candidate_uuid: "517ced699afe40ce9911166f0be4f8e0" candidate_term: 2 candidate_status { last_received { term: 1 index: 1 } } ignore_live_leader: true dest_uuid: "f1246366c77e4659bed607668a541e3d"
I20260601 13:36:01.569442 27926 raft_consensus.cc:3055] T 97a31d210a9c42d3bc04bd30c36a69a4 P f1246366c77e4659bed607668a541e3d [term 1 LEADER]: Stepping down as leader of term 1
I20260601 13:36:01.569504 27926 raft_consensus.cc:740] T 97a31d210a9c42d3bc04bd30c36a69a4 P f1246366c77e4659bed607668a541e3d [term 1 LEADER]: Becoming Follower/Learner. State: Replica: f1246366c77e4659bed607668a541e3d, State: Running, Role: LEADER
I20260601 13:36:01.569442 28002 raft_consensus.cc:3060] T 97a31d210a9c42d3bc04bd30c36a69a4 P 14d85ed8df754f86af6615216acfb295 [term 1 FOLLOWER]: Advancing to term 2
I20260601 13:36:01.569664 27926 consensus_queue.cc:260] T 97a31d210a9c42d3bc04bd30c36a69a4 P f1246366c77e4659bed607668a541e3d [NON_LEADER]: Queue going to NON_LEADER mode. State: All replicated index: 0, Majority replicated index: 1, Committed index: 1, Last appended: 1.1, Last appended by leader: 1, Current term: 1, Majority size: -1, State: 0, Mode: NON_LEADER, active raft config: opid_index: -1 OBSOLETE_local: false peers { permanent_uuid: "517ced699afe40ce9911166f0be4f8e0" member_type: VOTER last_known_addr { host: "127.26.138.129" port: 46431 } } peers { permanent_uuid: "f1246366c77e4659bed607668a541e3d" member_type: VOTER last_known_addr { host: "127.26.138.130" port: 35313 } } peers { permanent_uuid: "14d85ed8df754f86af6615216acfb295" member_type: VOTER last_known_addr { host: "127.26.138.131" port: 39837 } }
I20260601 13:36:01.569837 27926 raft_consensus.cc:3060] T 97a31d210a9c42d3bc04bd30c36a69a4 P f1246366c77e4659bed607668a541e3d [term 1 FOLLOWER]: Advancing to term 2
I20260601 13:36:01.570734 28002 raft_consensus.cc:2468] T 97a31d210a9c42d3bc04bd30c36a69a4 P 14d85ed8df754f86af6615216acfb295 [term 2 FOLLOWER]: Leader election vote request: Granting yes vote for candidate 517ced699afe40ce9911166f0be4f8e0 in term 2.
I20260601 13:36:01.570734 27926 raft_consensus.cc:2468] T 97a31d210a9c42d3bc04bd30c36a69a4 P f1246366c77e4659bed607668a541e3d [term 2 FOLLOWER]: Leader election vote request: Granting yes vote for candidate 517ced699afe40ce9911166f0be4f8e0 in term 2.
I20260601 13:36:01.573966 27816 leader_election.cc:304] T 97a31d210a9c42d3bc04bd30c36a69a4 P 517ced699afe40ce9911166f0be4f8e0 [CANDIDATE]: Term 2 election: Election decided. Result: candidate won. Election summary: received 2 responses out of 3 voters: 2 yes votes; 0 no votes. yes voters: 14d85ed8df754f86af6615216acfb295, 517ced699afe40ce9911166f0be4f8e0; no voters: 
I20260601 13:36:01.574146 28178 raft_consensus.cc:2804] T 97a31d210a9c42d3bc04bd30c36a69a4 P 517ced699afe40ce9911166f0be4f8e0 [term 2 FOLLOWER]: Leader election won for term 2
I20260601 13:36:01.574249 28178 raft_consensus.cc:697] T 97a31d210a9c42d3bc04bd30c36a69a4 P 517ced699afe40ce9911166f0be4f8e0 [term 2 LEADER]: Becoming Leader. State: Replica: 517ced699afe40ce9911166f0be4f8e0, State: Running, Role: LEADER
