I20260601 13:37:39.846292  9586 consensus_queue.cc:237] T 8b5efb5801ca4754870d6bfa2dfec319 P 55b62072d5cd4fde89199ec64d7c9620 [LEADER]: Queue going to LEADER mode. State: All replicated index: 0, Majority replicated index: 30, Committed index: 30, Last appended: 1.30, Last appended by leader: 0, Current term: 1, Majority size: 2, State: 0, Mode: LEADER, active raft config: opid_index: 31 OBSOLETE_local: false peers { permanent_uuid: "379f43c5e18e460eba4b188da30a667c" member_type: VOTER last_known_addr { host: "127.4.225.129" port: 45137 } } peers { permanent_uuid: "55b62072d5cd4fde89199ec64d7c9620" member_type: VOTER last_known_addr { host: "127.4.225.131" port: 41545 } } peers { permanent_uuid: "22f8c7f1a8944ffe9dad3557d01eac19" member_type: VOTER last_known_addr { host: "127.4.225.133" port: 36467 } attrs { promote: false } }
I20260601 13:37:39.847843  9905 raft_consensus.cc:1275] T 8b5efb5801ca4754870d6bfa2dfec319 P 22f8c7f1a8944ffe9dad3557d01eac19 [term 1 FOLLOWER]: Refusing update from remote peer 55b62072d5cd4fde89199ec64d7c9620: Log matching property violated. Preceding OpId in replica: term: 1 index: 30. Preceding OpId from leader: term: 1 index: 31. (index mismatch)
I20260601 13:37:39.847843  9433 raft_consensus.cc:1275] T 8b5efb5801ca4754870d6bfa2dfec319 P 379f43c5e18e460eba4b188da30a667c [term 1 FOLLOWER]: Refusing update from remote peer 55b62072d5cd4fde89199ec64d7c9620: Log matching property violated. Preceding OpId in replica: term: 1 index: 30. Preceding OpId from leader: term: 1 index: 31. (index mismatch)
I20260601 13:37:39.848289 10063 consensus_queue.cc:1048] T 8b5efb5801ca4754870d6bfa2dfec319 P 55b62072d5cd4fde89199ec64d7c9620 [LEADER]: Connected to new peer: Peer: permanent_uuid: "22f8c7f1a8944ffe9dad3557d01eac19" member_type: VOTER last_known_addr { host: "127.4.225.133" port: 36467 } attrs { promote: false }, Status: LMP_MISMATCH, Last received: 0.0, Next index: 31, Last known committed idx: 30, Time since last communication: 0.000s
I20260601 13:37:39.848472 10047 consensus_queue.cc:1048] T 8b5efb5801ca4754870d6bfa2dfec319 P 55b62072d5cd4fde89199ec64d7c9620 [LEADER]: Connected to new peer: Peer: permanent_uuid: "379f43c5e18e460eba4b188da30a667c" member_type: VOTER last_known_addr { host: "127.4.225.129" port: 45137 }, Status: LMP_MISMATCH, Last received: 0.0, Next index: 31, Last known committed idx: 30, Time since last communication: 0.000s
I20260601 13:37:39.850194 10047 raft_consensus.cc:2955] T 8b5efb5801ca4754870d6bfa2dfec319 P 55b62072d5cd4fde89199ec64d7c9620 [term 1 LEADER]: Committing config change with OpId 1.31: config changed from index 30 to 31, VOTER 7cb37529147f4d6aae49234839d66f2f (127.4.225.130) evicted. New config: { opid_index: 31 OBSOLETE_local: false peers { permanent_uuid: "379f43c5e18e460eba4b188da30a667c" member_type: VOTER last_known_addr { host: "127.4.225.129" port: 45137 } } peers { permanent_uuid: "55b62072d5cd4fde89199ec64d7c9620" member_type: VOTER last_known_addr { host: "127.4.225.131" port: 41545 } } peers { permanent_uuid: "22f8c7f1a8944ffe9dad3557d01eac19" member_type: VOTER last_known_addr { host: "127.4.225.133" port: 36467 } attrs { promote: false } } }
I20260601 13:37:39.850695  9905 raft_consensus.cc:2955] T 8b5efb5801ca4754870d6bfa2dfec319 P 22f8c7f1a8944ffe9dad3557d01eac19 [term 1 FOLLOWER]: Committing config change with OpId 1.31: config changed from index 30 to 31, VOTER 7cb37529147f4d6aae49234839d66f2f (127.4.225.130) evicted. New config: { opid_index: 31 OBSOLETE_local: false peers { permanent_uuid: "379f43c5e18e460eba4b188da30a667c" member_type: VOTER last_known_addr { host: "127.4.225.129" port: 45137 } } peers { permanent_uuid: "55b62072d5cd4fde89199ec64d7c9620" member_type: VOTER last_known_addr { host: "127.4.225.131" port: 41545 } } peers { permanent_uuid: "22f8c7f1a8944ffe9dad3557d01eac19" member_type: VOTER last_known_addr { host: "127.4.225.133" port: 36467 } attrs { promote: false } } }
I20260601 13:37:39.852725  9316 catalog_manager.cc:5209] ChangeConfig:REMOVE_PEER RPC for tablet 8b5efb5801ca4754870d6bfa2dfec319 with cas_config_opid_index 30: ChangeConfig:REMOVE_PEER succeeded (attempt 1)
I20260601 13:37:39.850687  9433 raft_consensus.cc:2955] T 8b5efb5801ca4754870d6bfa2dfec319 P 379f43c5e18e460eba4b188da30a667c [term 1 FOLLOWER]: Committing config change with OpId 1.31: config changed from index 30 to 31, VOTER 7cb37529147f4d6aae49234839d66f2f (127.4.225.130) evicted. New config: { opid_index: 31 OBSOLETE_local: false peers { permanent_uuid: "379f43c5e18e460eba4b188da30a667c" member_type: VOTER last_known_addr { host: "127.4.225.129" port: 45137 } } peers { permanent_uuid: "55b62072d5cd4fde89199ec64d7c9620" member_type: VOTER last_known_addr { host: "127.4.225.131" port: 41545 } } peers { permanent_uuid: "22f8c7f1a8944ffe9dad3557d01eac19" member_type: VOTER last_known_addr { host: "127.4.225.133" port: 36467 } attrs { promote: false } } }
I20260601 13:37:39.853418  9332 catalog_manager.cc:5696] T 8b5efb5801ca4754870d6bfa2dfec319 P 55b62072d5cd4fde89199ec64d7c9620 reported cstate change: config changed from index 30 to 31, VOTER 7cb37529147f4d6aae49234839d66f2f (127.4.225.130) evicted. New cstate: current_term: 1 leader_uuid: "55b62072d5cd4fde89199ec64d7c9620" committed_config { opid_index: 31 OBSOLETE_local: false peers { permanent_uuid: "379f43c5e18e460eba4b188da30a667c" member_type: VOTER last_known_addr { host: "127.4.225.129" port: 45137 } health_report { overall_health: HEALTHY } } peers { permanent_uuid: "55b62072d5cd4fde89199ec64d7c9620" member_type: VOTER last_known_addr { host: "127.4.225.131" port: 41545 } health_report { overall_health: HEALTHY } } peers { permanent_uuid: "22f8c7f1a8944ffe9dad3557d01eac19" member_type: VOTER last_known_addr { host: "127.4.225.133" port: 36467 } attrs { promote: false } health_report { overall_health: HEALTHY } } }
I20260601 13:37:39.856630  9495 tablet_service.cc:1558] Processing DeleteTablet for tablet 8b5efb5801ca4754870d6bfa2dfec319 with delete_type TABLET_DATA_TOMBSTONED (TS 7cb37529147f4d6aae49234839d66f2f not found in new config with opid_index 31) from {username='slave'} at 127.0.0.1:35672
I20260601 13:37:39.857275 10083 tablet_replica.cc:333] T 8b5efb5801ca4754870d6bfa2dfec319 P 7cb37529147f4d6aae49234839d66f2f: stopping tablet replica
I20260601 13:37:39.857448 10083 raft_consensus.cc:2243] T 8b5efb5801ca4754870d6bfa2dfec319 P 7cb37529147f4d6aae49234839d66f2f [term 1 FOLLOWER]: Raft consensus shutting down.
I20260601 13:37:39.857640 10083 raft_consensus.cc:2272] T 8b5efb5801ca4754870d6bfa2dfec319 P 7cb37529147f4d6aae49234839d66f2f [term 1 FOLLOWER]: Raft consensus is shut down!
I20260601 13:37:39.858354 10083 ts_tablet_manager.cc:1916] T 8b5efb5801ca4754870d6bfa2dfec319 P 7cb37529147f4d6aae49234839d66f2f: Deleting tablet data with delete state TABLET_DATA_TOMBSTONED
I20260601 13:37:39.860297 10083 ts_tablet_manager.cc:1929] T 8b5efb5801ca4754870d6bfa2dfec319 P 7cb37529147f4d6aae49234839d66f2f: tablet deleted with delete type TABLET_DATA_TOMBSTONED: last-logged OpId 1.30
I20260601 13:37:39.860373 10083 log.cc:1199] T 8b5efb5801ca4754870d6bfa2dfec319 P 7cb37529147f4d6aae49234839d66f2f: Deleting WAL directory at /tmp/dist-test-taskbv741y/test-tmp/auto_rebalancer-test.0.AutoRebalancerTest.TestMaxMovesPerServer.1780320952450398-4998-0/minicluster-data/ts-1-root/wals/8b5efb5801ca4754870d6bfa2dfec319
I20260601 13:37:39.860968  9317 catalog_manager.cc:5027] TS 7cb37529147f4d6aae49234839d66f2f (127.4.225.130:43129): tablet 8b5efb5801ca4754870d6bfa2dfec319 (table test-workload [id=ee924434f89043b0b8ef1a5d6ed6d4db]) successfully deleted
I20260601 13:37:39.946723 10058 raft_consensus.cc:1064] T 2c07ca340594407eb28b4508b92c4c6b P 55b62072d5cd4fde89199ec64d7c9620: attempting to promote NON_VOTER 2557f52b7a93417993f63e5605538904 to VOTER
I20260601 13:37:39.947274 10058 consensus_queue.cc:237] T 2c07ca340594407eb28b4508b92c4c6b P 55b62072d5cd4fde89199ec64d7c9620 [LEADER]: Queue going to LEADER mode. State: All replicated index: 0, Majority replicated index: 29, Committed index: 29, Last appended: 1.29, Last appended by leader: 0, Current term: 1, Majority size: 3, State: 0, Mode: LEADER, active raft config: opid_index: 30 OBSOLETE_local: false peers { permanent_uuid: "379f43c5e18e460eba4b188da30a667c" member_type: VOTER last_known_addr { host: "127.4.225.129" port: 45137 } } peers { permanent_uuid: "7cb37529147f4d6aae49234839d66f2f" member_type: VOTER last_known_addr { host: "127.4.225.130" port: 43129 } attrs { replace: true } } peers { permanent_uuid: "55b62072d5cd4fde89199ec64d7c9620" member_type: VOTER last_known_addr { host: "127.4.225.131" port: 41545 } } peers { permanent_uuid: "2557f52b7a93417993f63e5605538904" member_type: VOTER last_known_addr { host: "127.4.225.132" port: 34819 } attrs { promote: false } }
I20260601 13:37:39.948989  9507 raft_consensus.cc:1275] T 2c07ca340594407eb28b4508b92c4c6b P 7cb37529147f4d6aae49234839d66f2f [term 1 FOLLOWER]: Refusing update from remote peer 55b62072d5cd4fde89199ec64d7c9620: Log matching property violated. Preceding OpId in replica: term: 1 index: 29. Preceding OpId from leader: term: 1 index: 30. (index mismatch)
I20260601 13:37:39.949208  9433 raft_consensus.cc:1275] T 2c07ca340594407eb28b4508b92c4c6b P 379f43c5e18e460eba4b188da30a667c [term 1 FOLLOWER]: Refusing update from remote peer 55b62072d5cd4fde89199ec64d7c9620: Log matching property violated. Preceding OpId in replica: term: 1 index: 29. Preceding OpId from leader: term: 1 index: 30. (index mismatch)
I20260601 13:37:39.949256  9829 raft_consensus.cc:1275] T 2c07ca340594407eb28b4508b92c4c6b P 2557f52b7a93417993f63e5605538904 [term 1 LEARNER]: Refusing update from remote peer 55b62072d5cd4fde89199ec64d7c9620: Log matching property violated. Preceding OpId in replica: term: 1 index: 29. Preceding OpId from leader: term: 1 index: 30. (index mismatch)
I20260601 13:37:39.949419 10047 consensus_queue.cc:1048] T 2c07ca340594407eb28b4508b92c4c6b P 55b62072d5cd4fde89199ec64d7c9620 [LEADER]: Connected to new peer: Peer: permanent_uuid: "7cb37529147f4d6aae49234839d66f2f" member_type: VOTER last_known_addr { host: "127.4.225.130" port: 43129 } attrs { replace: true }, Status: LMP_MISMATCH, Last received: 0.0, Next index: 30, Last known committed idx: 29, Time since last communication: 0.000s
I20260601 13:37:39.949656 10063 consensus_queue.cc:1048] T 2c07ca340594407eb28b4508b92c4c6b P 55b62072d5cd4fde89199ec64d7c9620 [LEADER]: Connected to new peer: Peer: permanent_uuid: "379f43c5e18e460eba4b188da30a667c" member_type: VOTER last_known_addr { host: "127.4.225.129" port: 45137 }, Status: LMP_MISMATCH, Last received: 0.0, Next index: 30, Last known committed idx: 29, Time since last communication: 0.000s
I20260601 13:37:39.949807 10058 consensus_queue.cc:1048] T 2c07ca340594407eb28b4508b92c4c6b P 55b62072d5cd4fde89199ec64d7c9620 [LEADER]: Connected to new peer: Peer: permanent_uuid: "2557f52b7a93417993f63e5605538904" member_type: VOTER last_known_addr { host: "127.4.225.132" port: 34819 } attrs { promote: false }, Status: LMP_MISMATCH, Last received: 0.0, Next index: 30, Last known committed idx: 29, Time since last communication: 0.000s
I20260601 13:37:39.952144 10058 raft_consensus.cc:2955] T 2c07ca340594407eb28b4508b92c4c6b P 55b62072d5cd4fde89199ec64d7c9620 [term 1 LEADER]: Committing config change with OpId 1.30: config changed from index 29 to 30, 2557f52b7a93417993f63e5605538904 (127.4.225.132) changed from NON_VOTER to VOTER. New config: { opid_index: 30 OBSOLETE_local: false peers { permanent_uuid: "379f43c5e18e460eba4b188da30a667c" member_type: VOTER last_known_addr { host: "127.4.225.129" port: 45137 } } peers { permanent_uuid: "7cb37529147f4d6aae49234839d66f2f" member_type: VOTER last_known_addr { host: "127.4.225.130" port: 43129 } attrs { replace: true } } peers { permanent_uuid: "55b62072d5cd4fde89199ec64d7c9620" member_type: VOTER last_known_addr { host: "127.4.225.131" port: 41545 } } peers { permanent_uuid: "2557f52b7a93417993f63e5605538904" member_type: VOTER last_known_addr { host: "127.4.225.132" port: 34819 } attrs { promote: false } } }
I20260601 13:37:39.952651  9829 raft_consensus.cc:2955] T 2c07ca340594407eb28b4508b92c4c6b P 2557f52b7a93417993f63e5605538904 [term 1 FOLLOWER]: Committing config change with OpId 1.30: config changed from index 29 to 30, 2557f52b7a93417993f63e5605538904 (127.4.225.132) changed from NON_VOTER to VOTER. New config: { opid_index: 30 OBSOLETE_local: false peers { permanent_uuid: "379f43c5e18e460eba4b188da30a667c" member_type: VOTER last_known_addr { host: "127.4.225.129" port: 45137 } } peers { permanent_uuid: "7cb37529147f4d6aae49234839d66f2f" member_type: VOTER last_known_addr { host: "127.4.225.130" port: 43129 } attrs { replace: true } } peers { permanent_uuid: "55b62072d5cd4fde89199ec64d7c9620" member_type: VOTER last_known_addr { host: "127.4.225.131" port: 41545 } } peers { permanent_uuid: "2557f52b7a93417993f63e5605538904" member_type: VOTER last_known_addr { host: "127.4.225.132" port: 34819 } attrs { promote: false } } }
I20260601 13:37:39.952836  9433 raft_consensus.cc:2955] T 2c07ca340594407eb28b4508b92c4c6b P 379f43c5e18e460eba4b188da30a667c [term 1 FOLLOWER]: Committing config change with OpId 1.30: config changed from index 29 to 30, 2557f52b7a93417993f63e5605538904 (127.4.225.132) changed from NON_VOTER to VOTER. New config: { opid_index: 30 OBSOLETE_local: false peers { permanent_uuid: "379f43c5e18e460eba4b188da30a667c" member_type: VOTER last_known_addr { host: "127.4.225.129" port: 45137 } } peers { permanent_uuid: "7cb37529147f4d6aae49234839d66f2f" member_type: VOTER last_known_addr { host: "127.4.225.130" port: 43129 } attrs { replace: true } } peers { permanent_uuid: "55b62072d5cd4fde89199ec64d7c9620" member_type: VOTER last_known_addr { host: "127.4.225.131" port: 41545 } } peers { permanent_uuid: "2557f52b7a93417993f63e5605538904" member_type: VOTER last_known_addr { host: "127.4.225.132" port: 34819 } attrs { promote: false } } }
I20260601 13:37:39.955181  9323 catalog_manager.cc:5696] T 2c07ca340594407eb28b4508b92c4c6b P 2557f52b7a93417993f63e5605538904 reported cstate change: config changed from index 29 to 30, 2557f52b7a93417993f63e5605538904 (127.4.225.132) changed from NON_VOTER to VOTER. New cstate: current_term: 1 leader_uuid: "55b62072d5cd4fde89199ec64d7c9620" committed_config { opid_index: 30 OBSOLETE_local: false peers { permanent_uuid: "379f43c5e18e460eba4b188da30a667c" member_type: VOTER last_known_addr { host: "127.4.225.129" port: 45137 } } peers { permanent_uuid: "7cb37529147f4d6aae49234839d66f2f" member_type: VOTER last_known_addr { host: "127.4.225.130" port: 43129 } attrs { replace: true } } peers { permanent_uuid: "55b62072d5cd4fde89199ec64d7c9620" member_type: VOTER last_known_addr { host: "127.4.225.131" port: 41545 } } peers { permanent_uuid: "2557f52b7a93417993f63e5605538904" member_type: VOTER last_known_addr { host: "127.4.225.132" port: 34819 } attrs { promote: false } } }
I20260601 13:37:39.955425  9507 raft_consensus.cc:2955] T 2c07ca340594407eb28b4508b92c4c6b P 7cb37529147f4d6aae49234839d66f2f [term 1 FOLLOWER]: Committing config change with OpId 1.30: config changed from index 29 to 30, 2557f52b7a93417993f63e5605538904 (127.4.225.132) changed from NON_VOTER to VOTER. New config: { opid_index: 30 OBSOLETE_local: false peers { permanent_uuid: "379f43c5e18e460eba4b188da30a667c" member_type: VOTER last_known_addr { host: "127.4.225.129" port: 45137 } } peers { permanent_uuid: "7cb37529147f4d6aae49234839d66f2f" member_type: VOTER last_known_addr { host: "127.4.225.130" port: 43129 } attrs { replace: true } } peers { permanent_uuid: "55b62072d5cd4fde89199ec64d7c9620" member_type: VOTER last_known_addr { host: "127.4.225.131" port: 41545 } } peers { permanent_uuid: "2557f52b7a93417993f63e5605538904" member_type: VOTER last_known_addr { host: "127.4.225.132" port: 34819 } attrs { promote: false } } }
I20260601 13:37:39.960376  9586 consensus_queue.cc:237] T 2c07ca340594407eb28b4508b92c4c6b P 55b62072d5cd4fde89199ec64d7c9620 [LEADER]: Queue going to LEADER mode. State: All replicated index: 0, Majority replicated index: 30, Committed index: 30, Last appended: 1.30, Last appended by leader: 0, Current term: 1, Majority size: 2, State: 0, Mode: LEADER, active raft config: opid_index: 31 OBSOLETE_local: false peers { permanent_uuid: "379f43c5e18e460eba4b188da30a667c" member_type: VOTER last_known_addr { host: "127.4.225.129" port: 45137 } } peers { permanent_uuid: "55b62072d5cd4fde89199ec64d7c9620" member_type: VOTER last_known_addr { host: "127.4.225.131" port: 41545 } } peers { permanent_uuid: "2557f52b7a93417993f63e5605538904" member_type: VOTER last_known_addr { host: "127.4.225.132" port: 34819 } attrs { promote: false } }
I20260601 13:37:39.961941  9433 raft_consensus.cc:1275] T 2c07ca340594407eb28b4508b92c4c6b P 379f43c5e18e460eba4b188da30a667c [term 1 FOLLOWER]: Refusing update from remote peer 55b62072d5cd4fde89199ec64d7c9620: Log matching property violated. Preceding OpId in replica: term: 1 index: 30. Preceding OpId from leader: term: 1 index: 31. (index mismatch)
I20260601 13:37:39.961963  9829 raft_consensus.cc:1275] T 2c07ca340594407eb28b4508b92c4c6b P 2557f52b7a93417993f63e5605538904 [term 1 FOLLOWER]: Refusing update from remote peer 55b62072d5cd4fde89199ec64d7c9620: Log matching property violated. Preceding OpId in replica: term: 1 index: 30. Preceding OpId from leader: term: 1 index: 31. (index mismatch)
I20260601 13:37:39.962453 10057 consensus_queue.cc:1048] T 2c07ca340594407eb28b4508b92c4c6b P 55b62072d5cd4fde89199ec64d7c9620 [LEADER]: Connected to new peer: Peer: permanent_uuid: "2557f52b7a93417993f63e5605538904" member_type: VOTER last_known_addr { host: "127.4.225.132" port: 34819 } attrs { promote: false }, Status: LMP_MISMATCH, Last received: 0.0, Next index: 31, Last known committed idx: 30, Time since last communication: 0.000s
I20260601 13:37:39.962957 10057 consensus_queue.cc:1048] T 2c07ca340594407eb28b4508b92c4c6b P 55b62072d5cd4fde89199ec64d7c9620 [LEADER]: Connected to new peer: Peer: permanent_uuid: "379f43c5e18e460eba4b188da30a667c" member_type: VOTER last_known_addr { host: "127.4.225.129" port: 45137 }, Status: LMP_MISMATCH, Last received: 0.0, Next index: 31, Last known committed idx: 30, Time since last communication: 0.000s
I20260601 13:37:39.964622 10063 raft_consensus.cc:2955] T 2c07ca340594407eb28b4508b92c4c6b P 55b62072d5cd4fde89199ec64d7c9620 [term 1 LEADER]: Committing config change with OpId 1.31: config changed from index 30 to 31, VOTER 7cb37529147f4d6aae49234839d66f2f (127.4.225.130) evicted. New config: { opid_index: 31 OBSOLETE_local: false peers { permanent_uuid: "379f43c5e18e460eba4b188da30a667c" member_type: VOTER last_known_addr { host: "127.4.225.129" port: 45137 } } peers { permanent_uuid: "55b62072d5cd4fde89199ec64d7c9620" member_type: VOTER last_known_addr { host: "127.4.225.131" port: 41545 } } peers { permanent_uuid: "2557f52b7a93417993f63e5605538904" member_type: VOTER last_known_addr { host: "127.4.225.132" port: 34819 } attrs { promote: false } } }
I20260601 13:37:39.965252  9433 raft_consensus.cc:2955] T 2c07ca340594407eb28b4508b92c4c6b P 379f43c5e18e460eba4b188da30a667c [term 1 FOLLOWER]: Committing config change with OpId 1.31: config changed from index 30 to 31, VOTER 7cb37529147f4d6aae49234839d66f2f (127.4.225.130) evicted. New config: { opid_index: 31 OBSOLETE_local: false peers { permanent_uuid: "379f43c5e18e460eba4b188da30a667c" member_type: VOTER last_known_addr { host: "127.4.225.129" port: 45137 } } peers { permanent_uuid: "55b62072d5cd4fde89199ec64d7c9620" member_type: VOTER last_known_addr { host: "127.4.225.131" port: 41545 } } peers { permanent_uuid: "2557f52b7a93417993f63e5605538904" member_type: VOTER last_known_addr { host: "127.4.225.132" port: 34819 } attrs { promote: false } } }
I20260601 13:37:39.966639  9316 catalog_manager.cc:5209] ChangeConfig:REMOVE_PEER RPC for tablet 2c07ca340594407eb28b4508b92c4c6b with cas_config_opid_index 30: ChangeConfig:REMOVE_PEER succeeded (attempt 1)
I20260601 13:37:39.965260  9829 raft_consensus.cc:2955] T 2c07ca340594407eb28b4508b92c4c6b P 2557f52b7a93417993f63e5605538904 [term 1 FOLLOWER]: Committing config change with OpId 1.31: config changed from index 30 to 31, VOTER 7cb37529147f4d6aae49234839d66f2f (127.4.225.130) evicted. New config: { opid_index: 31 OBSOLETE_local: false peers { permanent_uuid: "379f43c5e18e460eba4b188da30a667c" member_type: VOTER last_known_addr { host: "127.4.225.129" port: 45137 } } peers { permanent_uuid: "55b62072d5cd4fde89199ec64d7c9620" member_type: VOTER last_known_addr { host: "127.4.225.131" port: 41545 } } peers { permanent_uuid: "2557f52b7a93417993f63e5605538904" member_type: VOTER last_known_addr { host: "127.4.225.132" port: 34819 } attrs { promote: false } } }
I20260601 13:37:39.968391  9328 catalog_manager.cc:5696] T 2c07ca340594407eb28b4508b92c4c6b P 55b62072d5cd4fde89199ec64d7c9620 reported cstate change: config changed from index 30 to 31, VOTER 7cb37529147f4d6aae49234839d66f2f (127.4.225.130) evicted. New cstate: current_term: 1 leader_uuid: "55b62072d5cd4fde89199ec64d7c9620" committed_config { opid_index: 31 OBSOLETE_local: false peers { permanent_uuid: "379f43c5e18e460eba4b188da30a667c" member_type: VOTER last_known_addr { host: "127.4.225.129" port: 45137 } health_report { overall_health: HEALTHY } } peers { permanent_uuid: "55b62072d5cd4fde89199ec64d7c9620" member_type: VOTER last_known_addr { host: "127.4.225.131" port: 41545 } health_report { overall_health: HEALTHY } } peers { permanent_uuid: "2557f52b7a93417993f63e5605538904" member_type: VOTER last_known_addr { host: "127.4.225.132" port: 34819 } attrs { promote: false } health_report { overall_health: HEALTHY } } }
I20260601 13:37:39.971288  9495 tablet_service.cc:1558] Processing DeleteTablet for tablet 2c07ca340594407eb28b4508b92c4c6b with delete_type TABLET_DATA_TOMBSTONED (TS 7cb37529147f4d6aae49234839d66f2f not found in new config with opid_index 31) from {username='slave'} at 127.0.0.1:35672
I20260601 13:37:39.971530 10083 tablet_replica.cc:333] T 2c07ca340594407eb28b4508b92c4c6b P 7cb37529147f4d6aae49234839d66f2f: stopping tablet replica
I20260601 13:37:39.971675 10083 raft_consensus.cc:2243] T 2c07ca340594407eb28b4508b92c4c6b P 7cb37529147f4d6aae49234839d66f2f [term 1 FOLLOWER]: Raft consensus shutting down.
I20260601 13:37:39.971822 10083 raft_consensus.cc:2272] T 2c07ca340594407eb28b4508b92c4c6b P 7cb37529147f4d6aae49234839d66f2f [term 1 FOLLOWER]: Raft consensus is shut down!
I20260601 13:37:39.972462 10083 ts_tablet_manager.cc:1916] T 2c07ca340594407eb28b4508b92c4c6b P 7cb37529147f4d6aae49234839d66f2f: Deleting tablet data with delete state TABLET_DATA_TOMBSTONED
I20260601 13:37:39.974725 10083 ts_tablet_manager.cc:1929] T 2c07ca340594407eb28b4508b92c4c6b P 7cb37529147f4d6aae49234839d66f2f: tablet deleted with delete type TABLET_DATA_TOMBSTONED: last-logged OpId 1.30
I20260601 13:37:39.974814 10083 log.cc:1199] T 2c07ca340594407eb28b4508b92c4c6b P 7cb37529147f4d6aae49234839d66f2f: Deleting WAL directory at /tmp/dist-test-taskbv741y/test-tmp/auto_rebalancer-test.0.AutoRebalancerTest.TestMaxMovesPerServer.1780320952450398-4998-0/minicluster-data/ts-1-root/wals/2c07ca340594407eb28b4508b92c4c6b
I20260601 13:37:39.975468  9317 catalog_manager.cc:5027] TS 7cb37529147f4d6aae49234839d66f2f (127.4.225.130:43129): tablet 2c07ca340594407eb28b4508b92c4c6b (table test-workload [id=ee924434f89043b0b8ef1a5d6ed6d4db]) successfully deleted
I20260601 13:37:40.097937 10088 raft_consensus.cc:1064] T c1592c372edc4f8f94db69ca79bb389c P 379f43c5e18e460eba4b188da30a667c: attempting to promote NON_VOTER 22f8c7f1a8944ffe9dad3557d01eac19 to VOTER
I20260601 13:37:40.098556 10088 consensus_queue.cc:237] T c1592c372edc4f8f94db69ca79bb389c P 379f43c5e18e460eba4b188da30a667c [LEADER]: Queue going to LEADER mode. State: All replicated index: 0, Majority replicated index: 29, Committed index: 29, Last appended: 1.29, Last appended by leader: 0, Current term: 1, Majority size: 3, State: 0, Mode: LEADER, active raft config: opid_index: 30 OBSOLETE_local: false peers { permanent_uuid: "379f43c5e18e460eba4b188da30a667c" member_type: VOTER last_known_addr { host: "127.4.225.129" port: 45137 } } peers { permanent_uuid: "7cb37529147f4d6aae49234839d66f2f" member_type: VOTER last_known_addr { host: "127.4.225.130" port: 43129 } } peers { permanent_uuid: "55b62072d5cd4fde89199ec64d7c9620" member_type: VOTER last_known_addr { host: "127.4.225.131" port: 41545 } attrs { replace: true } } peers { permanent_uuid: "22f8c7f1a8944ffe9dad3557d01eac19" member_type: VOTER last_known_addr { host: "127.4.225.133" port: 36467 } attrs { promote: false } }
I20260601 13:37:40.100371  9905 raft_consensus.cc:1275] T c1592c372edc4f8f94db69ca79bb389c P 22f8c7f1a8944ffe9dad3557d01eac19 [term 1 LEARNER]: Refusing update from remote peer 379f43c5e18e460eba4b188da30a667c: Log matching property violated. Preceding OpId in replica: term: 1 index: 29. Preceding OpId from leader: term: 1 index: 30. (index mismatch)
I20260601 13:37:40.100574  9507 raft_consensus.cc:1275] T c1592c372edc4f8f94db69ca79bb389c P 7cb37529147f4d6aae49234839d66f2f [term 1 FOLLOWER]: Refusing update from remote peer 379f43c5e18e460eba4b188da30a667c: Log matching property violated. Preceding OpId in replica: term: 1 index: 29. Preceding OpId from leader: term: 1 index: 30. (index mismatch)
I20260601 13:37:40.100898 10088 consensus_queue.cc:1048] T c1592c372edc4f8f94db69ca79bb389c P 379f43c5e18e460eba4b188da30a667c [LEADER]: Connected to new peer: Peer: permanent_uuid: "22f8c7f1a8944ffe9dad3557d01eac19" member_type: VOTER last_known_addr { host: "127.4.225.133" port: 36467 } attrs { promote: false }, Status: LMP_MISMATCH, Last received: 0.0, Next index: 30, Last known committed idx: 29, Time since last communication: 0.000s
I20260601 13:37:40.100993  9586 raft_consensus.cc:1275] T c1592c372edc4f8f94db69ca79bb389c P 55b62072d5cd4fde89199ec64d7c9620 [term 1 FOLLOWER]: Refusing update from remote peer 379f43c5e18e460eba4b188da30a667c: Log matching property violated. Preceding OpId in replica: term: 1 index: 29. Preceding OpId from leader: term: 1 index: 30. (index mismatch)
I20260601 13:37:40.101147 10089 consensus_queue.cc:1048] T c1592c372edc4f8f94db69ca79bb389c P 379f43c5e18e460eba4b188da30a667c [LEADER]: Connected to new peer: Peer: permanent_uuid: "7cb37529147f4d6aae49234839d66f2f" member_type: VOTER last_known_addr { host: "127.4.225.130" port: 43129 }, Status: LMP_MISMATCH, Last received: 0.0, Next index: 30, Last known committed idx: 29, Time since last communication: 0.000s
I20260601 13:37:40.101408 10091 consensus_queue.cc:1048] T c1592c372edc4f8f94db69ca79bb389c P 379f43c5e18e460eba4b188da30a667c [LEADER]: Connected to new peer: Peer: permanent_uuid: "55b62072d5cd4fde89199ec64d7c9620" member_type: VOTER last_known_addr { host: "127.4.225.131" port: 41545 } attrs { replace: true }, Status: LMP_MISMATCH, Last received: 0.0, Next index: 30, Last known committed idx: 29, Time since last communication: 0.000s
I20260601 13:37:40.103642 10049 raft_consensus.cc:2955] T c1592c372edc4f8f94db69ca79bb389c P 379f43c5e18e460eba4b188da30a667c [term 1 LEADER]: Committing config change with OpId 1.30: config changed from index 29 to 30, 22f8c7f1a8944ffe9dad3557d01eac19 (127.4.225.133) changed from NON_VOTER to VOTER. New config: { opid_index: 30 OBSOLETE_local: false peers { permanent_uuid: "379f43c5e18e460eba4b188da30a667c" member_type: VOTER last_known_addr { host: "127.4.225.129" port: 45137 } } peers { permanent_uuid: "7cb37529147f4d6aae49234839d66f2f" member_type: VOTER last_known_addr { host: "127.4.225.130" port: 43129 } } peers { permanent_uuid: "55b62072d5cd4fde89199ec64d7c9620" member_type: VOTER last_known_addr { host: "127.4.225.131" port: 41545 } attrs { replace: true } } peers { permanent_uuid: "22f8c7f1a8944ffe9dad3557d01eac19" member_type: VOTER last_known_addr { host: "127.4.225.133" port: 36467 } attrs { promote: false } } }
I20260601 13:37:40.104379  9507 raft_consensus.cc:2955] T c1592c372edc4f8f94db69ca79bb389c P 7cb37529147f4d6aae49234839d66f2f [term 1 FOLLOWER]: Committing config change with OpId 1.30: config changed from index 29 to 30, 22f8c7f1a8944ffe9dad3557d01eac19 (127.4.225.133) changed from NON_VOTER to VOTER. New config: { opid_index: 30 OBSOLETE_local: false peers { permanent_uuid: "379f43c5e18e460eba4b188da30a667c" member_type: VOTER last_known_addr { host: "127.4.225.129" port: 45137 } } peers { permanent_uuid: "7cb37529147f4d6aae49234839d66f2f" member_type: VOTER last_known_addr { host: "127.4.225.130" port: 43129 } } peers { permanent_uuid: "55b62072d5cd4fde89199ec64d7c9620" member_type: VOTER last_known_addr { host: "127.4.225.131" port: 41545 } attrs { replace: true } } peers { permanent_uuid: "22f8c7f1a8944ffe9dad3557d01eac19" member_type: VOTER last_known_addr { host: "127.4.225.133" port: 36467 } attrs { promote: false } } }
I20260601 13:37:40.106827  9325 catalog_manager.cc:5696] T c1592c372edc4f8f94db69ca79bb389c P 379f43c5e18e460eba4b188da30a667c reported cstate change: config changed from index 29 to 30, 22f8c7f1a8944ffe9dad3557d01eac19 (127.4.225.133) changed from NON_VOTER to VOTER. New cstate: current_term: 1 leader_uuid: "379f43c5e18e460eba4b188da30a667c" committed_config { opid_index: 30 OBSOLETE_local: false peers { permanent_uuid: "379f43c5e18e460eba4b188da30a667c" member_type: VOTER last_known_addr { host: "127.4.225.129" port: 45137 } health_report { overall_health: HEALTHY } } peers { permanent_uuid: "7cb37529147f4d6aae49234839d66f2f" member_type: VOTER last_known_addr { host: "127.4.225.130" port: 43129 } health_report { overall_health: HEALTHY } } peers { permanent_uuid: "55b62072d5cd4fde89199ec64d7c9620" member_type: VOTER last_known_addr { host: "127.4.225.131" port: 41545 } attrs { replace: true } health_report { overall_health: HEALTHY } } peers { permanent_uuid: "22f8c7f1a8944ffe9dad3557d01eac19" member_type: VOTER last_known_addr { host: "127.4.225.133" port: 36467 } attrs { promote: false } health_report { overall_health: UNKNOWN } } }
I20260601 13:37:40.107846  9586 raft_consensus.cc:2955] T c1592c372edc4f8f94db69ca79bb389c P 55b62072d5cd4fde89199ec64d7c9620 [term 1 FOLLOWER]: Committing config change with OpId 1.30: config changed from index 29 to 30, 22f8c7f1a8944ffe9dad3557d01eac19 (127.4.225.133) changed from NON_VOTER to VOTER. New config: { opid_index: 30 OBSOLETE_local: false peers { permanent_uuid: "379f43c5e18e460eba4b188da30a667c" member_type: VOTER last_known_addr { host: "127.4.225.129" port: 45137 } } peers { permanent_uuid: "7cb37529147f4d6aae49234839d66f2f" member_type: VOTER last_known_addr { host: "127.4.225.130" port: 43129 } } peers { permanent_uuid: "55b62072d5cd4fde89199ec64d7c9620" member_type: VOTER last_known_addr { host: "127.4.225.131" port: 41545 } attrs { replace: true } } peers { permanent_uuid: "22f8c7f1a8944ffe9dad3557d01eac19" member_type: VOTER last_known_addr { host: "127.4.225.133" port: 36467 } attrs { promote: false } } }
I20260601 13:37:40.110317  9905 raft_consensus.cc:2955] T c1592c372edc4f8f94db69ca79bb389c P 22f8c7f1a8944ffe9dad3557d01eac19 [term 1 FOLLOWER]: Committing config change with OpId 1.30: config changed from index 29 to 30, 22f8c7f1a8944ffe9dad3557d01eac19 (127.4.225.133) changed from NON_VOTER to VOTER. New config: { opid_index: 30 OBSOLETE_local: false peers { permanent_uuid: "379f43c5e18e460eba4b188da30a667c" member_type: VOTER last_known_addr { host: "127.4.225.129" port: 45137 } } peers { permanent_uuid: "7cb37529147f4d6aae49234839d66f2f" member_type: VOTER last_known_addr { host: "127.4.225.130" port: 43129 } } peers { permanent_uuid: "55b62072d5cd4fde89199ec64d7c9620" member_type: VOTER last_known_addr { host: "127.4.225.131" port: 41545 } attrs { replace: true } } peers { permanent_uuid: "22f8c7f1a8944ffe9dad3557d01eac19" member_type: VOTER last_known_addr { host: "127.4.225.133" port: 36467 } attrs { promote: false } } }
I20260601 13:37:40.113895  9433 consensus_queue.cc:237] T c1592c372edc4f8f94db69ca79bb389c P 379f43c5e18e460eba4b188da30a667c [LEADER]: Queue going to LEADER mode. State: All replicated index: 0, Majority replicated index: 30, Committed index: 30, Last appended: 1.30, Last appended by leader: 0, Current term: 1, Majority size: 2, State: 0, Mode: LEADER, active raft config: opid_index: 31 OBSOLETE_local: false peers { permanent_uuid: "379f43c5e18e460eba4b188da30a667c" member_type: VOTER last_known_addr { host: "127.4.225.129" port: 45137 } } peers { permanent_uuid: "7cb37529147f4d6aae49234839d66f2f" member_type: VOTER last_known_addr { host: "127.4.225.130" port: 43129 } } peers { permanent_uuid: "22f8c7f1a8944ffe9dad3557d01eac19" member_type: VOTER last_known_addr { host: "127.4.225.133" port: 36467 } attrs { promote: false } }
I20260601 13:37:40.115660  9905 raft_consensus.cc:1275] T c1592c372edc4f8f94db69ca79bb389c P 22f8c7f1a8944ffe9dad3557d01eac19 [term 1 FOLLOWER]: Refusing update from remote peer 379f43c5e18e460eba4b188da30a667c: Log matching property violated. Preceding OpId in replica: term: 1 index: 30. Preceding OpId from leader: term: 1 index: 31. (index mismatch)
I20260601 13:37:40.115660  9507 raft_consensus.cc:1275] T c1592c372edc4f8f94db69ca79bb389c P 7cb37529147f4d6aae49234839d66f2f [term 1 FOLLOWER]: Refusing update from remote peer 379f43c5e18e460eba4b188da30a667c: Log matching property violated. Preceding OpId in replica: term: 1 index: 30. Preceding OpId from leader: term: 1 index: 31. (index mismatch)
I20260601 13:37:40.116204 10095 consensus_queue.cc:1048] T c1592c372edc4f8f94db69ca79bb389c P 379f43c5e18e460eba4b188da30a667c [LEADER]: Connected to new peer: Peer: permanent_uuid: "7cb37529147f4d6aae49234839d66f2f" member_type: VOTER last_known_addr { host: "127.4.225.130" port: 43129 }, Status: LMP_MISMATCH, Last received: 0.0, Next index: 31, Last known committed idx: 30, Time since last communication: 0.000s
I20260601 13:37:40.116436 10091 consensus_queue.cc:1048] T c1592c372edc4f8f94db69ca79bb389c P 379f43c5e18e460eba4b188da30a667c [LEADER]: Connected to new peer: Peer: permanent_uuid: "22f8c7f1a8944ffe9dad3557d01eac19" member_type: VOTER last_known_addr { host: "127.4.225.133" port: 36467 } attrs { promote: false }, Status: LMP_MISMATCH, Last received: 0.0, Next index: 31, Last known committed idx: 30, Time since last communication: 0.000s
I20260601 13:37:40.118942  9776 raft_consensus.cc:1064] T 644ec6c19a0e41f8b6d37fd8c65bdfb2 P 7cb37529147f4d6aae49234839d66f2f: attempting to promote NON_VOTER e74700c5e0d74c0484c30db3f36f396a to VOTER
I20260601 13:37:40.119387  9776 consensus_queue.cc:237] T 644ec6c19a0e41f8b6d37fd8c65bdfb2 P 7cb37529147f4d6aae49234839d66f2f [LEADER]: Queue going to LEADER mode. State: All replicated index: 0, Majority replicated index: 28, Committed index: 28, Last appended: 1.28, Last appended by leader: 0, Current term: 1, Majority size: 3, State: 0, Mode: LEADER, active raft config: opid_index: 29 OBSOLETE_local: false peers { permanent_uuid: "379f43c5e18e460eba4b188da30a667c" member_type: VOTER last_known_addr { host: "127.4.225.129" port: 45137 } attrs { replace: true } } peers { permanent_uuid: "7cb37529147f4d6aae49234839d66f2f" member_type: VOTER last_known_addr { host: "127.4.225.130" port: 43129 } } peers { permanent_uuid: "55b62072d5cd4fde89199ec64d7c9620" member_type: VOTER last_known_addr { host: "127.4.225.131" port: 41545 } } peers { permanent_uuid: "e74700c5e0d74c0484c30db3f36f396a" member_type: VOTER last_known_addr { host: "127.4.225.134" port: 46591 } attrs { promote: false } }
I20260601 13:37:40.119755 10088 raft_consensus.cc:2955] T c1592c372edc4f8f94db69ca79bb389c P 379f43c5e18e460eba4b188da30a667c [term 1 LEADER]: Committing config change with OpId 1.31: config changed from index 30 to 31, VOTER 55b62072d5cd4fde89199ec64d7c9620 (127.4.225.131) evicted. New config: { opid_index: 31 OBSOLETE_local: false peers { permanent_uuid: "379f43c5e18e460eba4b188da30a667c" member_type: VOTER last_known_addr { host: "127.4.225.129" port: 45137 } } peers { permanent_uuid: "7cb37529147f4d6aae49234839d66f2f" member_type: VOTER last_known_addr { host: "127.4.225.130" port: 43129 } } peers { permanent_uuid: "22f8c7f1a8944ffe9dad3557d01eac19" member_type: VOTER last_known_addr { host: "127.4.225.133" port: 36467 } attrs { promote: false } } }
I20260601 13:37:40.120183  9905 raft_consensus.cc:2955] T c1592c372edc4f8f94db69ca79bb389c P 22f8c7f1a8944ffe9dad3557d01eac19 [term 1 FOLLOWER]: Committing config change with OpId 1.31: config changed from index 30 to 31, VOTER 55b62072d5cd4fde89199ec64d7c9620 (127.4.225.131) evicted. New config: { opid_index: 31 OBSOLETE_local: false peers { permanent_uuid: "379f43c5e18e460eba4b188da30a667c" member_type: VOTER last_known_addr { host: "127.4.225.129" port: 45137 } } peers { permanent_uuid: "7cb37529147f4d6aae49234839d66f2f" member_type: VOTER last_known_addr { host: "127.4.225.130" port: 43129 } } peers { permanent_uuid: "22f8c7f1a8944ffe9dad3557d01eac19" member_type: VOTER last_known_addr { host: "127.4.225.133" port: 36467 } attrs { promote: false } } }
I20260601 13:37:40.120893  9427 raft_consensus.cc:1275] T 644ec6c19a0e41f8b6d37fd8c65bdfb2 P 379f43c5e18e460eba4b188da30a667c [term 1 FOLLOWER]: Refusing update from remote peer 7cb37529147f4d6aae49234839d66f2f: Log matching property violated. Preceding OpId in replica: term: 1 index: 28. Preceding OpId from leader: term: 1 index: 29. (index mismatch)
I20260601 13:37:40.121273  9980 raft_consensus.cc:1275] T 644ec6c19a0e41f8b6d37fd8c65bdfb2 P e74700c5e0d74c0484c30db3f36f396a [term 1 LEARNER]: Refusing update from remote peer 7cb37529147f4d6aae49234839d66f2f: Log matching property violated. Preceding OpId in replica: term: 1 index: 28. Preceding OpId from leader: term: 1 index: 29. (index mismatch)
I20260601 13:37:40.121456 10073 consensus_queue.cc:1048] T 644ec6c19a0e41f8b6d37fd8c65bdfb2 P 7cb37529147f4d6aae49234839d66f2f [LEADER]: Connected to new peer: Peer: permanent_uuid: "379f43c5e18e460eba4b188da30a667c" member_type: VOTER last_known_addr { host: "127.4.225.129" port: 45137 } attrs { replace: true }, Status: LMP_MISMATCH, Last received: 0.0, Next index: 29, Last known committed idx: 28, Time since last communication: 0.000s
I20260601 13:37:40.121462  9507 raft_consensus.cc:2955] T c1592c372edc4f8f94db69ca79bb389c P 7cb37529147f4d6aae49234839d66f2f [term 1 FOLLOWER]: Committing config change with OpId 1.31: config changed from index 30 to 31, VOTER 55b62072d5cd4fde89199ec64d7c9620 (127.4.225.131) evicted. New config: { opid_index: 31 OBSOLETE_local: false peers { permanent_uuid: "379f43c5e18e460eba4b188da30a667c" member_type: VOTER last_known_addr { host: "127.4.225.129" port: 45137 } } peers { permanent_uuid: "7cb37529147f4d6aae49234839d66f2f" member_type: VOTER last_known_addr { host: "127.4.225.130" port: 43129 } } peers { permanent_uuid: "22f8c7f1a8944ffe9dad3557d01eac19" member_type: VOTER last_known_addr { host: "127.4.225.133" port: 36467 } attrs { promote: false } } }
I20260601 13:37:40.122244 10073 consensus_queue.cc:1048] T 644ec6c19a0e41f8b6d37fd8c65bdfb2 P 7cb37529147f4d6aae49234839d66f2f [LEADER]: Connected to new peer: Peer: permanent_uuid: "e74700c5e0d74c0484c30db3f36f396a" member_type: VOTER last_known_addr { host: "127.4.225.134" port: 46591 } attrs { promote: false }, Status: LMP_MISMATCH, Last received: 0.0, Next index: 29, Last known committed idx: 28, Time since last communication: 0.000s
I20260601 13:37:40.123822  9332 catalog_manager.cc:5696] T c1592c372edc4f8f94db69ca79bb389c P 22f8c7f1a8944ffe9dad3557d01eac19 reported cstate change: config changed from index 30 to 31, VOTER 55b62072d5cd4fde89199ec64d7c9620 (127.4.225.131) evicted. New cstate: current_term: 1 leader_uuid: "379f43c5e18e460eba4b188da30a667c" committed_config { opid_index: 31 OBSOLETE_local: false peers { permanent_uuid: "379f43c5e18e460eba4b188da30a667c" member_type: VOTER last_known_addr { host: "127.4.225.129" port: 45137 } } peers { permanent_uuid: "7cb37529147f4d6aae49234839d66f2f" member_type: VOTER last_known_addr { host: "127.4.225.130" port: 43129 } } peers { permanent_uuid: "22f8c7f1a8944ffe9dad3557d01eac19" member_type: VOTER last_known_addr { host: "127.4.225.133" port: 36467 } attrs { promote: false } } }
I20260601 13:37:40.124066  9586 raft_consensus.cc:1275] T 644ec6c19a0e41f8b6d37fd8c65bdfb2 P 55b62072d5cd4fde89199ec64d7c9620 [term 1 FOLLOWER]: Refusing update from remote peer 7cb37529147f4d6aae49234839d66f2f: Log matching property violated. Preceding OpId in replica: term: 1 index: 28. Preceding OpId from leader: term: 1 index: 29. (index mismatch)
I20260601 13:37:40.124518 10073 consensus_queue.cc:1048] T 644ec6c19a0e41f8b6d37fd8c65bdfb2 P 7cb37529147f4d6aae49234839d66f2f [LEADER]: Connected to new peer: Peer: permanent_uuid: "55b62072d5cd4fde89199ec64d7c9620" member_type: VOTER last_known_addr { host: "127.4.225.131" port: 41545 }, Status: LMP_MISMATCH, Last received: 0.0, Next index: 29, Last known committed idx: 28, Time since last communication: 0.000s
I20260601 13:37:40.126935  9318 catalog_manager.cc:5209] ChangeConfig:REMOVE_PEER RPC for tablet c1592c372edc4f8f94db69ca79bb389c with cas_config_opid_index 30: ChangeConfig:REMOVE_PEER succeeded (attempt 1)
I20260601 13:37:40.127733 10073 raft_consensus.cc:2955] T 644ec6c19a0e41f8b6d37fd8c65bdfb2 P 7cb37529147f4d6aae49234839d66f2f [term 1 LEADER]: Committing config change with OpId 1.29: config changed from index 28 to 29, e74700c5e0d74c0484c30db3f36f396a (127.4.225.134) changed from NON_VOTER to VOTER. New config: { opid_index: 29 OBSOLETE_local: false peers { permanent_uuid: "379f43c5e18e460eba4b188da30a667c" member_type: VOTER last_known_addr { host: "127.4.225.129" port: 45137 } attrs { replace: true } } peers { permanent_uuid: "7cb37529147f4d6aae49234839d66f2f" member_type: VOTER last_known_addr { host: "127.4.225.130" port: 43129 } } peers { permanent_uuid: "55b62072d5cd4fde89199ec64d7c9620" member_type: VOTER last_known_addr { host: "127.4.225.131" port: 41545 } } peers { permanent_uuid: "e74700c5e0d74c0484c30db3f36f396a" member_type: VOTER last_known_addr { host: "127.4.225.134" port: 46591 } attrs { promote: false } } }
I20260601 13:37:40.127991  9571 tablet_service.cc:1558] Processing DeleteTablet for tablet c1592c372edc4f8f94db69ca79bb389c with delete_type TABLET_DATA_TOMBSTONED (TS 55b62072d5cd4fde89199ec64d7c9620 not found in new config with opid_index 31) from {username='slave'} at 127.0.0.1:51696
I20260601 13:37:40.128209 10078 tablet_replica.cc:333] T c1592c372edc4f8f94db69ca79bb389c P 55b62072d5cd4fde89199ec64d7c9620: stopping tablet replica
I20260601 13:37:40.128346 10078 raft_consensus.cc:2243] T c1592c372edc4f8f94db69ca79bb389c P 55b62072d5cd4fde89199ec64d7c9620 [term 1 FOLLOWER]: Raft consensus shutting down.
I20260601 13:37:40.128481 10078 raft_consensus.cc:2272] T c1592c372edc4f8f94db69ca79bb389c P 55b62072d5cd4fde89199ec64d7c9620 [term 1 FOLLOWER]: Raft consensus is shut down!
I20260601 13:37:40.129218 10078 ts_tablet_manager.cc:1916] T c1592c372edc4f8f94db69ca79bb389c P 55b62072d5cd4fde89199ec64d7c9620: Deleting tablet data with delete state TABLET_DATA_TOMBSTONED
I20260601 13:37:40.131013  9433 raft_consensus.cc:2955] T 644ec6c19a0e41f8b6d37fd8c65bdfb2 P 379f43c5e18e460eba4b188da30a667c [term 1 FOLLOWER]: Committing config change with OpId 1.29: config changed from index 28 to 29, e74700c5e0d74c0484c30db3f36f396a (127.4.225.134) changed from NON_VOTER to VOTER. New config: { opid_index: 29 OBSOLETE_local: false peers { permanent_uuid: "379f43c5e18e460eba4b188da30a667c" member_type: VOTER last_known_addr { host: "127.4.225.129" port: 45137 } attrs { replace: true } } peers { permanent_uuid: "7cb37529147f4d6aae49234839d66f2f" member_type: VOTER last_known_addr { host: "127.4.225.130" port: 43129 } } peers { permanent_uuid: "55b62072d5cd4fde89199ec64d7c9620" member_type: VOTER last_known_addr { host: "127.4.225.131" port: 41545 } } peers { permanent_uuid: "e74700c5e0d74c0484c30db3f36f396a" member_type: VOTER last_known_addr { host: "127.4.225.134" port: 46591 } attrs { promote: false } } }
I20260601 13:37:40.131841 10078 ts_tablet_manager.cc:1929] T c1592c372edc4f8f94db69ca79bb389c P 55b62072d5cd4fde89199ec64d7c9620: tablet deleted with delete type TABLET_DATA_TOMBSTONED: last-logged OpId 1.30
I20260601 13:37:40.131903 10078 log.cc:1199] T c1592c372edc4f8f94db69ca79bb389c P 55b62072d5cd4fde89199ec64d7c9620: Deleting WAL directory at /tmp/dist-test-taskbv741y/test-tmp/auto_rebalancer-test.0.AutoRebalancerTest.TestMaxMovesPerServer.1780320952450398-4998-0/minicluster-data/ts-2-root/wals/c1592c372edc4f8f94db69ca79bb389c
I20260601 13:37:40.132436  9316 catalog_manager.cc:5027] TS 55b62072d5cd4fde89199ec64d7c9620 (127.4.225.131:41545): tablet c1592c372edc4f8f94db69ca79bb389c (table test-workload [id=ee924434f89043b0b8ef1a5d6ed6d4db]) successfully deleted
I20260601 13:37:40.132843  9325 catalog_manager.cc:5696] T 644ec6c19a0e41f8b6d37fd8c65bdfb2 P 7cb37529147f4d6aae49234839d66f2f reported cstate change: config changed from index 28 to 29, e74700c5e0d74c0484c30db3f36f396a (127.4.225.134) changed from NON_VOTER to VOTER. New cstate: current_term: 1 leader_uuid: "7cb37529147f4d6aae49234839d66f2f" committed_config { opid_index: 29 OBSOLETE_local: false peers { permanent_uuid: "379f43c5e18e460eba4b188da30a667c" member_type: VOTER last_known_addr { host: "127.4.225.129" port: 45137 } attrs { replace: true } health_report { overall_health: HEALTHY } } peers { permanent_uuid: "7cb37529147f4d6aae49234839d66f2f" member_type: VOTER last_known_addr { host: "127.4.225.130" port: 43129 } health_report { overall_health: HEALTHY } } peers { permanent_uuid: "55b62072d5cd4fde89199ec64d7c9620" member_type: VOTER last_known_addr { host: "127.4.225.131" port: 41545 } health_report { overall_health: UNKNOWN } } peers { permanent_uuid: "e74700c5e0d74c0484c30db3f36f396a" member_type: VOTER last_known_addr { host: "127.4.225.134" port: 46591 } attrs { promote: false } health_report { overall_health: UNKNOWN } } }
I20260601 13:37:40.134439  9980 raft_consensus.cc:2955] T 644ec6c19a0e41f8b6d37fd8c65bdfb2 P e74700c5e0d74c0484c30db3f36f396a [term 1 FOLLOWER]: Committing config change with OpId 1.29: config changed from index 28 to 29, e74700c5e0d74c0484c30db3f36f396a (127.4.225.134) changed from NON_VOTER to VOTER. New config: { opid_index: 29 OBSOLETE_local: false peers { permanent_uuid: "379f43c5e18e460eba4b188da30a667c" member_type: VOTER last_known_addr { host: "127.4.225.129" port: 45137 } attrs { replace: true } } peers { permanent_uuid: "7cb37529147f4d6aae49234839d66f2f" member_type: VOTER last_known_addr { host: "127.4.225.130" port: 43129 } } peers { permanent_uuid: "55b62072d5cd4fde89199ec64d7c9620" member_type: VOTER last_known_addr { host: "127.4.225.131" port: 41545 } } peers { permanent_uuid: "e74700c5e0d74c0484c30db3f36f396a" member_type: VOTER last_known_addr { host: "127.4.225.134" port: 46591 } attrs { promote: false } } }
I20260601 13:37:40.138001  9586 raft_consensus.cc:2955] T 644ec6c19a0e41f8b6d37fd8c65bdfb2 P 55b62072d5cd4fde89199ec64d7c9620 [term 1 FOLLOWER]: Committing config change with OpId 1.29: config changed from index 28 to 29, e74700c5e0d74c0484c30db3f36f396a (127.4.225.134) changed from NON_VOTER to VOTER. New config: { opid_index: 29 OBSOLETE_local: false peers { permanent_uuid: "379f43c5e18e460eba4b188da30a667c" member_type: VOTER last_known_addr { host: "127.4.225.129" port: 45137 } attrs { replace: true } } peers { permanent_uuid: "7cb37529147f4d6aae49234839d66f2f" member_type: VOTER last_known_addr { host: "127.4.225.130" port: 43129 } } peers { permanent_uuid: "55b62072d5cd4fde89199ec64d7c9620" member_type: VOTER last_known_addr { host: "127.4.225.131" port: 41545 } } peers { permanent_uuid: "e74700c5e0d74c0484c30db3f36f396a" member_type: VOTER last_known_addr { host: "127.4.225.134" port: 46591 } attrs { promote: false } } }
W20260601 13:37:40.141033 10097 consensus_queue.cc:1175] T 644ec6c19a0e41f8b6d37fd8c65bdfb2 P 7cb37529147f4d6aae49234839d66f2f [LEADER]: Queue is closed or peer was untracked, disregarding peer response. Response: responder_uuid: "55b62072d5cd4fde89199ec64d7c9620" responder_term: 1 status { last_received { term: 1 index: 29 } last_committed_idx: 29 last_received_current_leader { term: 1 index: 29 } }
I20260601 13:37:40.141340  9507 consensus_queue.cc:237] T 644ec6c19a0e41f8b6d37fd8c65bdfb2 P 7cb37529147f4d6aae49234839d66f2f [LEADER]: Queue going to LEADER mode. State: All replicated index: 0, Majority replicated index: 29, Committed index: 29, Last appended: 1.29, Last appended by leader: 0, Current term: 1, Majority size: 2, State: 0, Mode: LEADER, active raft config: opid_index: 30 OBSOLETE_local: false peers { permanent_uuid: "7cb37529147f4d6aae49234839d66f2f" member_type: VOTER last_known_addr { host: "127.4.225.130" port: 43129 } } peers { permanent_uuid: "55b62072d5cd4fde89199ec64d7c9620" member_type: VOTER last_known_addr { host: "127.4.225.131" port: 41545 } } peers { permanent_uuid: "e74700c5e0d74c0484c30db3f36f396a" member_type: VOTER last_known_addr { host: "127.4.225.134" port: 46591 } attrs { promote: false } }
I20260601 13:37:40.142653  9980 raft_consensus.cc:1275] T 644ec6c19a0e41f8b6d37fd8c65bdfb2 P e74700c5e0d74c0484c30db3f36f396a [term 1 FOLLOWER]: Refusing update from remote peer 7cb37529147f4d6aae49234839d66f2f: Log matching property violated. Preceding OpId in replica: term: 1 index: 29. Preceding OpId from leader: term: 1 index: 30. (index mismatch)
I20260601 13:37:40.142736  9586 raft_consensus.cc:1275] T 644ec6c19a0e41f8b6d37fd8c65bdfb2 P 55b62072d5cd4fde89199ec64d7c9620 [term 1 FOLLOWER]: Refusing update from remote peer 7cb37529147f4d6aae49234839d66f2f: Log matching property violated. Preceding OpId in replica: term: 1 index: 29. Preceding OpId from leader: term: 1 index: 30. (index mismatch)
