I20260601 13:37:43.217262 30794 consensus_queue.cc:1048] T 1818820279644f579b0ab9184cdde901 P 982dbe4b03bb49f39681db1f8cd722b1 [LEADER]: Connected to new peer: Peer: permanent_uuid: "1d7be46e540543afb734dcf6cdcb7b06" member_type: VOTER last_known_addr { host: "127.25.139.66" port: 33759 }, Status: LMP_MISMATCH, Last received: 0.0, Next index: 1, Last known committed idx: 0, Time since last communication: 0.000s
I20260601 13:37:43.217394 30828 consensus_queue.cc:1048] T 98a6f1167b4c4364be09f9663d817fab P 5a0d7f143f9141cf8d950919dd3c7c89 [LEADER]: Connected to new peer: Peer: permanent_uuid: "1d7be46e540543afb734dcf6cdcb7b06" member_type: VOTER last_known_addr { host: "127.25.139.66" port: 33759 }, Status: LMP_MISMATCH, Last received: 0.0, Next index: 1, Last known committed idx: 0, Time since last communication: 0.000s
I20260601 13:37:43.217629 30828 consensus_queue.cc:1048] T abdae33a11da495cbea96d519669306f P 5a0d7f143f9141cf8d950919dd3c7c89 [LEADER]: Connected to new peer: Peer: permanent_uuid: "1d7be46e540543afb734dcf6cdcb7b06" member_type: VOTER last_known_addr { host: "127.25.139.66" port: 33759 }, Status: LMP_MISMATCH, Last received: 0.0, Next index: 1, Last known committed idx: 0, Time since last communication: 0.000s
I20260601 13:37:43.217935 30828 consensus_queue.cc:1048] T b307ae0e548e4a528462987595a4872d P 5a0d7f143f9141cf8d950919dd3c7c89 [LEADER]: Connected to new peer: Peer: permanent_uuid: "1d7be46e540543afb734dcf6cdcb7b06" member_type: VOTER last_known_addr { host: "127.25.139.66" port: 33759 }, Status: LMP_MISMATCH, Last received: 0.0, Next index: 1, Last known committed idx: 0, Time since last communication: 0.000s
I20260601 13:37:43.218144 30794 consensus_queue.cc:1048] T 562e23db78d1480a859957ad3ff9f0b6 P 982dbe4b03bb49f39681db1f8cd722b1 [LEADER]: Connected to new peer: Peer: permanent_uuid: "5a0d7f143f9141cf8d950919dd3c7c89" member_type: VOTER last_known_addr { host: "127.25.139.67" port: 36383 }, Status: LMP_MISMATCH, Last received: 0.0, Next index: 1, Last known committed idx: 0, Time since last communication: 0.000s
I20260601 13:37:43.220985 30664 raft_consensus.cc:1275] T 562e23db78d1480a859957ad3ff9f0b6 P 1d7be46e540543afb734dcf6cdcb7b06 [term 1 FOLLOWER]: Refusing update from remote peer 982dbe4b03bb49f39681db1f8cd722b1: Log matching property violated. Preceding OpId in replica: term: 0 index: 0. Preceding OpId from leader: term: 1 index: 2. (index mismatch)
I20260601 13:37:43.221755 30739 raft_consensus.cc:1275] T 91ece62195c54d40ab8f1940e8491b72 P 5a0d7f143f9141cf8d950919dd3c7c89 [term 1 FOLLOWER]: Refusing update from remote peer 1d7be46e540543afb734dcf6cdcb7b06: Log matching property violated. Preceding OpId in replica: term: 0 index: 0. Preceding OpId from leader: term: 1 index: 2. (index mismatch)
I20260601 13:37:43.222640 30790 consensus_queue.cc:1048] T 91ece62195c54d40ab8f1940e8491b72 P 1d7be46e540543afb734dcf6cdcb7b06 [LEADER]: Connected to new peer: Peer: permanent_uuid: "5a0d7f143f9141cf8d950919dd3c7c89" member_type: VOTER last_known_addr { host: "127.25.139.67" port: 36383 }, Status: LMP_MISMATCH, Last received: 0.0, Next index: 1, Last known committed idx: 0, Time since last communication: 0.000s
I20260601 13:37:43.223850 30736 raft_consensus.cc:1275] T 2b75cce3fbfb4bdd8cceab9eaec10c38 P 5a0d7f143f9141cf8d950919dd3c7c89 [term 1 FOLLOWER]: Refusing update from remote peer 1d7be46e540543afb734dcf6cdcb7b06: Log matching property violated. Preceding OpId in replica: term: 0 index: 0. Preceding OpId from leader: term: 1 index: 2. (index mismatch)
I20260601 13:37:43.224221 30790 consensus_queue.cc:1048] T 2b75cce3fbfb4bdd8cceab9eaec10c38 P 1d7be46e540543afb734dcf6cdcb7b06 [LEADER]: Connected to new peer: Peer: permanent_uuid: "5a0d7f143f9141cf8d950919dd3c7c89" member_type: VOTER last_known_addr { host: "127.25.139.67" port: 36383 }, Status: LMP_MISMATCH, Last received: 0.0, Next index: 1, Last known committed idx: 0, Time since last communication: 0.000s
I20260601 13:37:43.225899 30797 consensus_queue.cc:1048] T abdae33a11da495cbea96d519669306f P 5a0d7f143f9141cf8d950919dd3c7c89 [LEADER]: Connected to new peer: Peer: permanent_uuid: "982dbe4b03bb49f39681db1f8cd722b1" member_type: VOTER last_known_addr { host: "127.25.139.65" port: 42345 }, Status: LMP_MISMATCH, Last received: 0.0, Next index: 1, Last known committed idx: 0, Time since last communication: 0.000s
I20260601 13:37:43.225921 30828 consensus_queue.cc:1048] T b307ae0e548e4a528462987595a4872d P 5a0d7f143f9141cf8d950919dd3c7c89 [LEADER]: Connected to new peer: Peer: permanent_uuid: "982dbe4b03bb49f39681db1f8cd722b1" member_type: VOTER last_known_addr { host: "127.25.139.65" port: 42345 }, Status: LMP_MISMATCH, Last received: 0.0, Next index: 1, Last known committed idx: 0, Time since last communication: 0.000s
I20260601 13:37:43.235365 30833 consensus_queue.cc:1048] T 562e23db78d1480a859957ad3ff9f0b6 P 982dbe4b03bb49f39681db1f8cd722b1 [LEADER]: Connected to new peer: Peer: permanent_uuid: "1d7be46e540543afb734dcf6cdcb7b06" member_type: VOTER last_known_addr { host: "127.25.139.66" port: 33759 }, Status: LMP_MISMATCH, Last received: 0.0, Next index: 1, Last known committed idx: 0, Time since last communication: 0.000s
I20260601 13:37:43.235496 30863 mvcc.cc:204] Tried to move back new op lower bound from 7292195074895101952 to 7292195074445099008. Current Snapshot: MvccSnapshot[applied={T|T < 7292195074873024512}]
I20260601 13:37:43.236967 30584 raft_consensus.cc:1275] T 2b75cce3fbfb4bdd8cceab9eaec10c38 P 982dbe4b03bb49f39681db1f8cd722b1 [term 1 FOLLOWER]: Refusing update from remote peer 1d7be46e540543afb734dcf6cdcb7b06: Log matching property violated. Preceding OpId in replica: term: 0 index: 0. Preceding OpId from leader: term: 1 index: 2. (index mismatch)
I20260601 13:37:43.237323 30589 raft_consensus.cc:1275] T 91ece62195c54d40ab8f1940e8491b72 P 982dbe4b03bb49f39681db1f8cd722b1 [term 1 FOLLOWER]: Refusing update from remote peer 1d7be46e540543afb734dcf6cdcb7b06: Log matching property violated. Preceding OpId in replica: term: 0 index: 0. Preceding OpId from leader: term: 1 index: 2. (index mismatch)
I20260601 13:37:43.241597 30818 consensus_queue.cc:1048] T 2b75cce3fbfb4bdd8cceab9eaec10c38 P 1d7be46e540543afb734dcf6cdcb7b06 [LEADER]: Connected to new peer: Peer: permanent_uuid: "982dbe4b03bb49f39681db1f8cd722b1" member_type: VOTER last_known_addr { host: "127.25.139.65" port: 42345 }, Status: LMP_MISMATCH, Last received: 0.0, Next index: 1, Last known committed idx: 0, Time since last communication: 0.000s
I20260601 13:37:43.242020 30818 consensus_queue.cc:1048] T 91ece62195c54d40ab8f1940e8491b72 P 1d7be46e540543afb734dcf6cdcb7b06 [LEADER]: Connected to new peer: Peer: permanent_uuid: "982dbe4b03bb49f39681db1f8cd722b1" member_type: VOTER last_known_addr { host: "127.25.139.65" port: 42345 }, Status: LMP_MISMATCH, Last received: 0.0, Next index: 1, Last known committed idx: 0, Time since last communication: 0.000s
I20260601 13:37:43.257154 30866 mvcc.cc:204] Tried to move back new op lower bound from 7292195074908901376 to 7292195073791684608. Current Snapshot: MvccSnapshot[applied={T|T < 7292195074885246976}]
I20260601 13:37:43.271667 30898 mvcc.cc:204] Tried to move back new op lower bound from 7292195074959867904 to 7292195073581531136. Current Snapshot: MvccSnapshot[applied={T|T < 7292195074959867904}]
I20260601 13:37:43.831252 26157 file_cache.cc:492] Constructed file cache file cache with capacity 419430
W20260601 13:37:43.833562 30940 instance_detector.cc:116] could not retrieve AWS instance metadata: Network error: curl error: HTTP response code said error: The requested URL returned error: 404
I20260601 13:37:43.834240 26157 server_base.cc:1061] running on GCE node
W20260601 13:37:43.834281 30943 instance_detector.cc:116] could not retrieve OpenStack instance metadata: Network error: curl error: HTTP response code said error: The requested URL returned error: 404
W20260601 13:37:43.836700 30941 instance_detector.cc:116] could not retrieve Azure instance metadata: Network error: curl error: HTTP response code said error: The requested URL returned error: 404
I20260601 13:37:43.837221 26157 hybrid_clock.cc:584] initializing the hybrid clock with 'system_unsync' time source
W20260601 13:37:43.837320 26157 system_unsync_time.cc:38] NTP support is disabled. Clock error bounds will not be accurate. This configuration is not suitable for distributed clusters.
I20260601 13:37:43.837352 26157 hybrid_clock.cc:648] HybridClock initialized: now 1780321063837351 us; error 0 us; skew 500 ppm
I20260601 13:37:43.838667 26157 webserver.cc:533] Webserver started at http://127.25.139.68:35371/ using document root <none> and password file <none>
I20260601 13:37:43.838850 26157 fs_manager.cc:362] Metadata directory not provided
I20260601 13:37:43.838917 26157 fs_manager.cc:368] Using write-ahead log directory (fs_wal_dir) as metadata directory
I20260601 13:37:43.838984 26157 server_base.cc:909] This appears to be a new deployment of Kudu; creating new FS layout
I20260601 13:37:43.839382 26157 fs_manager.cc:1068] Generated new instance metadata in path /tmp/dist-test-task4ROTyX/test-tmp/auto_rebalancer-test.0.AutoRebalancerTest.TestMaxMovesPerServer.1780320960707634-26157-0/minicluster-data/ts-3-root/instance:
uuid: "c3e72e8bdd574d188b492694fd1afafa"
format_stamp: "Formatted at 2026-06-01 13:37:43 on dist-test-slave-jg4h"
I20260601 13:37:43.841446 26157 fs_manager.cc:696] Time spent creating directory manager: real 0.002s	user 0.002s	sys 0.000s
I20260601 13:37:43.842993 30948 log_block_manager.cc:4031] Time spent loading block containers with low live blocks: real 0.000s	user 0.000s	sys 0.000s
I20260601 13:37:43.843351 26157 fs_manager.cc:730] Time spent opening block manager: real 0.001s	user 0.001s	sys 0.000s
I20260601 13:37:43.843451 26157 fs_manager.cc:647] Opened local filesystem: /tmp/dist-test-task4ROTyX/test-tmp/auto_rebalancer-test.0.AutoRebalancerTest.TestMaxMovesPerServer.1780320960707634-26157-0/minicluster-data/ts-3-root
uuid: "c3e72e8bdd574d188b492694fd1afafa"
format_stamp: "Formatted at 2026-06-01 13:37:43 on dist-test-slave-jg4h"
I20260601 13:37:43.843549 26157 fs_report.cc:389] FS layout report
--------------------
wal directory: /tmp/dist-test-task4ROTyX/test-tmp/auto_rebalancer-test.0.AutoRebalancerTest.TestMaxMovesPerServer.1780320960707634-26157-0/minicluster-data/ts-3-root
metadata directory: /tmp/dist-test-task4ROTyX/test-tmp/auto_rebalancer-test.0.AutoRebalancerTest.TestMaxMovesPerServer.1780320960707634-26157-0/minicluster-data/ts-3-root
1 data directories: /tmp/dist-test-task4ROTyX/test-tmp/auto_rebalancer-test.0.AutoRebalancerTest.TestMaxMovesPerServer.1780320960707634-26157-0/minicluster-data/ts-3-root/data
Total live blocks: 0
Total live bytes: 0
Total live bytes (after alignment): 0
Total number of LBM containers: 0 (0 full)
Did not check for missing blocks
Did not check for orphaned blocks
Total full LBM containers with extra space: 0 (0 repaired)
Total full LBM container extra space in bytes: 0 (0 repaired)
Total incomplete LBM containers: 0 (0 repaired)
Total LBM partial records: 0 (0 repaired)
Total corrupted LBM metadata records in RocksDB: 0 (0 repaired)
I20260601 13:37:43.861173 26157 rpc_server.cc:225] running with OpenSSL 1.1.1  11 Sep 2018
I20260601 13:37:43.861768 26157 kserver.cc:163] Server-wide thread pool size limit: 3276
I20260601 13:37:43.862159 26157 txn_system_client.cc:432] TxnSystemClient initialization is disabled...
I20260601 13:37:43.862846 26157 ts_tablet_manager.cc:585] Loaded tablet metadata (0 total tablets, 0 live tablets)
I20260601 13:37:43.862898 26157 ts_tablet_manager.cc:531] Time spent load tablet metadata: real 0.000s	user 0.000s	sys 0.000s
I20260601 13:37:43.862958 26157 ts_tablet_manager.cc:616] Registered 0 tablets
I20260601 13:37:43.862993 26157 ts_tablet_manager.cc:595] Time spent register tablets: real 0.000s	user 0.000s	sys 0.000s
I20260601 13:37:43.869156 26157 rpc_server.cc:307] RPC server started. Bound to: 127.25.139.68:41383
I20260601 13:37:43.869230 31011 acceptor_pool.cc:272] collecting diagnostics on the listening RPC socket 127.25.139.68:41383 every 8 connection(s)
I20260601 13:37:43.870327 26157 file_cache.cc:492] Constructed file cache file cache with capacity 419430
W20260601 13:37:43.872870 31019 instance_detector.cc:116] could not retrieve OpenStack instance metadata: Network error: curl error: HTTP response code said error: The requested URL returned error: 404
W20260601 13:37:43.873555 31017 instance_detector.cc:116] could not retrieve Azure instance metadata: Network error: curl error: HTTP response code said error: The requested URL returned error: 404
I20260601 13:37:43.873522 26157 server_base.cc:1061] running on GCE node
W20260601 13:37:43.873512 31016 instance_detector.cc:116] could not retrieve AWS instance metadata: Network error: curl error: HTTP response code said error: The requested URL returned error: 404
I20260601 13:37:43.873962 26157 hybrid_clock.cc:584] initializing the hybrid clock with 'system_unsync' time source
W20260601 13:37:43.874043 26157 system_unsync_time.cc:38] NTP support is disabled. Clock error bounds will not be accurate. This configuration is not suitable for distributed clusters.
I20260601 13:37:43.874079 26157 hybrid_clock.cc:648] HybridClock initialized: now 1780321063874077 us; error 0 us; skew 500 ppm
I20260601 13:37:43.875183 26157 webserver.cc:533] Webserver started at http://127.25.139.69:44229/ using document root <none> and password file <none>
I20260601 13:37:43.875381 26157 fs_manager.cc:362] Metadata directory not provided
I20260601 13:37:43.875448 26157 fs_manager.cc:368] Using write-ahead log directory (fs_wal_dir) as metadata directory
I20260601 13:37:43.875540 26157 server_base.cc:909] This appears to be a new deployment of Kudu; creating new FS layout
I20260601 13:37:43.875689 31012 heartbeater.cc:344] Connected to a master server at 127.25.139.126:42505
I20260601 13:37:43.875806 31012 heartbeater.cc:461] Registering TS with master...
I20260601 13:37:43.876029 26157 fs_manager.cc:1068] Generated new instance metadata in path /tmp/dist-test-task4ROTyX/test-tmp/auto_rebalancer-test.0.AutoRebalancerTest.TestMaxMovesPerServer.1780320960707634-26157-0/minicluster-data/ts-4-root/instance:
uuid: "d94895271f634e0a8e46e18a57d5c994"
format_stamp: "Formatted at 2026-06-01 13:37:43 on dist-test-slave-jg4h"
I20260601 13:37:43.876156 31012 heartbeater.cc:507] Master 127.25.139.126:42505 requested a full tablet report, sending...
I20260601 13:37:43.876966 30482 ts_manager.cc:194] Registered new tserver with Master: c3e72e8bdd574d188b492694fd1afafa (127.25.139.68:41383)
I20260601 13:37:43.877770 30482 master_service.cc:502] Signed X509 certificate for tserver {username='slave'} at 127.0.0.1:36166
I20260601 13:37:43.878381 26157 fs_manager.cc:696] Time spent creating directory manager: real 0.002s	user 0.003s	sys 0.000s
I20260601 13:37:43.879662 31024 log_block_manager.cc:4031] Time spent loading block containers with low live blocks: real 0.000s	user 0.000s	sys 0.000s
I20260601 13:37:43.880005 26157 fs_manager.cc:730] Time spent opening block manager: real 0.001s	user 0.001s	sys 0.000s
I20260601 13:37:43.880085 26157 fs_manager.cc:647] Opened local filesystem: /tmp/dist-test-task4ROTyX/test-tmp/auto_rebalancer-test.0.AutoRebalancerTest.TestMaxMovesPerServer.1780320960707634-26157-0/minicluster-data/ts-4-root
uuid: "d94895271f634e0a8e46e18a57d5c994"
format_stamp: "Formatted at 2026-06-01 13:37:43 on dist-test-slave-jg4h"
I20260601 13:37:43.880194 26157 fs_report.cc:389] FS layout report
--------------------
wal directory: /tmp/dist-test-task4ROTyX/test-tmp/auto_rebalancer-test.0.AutoRebalancerTest.TestMaxMovesPerServer.1780320960707634-26157-0/minicluster-data/ts-4-root
metadata directory: /tmp/dist-test-task4ROTyX/test-tmp/auto_rebalancer-test.0.AutoRebalancerTest.TestMaxMovesPerServer.1780320960707634-26157-0/minicluster-data/ts-4-root
1 data directories: /tmp/dist-test-task4ROTyX/test-tmp/auto_rebalancer-test.0.AutoRebalancerTest.TestMaxMovesPerServer.1780320960707634-26157-0/minicluster-data/ts-4-root/data
Total live blocks: 0
Total live bytes: 0
Total live bytes (after alignment): 0
Total number of LBM containers: 0 (0 full)
Did not check for missing blocks
Did not check for orphaned blocks
Total full LBM containers with extra space: 0 (0 repaired)
Total full LBM container extra space in bytes: 0 (0 repaired)
Total incomplete LBM containers: 0 (0 repaired)
Total LBM partial records: 0 (0 repaired)
Total corrupted LBM metadata records in RocksDB: 0 (0 repaired)
I20260601 13:37:43.893831 26157 rpc_server.cc:225] running with OpenSSL 1.1.1  11 Sep 2018
I20260601 13:37:43.894399 26157 kserver.cc:163] Server-wide thread pool size limit: 3276
I20260601 13:37:43.894750 26157 txn_system_client.cc:432] TxnSystemClient initialization is disabled...
I20260601 13:37:43.895358 26157 ts_tablet_manager.cc:585] Loaded tablet metadata (0 total tablets, 0 live tablets)
I20260601 13:37:43.895401 26157 ts_tablet_manager.cc:531] Time spent load tablet metadata: real 0.000s	user 0.000s	sys 0.000s
I20260601 13:37:43.895458 26157 ts_tablet_manager.cc:616] Registered 0 tablets
I20260601 13:37:43.895509 26157 ts_tablet_manager.cc:595] Time spent register tablets: real 0.000s	user 0.000s	sys 0.000s
I20260601 13:37:43.901000 26157 rpc_server.cc:307] RPC server started. Bound to: 127.25.139.69:40883
I20260601 13:37:43.901190 31087 acceptor_pool.cc:272] collecting diagnostics on the listening RPC socket 127.25.139.69:40883 every 8 connection(s)
I20260601 13:37:43.902117 26157 file_cache.cc:492] Constructed file cache file cache with capacity 419430
W20260601 13:37:43.904791 31092 instance_detector.cc:116] could not retrieve Azure instance metadata: Network error: curl error: HTTP response code said error: The requested URL returned error: 404
W20260601 13:37:43.904791 31091 instance_detector.cc:116] could not retrieve AWS instance metadata: Network error: curl error: HTTP response code said error: The requested URL returned error: 404
W20260601 13:37:43.905333 31094 instance_detector.cc:116] could not retrieve OpenStack instance metadata: Network error: curl error: HTTP response code said error: The requested URL returned error: 404
I20260601 13:37:43.906015 26157 server_base.cc:1061] running on GCE node
I20260601 13:37:43.906303 26157 hybrid_clock.cc:584] initializing the hybrid clock with 'system_unsync' time source
W20260601 13:37:43.906350 26157 system_unsync_time.cc:38] NTP support is disabled. Clock error bounds will not be accurate. This configuration is not suitable for distributed clusters.
I20260601 13:37:43.906370 26157 hybrid_clock.cc:648] HybridClock initialized: now 1780321063906370 us; error 0 us; skew 500 ppm
I20260601 13:37:43.908787 26157 webserver.cc:533] Webserver started at http://127.25.139.70:41561/ using document root <none> and password file <none>
I20260601 13:37:43.909036 26157 fs_manager.cc:362] Metadata directory not provided
I20260601 13:37:43.909122 26157 fs_manager.cc:368] Using write-ahead log directory (fs_wal_dir) as metadata directory
I20260601 13:37:43.909238 26157 server_base.cc:909] This appears to be a new deployment of Kudu; creating new FS layout
I20260601 13:37:43.909341 31088 heartbeater.cc:344] Connected to a master server at 127.25.139.126:42505
I20260601 13:37:43.909614 31088 heartbeater.cc:461] Registering TS with master...
I20260601 13:37:43.909891 26157 fs_manager.cc:1068] Generated new instance metadata in path /tmp/dist-test-task4ROTyX/test-tmp/auto_rebalancer-test.0.AutoRebalancerTest.TestMaxMovesPerServer.1780320960707634-26157-0/minicluster-data/ts-5-root/instance:
uuid: "f291bdb184c54aff81bad6a653e86b1e"
format_stamp: "Formatted at 2026-06-01 13:37:43 on dist-test-slave-jg4h"
I20260601 13:37:43.909932 31088 heartbeater.cc:507] Master 127.25.139.126:42505 requested a full tablet report, sending...
I20260601 13:37:43.910753 30482 ts_manager.cc:194] Registered new tserver with Master: d94895271f634e0a8e46e18a57d5c994 (127.25.139.69:40883)
I20260601 13:37:43.911434 30482 master_service.cc:502] Signed X509 certificate for tserver {username='slave'} at 127.0.0.1:56406
I20260601 13:37:43.912010 26157 fs_manager.cc:696] Time spent creating directory manager: real 0.002s	user 0.000s	sys 0.003s
I20260601 13:37:43.913350 31099 log_block_manager.cc:4031] Time spent loading block containers with low live blocks: real 0.000s	user 0.000s	sys 0.000s
I20260601 13:37:43.913859 26157 fs_manager.cc:730] Time spent opening block manager: real 0.001s	user 0.000s	sys 0.000s
I20260601 13:37:43.913928 26157 fs_manager.cc:647] Opened local filesystem: /tmp/dist-test-task4ROTyX/test-tmp/auto_rebalancer-test.0.AutoRebalancerTest.TestMaxMovesPerServer.1780320960707634-26157-0/minicluster-data/ts-5-root
uuid: "f291bdb184c54aff81bad6a653e86b1e"
format_stamp: "Formatted at 2026-06-01 13:37:43 on dist-test-slave-jg4h"
I20260601 13:37:43.913986 26157 fs_report.cc:389] FS layout report
--------------------
wal directory: /tmp/dist-test-task4ROTyX/test-tmp/auto_rebalancer-test.0.AutoRebalancerTest.TestMaxMovesPerServer.1780320960707634-26157-0/minicluster-data/ts-5-root
metadata directory: /tmp/dist-test-task4ROTyX/test-tmp/auto_rebalancer-test.0.AutoRebalancerTest.TestMaxMovesPerServer.1780320960707634-26157-0/minicluster-data/ts-5-root
1 data directories: /tmp/dist-test-task4ROTyX/test-tmp/auto_rebalancer-test.0.AutoRebalancerTest.TestMaxMovesPerServer.1780320960707634-26157-0/minicluster-data/ts-5-root/data
Total live blocks: 0
Total live bytes: 0
Total live bytes (after alignment): 0
Total number of LBM containers: 0 (0 full)
Did not check for missing blocks
Did not check for orphaned blocks
Total full LBM containers with extra space: 0 (0 repaired)
Total full LBM container extra space in bytes: 0 (0 repaired)
Total incomplete LBM containers: 0 (0 repaired)
Total LBM partial records: 0 (0 repaired)
Total corrupted LBM metadata records in RocksDB: 0 (0 repaired)
I20260601 13:37:43.923007 26157 rpc_server.cc:225] running with OpenSSL 1.1.1  11 Sep 2018
I20260601 13:37:43.923547 26157 kserver.cc:163] Server-wide thread pool size limit: 3276
I20260601 13:37:43.923914 26157 txn_system_client.cc:432] TxnSystemClient initialization is disabled...
I20260601 13:37:43.924435 26157 ts_tablet_manager.cc:585] Loaded tablet metadata (0 total tablets, 0 live tablets)
I20260601 13:37:43.924502 26157 ts_tablet_manager.cc:531] Time spent load tablet metadata: real 0.000s	user 0.000s	sys 0.000s
I20260601 13:37:43.924566 26157 ts_tablet_manager.cc:616] Registered 0 tablets
I20260601 13:37:43.924613 26157 ts_tablet_manager.cc:595] Time spent register tablets: real 0.000s	user 0.000s	sys 0.000s
I20260601 13:37:43.929632 26157 rpc_server.cc:307] RPC server started. Bound to: 127.25.139.70:46543
I20260601 13:37:43.929876 31164 acceptor_pool.cc:272] collecting diagnostics on the listening RPC socket 127.25.139.70:46543 every 8 connection(s)
I20260601 13:37:43.935214 31165 heartbeater.cc:344] Connected to a master server at 127.25.139.126:42505
I20260601 13:37:43.935427 31165 heartbeater.cc:461] Registering TS with master...
I20260601 13:37:43.935758 31165 heartbeater.cc:507] Master 127.25.139.126:42505 requested a full tablet report, sending...
I20260601 13:37:43.936769 30482 ts_manager.cc:194] Registered new tserver with Master: f291bdb184c54aff81bad6a653e86b1e (127.25.139.70:46543)
I20260601 13:37:43.937453 30482 master_service.cc:502] Signed X509 certificate for tserver {username='slave'} at 127.0.0.1:56420
I20260601 13:37:44.559425 30589 consensus_queue.cc:237] T 1818820279644f579b0ab9184cdde901 P 982dbe4b03bb49f39681db1f8cd722b1 [LEADER]: Queue going to LEADER mode. State: All replicated index: 0, Majority replicated index: 28, Committed index: 28, Last appended: 1.28, Last appended by leader: 0, Current term: 1, Majority size: 2, State: 0, Mode: LEADER, active raft config: opid_index: 29 OBSOLETE_local: false peers { permanent_uuid: "982dbe4b03bb49f39681db1f8cd722b1" member_type: VOTER last_known_addr { host: "127.25.139.65" port: 42345 } } peers { permanent_uuid: "1d7be46e540543afb734dcf6cdcb7b06" member_type: VOTER last_known_addr { host: "127.25.139.66" port: 33759 } } peers { permanent_uuid: "5a0d7f143f9141cf8d950919dd3c7c89" member_type: VOTER last_known_addr { host: "127.25.139.67" port: 36383 } attrs { replace: true } } peers { permanent_uuid: "d94895271f634e0a8e46e18a57d5c994" member_type: NON_VOTER last_known_addr { host: "127.25.139.69" port: 40883 } attrs { promote: true } }
I20260601 13:37:44.561192 30741 raft_consensus.cc:1275] T 1818820279644f579b0ab9184cdde901 P 5a0d7f143f9141cf8d950919dd3c7c89 [term 1 FOLLOWER]: Refusing update from remote peer 982dbe4b03bb49f39681db1f8cd722b1: Log matching property violated. Preceding OpId in replica: term: 1 index: 28. Preceding OpId from leader: term: 1 index: 29. (index mismatch)
I20260601 13:37:44.561192 30660 raft_consensus.cc:1275] T 1818820279644f579b0ab9184cdde901 P 1d7be46e540543afb734dcf6cdcb7b06 [term 1 FOLLOWER]: Refusing update from remote peer 982dbe4b03bb49f39681db1f8cd722b1: Log matching property violated. Preceding OpId in replica: term: 1 index: 28. Preceding OpId from leader: term: 1 index: 29. (index mismatch)
I20260601 13:37:44.561746 30936 consensus_queue.cc:1048] T 1818820279644f579b0ab9184cdde901 P 982dbe4b03bb49f39681db1f8cd722b1 [LEADER]: Connected to new peer: Peer: permanent_uuid: "5a0d7f143f9141cf8d950919dd3c7c89" member_type: VOTER last_known_addr { host: "127.25.139.67" port: 36383 } attrs { replace: true }, Status: LMP_MISMATCH, Last received: 0.0, Next index: 29, Last known committed idx: 28, Time since last communication: 0.000s
I20260601 13:37:44.561959 31170 consensus_queue.cc:1048] T 1818820279644f579b0ab9184cdde901 P 982dbe4b03bb49f39681db1f8cd722b1 [LEADER]: Connected to new peer: Peer: permanent_uuid: "1d7be46e540543afb734dcf6cdcb7b06" member_type: VOTER last_known_addr { host: "127.25.139.66" port: 33759 }, Status: LMP_MISMATCH, Last received: 0.0, Next index: 29, Last known committed idx: 28, Time since last communication: 0.000s
I20260601 13:37:44.563789 30936 raft_consensus.cc:2955] T 1818820279644f579b0ab9184cdde901 P 982dbe4b03bb49f39681db1f8cd722b1 [term 1 LEADER]: Committing config change with OpId 1.29: config changed from index -1 to 29, NON_VOTER d94895271f634e0a8e46e18a57d5c994 (127.25.139.69) added. New config: { opid_index: 29 OBSOLETE_local: false peers { permanent_uuid: "982dbe4b03bb49f39681db1f8cd722b1" member_type: VOTER last_known_addr { host: "127.25.139.65" port: 42345 } } peers { permanent_uuid: "1d7be46e540543afb734dcf6cdcb7b06" member_type: VOTER last_known_addr { host: "127.25.139.66" port: 33759 } } peers { permanent_uuid: "5a0d7f143f9141cf8d950919dd3c7c89" member_type: VOTER last_known_addr { host: "127.25.139.67" port: 36383 } attrs { replace: true } } peers { permanent_uuid: "d94895271f634e0a8e46e18a57d5c994" member_type: NON_VOTER last_known_addr { host: "127.25.139.69" port: 40883 } attrs { promote: true } } }
I20260601 13:37:44.564409 30741 raft_consensus.cc:2955] T 1818820279644f579b0ab9184cdde901 P 5a0d7f143f9141cf8d950919dd3c7c89 [term 1 FOLLOWER]: Committing config change with OpId 1.29: config changed from index -1 to 29, NON_VOTER d94895271f634e0a8e46e18a57d5c994 (127.25.139.69) added. New config: { opid_index: 29 OBSOLETE_local: false peers { permanent_uuid: "982dbe4b03bb49f39681db1f8cd722b1" member_type: VOTER last_known_addr { host: "127.25.139.65" port: 42345 } } peers { permanent_uuid: "1d7be46e540543afb734dcf6cdcb7b06" member_type: VOTER last_known_addr { host: "127.25.139.66" port: 33759 } } peers { permanent_uuid: "5a0d7f143f9141cf8d950919dd3c7c89" member_type: VOTER last_known_addr { host: "127.25.139.67" port: 36383 } attrs { replace: true } } peers { permanent_uuid: "d94895271f634e0a8e46e18a57d5c994" member_type: NON_VOTER last_known_addr { host: "127.25.139.69" port: 40883 } attrs { promote: true } } }
I20260601 13:37:44.566642 30660 raft_consensus.cc:2955] T 1818820279644f579b0ab9184cdde901 P 1d7be46e540543afb734dcf6cdcb7b06 [term 1 FOLLOWER]: Committing config change with OpId 1.29: config changed from index -1 to 29, NON_VOTER d94895271f634e0a8e46e18a57d5c994 (127.25.139.69) added. New config: { opid_index: 29 OBSOLETE_local: false peers { permanent_uuid: "982dbe4b03bb49f39681db1f8cd722b1" member_type: VOTER last_known_addr { host: "127.25.139.65" port: 42345 } } peers { permanent_uuid: "1d7be46e540543afb734dcf6cdcb7b06" member_type: VOTER last_known_addr { host: "127.25.139.66" port: 33759 } } peers { permanent_uuid: "5a0d7f143f9141cf8d950919dd3c7c89" member_type: VOTER last_known_addr { host: "127.25.139.67" port: 36383 } attrs { replace: true } } peers { permanent_uuid: "d94895271f634e0a8e46e18a57d5c994" member_type: NON_VOTER last_known_addr { host: "127.25.139.69" port: 40883 } attrs { promote: true } } }
I20260601 13:37:44.566790 30482 catalog_manager.cc:5696] T 1818820279644f579b0ab9184cdde901 P 982dbe4b03bb49f39681db1f8cd722b1 reported cstate change: config changed from index -1 to 29, NON_VOTER d94895271f634e0a8e46e18a57d5c994 (127.25.139.69) added. New cstate: current_term: 1 leader_uuid: "982dbe4b03bb49f39681db1f8cd722b1" committed_config { opid_index: 29 OBSOLETE_local: false peers { permanent_uuid: "982dbe4b03bb49f39681db1f8cd722b1" member_type: VOTER last_known_addr { host: "127.25.139.65" port: 42345 } health_report { overall_health: HEALTHY } } peers { permanent_uuid: "1d7be46e540543afb734dcf6cdcb7b06" member_type: VOTER last_known_addr { host: "127.25.139.66" port: 33759 } health_report { overall_health: HEALTHY } } peers { permanent_uuid: "5a0d7f143f9141cf8d950919dd3c7c89" member_type: VOTER last_known_addr { host: "127.25.139.67" port: 36383 } attrs { replace: true } health_report { overall_health: HEALTHY } } peers { permanent_uuid: "d94895271f634e0a8e46e18a57d5c994" member_type: NON_VOTER last_known_addr { host: "127.25.139.69" port: 40883 } attrs { promote: true } health_report { overall_health: UNKNOWN } } }
W20260601 13:37:44.567116 30551 consensus_peers.cc:597] T 1818820279644f579b0ab9184cdde901 P 982dbe4b03bb49f39681db1f8cd722b1 -> Peer d94895271f634e0a8e46e18a57d5c994 (127.25.139.69:40883): Couldn't send request to peer d94895271f634e0a8e46e18a57d5c994. Error code: TABLET_NOT_FOUND (6). Status: Not found: Tablet not found: 1818820279644f579b0ab9184cdde901. This is attempt 1: this message will repeat every 5th retry.
I20260601 13:37:44.572028 30741 consensus_queue.cc:237] T 675a23c2ac5c43de85125769f8a4710e P 5a0d7f143f9141cf8d950919dd3c7c89 [LEADER]: Queue going to LEADER mode. State: All replicated index: 0, Majority replicated index: 28, Committed index: 28, Last appended: 1.28, Last appended by leader: 0, Current term: 1, Majority size: 2, State: 0, Mode: LEADER, active raft config: opid_index: 29 OBSOLETE_local: false peers { permanent_uuid: "982dbe4b03bb49f39681db1f8cd722b1" member_type: VOTER last_known_addr { host: "127.25.139.65" port: 42345 } attrs { replace: true } } peers { permanent_uuid: "1d7be46e540543afb734dcf6cdcb7b06" member_type: VOTER last_known_addr { host: "127.25.139.66" port: 33759 } } peers { permanent_uuid: "5a0d7f143f9141cf8d950919dd3c7c89" member_type: VOTER last_known_addr { host: "127.25.139.67" port: 36383 } } peers { permanent_uuid: "c3e72e8bdd574d188b492694fd1afafa" member_type: NON_VOTER last_known_addr { host: "127.25.139.68" port: 41383 } attrs { promote: true } }
I20260601 13:37:44.574187 30660 raft_consensus.cc:1275] T 675a23c2ac5c43de85125769f8a4710e P 1d7be46e540543afb734dcf6cdcb7b06 [term 1 FOLLOWER]: Refusing update from remote peer 5a0d7f143f9141cf8d950919dd3c7c89: Log matching property violated. Preceding OpId in replica: term: 1 index: 28. Preceding OpId from leader: term: 1 index: 29. (index mismatch)
I20260601 13:37:44.574429 30589 raft_consensus.cc:1275] T 675a23c2ac5c43de85125769f8a4710e P 982dbe4b03bb49f39681db1f8cd722b1 [term 1 FOLLOWER]: Refusing update from remote peer 5a0d7f143f9141cf8d950919dd3c7c89: Log matching property violated. Preceding OpId in replica: term: 1 index: 28. Preceding OpId from leader: term: 1 index: 29. (index mismatch)
I20260601 13:37:44.574589 31179 consensus_queue.cc:1048] T 675a23c2ac5c43de85125769f8a4710e P 5a0d7f143f9141cf8d950919dd3c7c89 [LEADER]: Connected to new peer: Peer: permanent_uuid: "1d7be46e540543afb734dcf6cdcb7b06" member_type: VOTER last_known_addr { host: "127.25.139.66" port: 33759 }, Status: LMP_MISMATCH, Last received: 0.0, Next index: 29, Last known committed idx: 28, Time since last communication: 0.000s
I20260601 13:37:44.574837 31178 consensus_queue.cc:1048] T 675a23c2ac5c43de85125769f8a4710e P 5a0d7f143f9141cf8d950919dd3c7c89 [LEADER]: Connected to new peer: Peer: permanent_uuid: "982dbe4b03bb49f39681db1f8cd722b1" member_type: VOTER last_known_addr { host: "127.25.139.65" port: 42345 } attrs { replace: true }, Status: LMP_MISMATCH, Last received: 0.0, Next index: 29, Last known committed idx: 28, Time since last communication: 0.000s
I20260601 13:37:44.576395 30880 raft_consensus.cc:2955] T 675a23c2ac5c43de85125769f8a4710e P 5a0d7f143f9141cf8d950919dd3c7c89 [term 1 LEADER]: Committing config change with OpId 1.29: config changed from index -1 to 29, NON_VOTER c3e72e8bdd574d188b492694fd1afafa (127.25.139.68) added. New config: { opid_index: 29 OBSOLETE_local: false peers { permanent_uuid: "982dbe4b03bb49f39681db1f8cd722b1" member_type: VOTER last_known_addr { host: "127.25.139.65" port: 42345 } attrs { replace: true } } peers { permanent_uuid: "1d7be46e540543afb734dcf6cdcb7b06" member_type: VOTER last_known_addr { host: "127.25.139.66" port: 33759 } } peers { permanent_uuid: "5a0d7f143f9141cf8d950919dd3c7c89" member_type: VOTER last_known_addr { host: "127.25.139.67" port: 36383 } } peers { permanent_uuid: "c3e72e8bdd574d188b492694fd1afafa" member_type: NON_VOTER last_known_addr { host: "127.25.139.68" port: 41383 } attrs { promote: true } } }
I20260601 13:37:44.576844 30660 raft_consensus.cc:2955] T 675a23c2ac5c43de85125769f8a4710e P 1d7be46e540543afb734dcf6cdcb7b06 [term 1 FOLLOWER]: Committing config change with OpId 1.29: config changed from index -1 to 29, NON_VOTER c3e72e8bdd574d188b492694fd1afafa (127.25.139.68) added. New config: { opid_index: 29 OBSOLETE_local: false peers { permanent_uuid: "982dbe4b03bb49f39681db1f8cd722b1" member_type: VOTER last_known_addr { host: "127.25.139.65" port: 42345 } attrs { replace: true } } peers { permanent_uuid: "1d7be46e540543afb734dcf6cdcb7b06" member_type: VOTER last_known_addr { host: "127.25.139.66" port: 33759 } } peers { permanent_uuid: "5a0d7f143f9141cf8d950919dd3c7c89" member_type: VOTER last_known_addr { host: "127.25.139.67" port: 36383 } } peers { permanent_uuid: "c3e72e8bdd574d188b492694fd1afafa" member_type: NON_VOTER last_known_addr { host: "127.25.139.68" port: 41383 } attrs { promote: true } } }
I20260601 13:37:44.576843 30589 raft_consensus.cc:2955] T 675a23c2ac5c43de85125769f8a4710e P 982dbe4b03bb49f39681db1f8cd722b1 [term 1 FOLLOWER]: Committing config change with OpId 1.29: config changed from index -1 to 29, NON_VOTER c3e72e8bdd574d188b492694fd1afafa (127.25.139.68) added. New config: { opid_index: 29 OBSOLETE_local: false peers { permanent_uuid: "982dbe4b03bb49f39681db1f8cd722b1" member_type: VOTER last_known_addr { host: "127.25.139.65" port: 42345 } attrs { replace: true } } peers { permanent_uuid: "1d7be46e540543afb734dcf6cdcb7b06" member_type: VOTER last_known_addr { host: "127.25.139.66" port: 33759 } } peers { permanent_uuid: "5a0d7f143f9141cf8d950919dd3c7c89" member_type: VOTER last_known_addr { host: "127.25.139.67" port: 36383 } } peers { permanent_uuid: "c3e72e8bdd574d188b492694fd1afafa" member_type: NON_VOTER last_known_addr { host: "127.25.139.68" port: 41383 } attrs { promote: true } } }
I20260601 13:37:44.579417 30483 catalog_manager.cc:5696] T 675a23c2ac5c43de85125769f8a4710e P 982dbe4b03bb49f39681db1f8cd722b1 reported cstate change: config changed from index -1 to 29, NON_VOTER c3e72e8bdd574d188b492694fd1afafa (127.25.139.68) added. New cstate: current_term: 1 leader_uuid: "5a0d7f143f9141cf8d950919dd3c7c89" committed_config { opid_index: 29 OBSOLETE_local: false peers { permanent_uuid: "982dbe4b03bb49f39681db1f8cd722b1" member_type: VOTER last_known_addr { host: "127.25.139.65" port: 42345 } attrs { replace: true } } peers { permanent_uuid: "1d7be46e540543afb734dcf6cdcb7b06" member_type: VOTER last_known_addr { host: "127.25.139.66" port: 33759 } } peers { permanent_uuid: "5a0d7f143f9141cf8d950919dd3c7c89" member_type: VOTER last_known_addr { host: "127.25.139.67" port: 36383 } } peers { permanent_uuid: "c3e72e8bdd574d188b492694fd1afafa" member_type: NON_VOTER last_known_addr { host: "127.25.139.68" port: 41383 } attrs { promote: true } } }
I20260601 13:37:44.579969 30741 consensus_queue.cc:237] T e47879939e3c4ae8b51d46da646f0309 P 5a0d7f143f9141cf8d950919dd3c7c89 [LEADER]: Queue going to LEADER mode. State: All replicated index: 0, Majority replicated index: 27, Committed index: 27, Last appended: 1.27, Last appended by leader: 0, Current term: 1, Majority size: 2, State: 0, Mode: LEADER, active raft config: opid_index: 28 OBSOLETE_local: false peers { permanent_uuid: "982dbe4b03bb49f39681db1f8cd722b1" member_type: VOTER last_known_addr { host: "127.25.139.65" port: 42345 } } peers { permanent_uuid: "1d7be46e540543afb734dcf6cdcb7b06" member_type: VOTER last_known_addr { host: "127.25.139.66" port: 33759 } attrs { replace: true } } peers { permanent_uuid: "5a0d7f143f9141cf8d950919dd3c7c89" member_type: VOTER last_known_addr { host: "127.25.139.67" port: 36383 } } peers { permanent_uuid: "f291bdb184c54aff81bad6a653e86b1e" member_type: NON_VOTER last_known_addr { host: "127.25.139.70" port: 46543 } attrs { promote: true } }
W20260601 13:37:44.579685 30704 consensus_peers.cc:597] T 675a23c2ac5c43de85125769f8a4710e P 5a0d7f143f9141cf8d950919dd3c7c89 -> Peer c3e72e8bdd574d188b492694fd1afafa (127.25.139.68:41383): Couldn't send request to peer c3e72e8bdd574d188b492694fd1afafa. Error code: TABLET_NOT_FOUND (6). Status: Not found: Tablet not found: 675a23c2ac5c43de85125769f8a4710e. This is attempt 1: this message will repeat every 5th retry.
I20260601 13:37:44.581744 30658 raft_consensus.cc:1275] T e47879939e3c4ae8b51d46da646f0309 P 1d7be46e540543afb734dcf6cdcb7b06 [term 1 FOLLOWER]: Refusing update from remote peer 5a0d7f143f9141cf8d950919dd3c7c89: Log matching property violated. Preceding OpId in replica: term: 1 index: 27. Preceding OpId from leader: term: 1 index: 28. (index mismatch)
I20260601 13:37:44.582186 31179 consensus_queue.cc:1048] T e47879939e3c4ae8b51d46da646f0309 P 5a0d7f143f9141cf8d950919dd3c7c89 [LEADER]: Connected to new peer: Peer: permanent_uuid: "1d7be46e540543afb734dcf6cdcb7b06" member_type: VOTER last_known_addr { host: "127.25.139.66" port: 33759 } attrs { replace: true }, Status: LMP_MISMATCH, Last received: 0.0, Next index: 28, Last known committed idx: 27, Time since last communication: 0.000s
I20260601 13:37:44.583492 30589 raft_consensus.cc:1275] T e47879939e3c4ae8b51d46da646f0309 P 982dbe4b03bb49f39681db1f8cd722b1 [term 1 FOLLOWER]: Refusing update from remote peer 5a0d7f143f9141cf8d950919dd3c7c89: Log matching property violated. Preceding OpId in replica: term: 1 index: 27. Preceding OpId from leader: term: 1 index: 28. (index mismatch)
I20260601 13:37:44.583885 31178 consensus_queue.cc:1048] T e47879939e3c4ae8b51d46da646f0309 P 5a0d7f143f9141cf8d950919dd3c7c89 [LEADER]: Connected to new peer: Peer: permanent_uuid: "982dbe4b03bb49f39681db1f8cd722b1" member_type: VOTER last_known_addr { host: "127.25.139.65" port: 42345 }, Status: LMP_MISMATCH, Last received: 0.0, Next index: 28, Last known committed idx: 27, Time since last communication: 0.000s
I20260601 13:37:44.584268 31179 raft_consensus.cc:2955] T e47879939e3c4ae8b51d46da646f0309 P 5a0d7f143f9141cf8d950919dd3c7c89 [term 1 LEADER]: Committing config change with OpId 1.28: config changed from index -1 to 28, NON_VOTER f291bdb184c54aff81bad6a653e86b1e (127.25.139.70) added. New config: { opid_index: 28 OBSOLETE_local: false peers { permanent_uuid: "982dbe4b03bb49f39681db1f8cd722b1" member_type: VOTER last_known_addr { host: "127.25.139.65" port: 42345 } } peers { permanent_uuid: "1d7be46e540543afb734dcf6cdcb7b06" member_type: VOTER last_known_addr { host: "127.25.139.66" port: 33759 } attrs { replace: true } } peers { permanent_uuid: "5a0d7f143f9141cf8d950919dd3c7c89" member_type: VOTER last_known_addr { host: "127.25.139.67" port: 36383 } } peers { permanent_uuid: "f291bdb184c54aff81bad6a653e86b1e" member_type: NON_VOTER last_known_addr { host: "127.25.139.70" port: 46543 } attrs { promote: true } } }
I20260601 13:37:44.585024 30589 raft_consensus.cc:2955] T e47879939e3c4ae8b51d46da646f0309 P 982dbe4b03bb49f39681db1f8cd722b1 [term 1 FOLLOWER]: Committing config change with OpId 1.28: config changed from index -1 to 28, NON_VOTER f291bdb184c54aff81bad6a653e86b1e (127.25.139.70) added. New config: { opid_index: 28 OBSOLETE_local: false peers { permanent_uuid: "982dbe4b03bb49f39681db1f8cd722b1" member_type: VOTER last_known_addr { host: "127.25.139.65" port: 42345 } } peers { permanent_uuid: "1d7be46e540543afb734dcf6cdcb7b06" member_type: VOTER last_known_addr { host: "127.25.139.66" port: 33759 } attrs { replace: true } } peers { permanent_uuid: "5a0d7f143f9141cf8d950919dd3c7c89" member_type: VOTER last_known_addr { host: "127.25.139.67" port: 36383 } } peers { permanent_uuid: "f291bdb184c54aff81bad6a653e86b1e" member_type: NON_VOTER last_known_addr { host: "127.25.139.70" port: 46543 } attrs { promote: true } } }
I20260601 13:37:44.588217 30588 consensus_queue.cc:237] T 48b120d405d7492585942e320be6f15b P 982dbe4b03bb49f39681db1f8cd722b1 [LEADER]: Queue going to LEADER mode. State: All replicated index: 0, Majority replicated index: 28, Committed index: 28, Last appended: 1.28, Last appended by leader: 0, Current term: 1, Majority size: 2, State: 0, Mode: LEADER, active raft config: opid_index: 29 OBSOLETE_local: false peers { permanent_uuid: "982dbe4b03bb49f39681db1f8cd722b1" member_type: VOTER last_known_addr { host: "127.25.139.65" port: 42345 } } peers { permanent_uuid: "1d7be46e540543afb734dcf6cdcb7b06" member_type: VOTER last_known_addr { host: "127.25.139.66" port: 33759 } } peers { permanent_uuid: "5a0d7f143f9141cf8d950919dd3c7c89" member_type: VOTER last_known_addr { host: "127.25.139.67" port: 36383 } attrs { replace: true } } peers { permanent_uuid: "d94895271f634e0a8e46e18a57d5c994" member_type: NON_VOTER last_known_addr { host: "127.25.139.69" port: 40883 } attrs { promote: true } }
W20260601 13:37:44.590297 30551 consensus_peers.cc:597] T 48b120d405d7492585942e320be6f15b P 982dbe4b03bb49f39681db1f8cd722b1 -> Peer d94895271f634e0a8e46e18a57d5c994 (127.25.139.69:40883): Couldn't send request to peer d94895271f634e0a8e46e18a57d5c994. Error code: TABLET_NOT_FOUND (6). Status: Not found: Tablet not found: 48b120d405d7492585942e320be6f15b. This is attempt 1: this message will repeat every 5th retry.
I20260601 13:37:44.590729 30657 raft_consensus.cc:2955] T e47879939e3c4ae8b51d46da646f0309 P 1d7be46e540543afb734dcf6cdcb7b06 [term 1 FOLLOWER]: Committing config change with OpId 1.28: config changed from index -1 to 28, NON_VOTER f291bdb184c54aff81bad6a653e86b1e (127.25.139.70) added. New config: { opid_index: 28 OBSOLETE_local: false peers { permanent_uuid: "982dbe4b03bb49f39681db1f8cd722b1" member_type: VOTER last_known_addr { host: "127.25.139.65" port: 42345 } } peers { permanent_uuid: "1d7be46e540543afb734dcf6cdcb7b06" member_type: VOTER last_known_addr { host: "127.25.139.66" port: 33759 } attrs { replace: true } } peers { permanent_uuid: "5a0d7f143f9141cf8d950919dd3c7c89" member_type: VOTER last_known_addr { host: "127.25.139.67" port: 36383 } } peers { permanent_uuid: "f291bdb184c54aff81bad6a653e86b1e" member_type: NON_VOTER last_known_addr { host: "127.25.139.70" port: 46543 } attrs { promote: true } } }
I20260601 13:37:44.590982 30484 catalog_manager.cc:5696] T e47879939e3c4ae8b51d46da646f0309 P 982dbe4b03bb49f39681db1f8cd722b1 reported cstate change: config changed from index -1 to 28, NON_VOTER f291bdb184c54aff81bad6a653e86b1e (127.25.139.70) added. New cstate: current_term: 1 leader_uuid: "5a0d7f143f9141cf8d950919dd3c7c89" committed_config { opid_index: 28 OBSOLETE_local: false peers { permanent_uuid: "982dbe4b03bb49f39681db1f8cd722b1" member_type: VOTER last_known_addr { host: "127.25.139.65" port: 42345 } } peers { permanent_uuid: "1d7be46e540543afb734dcf6cdcb7b06" member_type: VOTER last_known_addr { host: "127.25.139.66" port: 33759 } attrs { replace: true } } peers { permanent_uuid: "5a0d7f143f9141cf8d950919dd3c7c89" member_type: VOTER last_known_addr { host: "127.25.139.67" port: 36383 } } peers { permanent_uuid: "f291bdb184c54aff81bad6a653e86b1e" member_type: NON_VOTER last_known_addr { host: "127.25.139.70" port: 46543 } attrs { promote: true } } }
I20260601 13:37:44.591898 30741 raft_consensus.cc:1275] T 48b120d405d7492585942e320be6f15b P 5a0d7f143f9141cf8d950919dd3c7c89 [term 1 FOLLOWER]: Refusing update from remote peer 982dbe4b03bb49f39681db1f8cd722b1: Log matching property violated. Preceding OpId in replica: term: 1 index: 28. Preceding OpId from leader: term: 1 index: 29. (index mismatch)
I20260601 13:37:44.592326 30936 consensus_queue.cc:1048] T 48b120d405d7492585942e320be6f15b P 982dbe4b03bb49f39681db1f8cd722b1 [LEADER]: Connected to new peer: Peer: permanent_uuid: "5a0d7f143f9141cf8d950919dd3c7c89" member_type: VOTER last_known_addr { host: "127.25.139.67" port: 36383 } attrs { replace: true }, Status: LMP_MISMATCH, Last received: 0.0, Next index: 29, Last known committed idx: 28, Time since last communication: 0.000s
W20260601 13:37:44.593032 30706 consensus_peers.cc:597] T e47879939e3c4ae8b51d46da646f0309 P 5a0d7f143f9141cf8d950919dd3c7c89 -> Peer f291bdb184c54aff81bad6a653e86b1e (127.25.139.70:46543): Couldn't send request to peer f291bdb184c54aff81bad6a653e86b1e. Error code: TABLET_NOT_FOUND (6). Status: Not found: Tablet not found: e47879939e3c4ae8b51d46da646f0309. This is attempt 1: this message will repeat every 5th retry.
I20260601 13:37:44.593674 30658 raft_consensus.cc:1275] T 48b120d405d7492585942e320be6f15b P 1d7be46e540543afb734dcf6cdcb7b06 [term 1 FOLLOWER]: Refusing update from remote peer 982dbe4b03bb49f39681db1f8cd722b1: Log matching property violated. Preceding OpId in replica: term: 1 index: 28. Preceding OpId from leader: term: 1 index: 29. (index mismatch)
I20260601 13:37:44.594141 30936 consensus_queue.cc:1048] T 48b120d405d7492585942e320be6f15b P 982dbe4b03bb49f39681db1f8cd722b1 [LEADER]: Connected to new peer: Peer: permanent_uuid: "1d7be46e540543afb734dcf6cdcb7b06" member_type: VOTER last_known_addr { host: "127.25.139.66" port: 33759 }, Status: LMP_MISMATCH, Last received: 0.0, Next index: 29, Last known committed idx: 28, Time since last communication: 0.000s
I20260601 13:37:44.594798 31170 raft_consensus.cc:2955] T 48b120d405d7492585942e320be6f15b P 982dbe4b03bb49f39681db1f8cd722b1 [term 1 LEADER]: Committing config change with OpId 1.29: config changed from index -1 to 29, NON_VOTER d94895271f634e0a8e46e18a57d5c994 (127.25.139.69) added. New config: { opid_index: 29 OBSOLETE_local: false peers { permanent_uuid: "982dbe4b03bb49f39681db1f8cd722b1" member_type: VOTER last_known_addr { host: "127.25.139.65" port: 42345 } } peers { permanent_uuid: "1d7be46e540543afb734dcf6cdcb7b06" member_type: VOTER last_known_addr { host: "127.25.139.66" port: 33759 } } peers { permanent_uuid: "5a0d7f143f9141cf8d950919dd3c7c89" member_type: VOTER last_known_addr { host: "127.25.139.67" port: 36383 } attrs { replace: true } } peers { permanent_uuid: "d94895271f634e0a8e46e18a57d5c994" member_type: NON_VOTER last_known_addr { host: "127.25.139.69" port: 40883 } attrs { promote: true } } }
I20260601 13:37:44.595191 30741 raft_consensus.cc:2955] T 48b120d405d7492585942e320be6f15b P 5a0d7f143f9141cf8d950919dd3c7c89 [term 1 FOLLOWER]: Committing config change with OpId 1.29: config changed from index -1 to 29, NON_VOTER d94895271f634e0a8e46e18a57d5c994 (127.25.139.69) added. New config: { opid_index: 29 OBSOLETE_local: false peers { permanent_uuid: "982dbe4b03bb49f39681db1f8cd722b1" member_type: VOTER last_known_addr { host: "127.25.139.65" port: 42345 } } peers { permanent_uuid: "1d7be46e540543afb734dcf6cdcb7b06" member_type: VOTER last_known_addr { host: "127.25.139.66" port: 33759 } } peers { permanent_uuid: "5a0d7f143f9141cf8d950919dd3c7c89" member_type: VOTER last_known_addr { host: "127.25.139.67" port: 36383 } attrs { replace: true } } peers { permanent_uuid: "d94895271f634e0a8e46e18a57d5c994" member_type: NON_VOTER last_known_addr { host: "127.25.139.69" port: 40883 } attrs { promote: true } } }
I20260601 13:37:44.596311 30658 raft_consensus.cc:2955] T 48b120d405d7492585942e320be6f15b P 1d7be46e540543afb734dcf6cdcb7b06 [term 1 FOLLOWER]: Committing config change with OpId 1.29: config changed from index -1 to 29, NON_VOTER d94895271f634e0a8e46e18a57d5c994 (127.25.139.69) added. New config: { opid_index: 29 OBSOLETE_local: false peers { permanent_uuid: "982dbe4b03bb49f39681db1f8cd722b1" member_type: VOTER last_known_addr { host: "127.25.139.65" port: 42345 } } peers { permanent_uuid: "1d7be46e540543afb734dcf6cdcb7b06" member_type: VOTER last_known_addr { host: "127.25.139.66" port: 33759 } } peers { permanent_uuid: "5a0d7f143f9141cf8d950919dd3c7c89" member_type: VOTER last_known_addr { host: "127.25.139.67" port: 36383 } attrs { replace: true } } peers { permanent_uuid: "d94895271f634e0a8e46e18a57d5c994" member_type: NON_VOTER last_known_addr { host: "127.25.139.69" port: 40883 } attrs { promote: true } } }
