I20260601 13:21:37.462625 13398 raft_consensus.cc:515] T a705b1ddc8404d28882fc84cc9087e00 P faff89416b424b09b29480113fa572bb [term 1 FOLLOWER]: Starting leader election with config: opid_index: -1 OBSOLETE_local: false peers { permanent_uuid: "50539e954ea24b5795e616f3a32b7dbf" member_type: VOTER last_known_addr { host: "127.12.50.65" port: 42951 } } peers { permanent_uuid: "faff89416b424b09b29480113fa572bb" member_type: VOTER last_known_addr { host: "127.12.50.66" port: 43967 } } peers { permanent_uuid: "a772f576b8da443ca803a016f6a2c815" member_type: VOTER last_known_addr { host: "127.12.50.67" port: 42135 } }
I20260601 13:21:37.463024 13398 leader_election.cc:290] T a705b1ddc8404d28882fc84cc9087e00 P faff89416b424b09b29480113fa572bb [CANDIDATE]: Term 1 election: Requested vote from peers 50539e954ea24b5795e616f3a32b7dbf (127.12.50.65:42951), a772f576b8da443ca803a016f6a2c815 (127.12.50.67:42135)
I20260601 13:21:37.463469 13169 tablet_service.cc:1917] Received RequestConsensusVote() RPC: tablet_id: "a705b1ddc8404d28882fc84cc9087e00" candidate_uuid: "faff89416b424b09b29480113fa572bb" candidate_term: 1 candidate_status { last_received { term: 0 index: 0 } } ignore_live_leader: false dest_uuid: "50539e954ea24b5795e616f3a32b7dbf"
I20260601 13:21:37.463469 13320 tablet_service.cc:1917] Received RequestConsensusVote() RPC: tablet_id: "a705b1ddc8404d28882fc84cc9087e00" candidate_uuid: "faff89416b424b09b29480113fa572bb" candidate_term: 1 candidate_status { last_received { term: 0 index: 0 } } ignore_live_leader: false dest_uuid: "a772f576b8da443ca803a016f6a2c815"
I20260601 13:21:37.463629 13169 raft_consensus.cc:3060] T a705b1ddc8404d28882fc84cc9087e00 P 50539e954ea24b5795e616f3a32b7dbf [term 0 FOLLOWER]: Advancing to term 1
I20260601 13:21:37.463629 13320 raft_consensus.cc:3060] T a705b1ddc8404d28882fc84cc9087e00 P a772f576b8da443ca803a016f6a2c815 [term 0 FOLLOWER]: Advancing to term 1
I20260601 13:21:37.464738 13320 raft_consensus.cc:2468] T a705b1ddc8404d28882fc84cc9087e00 P a772f576b8da443ca803a016f6a2c815 [term 1 FOLLOWER]: Leader election vote request: Granting yes vote for candidate faff89416b424b09b29480113fa572bb in term 1.
I20260601 13:21:37.464738 13169 raft_consensus.cc:2468] T a705b1ddc8404d28882fc84cc9087e00 P 50539e954ea24b5795e616f3a32b7dbf [term 1 FOLLOWER]: Leader election vote request: Granting yes vote for candidate faff89416b424b09b29480113fa572bb in term 1.
I20260601 13:21:37.465130 13208 leader_election.cc:304] T a705b1ddc8404d28882fc84cc9087e00 P faff89416b424b09b29480113fa572bb [CANDIDATE]: Term 1 election: Election decided. Result: candidate won. Election summary: received 2 responses out of 3 voters: 2 yes votes; 0 no votes. yes voters: a772f576b8da443ca803a016f6a2c815, faff89416b424b09b29480113fa572bb; no voters: 
I20260601 13:21:37.465319 13398 raft_consensus.cc:2804] T a705b1ddc8404d28882fc84cc9087e00 P faff89416b424b09b29480113fa572bb [term 1 FOLLOWER]: Leader election won for term 1
I20260601 13:21:37.465442 13398 raft_consensus.cc:697] T a705b1ddc8404d28882fc84cc9087e00 P faff89416b424b09b29480113fa572bb [term 1 LEADER]: Becoming Leader. State: Replica: faff89416b424b09b29480113fa572bb, State: Running, Role: LEADER
I20260601 13:21:37.465602 13398 consensus_queue.cc:237] T a705b1ddc8404d28882fc84cc9087e00 P faff89416b424b09b29480113fa572bb [LEADER]: Queue going to LEADER mode. State: All replicated index: 0, Majority replicated index: 0, Committed index: 0, Last appended: 0.0, Last appended by leader: 0, Current term: 1, Majority size: 2, State: 0, Mode: LEADER, active raft config: opid_index: -1 OBSOLETE_local: false peers { permanent_uuid: "50539e954ea24b5795e616f3a32b7dbf" member_type: VOTER last_known_addr { host: "127.12.50.65" port: 42951 } } peers { permanent_uuid: "faff89416b424b09b29480113fa572bb" member_type: VOTER last_known_addr { host: "127.12.50.66" port: 43967 } } peers { permanent_uuid: "a772f576b8da443ca803a016f6a2c815" member_type: VOTER last_known_addr { host: "127.12.50.67" port: 42135 } }
I20260601 13:21:37.467617 13064 catalog_manager.cc:5696] T a705b1ddc8404d28882fc84cc9087e00 P faff89416b424b09b29480113fa572bb reported cstate change: term changed from 0 to 1, leader changed from <none> to faff89416b424b09b29480113fa572bb (127.12.50.66). New cstate: current_term: 1 leader_uuid: "faff89416b424b09b29480113fa572bb" committed_config { opid_index: -1 OBSOLETE_local: false peers { permanent_uuid: "50539e954ea24b5795e616f3a32b7dbf" member_type: VOTER last_known_addr { host: "127.12.50.65" port: 42951 } health_report { overall_health: UNKNOWN } } peers { permanent_uuid: "faff89416b424b09b29480113fa572bb" member_type: VOTER last_known_addr { host: "127.12.50.66" port: 43967 } health_report { overall_health: HEALTHY } } peers { permanent_uuid: "a772f576b8da443ca803a016f6a2c815" member_type: VOTER last_known_addr { host: "127.12.50.67" port: 42135 } health_report { overall_health: UNKNOWN } } }
I20260601 13:21:37.499677 13398 raft_consensus.cc:493] T 6c209868bae044d4ac7d17560b8a3767 P faff89416b424b09b29480113fa572bb [term 0 FOLLOWER]: Starting pre-election (no leader contacted us within the election timeout)
I20260601 13:21:37.499913 13398 raft_consensus.cc:515] T 6c209868bae044d4ac7d17560b8a3767 P faff89416b424b09b29480113fa572bb [term 0 FOLLOWER]: Starting pre-election with config: opid_index: -1 OBSOLETE_local: false peers { permanent_uuid: "50539e954ea24b5795e616f3a32b7dbf" member_type: VOTER last_known_addr { host: "127.12.50.65" port: 42951 } } peers { permanent_uuid: "faff89416b424b09b29480113fa572bb" member_type: VOTER last_known_addr { host: "127.12.50.66" port: 43967 } } peers { permanent_uuid: "a772f576b8da443ca803a016f6a2c815" member_type: VOTER last_known_addr { host: "127.12.50.67" port: 42135 } }
I20260601 13:21:37.500562 13398 leader_election.cc:290] T 6c209868bae044d4ac7d17560b8a3767 P faff89416b424b09b29480113fa572bb [CANDIDATE]: Term 1 pre-election: Requested pre-vote from peers 50539e954ea24b5795e616f3a32b7dbf (127.12.50.65:42951), a772f576b8da443ca803a016f6a2c815 (127.12.50.67:42135)
I20260601 13:21:37.501112 13169 tablet_service.cc:1917] Received RequestConsensusVote() RPC: tablet_id: "6c209868bae044d4ac7d17560b8a3767" candidate_uuid: "faff89416b424b09b29480113fa572bb" candidate_term: 1 candidate_status { last_received { term: 0 index: 0 } } ignore_live_leader: false dest_uuid: "50539e954ea24b5795e616f3a32b7dbf" is_pre_election: true
I20260601 13:21:37.501154 13320 tablet_service.cc:1917] Received RequestConsensusVote() RPC: tablet_id: "6c209868bae044d4ac7d17560b8a3767" candidate_uuid: "faff89416b424b09b29480113fa572bb" candidate_term: 1 candidate_status { last_received { term: 0 index: 0 } } ignore_live_leader: false dest_uuid: "a772f576b8da443ca803a016f6a2c815" is_pre_election: true
I20260601 13:21:37.501245 13169 raft_consensus.cc:2468] T 6c209868bae044d4ac7d17560b8a3767 P 50539e954ea24b5795e616f3a32b7dbf [term 0 FOLLOWER]: Leader pre-election vote request: Granting yes vote for candidate faff89416b424b09b29480113fa572bb in term 0.
I20260601 13:21:37.501295 13320 raft_consensus.cc:2468] T 6c209868bae044d4ac7d17560b8a3767 P a772f576b8da443ca803a016f6a2c815 [term 0 FOLLOWER]: Leader pre-election vote request: Granting yes vote for candidate faff89416b424b09b29480113fa572bb in term 0.
I20260601 13:21:37.501573 13211 leader_election.cc:304] T 6c209868bae044d4ac7d17560b8a3767 P faff89416b424b09b29480113fa572bb [CANDIDATE]: Term 1 pre-election: Election decided. Result: candidate won. Election summary: received 2 responses out of 3 voters: 2 yes votes; 0 no votes. yes voters: 50539e954ea24b5795e616f3a32b7dbf, faff89416b424b09b29480113fa572bb; no voters: 
I20260601 13:21:37.501784 13398 raft_consensus.cc:2804] T 6c209868bae044d4ac7d17560b8a3767 P faff89416b424b09b29480113fa572bb [term 0 FOLLOWER]: Leader pre-election won for term 1
I20260601 13:21:37.501837 13398 raft_consensus.cc:493] T 6c209868bae044d4ac7d17560b8a3767 P faff89416b424b09b29480113fa572bb [term 0 FOLLOWER]: Starting leader election (no leader contacted us within the election timeout)
I20260601 13:21:37.501863 13398 raft_consensus.cc:3060] T 6c209868bae044d4ac7d17560b8a3767 P faff89416b424b09b29480113fa572bb [term 0 FOLLOWER]: Advancing to term 1
I20260601 13:21:37.502841 13398 raft_consensus.cc:515] T 6c209868bae044d4ac7d17560b8a3767 P faff89416b424b09b29480113fa572bb [term 1 FOLLOWER]: Starting leader election with config: opid_index: -1 OBSOLETE_local: false peers { permanent_uuid: "50539e954ea24b5795e616f3a32b7dbf" member_type: VOTER last_known_addr { host: "127.12.50.65" port: 42951 } } peers { permanent_uuid: "faff89416b424b09b29480113fa572bb" member_type: VOTER last_known_addr { host: "127.12.50.66" port: 43967 } } peers { permanent_uuid: "a772f576b8da443ca803a016f6a2c815" member_type: VOTER last_known_addr { host: "127.12.50.67" port: 42135 } }
I20260601 13:21:37.503217 13398 leader_election.cc:290] T 6c209868bae044d4ac7d17560b8a3767 P faff89416b424b09b29480113fa572bb [CANDIDATE]: Term 1 election: Requested vote from peers 50539e954ea24b5795e616f3a32b7dbf (127.12.50.65:42951), a772f576b8da443ca803a016f6a2c815 (127.12.50.67:42135)
I20260601 13:21:37.503638 13320 tablet_service.cc:1917] Received RequestConsensusVote() RPC: tablet_id: "6c209868bae044d4ac7d17560b8a3767" candidate_uuid: "faff89416b424b09b29480113fa572bb" candidate_term: 1 candidate_status { last_received { term: 0 index: 0 } } ignore_live_leader: false dest_uuid: "a772f576b8da443ca803a016f6a2c815"
I20260601 13:21:37.503638 13169 tablet_service.cc:1917] Received RequestConsensusVote() RPC: tablet_id: "6c209868bae044d4ac7d17560b8a3767" candidate_uuid: "faff89416b424b09b29480113fa572bb" candidate_term: 1 candidate_status { last_received { term: 0 index: 0 } } ignore_live_leader: false dest_uuid: "50539e954ea24b5795e616f3a32b7dbf"
I20260601 13:21:37.503783 13320 raft_consensus.cc:3060] T 6c209868bae044d4ac7d17560b8a3767 P a772f576b8da443ca803a016f6a2c815 [term 0 FOLLOWER]: Advancing to term 1
I20260601 13:21:37.503783 13169 raft_consensus.cc:3060] T 6c209868bae044d4ac7d17560b8a3767 P 50539e954ea24b5795e616f3a32b7dbf [term 0 FOLLOWER]: Advancing to term 1
I20260601 13:21:37.504803 13169 raft_consensus.cc:2468] T 6c209868bae044d4ac7d17560b8a3767 P 50539e954ea24b5795e616f3a32b7dbf [term 1 FOLLOWER]: Leader election vote request: Granting yes vote for candidate faff89416b424b09b29480113fa572bb in term 1.
I20260601 13:21:37.504803 13320 raft_consensus.cc:2468] T 6c209868bae044d4ac7d17560b8a3767 P a772f576b8da443ca803a016f6a2c815 [term 1 FOLLOWER]: Leader election vote request: Granting yes vote for candidate faff89416b424b09b29480113fa572bb in term 1.
I20260601 13:21:37.505152 13208 leader_election.cc:304] T 6c209868bae044d4ac7d17560b8a3767 P faff89416b424b09b29480113fa572bb [CANDIDATE]: Term 1 election: Election decided. Result: candidate won. Election summary: received 2 responses out of 3 voters: 2 yes votes; 0 no votes. yes voters: a772f576b8da443ca803a016f6a2c815, faff89416b424b09b29480113fa572bb; no voters: 
I20260601 13:21:37.505389 13398 raft_consensus.cc:2804] T 6c209868bae044d4ac7d17560b8a3767 P faff89416b424b09b29480113fa572bb [term 1 FOLLOWER]: Leader election won for term 1
I20260601 13:21:37.505501 13398 raft_consensus.cc:697] T 6c209868bae044d4ac7d17560b8a3767 P faff89416b424b09b29480113fa572bb [term 1 LEADER]: Becoming Leader. State: Replica: faff89416b424b09b29480113fa572bb, State: Running, Role: LEADER
I20260601 13:21:37.505661 13398 consensus_queue.cc:237] T 6c209868bae044d4ac7d17560b8a3767 P faff89416b424b09b29480113fa572bb [LEADER]: Queue going to LEADER mode. State: All replicated index: 0, Majority replicated index: 0, Committed index: 0, Last appended: 0.0, Last appended by leader: 0, Current term: 1, Majority size: 2, State: 0, Mode: LEADER, active raft config: opid_index: -1 OBSOLETE_local: false peers { permanent_uuid: "50539e954ea24b5795e616f3a32b7dbf" member_type: VOTER last_known_addr { host: "127.12.50.65" port: 42951 } } peers { permanent_uuid: "faff89416b424b09b29480113fa572bb" member_type: VOTER last_known_addr { host: "127.12.50.66" port: 43967 } } peers { permanent_uuid: "a772f576b8da443ca803a016f6a2c815" member_type: VOTER last_known_addr { host: "127.12.50.67" port: 42135 } }
I20260601 13:21:37.507661 13064 catalog_manager.cc:5696] T 6c209868bae044d4ac7d17560b8a3767 P faff89416b424b09b29480113fa572bb reported cstate change: term changed from 0 to 1, leader changed from <none> to faff89416b424b09b29480113fa572bb (127.12.50.66). New cstate: current_term: 1 leader_uuid: "faff89416b424b09b29480113fa572bb" committed_config { opid_index: -1 OBSOLETE_local: false peers { permanent_uuid: "50539e954ea24b5795e616f3a32b7dbf" member_type: VOTER last_known_addr { host: "127.12.50.65" port: 42951 } health_report { overall_health: UNKNOWN } } peers { permanent_uuid: "faff89416b424b09b29480113fa572bb" member_type: VOTER last_known_addr { host: "127.12.50.66" port: 43967 } health_report { overall_health: HEALTHY } } peers { permanent_uuid: "a772f576b8da443ca803a016f6a2c815" member_type: VOTER last_known_addr { host: "127.12.50.67" port: 42135 } health_report { overall_health: UNKNOWN } } }
I20260601 13:21:37.589947 13398 raft_consensus.cc:493] T 102b4b24a2014bee936cb4dec2201773 P faff89416b424b09b29480113fa572bb [term 0 FOLLOWER]: Starting pre-election (no leader contacted us within the election timeout)
I20260601 13:21:37.590178 13398 raft_consensus.cc:515] T 102b4b24a2014bee936cb4dec2201773 P faff89416b424b09b29480113fa572bb [term 0 FOLLOWER]: Starting pre-election with config: opid_index: -1 OBSOLETE_local: false peers { permanent_uuid: "50539e954ea24b5795e616f3a32b7dbf" member_type: VOTER last_known_addr { host: "127.12.50.65" port: 42951 } } peers { permanent_uuid: "faff89416b424b09b29480113fa572bb" member_type: VOTER last_known_addr { host: "127.12.50.66" port: 43967 } } peers { permanent_uuid: "a772f576b8da443ca803a016f6a2c815" member_type: VOTER last_known_addr { host: "127.12.50.67" port: 42135 } }
I20260601 13:21:37.590814 13398 leader_election.cc:290] T 102b4b24a2014bee936cb4dec2201773 P faff89416b424b09b29480113fa572bb [CANDIDATE]: Term 1 pre-election: Requested pre-vote from peers 50539e954ea24b5795e616f3a32b7dbf (127.12.50.65:42951), a772f576b8da443ca803a016f6a2c815 (127.12.50.67:42135)
I20260601 13:21:37.591418 13169 tablet_service.cc:1917] Received RequestConsensusVote() RPC: tablet_id: "102b4b24a2014bee936cb4dec2201773" candidate_uuid: "faff89416b424b09b29480113fa572bb" candidate_term: 1 candidate_status { last_received { term: 0 index: 0 } } ignore_live_leader: false dest_uuid: "50539e954ea24b5795e616f3a32b7dbf" is_pre_election: true
I20260601 13:21:37.591418 13320 tablet_service.cc:1917] Received RequestConsensusVote() RPC: tablet_id: "102b4b24a2014bee936cb4dec2201773" candidate_uuid: "faff89416b424b09b29480113fa572bb" candidate_term: 1 candidate_status { last_received { term: 0 index: 0 } } ignore_live_leader: false dest_uuid: "a772f576b8da443ca803a016f6a2c815" is_pre_election: true
I20260601 13:21:37.591588 13169 raft_consensus.cc:2468] T 102b4b24a2014bee936cb4dec2201773 P 50539e954ea24b5795e616f3a32b7dbf [term 0 FOLLOWER]: Leader pre-election vote request: Granting yes vote for candidate faff89416b424b09b29480113fa572bb in term 0.
I20260601 13:21:37.591650 13320 raft_consensus.cc:2468] T 102b4b24a2014bee936cb4dec2201773 P a772f576b8da443ca803a016f6a2c815 [term 0 FOLLOWER]: Leader pre-election vote request: Granting yes vote for candidate faff89416b424b09b29480113fa572bb in term 0.
I20260601 13:21:37.591892 13211 leader_election.cc:304] T 102b4b24a2014bee936cb4dec2201773 P faff89416b424b09b29480113fa572bb [CANDIDATE]: Term 1 pre-election: Election decided. Result: candidate won. Election summary: received 2 responses out of 3 voters: 2 yes votes; 0 no votes. yes voters: 50539e954ea24b5795e616f3a32b7dbf, faff89416b424b09b29480113fa572bb; no voters: 
I20260601 13:21:37.592089 13398 raft_consensus.cc:2804] T 102b4b24a2014bee936cb4dec2201773 P faff89416b424b09b29480113fa572bb [term 0 FOLLOWER]: Leader pre-election won for term 1
I20260601 13:21:37.592141 13398 raft_consensus.cc:493] T 102b4b24a2014bee936cb4dec2201773 P faff89416b424b09b29480113fa572bb [term 0 FOLLOWER]: Starting leader election (no leader contacted us within the election timeout)
I20260601 13:21:37.592170 13398 raft_consensus.cc:3060] T 102b4b24a2014bee936cb4dec2201773 P faff89416b424b09b29480113fa572bb [term 0 FOLLOWER]: Advancing to term 1
I20260601 13:21:37.593124 13398 raft_consensus.cc:515] T 102b4b24a2014bee936cb4dec2201773 P faff89416b424b09b29480113fa572bb [term 1 FOLLOWER]: Starting leader election with config: opid_index: -1 OBSOLETE_local: false peers { permanent_uuid: "50539e954ea24b5795e616f3a32b7dbf" member_type: VOTER last_known_addr { host: "127.12.50.65" port: 42951 } } peers { permanent_uuid: "faff89416b424b09b29480113fa572bb" member_type: VOTER last_known_addr { host: "127.12.50.66" port: 43967 } } peers { permanent_uuid: "a772f576b8da443ca803a016f6a2c815" member_type: VOTER last_known_addr { host: "127.12.50.67" port: 42135 } }
I20260601 13:21:37.593480 13398 leader_election.cc:290] T 102b4b24a2014bee936cb4dec2201773 P faff89416b424b09b29480113fa572bb [CANDIDATE]: Term 1 election: Requested vote from peers 50539e954ea24b5795e616f3a32b7dbf (127.12.50.65:42951), a772f576b8da443ca803a016f6a2c815 (127.12.50.67:42135)
I20260601 13:21:37.593863 13320 tablet_service.cc:1917] Received RequestConsensusVote() RPC: tablet_id: "102b4b24a2014bee936cb4dec2201773" candidate_uuid: "faff89416b424b09b29480113fa572bb" candidate_term: 1 candidate_status { last_received { term: 0 index: 0 } } ignore_live_leader: false dest_uuid: "a772f576b8da443ca803a016f6a2c815"
I20260601 13:21:37.593955 13320 raft_consensus.cc:3060] T 102b4b24a2014bee936cb4dec2201773 P a772f576b8da443ca803a016f6a2c815 [term 0 FOLLOWER]: Advancing to term 1
I20260601 13:21:37.594128 13169 tablet_service.cc:1917] Received RequestConsensusVote() RPC: tablet_id: "102b4b24a2014bee936cb4dec2201773" candidate_uuid: "faff89416b424b09b29480113fa572bb" candidate_term: 1 candidate_status { last_received { term: 0 index: 0 } } ignore_live_leader: false dest_uuid: "50539e954ea24b5795e616f3a32b7dbf"
I20260601 13:21:37.594226 13169 raft_consensus.cc:3060] T 102b4b24a2014bee936cb4dec2201773 P 50539e954ea24b5795e616f3a32b7dbf [term 0 FOLLOWER]: Advancing to term 1
I20260601 13:21:37.594790 13320 raft_consensus.cc:2468] T 102b4b24a2014bee936cb4dec2201773 P a772f576b8da443ca803a016f6a2c815 [term 1 FOLLOWER]: Leader election vote request: Granting yes vote for candidate faff89416b424b09b29480113fa572bb in term 1.
I20260601 13:21:37.595027 13169 raft_consensus.cc:2468] T 102b4b24a2014bee936cb4dec2201773 P 50539e954ea24b5795e616f3a32b7dbf [term 1 FOLLOWER]: Leader election vote request: Granting yes vote for candidate faff89416b424b09b29480113fa572bb in term 1.
I20260601 13:21:37.595098 13208 leader_election.cc:304] T 102b4b24a2014bee936cb4dec2201773 P faff89416b424b09b29480113fa572bb [CANDIDATE]: Term 1 election: Election decided. Result: candidate won. Election summary: received 2 responses out of 3 voters: 2 yes votes; 0 no votes. yes voters: a772f576b8da443ca803a016f6a2c815, faff89416b424b09b29480113fa572bb; no voters: 
I20260601 13:21:37.595376 13398 raft_consensus.cc:2804] T 102b4b24a2014bee936cb4dec2201773 P faff89416b424b09b29480113fa572bb [term 1 FOLLOWER]: Leader election won for term 1
I20260601 13:21:37.595469 13398 raft_consensus.cc:697] T 102b4b24a2014bee936cb4dec2201773 P faff89416b424b09b29480113fa572bb [term 1 LEADER]: Becoming Leader. State: Replica: faff89416b424b09b29480113fa572bb, State: Running, Role: LEADER
I20260601 13:21:37.595646 13398 consensus_queue.cc:237] T 102b4b24a2014bee936cb4dec2201773 P faff89416b424b09b29480113fa572bb [LEADER]: Queue going to LEADER mode. State: All replicated index: 0, Majority replicated index: 0, Committed index: 0, Last appended: 0.0, Last appended by leader: 0, Current term: 1, Majority size: 2, State: 0, Mode: LEADER, active raft config: opid_index: -1 OBSOLETE_local: false peers { permanent_uuid: "50539e954ea24b5795e616f3a32b7dbf" member_type: VOTER last_known_addr { host: "127.12.50.65" port: 42951 } } peers { permanent_uuid: "faff89416b424b09b29480113fa572bb" member_type: VOTER last_known_addr { host: "127.12.50.66" port: 43967 } } peers { permanent_uuid: "a772f576b8da443ca803a016f6a2c815" member_type: VOTER last_known_addr { host: "127.12.50.67" port: 42135 } }
I20260601 13:21:37.597458 13064 catalog_manager.cc:5696] T 102b4b24a2014bee936cb4dec2201773 P faff89416b424b09b29480113fa572bb reported cstate change: term changed from 0 to 1, leader changed from <none> to faff89416b424b09b29480113fa572bb (127.12.50.66). New cstate: current_term: 1 leader_uuid: "faff89416b424b09b29480113fa572bb" committed_config { opid_index: -1 OBSOLETE_local: false peers { permanent_uuid: "50539e954ea24b5795e616f3a32b7dbf" member_type: VOTER last_known_addr { host: "127.12.50.65" port: 42951 } health_report { overall_health: UNKNOWN } } peers { permanent_uuid: "faff89416b424b09b29480113fa572bb" member_type: VOTER last_known_addr { host: "127.12.50.66" port: 43967 } health_report { overall_health: HEALTHY } } peers { permanent_uuid: "a772f576b8da443ca803a016f6a2c815" member_type: VOTER last_known_addr { host: "127.12.50.67" port: 42135 } health_report { overall_health: UNKNOWN } } }
I20260601 13:21:37.647056 12489 file_cache.cc:492] Constructed file cache file cache with capacity 419430
W20260601 13:21:37.649844 13415 instance_detector.cc:116] could not retrieve AWS instance metadata: Network error: curl error: HTTP response code said error: The requested URL returned error: 404
W20260601 13:21:37.649863 13416 instance_detector.cc:116] could not retrieve Azure instance metadata: Network error: curl error: HTTP response code said error: The requested URL returned error: 404
W20260601 13:21:37.649891 13418 instance_detector.cc:116] could not retrieve OpenStack instance metadata: Network error: curl error: HTTP response code said error: The requested URL returned error: 404
I20260601 13:21:37.649924 12489 server_base.cc:1061] running on GCE node
I20260601 13:21:37.650291 12489 hybrid_clock.cc:584] initializing the hybrid clock with 'system_unsync' time source
W20260601 13:21:37.650332 12489 system_unsync_time.cc:38] NTP support is disabled. Clock error bounds will not be accurate. This configuration is not suitable for distributed clusters.
I20260601 13:21:37.650355 12489 hybrid_clock.cc:648] HybridClock initialized: now 1780320097650355 us; error 0 us; skew 500 ppm
I20260601 13:21:37.651546 12489 webserver.cc:533] Webserver started at http://127.12.50.68:45409/ using document root <none> and password file <none>
I20260601 13:21:37.651737 12489 fs_manager.cc:362] Metadata directory not provided
I20260601 13:21:37.651793 12489 fs_manager.cc:368] Using write-ahead log directory (fs_wal_dir) as metadata directory
I20260601 13:21:37.651886 12489 server_base.cc:909] This appears to be a new deployment of Kudu; creating new FS layout
I20260601 13:21:37.652361 12489 fs_manager.cc:1068] Generated new instance metadata in path /tmp/dist-test-taskPZkj8w/test-tmp/auto_rebalancer-test.0.AutoRebalancerTest.AutoRebalancingTurnOffAndOn.1780320093385835-12489-0/minicluster-data/ts-3-root/instance:
uuid: "6260475ce0f34da78436aa65b9c4582a"
format_stamp: "Formatted at 2026-06-01 13:21:37 on dist-test-slave-wkt0"
I20260601 13:21:37.654036 12489 fs_manager.cc:696] Time spent creating directory manager: real 0.001s	user 0.002s	sys 0.000s
I20260601 13:21:37.655272 13423 log_block_manager.cc:4031] Time spent loading block containers with low live blocks: real 0.000s	user 0.000s	sys 0.000s
I20260601 13:21:37.655551 12489 fs_manager.cc:730] Time spent opening block manager: real 0.001s	user 0.001s	sys 0.000s
I20260601 13:21:37.655622 12489 fs_manager.cc:647] Opened local filesystem: /tmp/dist-test-taskPZkj8w/test-tmp/auto_rebalancer-test.0.AutoRebalancerTest.AutoRebalancingTurnOffAndOn.1780320093385835-12489-0/minicluster-data/ts-3-root
uuid: "6260475ce0f34da78436aa65b9c4582a"
format_stamp: "Formatted at 2026-06-01 13:21:37 on dist-test-slave-wkt0"
I20260601 13:21:37.655709 12489 fs_report.cc:389] FS layout report
--------------------
wal directory: /tmp/dist-test-taskPZkj8w/test-tmp/auto_rebalancer-test.0.AutoRebalancerTest.AutoRebalancingTurnOffAndOn.1780320093385835-12489-0/minicluster-data/ts-3-root
metadata directory: /tmp/dist-test-taskPZkj8w/test-tmp/auto_rebalancer-test.0.AutoRebalancerTest.AutoRebalancingTurnOffAndOn.1780320093385835-12489-0/minicluster-data/ts-3-root
1 data directories: /tmp/dist-test-taskPZkj8w/test-tmp/auto_rebalancer-test.0.AutoRebalancerTest.AutoRebalancingTurnOffAndOn.1780320093385835-12489-0/minicluster-data/ts-3-root/data
Total live blocks: 0
Total live bytes: 0
Total live bytes (after alignment): 0
Total number of LBM containers: 0 (0 full)
Did not check for missing blocks
Did not check for orphaned blocks
Total full LBM containers with extra space: 0 (0 repaired)
Total full LBM container extra space in bytes: 0 (0 repaired)
Total incomplete LBM containers: 0 (0 repaired)
Total LBM partial records: 0 (0 repaired)
Total corrupted LBM metadata records in RocksDB: 0 (0 repaired)
I20260601 13:21:37.661038 12489 rpc_server.cc:225] running with OpenSSL 1.1.1  11 Sep 2018
I20260601 13:21:37.661522 12489 kserver.cc:163] Server-wide thread pool size limit: 3276
I20260601 13:21:37.661811 12489 txn_system_client.cc:432] TxnSystemClient initialization is disabled...
I20260601 13:21:37.662352 12489 ts_tablet_manager.cc:585] Loaded tablet metadata (0 total tablets, 0 live tablets)
I20260601 13:21:37.662391 12489 ts_tablet_manager.cc:531] Time spent load tablet metadata: real 0.000s	user 0.000s	sys 0.000s
I20260601 13:21:37.662433 12489 ts_tablet_manager.cc:616] Registered 0 tablets
I20260601 13:21:37.662461 12489 ts_tablet_manager.cc:595] Time spent register tablets: real 0.000s	user 0.000s	sys 0.000s
I20260601 13:21:37.668047 12489 rpc_server.cc:307] RPC server started. Bound to: 127.12.50.68:36921
I20260601 13:21:37.668112 13490 acceptor_pool.cc:272] collecting diagnostics on the listening RPC socket 127.12.50.68:36921 every 8 connection(s)
I20260601 13:21:37.673676 13491 heartbeater.cc:344] Connected to a master server at 127.12.50.126:32905
I20260601 13:21:37.673821 13491 heartbeater.cc:461] Registering TS with master...
I20260601 13:21:37.674117 13491 heartbeater.cc:507] Master 127.12.50.126:32905 requested a full tablet report, sending...
I20260601 13:21:37.674870 13064 ts_manager.cc:194] Registered new tserver with Master: 6260475ce0f34da78436aa65b9c4582a (127.12.50.68:36921)
I20260601 13:21:37.675560 13064 master_service.cc:502] Signed X509 certificate for tserver {username='slave'} at 127.0.0.1:59284
I20260601 13:21:37.678153 13398 consensus_queue.cc:1048] T 1f211a0388754186932362c0b4b65bfe P faff89416b424b09b29480113fa572bb [LEADER]: Connected to new peer: Peer: permanent_uuid: "a772f576b8da443ca803a016f6a2c815" member_type: VOTER last_known_addr { host: "127.12.50.67" port: 42135 }, Status: LMP_MISMATCH, Last received: 0.0, Next index: 1, Last known committed idx: 0, Time since last communication: 0.000s
I20260601 13:21:37.682298 13497 consensus_queue.cc:1048] T 1f211a0388754186932362c0b4b65bfe P faff89416b424b09b29480113fa572bb [LEADER]: Connected to new peer: Peer: permanent_uuid: "50539e954ea24b5795e616f3a32b7dbf" member_type: VOTER last_known_addr { host: "127.12.50.65" port: 42951 }, Status: LMP_MISMATCH, Last received: 0.0, Next index: 1, Last known committed idx: 0, Time since last communication: 0.000s
I20260601 13:21:37.686782 13374 consensus_queue.cc:1048] T 2d0f3933898940e3b76439cddd2efddc P a772f576b8da443ca803a016f6a2c815 [LEADER]: Connected to new peer: Peer: permanent_uuid: "faff89416b424b09b29480113fa572bb" member_type: VOTER last_known_addr { host: "127.12.50.66" port: 43967 }, Status: LMP_MISMATCH, Last received: 0.0, Next index: 1, Last known committed idx: 0, Time since last communication: 0.000s
I20260601 13:21:37.690193 13502 consensus_queue.cc:1048] T 2d0f3933898940e3b76439cddd2efddc P a772f576b8da443ca803a016f6a2c815 [LEADER]: Connected to new peer: Peer: permanent_uuid: "50539e954ea24b5795e616f3a32b7dbf" member_type: VOTER last_known_addr { host: "127.12.50.65" port: 42951 }, Status: LMP_MISMATCH, Last received: 0.0, Next index: 1, Last known committed idx: 0, Time since last communication: 0.000s
I20260601 13:21:37.787281 13387 consensus_queue.cc:1048] T b0eedf80050d4e739d9fa2460ed4d4e4 P 50539e954ea24b5795e616f3a32b7dbf [LEADER]: Connected to new peer: Peer: permanent_uuid: "a772f576b8da443ca803a016f6a2c815" member_type: VOTER last_known_addr { host: "127.12.50.67" port: 42135 }, Status: LMP_MISMATCH, Last received: 0.0, Next index: 1, Last known committed idx: 0, Time since last communication: 0.000s
I20260601 13:21:37.791666 13387 consensus_queue.cc:1048] T b0eedf80050d4e739d9fa2460ed4d4e4 P 50539e954ea24b5795e616f3a32b7dbf [LEADER]: Connected to new peer: Peer: permanent_uuid: "faff89416b424b09b29480113fa572bb" member_type: VOTER last_known_addr { host: "127.12.50.66" port: 43967 }, Status: LMP_MISMATCH, Last received: 0.0, Next index: 1, Last known committed idx: 0, Time since last communication: 0.000s
I20260601 13:21:37.832290 13502 consensus_queue.cc:1048] T 5a4a95199f744599b00974b61b52e625 P a772f576b8da443ca803a016f6a2c815 [LEADER]: Connected to new peer: Peer: permanent_uuid: "faff89416b424b09b29480113fa572bb" member_type: VOTER last_known_addr { host: "127.12.50.66" port: 43967 }, Status: LMP_MISMATCH, Last received: 0.0, Next index: 1, Last known committed idx: 0, Time since last communication: 0.000s
I20260601 13:21:37.835790 13502 consensus_queue.cc:1048] T 5a4a95199f744599b00974b61b52e625 P a772f576b8da443ca803a016f6a2c815 [LEADER]: Connected to new peer: Peer: permanent_uuid: "50539e954ea24b5795e616f3a32b7dbf" member_type: VOTER last_known_addr { host: "127.12.50.65" port: 42951 }, Status: LMP_MISMATCH, Last received: 0.0, Next index: 1, Last known committed idx: 0, Time since last communication: 0.000s
I20260601 13:21:37.885982 13497 consensus_queue.cc:1048] T a705b1ddc8404d28882fc84cc9087e00 P faff89416b424b09b29480113fa572bb [LEADER]: Connected to new peer: Peer: permanent_uuid: "50539e954ea24b5795e616f3a32b7dbf" member_type: VOTER last_known_addr { host: "127.12.50.65" port: 42951 }, Status: LMP_MISMATCH, Last received: 0.0, Next index: 1, Last known committed idx: 0, Time since last communication: 0.000s
I20260601 13:21:37.889519 13378 consensus_queue.cc:1048] T a705b1ddc8404d28882fc84cc9087e00 P faff89416b424b09b29480113fa572bb [LEADER]: Connected to new peer: Peer: permanent_uuid: "a772f576b8da443ca803a016f6a2c815" member_type: VOTER last_known_addr { host: "127.12.50.67" port: 42135 }, Status: LMP_MISMATCH, Last received: 0.0, Next index: 1, Last known committed idx: 0, Time since last communication: 0.000s
I20260601 13:21:37.999451 13387 consensus_queue.cc:1048] T 8aa7f1ff47b34d9e973368fa4a36bb68 P 50539e954ea24b5795e616f3a32b7dbf [LEADER]: Connected to new peer: Peer: permanent_uuid: "a772f576b8da443ca803a016f6a2c815" member_type: VOTER last_known_addr { host: "127.12.50.67" port: 42135 }, Status: LMP_MISMATCH, Last received: 0.0, Next index: 1, Last known committed idx: 0, Time since last communication: 0.000s
I20260601 13:21:38.003559 13512 consensus_queue.cc:1048] T 8aa7f1ff47b34d9e973368fa4a36bb68 P 50539e954ea24b5795e616f3a32b7dbf [LEADER]: Connected to new peer: Peer: permanent_uuid: "faff89416b424b09b29480113fa572bb" member_type: VOTER last_known_addr { host: "127.12.50.66" port: 43967 }, Status: LMP_MISMATCH, Last received: 0.0, Next index: 1, Last known committed idx: 0, Time since last communication: 0.000s
I20260601 13:21:38.013909 13120 auto_leader_rebalancer.cc:140] leader rebalance for table test-workload
I20260601 13:21:38.021287 13245 tablet_service.cc:2072] Received LeaderStepDown RPC: tablet_id: "1f211a0388754186932362c0b4b65bfe"
dest_uuid: "faff89416b424b09b29480113fa572bb"
mode: GRACEFUL
new_leader_uuid: "50539e954ea24b5795e616f3a32b7dbf"
 from {username='slave'} at 127.0.0.1:44014
I20260601 13:21:38.021588 13245 raft_consensus.cc:606] T 1f211a0388754186932362c0b4b65bfe P faff89416b424b09b29480113fa572bb [term 1 LEADER]: Received request to transfer leadership to TS 50539e954ea24b5795e616f3a32b7dbf
I20260601 13:21:38.022112 13120 auto_leader_rebalancer.cc:388] table: test-workload, leader rebalance finish, leader transfer count: 1
I20260601 13:21:38.022353 13120 auto_leader_rebalancer.cc:451] All tables' leader rebalancing finished this round
I20260601 13:21:38.048781 13497 consensus_queue.cc:1048] T 6c209868bae044d4ac7d17560b8a3767 P faff89416b424b09b29480113fa572bb [LEADER]: Connected to new peer: Peer: permanent_uuid: "a772f576b8da443ca803a016f6a2c815" member_type: VOTER last_known_addr { host: "127.12.50.67" port: 42135 }, Status: LMP_MISMATCH, Last received: 0.0, Next index: 1, Last known committed idx: 0, Time since last communication: 0.000s
I20260601 13:21:38.049227 13497 consensus_queue.cc:1048] T 6c209868bae044d4ac7d17560b8a3767 P faff89416b424b09b29480113fa572bb [LEADER]: Connected to new peer: Peer: permanent_uuid: "50539e954ea24b5795e616f3a32b7dbf" member_type: VOTER last_known_addr { host: "127.12.50.65" port: 42951 }, Status: LMP_MISMATCH, Last received: 0.0, Next index: 1, Last known committed idx: 0, Time since last communication: 0.000s
I20260601 13:21:38.113538 13497 consensus_queue.cc:1048] T 102b4b24a2014bee936cb4dec2201773 P faff89416b424b09b29480113fa572bb [LEADER]: Connected to new peer: Peer: permanent_uuid: "a772f576b8da443ca803a016f6a2c815" member_type: VOTER last_known_addr { host: "127.12.50.67" port: 42135 }, Status: LMP_MISMATCH, Last received: 0.0, Next index: 1, Last known committed idx: 0, Time since last communication: 0.000s
I20260601 13:21:38.117518 13497 consensus_queue.cc:1048] T 102b4b24a2014bee936cb4dec2201773 P faff89416b424b09b29480113fa572bb [LEADER]: Connected to new peer: Peer: permanent_uuid: "50539e954ea24b5795e616f3a32b7dbf" member_type: VOTER last_known_addr { host: "127.12.50.65" port: 42951 }, Status: LMP_MISMATCH, Last received: 0.0, Next index: 1, Last known committed idx: 0, Time since last communication: 0.000s
I20260601 13:21:38.120442 13378 raft_consensus.cc:993] T 1f211a0388754186932362c0b4b65bfe P faff89416b424b09b29480113fa572bb: : Instructing follower 50539e954ea24b5795e616f3a32b7dbf to start an election
I20260601 13:21:38.120569 13378 raft_consensus.cc:1081] T 1f211a0388754186932362c0b4b65bfe P faff89416b424b09b29480113fa572bb [term 1 LEADER]: Signalling peer 50539e954ea24b5795e616f3a32b7dbf to start an election
I20260601 13:21:38.121136 13168 tablet_service.cc:2044] Received Run Leader Election RPC: tablet_id: "1f211a0388754186932362c0b4b65bfe"
dest_uuid: "50539e954ea24b5795e616f3a32b7dbf"
 from {username='slave'} at 127.0.0.1:52592
I20260601 13:21:38.121304 13168 raft_consensus.cc:493] T 1f211a0388754186932362c0b4b65bfe P 50539e954ea24b5795e616f3a32b7dbf [term 1 FOLLOWER]: Starting forced leader election (received explicit request)
I20260601 13:21:38.121382 13168 raft_consensus.cc:3060] T 1f211a0388754186932362c0b4b65bfe P 50539e954ea24b5795e616f3a32b7dbf [term 1 FOLLOWER]: Advancing to term 2
I20260601 13:21:38.122435 13168 raft_consensus.cc:515] T 1f211a0388754186932362c0b4b65bfe P 50539e954ea24b5795e616f3a32b7dbf [term 2 FOLLOWER]: Starting forced leader election with config: opid_index: -1 OBSOLETE_local: false peers { permanent_uuid: "50539e954ea24b5795e616f3a32b7dbf" member_type: VOTER last_known_addr { host: "127.12.50.65" port: 42951 } } peers { permanent_uuid: "faff89416b424b09b29480113fa572bb" member_type: VOTER last_known_addr { host: "127.12.50.66" port: 43967 } } peers { permanent_uuid: "a772f576b8da443ca803a016f6a2c815" member_type: VOTER last_known_addr { host: "127.12.50.67" port: 42135 } }
I20260601 13:21:38.122843 13168 leader_election.cc:290] T 1f211a0388754186932362c0b4b65bfe P 50539e954ea24b5795e616f3a32b7dbf [CANDIDATE]: Term 2 election: Requested vote from peers faff89416b424b09b29480113fa572bb (127.12.50.66:43967), a772f576b8da443ca803a016f6a2c815 (127.12.50.67:42135)
I20260601 13:21:38.123176 13245 tablet_service.cc:1917] Received RequestConsensusVote() RPC: tablet_id: "1f211a0388754186932362c0b4b65bfe" candidate_uuid: "50539e954ea24b5795e616f3a32b7dbf" candidate_term: 2 candidate_status { last_received { term: 1 index: 1 } } ignore_live_leader: true dest_uuid: "faff89416b424b09b29480113fa572bb"
I20260601 13:21:38.123221 13320 tablet_service.cc:1917] Received RequestConsensusVote() RPC: tablet_id: "1f211a0388754186932362c0b4b65bfe" candidate_uuid: "50539e954ea24b5795e616f3a32b7dbf" candidate_term: 2 candidate_status { last_received { term: 1 index: 1 } } ignore_live_leader: true dest_uuid: "a772f576b8da443ca803a016f6a2c815"
I20260601 13:21:38.123328 13245 raft_consensus.cc:3055] T 1f211a0388754186932362c0b4b65bfe P faff89416b424b09b29480113fa572bb [term 1 LEADER]: Stepping down as leader of term 1
I20260601 13:21:38.123387 13245 raft_consensus.cc:740] T 1f211a0388754186932362c0b4b65bfe P faff89416b424b09b29480113fa572bb [term 1 LEADER]: Becoming Follower/Learner. State: Replica: faff89416b424b09b29480113fa572bb, State: Running, Role: LEADER
I20260601 13:21:38.123407 13320 raft_consensus.cc:3060] T 1f211a0388754186932362c0b4b65bfe P a772f576b8da443ca803a016f6a2c815 [term 1 FOLLOWER]: Advancing to term 2
I20260601 13:21:38.123553 13245 consensus_queue.cc:260] T 1f211a0388754186932362c0b4b65bfe P faff89416b424b09b29480113fa572bb [NON_LEADER]: Queue going to NON_LEADER mode. State: All replicated index: 0, Majority replicated index: 1, Committed index: 1, Last appended: 1.1, Last appended by leader: 1, Current term: 1, Majority size: -1, State: 0, Mode: NON_LEADER, active raft config: opid_index: -1 OBSOLETE_local: false peers { permanent_uuid: "50539e954ea24b5795e616f3a32b7dbf" member_type: VOTER last_known_addr { host: "127.12.50.65" port: 42951 } } peers { permanent_uuid: "faff89416b424b09b29480113fa572bb" member_type: VOTER last_known_addr { host: "127.12.50.66" port: 43967 } } peers { permanent_uuid: "a772f576b8da443ca803a016f6a2c815" member_type: VOTER last_known_addr { host: "127.12.50.67" port: 42135 } }
I20260601 13:21:38.123719 13245 raft_consensus.cc:3060] T 1f211a0388754186932362c0b4b65bfe P faff89416b424b09b29480113fa572bb [term 1 FOLLOWER]: Advancing to term 2
I20260601 13:21:38.124329 13320 raft_consensus.cc:2468] T 1f211a0388754186932362c0b4b65bfe P a772f576b8da443ca803a016f6a2c815 [term 2 FOLLOWER]: Leader election vote request: Granting yes vote for candidate 50539e954ea24b5795e616f3a32b7dbf in term 2.
I20260601 13:21:38.124435 13245 raft_consensus.cc:2468] T 1f211a0388754186932362c0b4b65bfe P faff89416b424b09b29480113fa572bb [term 2 FOLLOWER]: Leader election vote request: Granting yes vote for candidate 50539e954ea24b5795e616f3a32b7dbf in term 2.
I20260601 13:21:38.124607 13132 leader_election.cc:304] T 1f211a0388754186932362c0b4b65bfe P 50539e954ea24b5795e616f3a32b7dbf [CANDIDATE]: Term 2 election: Election decided. Result: candidate won. Election summary: received 2 responses out of 3 voters: 2 yes votes; 0 no votes. yes voters: 50539e954ea24b5795e616f3a32b7dbf, a772f576b8da443ca803a016f6a2c815; no voters: 
I20260601 13:21:38.124802 13373 raft_consensus.cc:2804] T 1f211a0388754186932362c0b4b65bfe P 50539e954ea24b5795e616f3a32b7dbf [term 2 FOLLOWER]: Leader election won for term 2
I20260601 13:21:38.124886 13373 raft_consensus.cc:697] T 1f211a0388754186932362c0b4b65bfe P 50539e954ea24b5795e616f3a32b7dbf [term 2 LEADER]: Becoming Leader. State: Replica: 50539e954ea24b5795e616f3a32b7dbf, State: Running, Role: LEADER
I20260601 13:21:38.125013 13373 consensus_queue.cc:237] T 1f211a0388754186932362c0b4b65bfe P 50539e954ea24b5795e616f3a32b7dbf [LEADER]: Queue going to LEADER mode. State: All replicated index: 0, Majority replicated index: 1, Committed index: 1, Last appended: 1.1, Last appended by leader: 1, Current term: 2, Majority size: 2, State: 0, Mode: LEADER, active raft config: opid_index: -1 OBSOLETE_local: false peers { permanent_uuid: "50539e954ea24b5795e616f3a32b7dbf" member_type: VOTER last_known_addr { host: "127.12.50.65" port: 42951 } } peers { permanent_uuid: "faff89416b424b09b29480113fa572bb" member_type: VOTER last_known_addr { host: "127.12.50.66" port: 43967 } } peers { permanent_uuid: "a772f576b8da443ca803a016f6a2c815" member_type: VOTER last_known_addr { host: "127.12.50.67" port: 42135 } }
I20260601 13:21:38.127208 13064 catalog_manager.cc:5696] T 1f211a0388754186932362c0b4b65bfe P 50539e954ea24b5795e616f3a32b7dbf reported cstate change: term changed from 1 to 2, leader changed from faff89416b424b09b29480113fa572bb (127.12.50.66) to 50539e954ea24b5795e616f3a32b7dbf (127.12.50.65). New cstate: current_term: 2 leader_uuid: "50539e954ea24b5795e616f3a32b7dbf" committed_config { opid_index: -1 OBSOLETE_local: false peers { permanent_uuid: "50539e954ea24b5795e616f3a32b7dbf" member_type: VOTER last_known_addr { host: "127.12.50.65" port: 42951 } health_report { overall_health: HEALTHY } } peers { permanent_uuid: "faff89416b424b09b29480113fa572bb" member_type: VOTER last_known_addr { host: "127.12.50.66" port: 43967 } health_report { overall_health: UNKNOWN } } peers { permanent_uuid: "a772f576b8da443ca803a016f6a2c815" member_type: VOTER last_known_addr { host: "127.12.50.67" port: 42135 } health_report { overall_health: UNKNOWN } } }
I20260601 13:21:38.551954 13320 raft_consensus.cc:1275] T 1f211a0388754186932362c0b4b65bfe P a772f576b8da443ca803a016f6a2c815 [term 2 FOLLOWER]: Refusing update from remote peer 50539e954ea24b5795e616f3a32b7dbf: Log matching property violated. Preceding OpId in replica: term: 1 index: 1. Preceding OpId from leader: term: 2 index: 2. (index mismatch)
I20260601 13:21:38.552489 13373 consensus_queue.cc:1048] T 1f211a0388754186932362c0b4b65bfe P 50539e954ea24b5795e616f3a32b7dbf [LEADER]: Connected to new peer: Peer: permanent_uuid: "a772f576b8da443ca803a016f6a2c815" member_type: VOTER last_known_addr { host: "127.12.50.67" port: 42135 }, Status: LMP_MISMATCH, Last received: 0.0, Next index: 2, Last known committed idx: 1, Time since last communication: 0.000s
I20260601 13:21:38.555456 13245 raft_consensus.cc:1275] T 1f211a0388754186932362c0b4b65bfe P faff89416b424b09b29480113fa572bb [term 2 FOLLOWER]: Refusing update from remote peer 50539e954ea24b5795e616f3a32b7dbf: Log matching property violated. Preceding OpId in replica: term: 1 index: 1. Preceding OpId from leader: term: 2 index: 2. (index mismatch)
I20260601 13:21:38.555932 13387 consensus_queue.cc:1048] T 1f211a0388754186932362c0b4b65bfe P 50539e954ea24b5795e616f3a32b7dbf [LEADER]: Connected to new peer: Peer: permanent_uuid: "faff89416b424b09b29480113fa572bb" member_type: VOTER last_known_addr { host: "127.12.50.66" port: 43967 }, Status: LMP_MISMATCH, Last received: 0.0, Next index: 2, Last known committed idx: 1, Time since last communication: 0.000s
I20260601 13:21:38.676751 13491 heartbeater.cc:499] Master 127.12.50.126:32905 was elected leader, sending a full tablet report...
I20260601 13:21:40.022871 13120 auto_leader_rebalancer.cc:140] leader rebalance for table test-workload
I20260601 13:21:40.024319 13120 auto_leader_rebalancer.cc:388] table: test-workload, leader rebalance finish, leader transfer count: 0
I20260601 13:21:40.024510 13120 auto_leader_rebalancer.cc:451] All tables' leader rebalancing finished this round
I20260601 13:21:42.025053 13120 auto_leader_rebalancer.cc:140] leader rebalance for table test-workload
I20260601 13:21:42.026068 13120 auto_leader_rebalancer.cc:388] table: test-workload, leader rebalance finish, leader transfer count: 0
I20260601 13:21:42.026176 13120 auto_leader_rebalancer.cc:451] All tables' leader rebalancing finished this round
I20260601 13:21:43.029078 13245 consensus_queue.cc:237] T a705b1ddc8404d28882fc84cc9087e00 P faff89416b424b09b29480113fa572bb [LEADER]: Queue going to LEADER mode. State: All replicated index: 0, Majority replicated index: 1, Committed index: 1, Last appended: 1.1, Last appended by leader: 0, Current term: 1, Majority size: 2, State: 0, Mode: LEADER, active raft config: opid_index: 2 OBSOLETE_local: false peers { permanent_uuid: "50539e954ea24b5795e616f3a32b7dbf" member_type: VOTER last_known_addr { host: "127.12.50.65" port: 42951 } attrs { replace: true } } peers { permanent_uuid: "faff89416b424b09b29480113fa572bb" member_type: VOTER last_known_addr { host: "127.12.50.66" port: 43967 } } peers { permanent_uuid: "a772f576b8da443ca803a016f6a2c815" member_type: VOTER last_known_addr { host: "127.12.50.67" port: 42135 } } peers { permanent_uuid: "6260475ce0f34da78436aa65b9c4582a" member_type: NON_VOTER last_known_addr { host: "127.12.50.68" port: 36921 } attrs { promote: true } }
I20260601 13:21:43.031034 13168 raft_consensus.cc:1275] T a705b1ddc8404d28882fc84cc9087e00 P 50539e954ea24b5795e616f3a32b7dbf [term 1 FOLLOWER]: Refusing update from remote peer faff89416b424b09b29480113fa572bb: Log matching property violated. Preceding OpId in replica: term: 1 index: 1. Preceding OpId from leader: term: 1 index: 2. (index mismatch)
I20260601 13:21:43.031518 13321 raft_consensus.cc:1275] T a705b1ddc8404d28882fc84cc9087e00 P a772f576b8da443ca803a016f6a2c815 [term 1 FOLLOWER]: Refusing update from remote peer faff89416b424b09b29480113fa572bb: Log matching property violated. Preceding OpId in replica: term: 1 index: 1. Preceding OpId from leader: term: 1 index: 2. (index mismatch)
I20260601 13:21:43.031474 13398 consensus_queue.cc:1048] T a705b1ddc8404d28882fc84cc9087e00 P faff89416b424b09b29480113fa572bb [LEADER]: Connected to new peer: Peer: permanent_uuid: "50539e954ea24b5795e616f3a32b7dbf" member_type: VOTER last_known_addr { host: "127.12.50.65" port: 42951 } attrs { replace: true }, Status: LMP_MISMATCH, Last received: 0.0, Next index: 2, Last known committed idx: 1, Time since last communication: 0.000s
I20260601 13:21:43.031977 13398 consensus_queue.cc:1048] T a705b1ddc8404d28882fc84cc9087e00 P faff89416b424b09b29480113fa572bb [LEADER]: Connected to new peer: Peer: permanent_uuid: "a772f576b8da443ca803a016f6a2c815" member_type: VOTER last_known_addr { host: "127.12.50.67" port: 42135 }, Status: LMP_MISMATCH, Last received: 0.0, Next index: 2, Last known committed idx: 1, Time since last communication: 0.000s
I20260601 13:21:43.033422 13529 raft_consensus.cc:2955] T a705b1ddc8404d28882fc84cc9087e00 P faff89416b424b09b29480113fa572bb [term 1 LEADER]: Committing config change with OpId 1.2: config changed from index -1 to 2, NON_VOTER 6260475ce0f34da78436aa65b9c4582a (127.12.50.68) added. New config: { opid_index: 2 OBSOLETE_local: false peers { permanent_uuid: "50539e954ea24b5795e616f3a32b7dbf" member_type: VOTER last_known_addr { host: "127.12.50.65" port: 42951 } attrs { replace: true } } peers { permanent_uuid: "faff89416b424b09b29480113fa572bb" member_type: VOTER last_known_addr { host: "127.12.50.66" port: 43967 } } peers { permanent_uuid: "a772f576b8da443ca803a016f6a2c815" member_type: VOTER last_known_addr { host: "127.12.50.67" port: 42135 } } peers { permanent_uuid: "6260475ce0f34da78436aa65b9c4582a" member_type: NON_VOTER last_known_addr { host: "127.12.50.68" port: 36921 } attrs { promote: true } } }
I20260601 13:21:43.033825 13168 raft_consensus.cc:2955] T a705b1ddc8404d28882fc84cc9087e00 P 50539e954ea24b5795e616f3a32b7dbf [term 1 FOLLOWER]: Committing config change with OpId 1.2: config changed from index -1 to 2, NON_VOTER 6260475ce0f34da78436aa65b9c4582a (127.12.50.68) added. New config: { opid_index: 2 OBSOLETE_local: false peers { permanent_uuid: "50539e954ea24b5795e616f3a32b7dbf" member_type: VOTER last_known_addr { host: "127.12.50.65" port: 42951 } attrs { replace: true } } peers { permanent_uuid: "faff89416b424b09b29480113fa572bb" member_type: VOTER last_known_addr { host: "127.12.50.66" port: 43967 } } peers { permanent_uuid: "a772f576b8da443ca803a016f6a2c815" member_type: VOTER last_known_addr { host: "127.12.50.67" port: 42135 } } peers { permanent_uuid: "6260475ce0f34da78436aa65b9c4582a" member_type: NON_VOTER last_known_addr { host: "127.12.50.68" port: 36921 } attrs { promote: true } } }
I20260601 13:21:43.035882 13321 raft_consensus.cc:2955] T a705b1ddc8404d28882fc84cc9087e00 P a772f576b8da443ca803a016f6a2c815 [term 1 FOLLOWER]: Committing config change with OpId 1.2: config changed from index -1 to 2, NON_VOTER 6260475ce0f34da78436aa65b9c4582a (127.12.50.68) added. New config: { opid_index: 2 OBSOLETE_local: false peers { permanent_uuid: "50539e954ea24b5795e616f3a32b7dbf" member_type: VOTER last_known_addr { host: "127.12.50.65" port: 42951 } attrs { replace: true } } peers { permanent_uuid: "faff89416b424b09b29480113fa572bb" member_type: VOTER last_known_addr { host: "127.12.50.66" port: 43967 } } peers { permanent_uuid: "a772f576b8da443ca803a016f6a2c815" member_type: VOTER last_known_addr { host: "127.12.50.67" port: 42135 } } peers { permanent_uuid: "6260475ce0f34da78436aa65b9c4582a" member_type: NON_VOTER last_known_addr { host: "127.12.50.68" port: 36921 } attrs { promote: true } } }
