I20260601 13:35:46.029685  5689 fs_report.cc:389] FS layout report
--------------------
wal directory: /tmp/dist-test-taski1eRta/test-tmp/auto_rebalancer-test.0.AutoRebalancerTest.AutoRebalancingTurnOffAndOn.1780320943339029-5689-0/minicluster-data/master-0-root
metadata directory: /tmp/dist-test-taski1eRta/test-tmp/auto_rebalancer-test.0.AutoRebalancerTest.AutoRebalancingTurnOffAndOn.1780320943339029-5689-0/minicluster-data/master-0-root
1 data directories: /tmp/dist-test-taski1eRta/test-tmp/auto_rebalancer-test.0.AutoRebalancerTest.AutoRebalancingTurnOffAndOn.1780320943339029-5689-0/minicluster-data/master-0-root/data
Total live blocks: 0
Total live bytes: 0
Total live bytes (after alignment): 0
Total number of LBM containers: 0 (0 full)
Did not check for missing blocks
Did not check for orphaned blocks
Total full LBM containers with extra space: 0 (0 repaired)
Total full LBM container extra space in bytes: 0 (0 repaired)
Total incomplete LBM containers: 0 (0 repaired)
Total LBM partial records: 0 (0 repaired)
Total corrupted LBM metadata records in RocksDB: 0 (0 repaired)
I20260601 13:35:46.054072  5689 rpc_server.cc:225] running with OpenSSL 1.1.1  11 Sep 2018
I20260601 13:35:46.054695  5689 kserver.cc:163] Server-wide thread pool size limit: 3276
I20260601 13:35:46.059440  5689 rpc_server.cc:307] RPC server started. Bound to: 127.5.142.126:32935
I20260601 13:35:46.062305  6294 acceptor_pool.cc:272] collecting diagnostics on the listening RPC socket 127.5.142.126:32935 every 8 connection(s)
I20260601 13:35:46.063012  6295 data_dirs.cc:400] Could only allocate 1 dirs of requested 3 for tablet 00000000000000000000000000000000. 1 dirs total, 0 dirs full, 0 dirs failed
I20260601 13:35:46.065532  6295 tablet_bootstrap.cc:492] T 00000000000000000000000000000000 P aac7a3dedbfa46619e8a64993b710fe8: Bootstrap starting.
I20260601 13:35:46.066622  6295 tablet_bootstrap.cc:654] T 00000000000000000000000000000000 P aac7a3dedbfa46619e8a64993b710fe8: Neither blocks nor log segments found. Creating new log.
I20260601 13:35:46.067864  6295 tablet_bootstrap.cc:492] T 00000000000000000000000000000000 P aac7a3dedbfa46619e8a64993b710fe8: No bootstrap required, opened a new log
I20260601 13:35:46.068332  6295 raft_consensus.cc:359] T 00000000000000000000000000000000 P aac7a3dedbfa46619e8a64993b710fe8 [term 0 FOLLOWER]: Replica starting. Triggering 0 pending ops. Active config: opid_index: -1 OBSOLETE_local: true peers { permanent_uuid: "aac7a3dedbfa46619e8a64993b710fe8" member_type: VOTER }
I20260601 13:35:46.068490  6295 raft_consensus.cc:385] T 00000000000000000000000000000000 P aac7a3dedbfa46619e8a64993b710fe8 [term 0 FOLLOWER]: Consensus starting up: Expiring failure detector timer to make a prompt election more likely
I20260601 13:35:46.068524  6295 raft_consensus.cc:740] T 00000000000000000000000000000000 P aac7a3dedbfa46619e8a64993b710fe8 [term 0 FOLLOWER]: Becoming Follower/Learner. State: Replica: aac7a3dedbfa46619e8a64993b710fe8, State: Initialized, Role: FOLLOWER
I20260601 13:35:46.068676  6295 consensus_queue.cc:260] T 00000000000000000000000000000000 P aac7a3dedbfa46619e8a64993b710fe8 [NON_LEADER]: Queue going to NON_LEADER mode. State: All replicated index: 0, Majority replicated index: 0, Committed index: 0, Last appended: 0.0, Last appended by leader: 0, Current term: 0, Majority size: -1, State: 0, Mode: NON_LEADER, active raft config: opid_index: -1 OBSOLETE_local: true peers { permanent_uuid: "aac7a3dedbfa46619e8a64993b710fe8" member_type: VOTER }
I20260601 13:35:46.068748  6295 raft_consensus.cc:399] T 00000000000000000000000000000000 P aac7a3dedbfa46619e8a64993b710fe8 [term 0 FOLLOWER]: Only one voter in the Raft config. Triggering election immediately
I20260601 13:35:46.068787  6295 raft_consensus.cc:493] T 00000000000000000000000000000000 P aac7a3dedbfa46619e8a64993b710fe8 [term 0 FOLLOWER]: Starting leader election (initial election of a single-replica configuration)
I20260601 13:35:46.068833  6295 raft_consensus.cc:3060] T 00000000000000000000000000000000 P aac7a3dedbfa46619e8a64993b710fe8 [term 0 FOLLOWER]: Advancing to term 1
I20260601 13:35:46.069595  6295 raft_consensus.cc:515] T 00000000000000000000000000000000 P aac7a3dedbfa46619e8a64993b710fe8 [term 1 FOLLOWER]: Starting leader election with config: opid_index: -1 OBSOLETE_local: true peers { permanent_uuid: "aac7a3dedbfa46619e8a64993b710fe8" member_type: VOTER }
I20260601 13:35:46.069736  6295 leader_election.cc:304] T 00000000000000000000000000000000 P aac7a3dedbfa46619e8a64993b710fe8 [CANDIDATE]: Term 1 election: Election decided. Result: candidate won. Election summary: received 1 responses out of 1 voters: 1 yes votes; 0 no votes. yes voters: aac7a3dedbfa46619e8a64993b710fe8; no voters: 
I20260601 13:35:46.069936  6295 leader_election.cc:290] T 00000000000000000000000000000000 P aac7a3dedbfa46619e8a64993b710fe8 [CANDIDATE]: Term 1 election: Requested vote from peers 
I20260601 13:35:46.070081  6298 raft_consensus.cc:2804] T 00000000000000000000000000000000 P aac7a3dedbfa46619e8a64993b710fe8 [term 1 FOLLOWER]: Leader election won for term 1
I20260601 13:35:46.070309  6298 raft_consensus.cc:697] T 00000000000000000000000000000000 P aac7a3dedbfa46619e8a64993b710fe8 [term 1 LEADER]: Becoming Leader. State: Replica: aac7a3dedbfa46619e8a64993b710fe8, State: Running, Role: LEADER
I20260601 13:35:46.070480  6295 sys_catalog.cc:565] T 00000000000000000000000000000000 P aac7a3dedbfa46619e8a64993b710fe8 [sys.catalog]: configured and running, proceeding with master startup.
I20260601 13:35:46.070452  6298 consensus_queue.cc:237] T 00000000000000000000000000000000 P aac7a3dedbfa46619e8a64993b710fe8 [LEADER]: Queue going to LEADER mode. State: All replicated index: 0, Majority replicated index: 0, Committed index: 0, Last appended: 0.0, Last appended by leader: 0, Current term: 1, Majority size: 1, State: 0, Mode: LEADER, active raft config: opid_index: -1 OBSOLETE_local: true peers { permanent_uuid: "aac7a3dedbfa46619e8a64993b710fe8" member_type: VOTER }
I20260601 13:35:46.071002  6299 sys_catalog.cc:455] T 00000000000000000000000000000000 P aac7a3dedbfa46619e8a64993b710fe8 [sys.catalog]: SysCatalogTable state changed. Reason: RaftConsensus started. Latest consensus state: current_term: 1 leader_uuid: "aac7a3dedbfa46619e8a64993b710fe8" committed_config { opid_index: -1 OBSOLETE_local: true peers { permanent_uuid: "aac7a3dedbfa46619e8a64993b710fe8" member_type: VOTER } }
I20260601 13:35:46.071027  6300 sys_catalog.cc:455] T 00000000000000000000000000000000 P aac7a3dedbfa46619e8a64993b710fe8 [sys.catalog]: SysCatalogTable state changed. Reason: New leader aac7a3dedbfa46619e8a64993b710fe8. Latest consensus state: current_term: 1 leader_uuid: "aac7a3dedbfa46619e8a64993b710fe8" committed_config { opid_index: -1 OBSOLETE_local: true peers { permanent_uuid: "aac7a3dedbfa46619e8a64993b710fe8" member_type: VOTER } }
I20260601 13:35:46.071094  6299 sys_catalog.cc:458] T 00000000000000000000000000000000 P aac7a3dedbfa46619e8a64993b710fe8 [sys.catalog]: This master's current role is: LEADER
I20260601 13:35:46.071115  6300 sys_catalog.cc:458] T 00000000000000000000000000000000 P aac7a3dedbfa46619e8a64993b710fe8 [sys.catalog]: This master's current role is: LEADER
I20260601 13:35:46.071360  6302 catalog_manager.cc:1510] Loading table and tablet metadata into memory...
I20260601 13:35:46.072472  6302 catalog_manager.cc:1519] Initializing Kudu cluster ID...
I20260601 13:35:46.072746  5689 internal_mini_cluster.cc:184] Waiting to initialize catalog manager on master 0
I20260601 13:35:46.074741  6302 catalog_manager.cc:1382] Generated new cluster ID: 0de43508c2004d328927262b09da73ea
I20260601 13:35:46.074817  6302 catalog_manager.cc:1530] Initializing Kudu internal certificate authority...
I20260601 13:35:46.090312  6302 catalog_manager.cc:1405] Generated new certificate authority record
I20260601 13:35:46.091015  6302 catalog_manager.cc:1539] Loading token signing keys...
I20260601 13:35:46.096971  6302 catalog_manager.cc:6069] T 00000000000000000000000000000000 P aac7a3dedbfa46619e8a64993b710fe8: Generated new TSK 0
I20260601 13:35:46.097187  6302 catalog_manager.cc:1549] Initializing in-progress tserver states...
I20260601 13:35:46.105464  5689 file_cache.cc:492] Constructed file cache file cache with capacity 419430
W20260601 13:35:46.107915  6317 instance_detector.cc:116] could not retrieve Azure instance metadata: Network error: curl error: HTTP response code said error: The requested URL returned error: 404
W20260601 13:35:46.108031  6316 instance_detector.cc:116] could not retrieve AWS instance metadata: Network error: curl error: HTTP response code said error: The requested URL returned error: 404
I20260601 13:35:46.107995  5689 server_base.cc:1061] running on GCE node
W20260601 13:35:46.107915  6319 instance_detector.cc:116] could not retrieve OpenStack instance metadata: Network error: curl error: HTTP response code said error: The requested URL returned error: 404
I20260601 13:35:46.108332  5689 hybrid_clock.cc:584] initializing the hybrid clock with 'system_unsync' time source
W20260601 13:35:46.108381  5689 system_unsync_time.cc:38] NTP support is disabled. Clock error bounds will not be accurate. This configuration is not suitable for distributed clusters.
I20260601 13:35:46.108402  5689 hybrid_clock.cc:648] HybridClock initialized: now 1780320946108401 us; error 0 us; skew 500 ppm
I20260601 13:35:46.109382  5689 webserver.cc:533] Webserver started at http://127.5.142.65:44405/ using document root <none> and password file <none>
I20260601 13:35:46.109560  5689 fs_manager.cc:362] Metadata directory not provided
I20260601 13:35:46.109614  5689 fs_manager.cc:368] Using write-ahead log directory (fs_wal_dir) as metadata directory
I20260601 13:35:46.109699  5689 server_base.cc:909] This appears to be a new deployment of Kudu; creating new FS layout
I20260601 13:35:46.110173  5689 fs_manager.cc:1068] Generated new instance metadata in path /tmp/dist-test-taski1eRta/test-tmp/auto_rebalancer-test.0.AutoRebalancerTest.AutoRebalancingTurnOffAndOn.1780320943339029-5689-0/minicluster-data/ts-0-root/instance:
uuid: "03516ddb33b748118a75aab7d67f966e"
format_stamp: "Formatted at 2026-06-01 13:35:46 on dist-test-slave-7dg9"
I20260601 13:35:46.111899  5689 fs_manager.cc:696] Time spent creating directory manager: real 0.001s	user 0.001s	sys 0.002s
I20260601 13:35:46.113022  6324 log_block_manager.cc:4031] Time spent loading block containers with low live blocks: real 0.000s	user 0.000s	sys 0.000s
I20260601 13:35:46.113299  5689 fs_manager.cc:730] Time spent opening block manager: real 0.001s	user 0.001s	sys 0.000s
I20260601 13:35:46.113368  5689 fs_manager.cc:647] Opened local filesystem: /tmp/dist-test-taski1eRta/test-tmp/auto_rebalancer-test.0.AutoRebalancerTest.AutoRebalancingTurnOffAndOn.1780320943339029-5689-0/minicluster-data/ts-0-root
uuid: "03516ddb33b748118a75aab7d67f966e"
format_stamp: "Formatted at 2026-06-01 13:35:46 on dist-test-slave-7dg9"
I20260601 13:35:46.113457  5689 fs_report.cc:389] FS layout report
--------------------
wal directory: /tmp/dist-test-taski1eRta/test-tmp/auto_rebalancer-test.0.AutoRebalancerTest.AutoRebalancingTurnOffAndOn.1780320943339029-5689-0/minicluster-data/ts-0-root
metadata directory: /tmp/dist-test-taski1eRta/test-tmp/auto_rebalancer-test.0.AutoRebalancerTest.AutoRebalancingTurnOffAndOn.1780320943339029-5689-0/minicluster-data/ts-0-root
1 data directories: /tmp/dist-test-taski1eRta/test-tmp/auto_rebalancer-test.0.AutoRebalancerTest.AutoRebalancingTurnOffAndOn.1780320943339029-5689-0/minicluster-data/ts-0-root/data
Total live blocks: 0
Total live bytes: 0
Total live bytes (after alignment): 0
Total number of LBM containers: 0 (0 full)
Did not check for missing blocks
Did not check for orphaned blocks
Total full LBM containers with extra space: 0 (0 repaired)
Total full LBM container extra space in bytes: 0 (0 repaired)
Total incomplete LBM containers: 0 (0 repaired)
Total LBM partial records: 0 (0 repaired)
Total corrupted LBM metadata records in RocksDB: 0 (0 repaired)
I20260601 13:35:46.118911  5689 rpc_server.cc:225] running with OpenSSL 1.1.1  11 Sep 2018
I20260601 13:35:46.119359  5689 kserver.cc:163] Server-wide thread pool size limit: 3276
I20260601 13:35:46.119670  5689 txn_system_client.cc:432] TxnSystemClient initialization is disabled...
I20260601 13:35:46.120200  5689 ts_tablet_manager.cc:585] Loaded tablet metadata (0 total tablets, 0 live tablets)
I20260601 13:35:46.120240  5689 ts_tablet_manager.cc:531] Time spent load tablet metadata: real 0.000s	user 0.000s	sys 0.000s
I20260601 13:35:46.120285  5689 ts_tablet_manager.cc:616] Registered 0 tablets
I20260601 13:35:46.120312  5689 ts_tablet_manager.cc:595] Time spent register tablets: real 0.000s	user 0.000s	sys 0.000s
I20260601 13:35:46.124967  5689 rpc_server.cc:307] RPC server started. Bound to: 127.5.142.65:36877
I20260601 13:35:46.124994  6387 acceptor_pool.cc:272] collecting diagnostics on the listening RPC socket 127.5.142.65:36877 every 8 connection(s)
I20260601 13:35:46.125941  5689 file_cache.cc:492] Constructed file cache file cache with capacity 419430
W20260601 13:35:46.128093  6395 instance_detector.cc:116] could not retrieve OpenStack instance metadata: Network error: curl error: HTTP response code said error: The requested URL returned error: 404
W20260601 13:35:46.128094  6393 instance_detector.cc:116] could not retrieve Azure instance metadata: Network error: curl error: HTTP response code said error: The requested URL returned error: 404
W20260601 13:35:46.128361  6392 instance_detector.cc:116] could not retrieve AWS instance metadata: Network error: curl error: HTTP response code said error: The requested URL returned error: 404
I20260601 13:35:46.128593  5689 server_base.cc:1061] running on GCE node
I20260601 13:35:46.128793  5689 hybrid_clock.cc:584] initializing the hybrid clock with 'system_unsync' time source
W20260601 13:35:46.128834  5689 system_unsync_time.cc:38] NTP support is disabled. Clock error bounds will not be accurate. This configuration is not suitable for distributed clusters.
I20260601 13:35:46.128849  5689 hybrid_clock.cc:648] HybridClock initialized: now 1780320946128849 us; error 0 us; skew 500 ppm
I20260601 13:35:46.129902  5689 webserver.cc:533] Webserver started at http://127.5.142.66:44261/ using document root <none> and password file <none>
I20260601 13:35:46.130081  5689 fs_manager.cc:362] Metadata directory not provided
I20260601 13:35:46.130137  5689 fs_manager.cc:368] Using write-ahead log directory (fs_wal_dir) as metadata directory
I20260601 13:35:46.130218  5689 server_base.cc:909] This appears to be a new deployment of Kudu; creating new FS layout
I20260601 13:35:46.130731  5689 fs_manager.cc:1068] Generated new instance metadata in path /tmp/dist-test-taski1eRta/test-tmp/auto_rebalancer-test.0.AutoRebalancerTest.AutoRebalancingTurnOffAndOn.1780320943339029-5689-0/minicluster-data/ts-1-root/instance:
uuid: "0e523b3af567411e986df80004ee1f39"
format_stamp: "Formatted at 2026-06-01 13:35:46 on dist-test-slave-7dg9"
I20260601 13:35:46.130944  6388 heartbeater.cc:344] Connected to a master server at 127.5.142.126:32935
I20260601 13:35:46.131062  6388 heartbeater.cc:461] Registering TS with master...
I20260601 13:35:46.131330  6388 heartbeater.cc:507] Master 127.5.142.126:32935 requested a full tablet report, sending...
I20260601 13:35:46.132100  6259 ts_manager.cc:194] Registered new tserver with Master: 03516ddb33b748118a75aab7d67f966e (127.5.142.65:36877)
I20260601 13:35:46.132350  5689 fs_manager.cc:696] Time spent creating directory manager: real 0.001s	user 0.002s	sys 0.000s
I20260601 13:35:46.132938  6259 master_service.cc:502] Signed X509 certificate for tserver {username='slave'} at 127.0.0.1:36364
I20260601 13:35:46.133352  6400 log_block_manager.cc:4031] Time spent loading block containers with low live blocks: real 0.000s	user 0.000s	sys 0.000s
I20260601 13:35:46.133602  5689 fs_manager.cc:730] Time spent opening block manager: real 0.001s	user 0.001s	sys 0.000s
I20260601 13:35:46.133669  5689 fs_manager.cc:647] Opened local filesystem: /tmp/dist-test-taski1eRta/test-tmp/auto_rebalancer-test.0.AutoRebalancerTest.AutoRebalancingTurnOffAndOn.1780320943339029-5689-0/minicluster-data/ts-1-root
uuid: "0e523b3af567411e986df80004ee1f39"
format_stamp: "Formatted at 2026-06-01 13:35:46 on dist-test-slave-7dg9"
I20260601 13:35:46.133750  5689 fs_report.cc:389] FS layout report
--------------------
wal directory: /tmp/dist-test-taski1eRta/test-tmp/auto_rebalancer-test.0.AutoRebalancerTest.AutoRebalancingTurnOffAndOn.1780320943339029-5689-0/minicluster-data/ts-1-root
metadata directory: /tmp/dist-test-taski1eRta/test-tmp/auto_rebalancer-test.0.AutoRebalancerTest.AutoRebalancingTurnOffAndOn.1780320943339029-5689-0/minicluster-data/ts-1-root
1 data directories: /tmp/dist-test-taski1eRta/test-tmp/auto_rebalancer-test.0.AutoRebalancerTest.AutoRebalancingTurnOffAndOn.1780320943339029-5689-0/minicluster-data/ts-1-root/data
Total live blocks: 0
Total live bytes: 0
Total live bytes (after alignment): 0
Total number of LBM containers: 0 (0 full)
Did not check for missing blocks
Did not check for orphaned blocks
Total full LBM containers with extra space: 0 (0 repaired)
Total full LBM container extra space in bytes: 0 (0 repaired)
Total incomplete LBM containers: 0 (0 repaired)
Total LBM partial records: 0 (0 repaired)
Total corrupted LBM metadata records in RocksDB: 0 (0 repaired)
I20260601 13:35:46.138578  5689 rpc_server.cc:225] running with OpenSSL 1.1.1  11 Sep 2018
I20260601 13:35:46.139027  5689 kserver.cc:163] Server-wide thread pool size limit: 3276
I20260601 13:35:46.139346  5689 txn_system_client.cc:432] TxnSystemClient initialization is disabled...
I20260601 13:35:46.139885  5689 ts_tablet_manager.cc:585] Loaded tablet metadata (0 total tablets, 0 live tablets)
I20260601 13:35:46.139922  5689 ts_tablet_manager.cc:531] Time spent load tablet metadata: real 0.000s	user 0.000s	sys 0.000s
I20260601 13:35:46.139964  5689 ts_tablet_manager.cc:616] Registered 0 tablets
I20260601 13:35:46.139992  5689 ts_tablet_manager.cc:595] Time spent register tablets: real 0.000s	user 0.000s	sys 0.000s
I20260601 13:35:46.144956  5689 rpc_server.cc:307] RPC server started. Bound to: 127.5.142.66:41891
I20260601 13:35:46.144994  6463 acceptor_pool.cc:272] collecting diagnostics on the listening RPC socket 127.5.142.66:41891 every 8 connection(s)
I20260601 13:35:46.145924  5689 file_cache.cc:492] Constructed file cache file cache with capacity 419430
W20260601 13:35:46.148361  6467 instance_detector.cc:116] could not retrieve AWS instance metadata: Network error: curl error: HTTP response code said error: The requested URL returned error: 404
W20260601 13:35:46.148324  6468 instance_detector.cc:116] could not retrieve Azure instance metadata: Network error: curl error: HTTP response code said error: The requested URL returned error: 404
I20260601 13:35:46.149041  5689 server_base.cc:1061] running on GCE node
W20260601 13:35:46.149278  6470 instance_detector.cc:116] could not retrieve OpenStack instance metadata: Network error: curl error: HTTP response code said error: The requested URL returned error: 404
I20260601 13:35:46.149848  5689 hybrid_clock.cc:584] initializing the hybrid clock with 'system_unsync' time source
W20260601 13:35:46.149909  5689 system_unsync_time.cc:38] NTP support is disabled. Clock error bounds will not be accurate. This configuration is not suitable for distributed clusters.
I20260601 13:35:46.149940  5689 hybrid_clock.cc:648] HybridClock initialized: now 1780320946149939 us; error 0 us; skew 500 ppm
I20260601 13:35:46.151225  5689 webserver.cc:533] Webserver started at http://127.5.142.67:41571/ using document root <none> and password file <none>
I20260601 13:35:46.151427  5689 fs_manager.cc:362] Metadata directory not provided
I20260601 13:35:46.151399  6464 heartbeater.cc:344] Connected to a master server at 127.5.142.126:32935
I20260601 13:35:46.151499  5689 fs_manager.cc:368] Using write-ahead log directory (fs_wal_dir) as metadata directory
I20260601 13:35:46.151542  6464 heartbeater.cc:461] Registering TS with master...
I20260601 13:35:46.151583  5689 server_base.cc:909] This appears to be a new deployment of Kudu; creating new FS layout
I20260601 13:35:46.151832  6464 heartbeater.cc:507] Master 127.5.142.126:32935 requested a full tablet report, sending...
I20260601 13:35:46.152064  5689 fs_manager.cc:1068] Generated new instance metadata in path /tmp/dist-test-taski1eRta/test-tmp/auto_rebalancer-test.0.AutoRebalancerTest.AutoRebalancingTurnOffAndOn.1780320943339029-5689-0/minicluster-data/ts-2-root/instance:
uuid: "f05ac9c5a33f421abf556861b3ed2e8b"
format_stamp: "Formatted at 2026-06-01 13:35:46 on dist-test-slave-7dg9"
I20260601 13:35:46.152648  6259 ts_manager.cc:194] Registered new tserver with Master: 0e523b3af567411e986df80004ee1f39 (127.5.142.66:41891)
I20260601 13:35:46.153481  6259 master_service.cc:502] Signed X509 certificate for tserver {username='slave'} at 127.0.0.1:36376
I20260601 13:35:46.154793  5689 fs_manager.cc:696] Time spent creating directory manager: real 0.002s	user 0.000s	sys 0.003s
I20260601 13:35:46.155879  6475 log_block_manager.cc:4031] Time spent loading block containers with low live blocks: real 0.000s	user 0.000s	sys 0.000s
I20260601 13:35:46.156175  5689 fs_manager.cc:730] Time spent opening block manager: real 0.001s	user 0.001s	sys 0.000s
I20260601 13:35:46.156240  5689 fs_manager.cc:647] Opened local filesystem: /tmp/dist-test-taski1eRta/test-tmp/auto_rebalancer-test.0.AutoRebalancerTest.AutoRebalancingTurnOffAndOn.1780320943339029-5689-0/minicluster-data/ts-2-root
uuid: "f05ac9c5a33f421abf556861b3ed2e8b"
format_stamp: "Formatted at 2026-06-01 13:35:46 on dist-test-slave-7dg9"
I20260601 13:35:46.156311  5689 fs_report.cc:389] FS layout report
--------------------
wal directory: /tmp/dist-test-taski1eRta/test-tmp/auto_rebalancer-test.0.AutoRebalancerTest.AutoRebalancingTurnOffAndOn.1780320943339029-5689-0/minicluster-data/ts-2-root
metadata directory: /tmp/dist-test-taski1eRta/test-tmp/auto_rebalancer-test.0.AutoRebalancerTest.AutoRebalancingTurnOffAndOn.1780320943339029-5689-0/minicluster-data/ts-2-root
1 data directories: /tmp/dist-test-taski1eRta/test-tmp/auto_rebalancer-test.0.AutoRebalancerTest.AutoRebalancingTurnOffAndOn.1780320943339029-5689-0/minicluster-data/ts-2-root/data
Total live blocks: 0
Total live bytes: 0
Total live bytes (after alignment): 0
Total number of LBM containers: 0 (0 full)
Did not check for missing blocks
Did not check for orphaned blocks
Total full LBM containers with extra space: 0 (0 repaired)
Total full LBM container extra space in bytes: 0 (0 repaired)
Total incomplete LBM containers: 0 (0 repaired)
Total LBM partial records: 0 (0 repaired)
Total corrupted LBM metadata records in RocksDB: 0 (0 repaired)
I20260601 13:35:46.169211  5689 rpc_server.cc:225] running with OpenSSL 1.1.1  11 Sep 2018
I20260601 13:35:46.169790  5689 kserver.cc:163] Server-wide thread pool size limit: 3276
I20260601 13:35:46.170140  5689 txn_system_client.cc:432] TxnSystemClient initialization is disabled...
I20260601 13:35:46.170786  5689 ts_tablet_manager.cc:585] Loaded tablet metadata (0 total tablets, 0 live tablets)
I20260601 13:35:46.170828  5689 ts_tablet_manager.cc:531] Time spent load tablet metadata: real 0.000s	user 0.000s	sys 0.000s
I20260601 13:35:46.170863  5689 ts_tablet_manager.cc:616] Registered 0 tablets
I20260601 13:35:46.170889  5689 ts_tablet_manager.cc:595] Time spent register tablets: real 0.000s	user 0.000s	sys 0.000s
I20260601 13:35:46.176136  5689 rpc_server.cc:307] RPC server started. Bound to: 127.5.142.67:44169
I20260601 13:35:46.176203  6539 acceptor_pool.cc:272] collecting diagnostics on the listening RPC socket 127.5.142.67:44169 every 8 connection(s)
I20260601 13:35:46.181366  6540 heartbeater.cc:344] Connected to a master server at 127.5.142.126:32935
I20260601 13:35:46.181515  6540 heartbeater.cc:461] Registering TS with master...
I20260601 13:35:46.181766  6540 heartbeater.cc:507] Master 127.5.142.126:32935 requested a full tablet report, sending...
I20260601 13:35:46.182472  6259 ts_manager.cc:194] Registered new tserver with Master: f05ac9c5a33f421abf556861b3ed2e8b (127.5.142.67:44169)
I20260601 13:35:46.183224  6259 master_service.cc:502] Signed X509 certificate for tserver {username='slave'} at 127.0.0.1:36382
I20260601 13:35:46.183266  5689 internal_mini_cluster.cc:371] 3 TS(s) registered with all masters after 0.006685858s
I20260601 13:35:47.134039  6388 heartbeater.cc:499] Master 127.5.142.126:32935 was elected leader, sending a full tablet report...
I20260601 13:35:47.154724  6464 heartbeater.cc:499] Master 127.5.142.126:32935 was elected leader, sending a full tablet report...
I20260601 13:35:47.184324  6540 heartbeater.cc:499] Master 127.5.142.126:32935 was elected leader, sending a full tablet report...
I20260601 13:35:47.220842  6259 catalog_manager.cc:2282] Servicing CreateTable request from {username='slave'} at 127.0.0.1:36390:
name: "test-workload"
schema {
  columns {
    name: "key"
    type: INT32
    is_key: true
    is_nullable: false
    encoding: AUTO_ENCODING
    compression: DEFAULT_COMPRESSION
    cfile_block_size: 0
    immutable: false
  }
  columns {
    name: "int_val"
    type: INT32
    is_key: false
    is_nullable: false
    encoding: AUTO_ENCODING
    compression: DEFAULT_COMPRESSION
    cfile_block_size: 0
    immutable: false
  }
  columns {
    name: "string_val"
    type: STRING
    is_key: false
    is_nullable: true
    encoding: AUTO_ENCODING
    compression: DEFAULT_COMPRESSION
    cfile_block_size: 0
    immutable: false
  }
}
num_replicas: 3
split_rows_range_bounds {
  rows: "\004\001\000\377\377\377\017\004\001\000\376\377\377\037\004\001\000\375\377\377/\004\001\000\374\377\377?\004\001\000\373\377\377O\004\001\000\372\377\377_\004\001\000\371\377\377o""\004\001\000\377\377\377\017\004\001\000\376\377\377\037\004\001\000\375\377\377/\004\001\000\374\377\377?\004\001\000\373\377\377O\004\001\000\372\377\377_\004\001\000\371\377\377o"
  indirect_data: """"
}
partition_schema {
  range_schema {
    columns {
      name: "key"
    }
  }
}
W20260601 13:35:47.221650  6259 catalog_manager.cc:7076] The number of live tablet servers is not enough to re-replicate a tablet replica of the newly created table test-workload in case of a server failure: 4 tablet servers would be needed, 3 are available. Consider bringing up more tablet servers.
I20260601 13:35:47.236178  6352 tablet_service.cc:1511] Processing CreateTablet for tablet 927f2af3e4834d088714832c0e575700 (DEFAULT_TABLE table=test-workload [id=2334a2165ac747feb2a802240ae2d7fa]), partition=RANGE (key) PARTITION VALUES < 268435455
I20260601 13:35:47.236299  6349 tablet_service.cc:1511] Processing CreateTablet for tablet f397c71dd14842b889847f0f3e0c035a (DEFAULT_TABLE table=test-workload [id=2334a2165ac747feb2a802240ae2d7fa]), partition=RANGE (key) PARTITION 805306365 <= VALUES < 1073741820
I20260601 13:35:47.236645  6352 data_dirs.cc:400] Could only allocate 1 dirs of requested 3 for tablet 927f2af3e4834d088714832c0e575700. 1 dirs total, 0 dirs full, 0 dirs failed
I20260601 13:35:47.236820  6428 tablet_service.cc:1511] Processing CreateTablet for tablet 927f2af3e4834d088714832c0e575700 (DEFAULT_TABLE table=test-workload [id=2334a2165ac747feb2a802240ae2d7fa]), partition=RANGE (key) PARTITION VALUES < 268435455
I20260601 13:35:47.237119  6428 data_dirs.cc:400] Could only allocate 1 dirs of requested 3 for tablet 927f2af3e4834d088714832c0e575700. 1 dirs total, 0 dirs full, 0 dirs failed
I20260601 13:35:47.237092  6427 tablet_service.cc:1511] Processing CreateTablet for tablet b142879ba13341d4b10d4caa683090c0 (DEFAULT_TABLE table=test-workload [id=2334a2165ac747feb2a802240ae2d7fa]), partition=RANGE (key) PARTITION 268435455 <= VALUES < 536870910
I20260601 13:35:47.237352  6427 data_dirs.cc:400] Could only allocate 1 dirs of requested 3 for tablet b142879ba13341d4b10d4caa683090c0. 1 dirs total, 0 dirs full, 0 dirs failed
I20260601 13:35:47.237423  6422 tablet_service.cc:1511] Processing CreateTablet for tablet 9311d6289f014a2da3b565ae9a684e7a (DEFAULT_TABLE table=test-workload [id=2334a2165ac747feb2a802240ae2d7fa]), partition=RANGE (key) PARTITION 1610612730 <= VALUES < 1879048185
I20260601 13:35:47.237713  6422 data_dirs.cc:400] Could only allocate 1 dirs of requested 3 for tablet 9311d6289f014a2da3b565ae9a684e7a. 1 dirs total, 0 dirs full, 0 dirs failed
I20260601 13:35:47.238785  6351 tablet_service.cc:1511] Processing CreateTablet for tablet b142879ba13341d4b10d4caa683090c0 (DEFAULT_TABLE table=test-workload [id=2334a2165ac747feb2a802240ae2d7fa]), partition=RANGE (key) PARTITION 268435455 <= VALUES < 536870910
I20260601 13:35:47.239125  6350 tablet_service.cc:1511] Processing CreateTablet for tablet 7fe308756ef64c5ba45681b3217aa698 (DEFAULT_TABLE table=test-workload [id=2334a2165ac747feb2a802240ae2d7fa]), partition=RANGE (key) PARTITION 536870910 <= VALUES < 805306365
I20260601 13:35:47.239424  6348 tablet_service.cc:1511] Processing CreateTablet for tablet afc123d9cc364e4091dd4a3809d83196 (DEFAULT_TABLE table=test-workload [id=2334a2165ac747feb2a802240ae2d7fa]), partition=RANGE (key) PARTITION 1073741820 <= VALUES < 1342177275
I20260601 13:35:47.239749  6347 tablet_service.cc:1511] Processing CreateTablet for tablet 5f17b4f0253d4198bb55732395e3bf82 (DEFAULT_TABLE table=test-workload [id=2334a2165ac747feb2a802240ae2d7fa]), partition=RANGE (key) PARTITION 1342177275 <= VALUES < 1610612730
I20260601 13:35:47.239943  6426 tablet_service.cc:1511] Processing CreateTablet for tablet 7fe308756ef64c5ba45681b3217aa698 (DEFAULT_TABLE table=test-workload [id=2334a2165ac747feb2a802240ae2d7fa]), partition=RANGE (key) PARTITION 536870910 <= VALUES < 805306365
I20260601 13:35:47.240056  6346 tablet_service.cc:1511] Processing CreateTablet for tablet 9311d6289f014a2da3b565ae9a684e7a (DEFAULT_TABLE table=test-workload [id=2334a2165ac747feb2a802240ae2d7fa]), partition=RANGE (key) PARTITION 1610612730 <= VALUES < 1879048185
I20260601 13:35:47.240166  6426 data_dirs.cc:400] Could only allocate 1 dirs of requested 3 for tablet 7fe308756ef64c5ba45681b3217aa698. 1 dirs total, 0 dirs full, 0 dirs failed
I20260601 13:35:47.240302  6351 data_dirs.cc:400] Could only allocate 1 dirs of requested 3 for tablet b142879ba13341d4b10d4caa683090c0. 1 dirs total, 0 dirs full, 0 dirs failed
I20260601 13:35:47.241175  6428 tablet_service.cc:1511] Processing CreateTablet for tablet e4add933623c4229b892c4abdc8505ad (DEFAULT_TABLE table=test-workload [id=2334a2165ac747feb2a802240ae2d7fa]), partition=RANGE (key) PARTITION 1879048185 <= VALUES
I20260601 13:35:47.241449  6428 data_dirs.cc:400] Could only allocate 1 dirs of requested 3 for tablet e4add933623c4229b892c4abdc8505ad. 1 dirs total, 0 dirs full, 0 dirs failed
I20260601 13:35:47.242388  6425 tablet_service.cc:1511] Processing CreateTablet for tablet f397c71dd14842b889847f0f3e0c035a (DEFAULT_TABLE table=test-workload [id=2334a2165ac747feb2a802240ae2d7fa]), partition=RANGE (key) PARTITION 805306365 <= VALUES < 1073741820
I20260601 13:35:47.242563  6345 tablet_service.cc:1511] Processing CreateTablet for tablet e4add933623c4229b892c4abdc8505ad (DEFAULT_TABLE table=test-workload [id=2334a2165ac747feb2a802240ae2d7fa]), partition=RANGE (key) PARTITION 1879048185 <= VALUES
I20260601 13:35:47.242645  6425 data_dirs.cc:400] Could only allocate 1 dirs of requested 3 for tablet f397c71dd14842b889847f0f3e0c035a. 1 dirs total, 0 dirs full, 0 dirs failed
I20260601 13:35:47.242789  6345 data_dirs.cc:400] Could only allocate 1 dirs of requested 3 for tablet e4add933623c4229b892c4abdc8505ad. 1 dirs total, 0 dirs full, 0 dirs failed
I20260601 13:35:47.244730  6350 data_dirs.cc:400] Could only allocate 1 dirs of requested 3 for tablet 7fe308756ef64c5ba45681b3217aa698. 1 dirs total, 0 dirs full, 0 dirs failed
I20260601 13:35:47.244786  6424 tablet_service.cc:1511] Processing CreateTablet for tablet afc123d9cc364e4091dd4a3809d83196 (DEFAULT_TABLE table=test-workload [id=2334a2165ac747feb2a802240ae2d7fa]), partition=RANGE (key) PARTITION 1073741820 <= VALUES < 1342177275
I20260601 13:35:47.245023  6424 data_dirs.cc:400] Could only allocate 1 dirs of requested 3 for tablet afc123d9cc364e4091dd4a3809d83196. 1 dirs total, 0 dirs full, 0 dirs failed
I20260601 13:35:47.246793  6348 data_dirs.cc:400] Could only allocate 1 dirs of requested 3 for tablet afc123d9cc364e4091dd4a3809d83196. 1 dirs total, 0 dirs full, 0 dirs failed
I20260601 13:35:47.246971  6349 data_dirs.cc:400] Could only allocate 1 dirs of requested 3 for tablet f397c71dd14842b889847f0f3e0c035a. 1 dirs total, 0 dirs full, 0 dirs failed
I20260601 13:35:47.247196  6423 tablet_service.cc:1511] Processing CreateTablet for tablet 5f17b4f0253d4198bb55732395e3bf82 (DEFAULT_TABLE table=test-workload [id=2334a2165ac747feb2a802240ae2d7fa]), partition=RANGE (key) PARTITION 1342177275 <= VALUES < 1610612730
I20260601 13:35:47.247449  6423 data_dirs.cc:400] Could only allocate 1 dirs of requested 3 for tablet 5f17b4f0253d4198bb55732395e3bf82. 1 dirs total, 0 dirs full, 0 dirs failed
I20260601 13:35:47.247905  6347 data_dirs.cc:400] Could only allocate 1 dirs of requested 3 for tablet 5f17b4f0253d4198bb55732395e3bf82. 1 dirs total, 0 dirs full, 0 dirs failed
I20260601 13:35:47.248955  6346 data_dirs.cc:400] Could only allocate 1 dirs of requested 3 for tablet 9311d6289f014a2da3b565ae9a684e7a. 1 dirs total, 0 dirs full, 0 dirs failed
I20260601 13:35:47.249713  6504 tablet_service.cc:1511] Processing CreateTablet for tablet 927f2af3e4834d088714832c0e575700 (DEFAULT_TABLE table=test-workload [id=2334a2165ac747feb2a802240ae2d7fa]), partition=RANGE (key) PARTITION VALUES < 268435455
I20260601 13:35:47.250021  6504 data_dirs.cc:400] Could only allocate 1 dirs of requested 3 for tablet 927f2af3e4834d088714832c0e575700. 1 dirs total, 0 dirs full, 0 dirs failed
I20260601 13:35:47.251025  6560 tablet_bootstrap.cc:492] T b142879ba13341d4b10d4caa683090c0 P 0e523b3af567411e986df80004ee1f39: Bootstrap starting.
I20260601 13:35:47.252086  6560 tablet_bootstrap.cc:654] T b142879ba13341d4b10d4caa683090c0 P 0e523b3af567411e986df80004ee1f39: Neither blocks nor log segments found. Creating new log.
I20260601 13:35:47.252136  6562 tablet_bootstrap.cc:492] T 927f2af3e4834d088714832c0e575700 P f05ac9c5a33f421abf556861b3ed2e8b: Bootstrap starting.
I20260601 13:35:47.252329  6503 tablet_service.cc:1511] Processing CreateTablet for tablet b142879ba13341d4b10d4caa683090c0 (DEFAULT_TABLE table=test-workload [id=2334a2165ac747feb2a802240ae2d7fa]), partition=RANGE (key) PARTITION 268435455 <= VALUES < 536870910
I20260601 13:35:47.252414  6561 tablet_bootstrap.cc:492] T b142879ba13341d4b10d4caa683090c0 P 03516ddb33b748118a75aab7d67f966e: Bootstrap starting.
I20260601 13:35:47.252573  6503 data_dirs.cc:400] Could only allocate 1 dirs of requested 3 for tablet b142879ba13341d4b10d4caa683090c0. 1 dirs total, 0 dirs full, 0 dirs failed
I20260601 13:35:47.253202  6562 tablet_bootstrap.cc:654] T 927f2af3e4834d088714832c0e575700 P f05ac9c5a33f421abf556861b3ed2e8b: Neither blocks nor log segments found. Creating new log.
I20260601 13:35:47.253298  6561 tablet_bootstrap.cc:654] T b142879ba13341d4b10d4caa683090c0 P 03516ddb33b748118a75aab7d67f966e: Neither blocks nor log segments found. Creating new log.
I20260601 13:35:47.254522  6561 tablet_bootstrap.cc:492] T b142879ba13341d4b10d4caa683090c0 P 03516ddb33b748118a75aab7d67f966e: No bootstrap required, opened a new log
I20260601 13:35:47.254657  6561 ts_tablet_manager.cc:1403] T b142879ba13341d4b10d4caa683090c0 P 03516ddb33b748118a75aab7d67f966e: Time spent bootstrapping tablet: real 0.002s	user 0.002s	sys 0.000s
I20260601 13:35:47.254786  6562 tablet_bootstrap.cc:492] T 927f2af3e4834d088714832c0e575700 P f05ac9c5a33f421abf556861b3ed2e8b: No bootstrap required, opened a new log
I20260601 13:35:47.254736  6502 tablet_service.cc:1511] Processing CreateTablet for tablet 7fe308756ef64c5ba45681b3217aa698 (DEFAULT_TABLE table=test-workload [id=2334a2165ac747feb2a802240ae2d7fa]), partition=RANGE (key) PARTITION 536870910 <= VALUES < 805306365
I20260601 13:35:47.254861  6562 ts_tablet_manager.cc:1403] T 927f2af3e4834d088714832c0e575700 P f05ac9c5a33f421abf556861b3ed2e8b: Time spent bootstrapping tablet: real 0.003s	user 0.002s	sys 0.000s
I20260601 13:35:47.254997  6502 data_dirs.cc:400] Could only allocate 1 dirs of requested 3 for tablet 7fe308756ef64c5ba45681b3217aa698. 1 dirs total, 0 dirs full, 0 dirs failed
I20260601 13:35:47.255407  6562 raft_consensus.cc:359] T 927f2af3e4834d088714832c0e575700 P f05ac9c5a33f421abf556861b3ed2e8b [term 0 FOLLOWER]: Replica starting. Triggering 0 pending ops. Active config: opid_index: -1 OBSOLETE_local: false peers { permanent_uuid: "03516ddb33b748118a75aab7d67f966e" member_type: VOTER last_known_addr { host: "127.5.142.65" port: 36877 } } peers { permanent_uuid: "0e523b3af567411e986df80004ee1f39" member_type: VOTER last_known_addr { host: "127.5.142.66" port: 41891 } } peers { permanent_uuid: "f05ac9c5a33f421abf556861b3ed2e8b" member_type: VOTER last_known_addr { host: "127.5.142.67" port: 44169 } }
I20260601 13:35:47.255534  6562 raft_consensus.cc:385] T 927f2af3e4834d088714832c0e575700 P f05ac9c5a33f421abf556861b3ed2e8b [term 0 FOLLOWER]: Consensus starting up: Expiring failure detector timer to make a prompt election more likely
I20260601 13:35:47.255230  6561 raft_consensus.cc:359] T b142879ba13341d4b10d4caa683090c0 P 03516ddb33b748118a75aab7d67f966e [term 0 FOLLOWER]: Replica starting. Triggering 0 pending ops. Active config: opid_index: -1 OBSOLETE_local: false peers { permanent_uuid: "03516ddb33b748118a75aab7d67f966e" member_type: VOTER last_known_addr { host: "127.5.142.65" port: 36877 } } peers { permanent_uuid: "0e523b3af567411e986df80004ee1f39" member_type: VOTER last_known_addr { host: "127.5.142.66" port: 41891 } } peers { permanent_uuid: "f05ac9c5a33f421abf556861b3ed2e8b" member_type: VOTER last_known_addr { host: "127.5.142.67" port: 44169 } }
I20260601 13:35:47.255584  6562 raft_consensus.cc:740] T 927f2af3e4834d088714832c0e575700 P f05ac9c5a33f421abf556861b3ed2e8b [term 0 FOLLOWER]: Becoming Follower/Learner. State: Replica: f05ac9c5a33f421abf556861b3ed2e8b, State: Initialized, Role: FOLLOWER
I20260601 13:35:47.255613  6561 raft_consensus.cc:385] T b142879ba13341d4b10d4caa683090c0 P 03516ddb33b748118a75aab7d67f966e [term 0 FOLLOWER]: Consensus starting up: Expiring failure detector timer to make a prompt election more likely
I20260601 13:35:47.255676  6561 raft_consensus.cc:740] T b142879ba13341d4b10d4caa683090c0 P 03516ddb33b748118a75aab7d67f966e [term 0 FOLLOWER]: Becoming Follower/Learner. State: Replica: 03516ddb33b748118a75aab7d67f966e, State: Initialized, Role: FOLLOWER
I20260601 13:35:47.255728  6562 consensus_queue.cc:260] T 927f2af3e4834d088714832c0e575700 P f05ac9c5a33f421abf556861b3ed2e8b [NON_LEADER]: Queue going to NON_LEADER mode. State: All replicated index: 0, Majority replicated index: 0, Committed index: 0, Last appended: 0.0, Last appended by leader: 0, Current term: 0, Majority size: -1, State: 0, Mode: NON_LEADER, active raft config: opid_index: -1 OBSOLETE_local: false peers { permanent_uuid: "03516ddb33b748118a75aab7d67f966e" member_type: VOTER last_known_addr { host: "127.5.142.65" port: 36877 } } peers { permanent_uuid: "0e523b3af567411e986df80004ee1f39" member_type: VOTER last_known_addr { host: "127.5.142.66" port: 41891 } } peers { permanent_uuid: "f05ac9c5a33f421abf556861b3ed2e8b" member_type: VOTER last_known_addr { host: "127.5.142.67" port: 44169 } }
I20260601 13:35:47.255940  6561 consensus_queue.cc:260] T b142879ba13341d4b10d4caa683090c0 P 03516ddb33b748118a75aab7d67f966e [NON_LEADER]: Queue going to NON_LEADER mode. State: All replicated index: 0, Majority replicated index: 0, Committed index: 0, Last appended: 0.0, Last appended by leader: 0, Current term: 0, Majority size: -1, State: 0, Mode: NON_LEADER, active raft config: opid_index: -1 OBSOLETE_local: false peers { permanent_uuid: "03516ddb33b748118a75aab7d67f966e" member_type: VOTER last_known_addr { host: "127.5.142.65" port: 36877 } } peers { permanent_uuid: "0e523b3af567411e986df80004ee1f39" member_type: VOTER last_known_addr { host: "127.5.142.66" port: 41891 } } peers { permanent_uuid: "f05ac9c5a33f421abf556861b3ed2e8b" member_type: VOTER last_known_addr { host: "127.5.142.67" port: 44169 } }
I20260601 13:35:47.256137  6562 ts_tablet_manager.cc:1434] T 927f2af3e4834d088714832c0e575700 P f05ac9c5a33f421abf556861b3ed2e8b: Time spent starting tablet: real 0.001s	user 0.001s	sys 0.000s
I20260601 13:35:47.256314  6562 tablet_bootstrap.cc:492] T b142879ba13341d4b10d4caa683090c0 P f05ac9c5a33f421abf556861b3ed2e8b: Bootstrap starting.
I20260601 13:35:47.256343  6561 ts_tablet_manager.cc:1434] T b142879ba13341d4b10d4caa683090c0 P 03516ddb33b748118a75aab7d67f966e: Time spent starting tablet: real 0.002s	user 0.001s	sys 0.000s
I20260601 13:35:47.257097  6561 tablet_bootstrap.cc:492] T e4add933623c4229b892c4abdc8505ad P 03516ddb33b748118a75aab7d67f966e: Bootstrap starting.
I20260601 13:35:47.257316  6562 tablet_bootstrap.cc:654] T b142879ba13341d4b10d4caa683090c0 P f05ac9c5a33f421abf556861b3ed2e8b: Neither blocks nor log segments found. Creating new log.
I20260601 13:35:47.257495  6501 tablet_service.cc:1511] Processing CreateTablet for tablet f397c71dd14842b889847f0f3e0c035a (DEFAULT_TABLE table=test-workload [id=2334a2165ac747feb2a802240ae2d7fa]), partition=RANGE (key) PARTITION 805306365 <= VALUES < 1073741820
I20260601 13:35:47.257828  6501 data_dirs.cc:400] Could only allocate 1 dirs of requested 3 for tablet f397c71dd14842b889847f0f3e0c035a. 1 dirs total, 0 dirs full, 0 dirs failed
I20260601 13:35:47.258239  6561 tablet_bootstrap.cc:654] T e4add933623c4229b892c4abdc8505ad P 03516ddb33b748118a75aab7d67f966e: Neither blocks nor log segments found. Creating new log.
I20260601 13:35:47.258555  6562 tablet_bootstrap.cc:492] T b142879ba13341d4b10d4caa683090c0 P f05ac9c5a33f421abf556861b3ed2e8b: No bootstrap required, opened a new log
I20260601 13:35:47.258240  6560 tablet_bootstrap.cc:492] T b142879ba13341d4b10d4caa683090c0 P 0e523b3af567411e986df80004ee1f39: No bootstrap required, opened a new log
I20260601 13:35:47.258641  6562 ts_tablet_manager.cc:1403] T b142879ba13341d4b10d4caa683090c0 P f05ac9c5a33f421abf556861b3ed2e8b: Time spent bootstrapping tablet: real 0.002s	user 0.002s	sys 0.000s
I20260601 13:35:47.258821  6560 ts_tablet_manager.cc:1403] T b142879ba13341d4b10d4caa683090c0 P 0e523b3af567411e986df80004ee1f39: Time spent bootstrapping tablet: real 0.008s	user 0.002s	sys 0.000s
I20260601 13:35:47.259196  6562 raft_consensus.cc:359] T b142879ba13341d4b10d4caa683090c0 P f05ac9c5a33f421abf556861b3ed2e8b [term 0 FOLLOWER]: Replica starting. Triggering 0 pending ops. Active config: opid_index: -1 OBSOLETE_local: false peers { permanent_uuid: "03516ddb33b748118a75aab7d67f966e" member_type: VOTER last_known_addr { host: "127.5.142.65" port: 36877 } } peers { permanent_uuid: "0e523b3af567411e986df80004ee1f39" member_type: VOTER last_known_addr { host: "127.5.142.66" port: 41891 } } peers { permanent_uuid: "f05ac9c5a33f421abf556861b3ed2e8b" member_type: VOTER last_known_addr { host: "127.5.142.67" port: 44169 } }
I20260601 13:35:47.259313  6562 raft_consensus.cc:385] T b142879ba13341d4b10d4caa683090c0 P f05ac9c5a33f421abf556861b3ed2e8b [term 0 FOLLOWER]: Consensus starting up: Expiring failure detector timer to make a prompt election more likely
I20260601 13:35:47.259270  6560 raft_consensus.cc:359] T b142879ba13341d4b10d4caa683090c0 P 0e523b3af567411e986df80004ee1f39 [term 0 FOLLOWER]: Replica starting. Triggering 0 pending ops. Active config: opid_index: -1 OBSOLETE_local: false peers { permanent_uuid: "03516ddb33b748118a75aab7d67f966e" member_type: VOTER last_known_addr { host: "127.5.142.65" port: 36877 } } peers { permanent_uuid: "0e523b3af567411e986df80004ee1f39" member_type: VOTER last_known_addr { host: "127.5.142.66" port: 41891 } } peers { permanent_uuid: "f05ac9c5a33f421abf556861b3ed2e8b" member_type: VOTER last_known_addr { host: "127.5.142.67" port: 44169 } }
I20260601 13:35:47.259346  6562 raft_consensus.cc:740] T b142879ba13341d4b10d4caa683090c0 P f05ac9c5a33f421abf556861b3ed2e8b [term 0 FOLLOWER]: Becoming Follower/Learner. State: Replica: f05ac9c5a33f421abf556861b3ed2e8b, State: Initialized, Role: FOLLOWER
I20260601 13:35:47.259358  6560 raft_consensus.cc:385] T b142879ba13341d4b10d4caa683090c0 P 0e523b3af567411e986df80004ee1f39 [term 0 FOLLOWER]: Consensus starting up: Expiring failure detector timer to make a prompt election more likely
I20260601 13:35:47.259388  6560 raft_consensus.cc:740] T b142879ba13341d4b10d4caa683090c0 P 0e523b3af567411e986df80004ee1f39 [term 0 FOLLOWER]: Becoming Follower/Learner. State: Replica: 0e523b3af567411e986df80004ee1f39, State: Initialized, Role: FOLLOWER
I20260601 13:35:47.259476  6562 consensus_queue.cc:260] T b142879ba13341d4b10d4caa683090c0 P f05ac9c5a33f421abf556861b3ed2e8b [NON_LEADER]: Queue going to NON_LEADER mode. State: All replicated index: 0, Majority replicated index: 0, Committed index: 0, Last appended: 0.0, Last appended by leader: 0, Current term: 0, Majority size: -1, State: 0, Mode: NON_LEADER, active raft config: opid_index: -1 OBSOLETE_local: false peers { permanent_uuid: "03516ddb33b748118a75aab7d67f966e" member_type: VOTER last_known_addr { host: "127.5.142.65" port: 36877 } } peers { permanent_uuid: "0e523b3af567411e986df80004ee1f39" member_type: VOTER last_known_addr { host: "127.5.142.66" port: 41891 } } peers { permanent_uuid: "f05ac9c5a33f421abf556861b3ed2e8b" member_type: VOTER last_known_addr { host: "127.5.142.67" port: 44169 } }
I20260601 13:35:47.259479  6560 consensus_queue.cc:260] T b142879ba13341d4b10d4caa683090c0 P 0e523b3af567411e986df80004ee1f39 [NON_LEADER]: Queue going to NON_LEADER mode. State: All replicated index: 0, Majority replicated index: 0, Committed index: 0, Last appended: 0.0, Last appended by leader: 0, Current term: 0, Majority size: -1, State: 0, Mode: NON_LEADER, active raft config: opid_index: -1 OBSOLETE_local: false peers { permanent_uuid: "03516ddb33b748118a75aab7d67f966e" member_type: VOTER last_known_addr { host: "127.5.142.65" port: 36877 } } peers { permanent_uuid: "0e523b3af567411e986df80004ee1f39" member_type: VOTER last_known_addr { host: "127.5.142.66" port: 41891 } } peers { permanent_uuid: "f05ac9c5a33f421abf556861b3ed2e8b" member_type: VOTER last_known_addr { host: "127.5.142.67" port: 44169 } }
I20260601 13:35:47.259769  6562 ts_tablet_manager.cc:1434] T b142879ba13341d4b10d4caa683090c0 P f05ac9c5a33f421abf556861b3ed2e8b: Time spent starting tablet: real 0.001s	user 0.001s	sys 0.000s
I20260601 13:35:47.259826  6560 ts_tablet_manager.cc:1434] T b142879ba13341d4b10d4caa683090c0 P 0e523b3af567411e986df80004ee1f39: Time spent starting tablet: real 0.001s	user 0.001s	sys 0.000s
I20260601 13:35:47.259955  6562 tablet_bootstrap.cc:492] T 7fe308756ef64c5ba45681b3217aa698 P f05ac9c5a33f421abf556861b3ed2e8b: Bootstrap starting.
I20260601 13:35:47.259977  6560 tablet_bootstrap.cc:492] T 9311d6289f014a2da3b565ae9a684e7a P 0e523b3af567411e986df80004ee1f39: Bootstrap starting.
I20260601 13:35:47.260936  6560 tablet_bootstrap.cc:654] T 9311d6289f014a2da3b565ae9a684e7a P 0e523b3af567411e986df80004ee1f39: Neither blocks nor log segments found. Creating new log.
I20260601 13:35:47.260936  6562 tablet_bootstrap.cc:654] T 7fe308756ef64c5ba45681b3217aa698 P f05ac9c5a33f421abf556861b3ed2e8b: Neither blocks nor log segments found. Creating new log.
I20260601 13:35:47.261400  6499 tablet_service.cc:1511] Processing CreateTablet for tablet 5f17b4f0253d4198bb55732395e3bf82 (DEFAULT_TABLE table=test-workload [id=2334a2165ac747feb2a802240ae2d7fa]), partition=RANGE (key) PARTITION 1342177275 <= VALUES < 1610612730
I20260601 13:35:47.261668  6499 data_dirs.cc:400] Could only allocate 1 dirs of requested 3 for tablet 5f17b4f0253d4198bb55732395e3bf82. 1 dirs total, 0 dirs full, 0 dirs failed
I20260601 13:35:47.262168  6562 tablet_bootstrap.cc:492] T 7fe308756ef64c5ba45681b3217aa698 P f05ac9c5a33f421abf556861b3ed2e8b: No bootstrap required, opened a new log
I20260601 13:35:47.262192  6560 tablet_bootstrap.cc:492] T 9311d6289f014a2da3b565ae9a684e7a P 0e523b3af567411e986df80004ee1f39: No bootstrap required, opened a new log
I20260601 13:35:47.262249  6562 ts_tablet_manager.cc:1403] T 7fe308756ef64c5ba45681b3217aa698 P f05ac9c5a33f421abf556861b3ed2e8b: Time spent bootstrapping tablet: real 0.002s	user 0.002s	sys 0.000s
I20260601 13:35:47.262249  6560 ts_tablet_manager.cc:1403] T 9311d6289f014a2da3b565ae9a684e7a P 0e523b3af567411e986df80004ee1f39: Time spent bootstrapping tablet: real 0.002s	user 0.002s	sys 0.000s
I20260601 13:35:47.262775  6562 raft_consensus.cc:359] T 7fe308756ef64c5ba45681b3217aa698 P f05ac9c5a33f421abf556861b3ed2e8b [term 0 FOLLOWER]: Replica starting. Triggering 0 pending ops. Active config: opid_index: -1 OBSOLETE_local: false peers { permanent_uuid: "03516ddb33b748118a75aab7d67f966e" member_type: VOTER last_known_addr { host: "127.5.142.65" port: 36877 } } peers { permanent_uuid: "0e523b3af567411e986df80004ee1f39" member_type: VOTER last_known_addr { host: "127.5.142.66" port: 41891 } } peers { permanent_uuid: "f05ac9c5a33f421abf556861b3ed2e8b" member_type: VOTER last_known_addr { host: "127.5.142.67" port: 44169 } }
I20260601 13:35:47.262955  6562 raft_consensus.cc:385] T 7fe308756ef64c5ba45681b3217aa698 P f05ac9c5a33f421abf556861b3ed2e8b [term 0 FOLLOWER]: Consensus starting up: Expiring failure detector timer to make a prompt election more likely
