I20260601 13:36:52.652349 12479 raft_consensus.cc:385] T 303b0c91791846969bc78c549efbd8a4 P bac817f363d24a0bb39a933b1db8c1f3 [term 0 FOLLOWER]: Consensus starting up: Expiring failure detector timer to make a prompt election more likely
I20260601 13:36:52.652391 12479 raft_consensus.cc:740] T 303b0c91791846969bc78c549efbd8a4 P bac817f363d24a0bb39a933b1db8c1f3 [term 0 FOLLOWER]: Becoming Follower/Learner. State: Replica: bac817f363d24a0bb39a933b1db8c1f3, State: Initialized, Role: FOLLOWER
I20260601 13:36:52.652508 12479 consensus_queue.cc:260] T 303b0c91791846969bc78c549efbd8a4 P bac817f363d24a0bb39a933b1db8c1f3 [NON_LEADER]: Queue going to NON_LEADER mode. State: All replicated index: 0, Majority replicated index: 0, Committed index: 0, Last appended: 0.0, Last appended by leader: 0, Current term: 0, Majority size: -1, State: 0, Mode: NON_LEADER, active raft config: opid_index: -1 OBSOLETE_local: false peers { permanent_uuid: "aaf42527aefd4b16908919acf45c1fa8" member_type: VOTER last_known_addr { host: "127.9.17.66" port: 35051 } } peers { permanent_uuid: "5e823b07d30a45d3a1d1c126bb263a70" member_type: VOTER last_known_addr { host: "127.9.17.67" port: 39521 } } peers { permanent_uuid: "bac817f363d24a0bb39a933b1db8c1f3" member_type: VOTER last_known_addr { host: "127.9.17.65" port: 32797 } }
I20260601 13:36:52.652514 12278 tablet_service.cc:1917] Received RequestConsensusVote() RPC: tablet_id: "4746545896474479af6bf97c84eac99c" candidate_uuid: "aaf42527aefd4b16908919acf45c1fa8" candidate_term: 1 candidate_status { last_received { term: 0 index: 0 } } ignore_live_leader: false dest_uuid: "bac817f363d24a0bb39a933b1db8c1f3" is_pre_election: true
I20260601 13:36:52.652665 12278 raft_consensus.cc:2468] T 4746545896474479af6bf97c84eac99c P bac817f363d24a0bb39a933b1db8c1f3 [term 0 FOLLOWER]: Leader pre-election vote request: Granting yes vote for candidate aaf42527aefd4b16908919acf45c1fa8 in term 0.
I20260601 13:36:52.652962 12317 leader_election.cc:304] T 4746545896474479af6bf97c84eac99c P aaf42527aefd4b16908919acf45c1fa8 [CANDIDATE]: Term 1 pre-election: Election decided. Result: candidate won. Election summary: received 2 responses out of 3 voters: 2 yes votes; 0 no votes. yes voters: aaf42527aefd4b16908919acf45c1fa8, bac817f363d24a0bb39a933b1db8c1f3; no voters: 
I20260601 13:36:52.653028 12478 tablet_bootstrap.cc:492] T 4746545896474479af6bf97c84eac99c P 5e823b07d30a45d3a1d1c126bb263a70: No bootstrap required, opened a new log
I20260601 13:36:52.653057 12429 tablet_service.cc:1917] Received RequestConsensusVote() RPC: tablet_id: "4746545896474479af6bf97c84eac99c" candidate_uuid: "aaf42527aefd4b16908919acf45c1fa8" candidate_term: 1 candidate_status { last_received { term: 0 index: 0 } } ignore_live_leader: false dest_uuid: "5e823b07d30a45d3a1d1c126bb263a70" is_pre_election: true
I20260601 13:36:52.653120 12483 raft_consensus.cc:2804] T 4746545896474479af6bf97c84eac99c P aaf42527aefd4b16908919acf45c1fa8 [term 0 FOLLOWER]: Leader pre-election won for term 1
I20260601 13:36:52.653168 12483 raft_consensus.cc:493] T 4746545896474479af6bf97c84eac99c P aaf42527aefd4b16908919acf45c1fa8 [term 0 FOLLOWER]: Starting leader election (no leader contacted us within the election timeout)
I20260601 13:36:52.653203 12483 raft_consensus.cc:3060] T 4746545896474479af6bf97c84eac99c P aaf42527aefd4b16908919acf45c1fa8 [term 0 FOLLOWER]: Advancing to term 1
W20260601 13:36:52.653469 12319 leader_election.cc:343] T 4746545896474479af6bf97c84eac99c P aaf42527aefd4b16908919acf45c1fa8 [CANDIDATE]: Term 1 pre-election: Tablet error from VoteRequest() call to peer 5e823b07d30a45d3a1d1c126bb263a70 (127.9.17.67:39521): Illegal state: must be running to vote when last-logged opid is not known
I20260601 13:36:52.653105 12478 ts_tablet_manager.cc:1403] T 4746545896474479af6bf97c84eac99c P 5e823b07d30a45d3a1d1c126bb263a70: Time spent bootstrapping tablet: real 0.003s	user 0.002s	sys 0.000s
I20260601 13:36:52.654028 12478 raft_consensus.cc:359] T 4746545896474479af6bf97c84eac99c P 5e823b07d30a45d3a1d1c126bb263a70 [term 0 FOLLOWER]: Replica starting. Triggering 0 pending ops. Active config: opid_index: -1 OBSOLETE_local: false peers { permanent_uuid: "bac817f363d24a0bb39a933b1db8c1f3" member_type: VOTER last_known_addr { host: "127.9.17.65" port: 32797 } } peers { permanent_uuid: "aaf42527aefd4b16908919acf45c1fa8" member_type: VOTER last_known_addr { host: "127.9.17.66" port: 35051 } } peers { permanent_uuid: "5e823b07d30a45d3a1d1c126bb263a70" member_type: VOTER last_known_addr { host: "127.9.17.67" port: 39521 } }
I20260601 13:36:52.654104 12478 raft_consensus.cc:385] T 4746545896474479af6bf97c84eac99c P 5e823b07d30a45d3a1d1c126bb263a70 [term 0 FOLLOWER]: Consensus starting up: Expiring failure detector timer to make a prompt election more likely
I20260601 13:36:52.654132 12478 raft_consensus.cc:740] T 4746545896474479af6bf97c84eac99c P 5e823b07d30a45d3a1d1c126bb263a70 [term 0 FOLLOWER]: Becoming Follower/Learner. State: Replica: 5e823b07d30a45d3a1d1c126bb263a70, State: Initialized, Role: FOLLOWER
I20260601 13:36:52.654161 12483 raft_consensus.cc:515] T 4746545896474479af6bf97c84eac99c P aaf42527aefd4b16908919acf45c1fa8 [term 1 FOLLOWER]: Starting leader election with config: opid_index: -1 OBSOLETE_local: false peers { permanent_uuid: "bac817f363d24a0bb39a933b1db8c1f3" member_type: VOTER last_known_addr { host: "127.9.17.65" port: 32797 } } peers { permanent_uuid: "aaf42527aefd4b16908919acf45c1fa8" member_type: VOTER last_known_addr { host: "127.9.17.66" port: 35051 } } peers { permanent_uuid: "5e823b07d30a45d3a1d1c126bb263a70" member_type: VOTER last_known_addr { host: "127.9.17.67" port: 39521 } }
I20260601 13:36:52.654247 12478 consensus_queue.cc:260] T 4746545896474479af6bf97c84eac99c P 5e823b07d30a45d3a1d1c126bb263a70 [NON_LEADER]: Queue going to NON_LEADER mode. State: All replicated index: 0, Majority replicated index: 0, Committed index: 0, Last appended: 0.0, Last appended by leader: 0, Current term: 0, Majority size: -1, State: 0, Mode: NON_LEADER, active raft config: opid_index: -1 OBSOLETE_local: false peers { permanent_uuid: "bac817f363d24a0bb39a933b1db8c1f3" member_type: VOTER last_known_addr { host: "127.9.17.65" port: 32797 } } peers { permanent_uuid: "aaf42527aefd4b16908919acf45c1fa8" member_type: VOTER last_known_addr { host: "127.9.17.66" port: 35051 } } peers { permanent_uuid: "5e823b07d30a45d3a1d1c126bb263a70" member_type: VOTER last_known_addr { host: "127.9.17.67" port: 39521 } }
I20260601 13:36:52.654474 12483 leader_election.cc:290] T 4746545896474479af6bf97c84eac99c P aaf42527aefd4b16908919acf45c1fa8 [CANDIDATE]: Term 1 election: Requested vote from peers bac817f363d24a0bb39a933b1db8c1f3 (127.9.17.65:32797), 5e823b07d30a45d3a1d1c126bb263a70 (127.9.17.67:39521)
I20260601 13:36:52.654634 12478 ts_tablet_manager.cc:1434] T 4746545896474479af6bf97c84eac99c P 5e823b07d30a45d3a1d1c126bb263a70: Time spent starting tablet: real 0.001s	user 0.001s	sys 0.000s
I20260601 13:36:52.654834 12478 tablet_bootstrap.cc:492] T 1032a6cc3db24f71b9ab4287f8d2a640 P 5e823b07d30a45d3a1d1c126bb263a70: Bootstrap starting.
I20260601 13:36:52.654922 12429 tablet_service.cc:1917] Received RequestConsensusVote() RPC: tablet_id: "4746545896474479af6bf97c84eac99c" candidate_uuid: "aaf42527aefd4b16908919acf45c1fa8" candidate_term: 1 candidate_status { last_received { term: 0 index: 0 } } ignore_live_leader: false dest_uuid: "5e823b07d30a45d3a1d1c126bb263a70"
I20260601 13:36:52.655016 12429 raft_consensus.cc:3060] T 4746545896474479af6bf97c84eac99c P 5e823b07d30a45d3a1d1c126bb263a70 [term 0 FOLLOWER]: Advancing to term 1
I20260601 13:36:52.655815 12478 tablet_bootstrap.cc:654] T 1032a6cc3db24f71b9ab4287f8d2a640 P 5e823b07d30a45d3a1d1c126bb263a70: Neither blocks nor log segments found. Creating new log.
I20260601 13:36:52.656046 12429 raft_consensus.cc:2468] T 4746545896474479af6bf97c84eac99c P 5e823b07d30a45d3a1d1c126bb263a70 [term 1 FOLLOWER]: Leader election vote request: Granting yes vote for candidate aaf42527aefd4b16908919acf45c1fa8 in term 1.
I20260601 13:36:52.656265 12278 tablet_service.cc:1917] Received RequestConsensusVote() RPC: tablet_id: "4746545896474479af6bf97c84eac99c" candidate_uuid: "aaf42527aefd4b16908919acf45c1fa8" candidate_term: 1 candidate_status { last_received { term: 0 index: 0 } } ignore_live_leader: false dest_uuid: "bac817f363d24a0bb39a933b1db8c1f3"
I20260601 13:36:52.656334 12319 leader_election.cc:304] T 4746545896474479af6bf97c84eac99c P aaf42527aefd4b16908919acf45c1fa8 [CANDIDATE]: Term 1 election: Election decided. Result: candidate won. Election summary: received 2 responses out of 3 voters: 2 yes votes; 0 no votes. yes voters: 5e823b07d30a45d3a1d1c126bb263a70, aaf42527aefd4b16908919acf45c1fa8; no voters: 
I20260601 13:36:52.656375 12278 raft_consensus.cc:3060] T 4746545896474479af6bf97c84eac99c P bac817f363d24a0bb39a933b1db8c1f3 [term 0 FOLLOWER]: Advancing to term 1
I20260601 13:36:52.656487 12483 raft_consensus.cc:2804] T 4746545896474479af6bf97c84eac99c P aaf42527aefd4b16908919acf45c1fa8 [term 1 FOLLOWER]: Leader election won for term 1
I20260601 13:36:52.656569 12483 raft_consensus.cc:697] T 4746545896474479af6bf97c84eac99c P aaf42527aefd4b16908919acf45c1fa8 [term 1 LEADER]: Becoming Leader. State: Replica: aaf42527aefd4b16908919acf45c1fa8, State: Running, Role: LEADER
I20260601 13:36:52.656567 12479 ts_tablet_manager.cc:1434] T 303b0c91791846969bc78c549efbd8a4 P bac817f363d24a0bb39a933b1db8c1f3: Time spent starting tablet: real 0.007s	user 0.001s	sys 0.000s
I20260601 13:36:52.656697 12483 consensus_queue.cc:237] T 4746545896474479af6bf97c84eac99c P aaf42527aefd4b16908919acf45c1fa8 [LEADER]: Queue going to LEADER mode. State: All replicated index: 0, Majority replicated index: 0, Committed index: 0, Last appended: 0.0, Last appended by leader: 0, Current term: 1, Majority size: 2, State: 0, Mode: LEADER, active raft config: opid_index: -1 OBSOLETE_local: false peers { permanent_uuid: "bac817f363d24a0bb39a933b1db8c1f3" member_type: VOTER last_known_addr { host: "127.9.17.65" port: 32797 } } peers { permanent_uuid: "aaf42527aefd4b16908919acf45c1fa8" member_type: VOTER last_known_addr { host: "127.9.17.66" port: 35051 } } peers { permanent_uuid: "5e823b07d30a45d3a1d1c126bb263a70" member_type: VOTER last_known_addr { host: "127.9.17.67" port: 39521 } }
I20260601 13:36:52.657280 12278 raft_consensus.cc:2468] T 4746545896474479af6bf97c84eac99c P bac817f363d24a0bb39a933b1db8c1f3 [term 1 FOLLOWER]: Leader election vote request: Granting yes vote for candidate aaf42527aefd4b16908919acf45c1fa8 in term 1.
I20260601 13:36:52.658159 12478 tablet_bootstrap.cc:492] T 1032a6cc3db24f71b9ab4287f8d2a640 P 5e823b07d30a45d3a1d1c126bb263a70: No bootstrap required, opened a new log
I20260601 13:36:52.658264 12478 ts_tablet_manager.cc:1403] T 1032a6cc3db24f71b9ab4287f8d2a640 P 5e823b07d30a45d3a1d1c126bb263a70: Time spent bootstrapping tablet: real 0.003s	user 0.002s	sys 0.000s
I20260601 13:36:52.658402 12175 catalog_manager.cc:5696] T 4746545896474479af6bf97c84eac99c P aaf42527aefd4b16908919acf45c1fa8 reported cstate change: term changed from 0 to 1, leader changed from <none> to aaf42527aefd4b16908919acf45c1fa8 (127.9.17.66). New cstate: current_term: 1 leader_uuid: "aaf42527aefd4b16908919acf45c1fa8" committed_config { opid_index: -1 OBSOLETE_local: false peers { permanent_uuid: "bac817f363d24a0bb39a933b1db8c1f3" member_type: VOTER last_known_addr { host: "127.9.17.65" port: 32797 } health_report { overall_health: UNKNOWN } } peers { permanent_uuid: "aaf42527aefd4b16908919acf45c1fa8" member_type: VOTER last_known_addr { host: "127.9.17.66" port: 35051 } health_report { overall_health: HEALTHY } } peers { permanent_uuid: "5e823b07d30a45d3a1d1c126bb263a70" member_type: VOTER last_known_addr { host: "127.9.17.67" port: 39521 } health_report { overall_health: UNKNOWN } } }
I20260601 13:36:52.658689 12478 raft_consensus.cc:359] T 1032a6cc3db24f71b9ab4287f8d2a640 P 5e823b07d30a45d3a1d1c126bb263a70 [term 0 FOLLOWER]: Replica starting. Triggering 0 pending ops. Active config: opid_index: -1 OBSOLETE_local: false peers { permanent_uuid: "aaf42527aefd4b16908919acf45c1fa8" member_type: VOTER last_known_addr { host: "127.9.17.66" port: 35051 } } peers { permanent_uuid: "bac817f363d24a0bb39a933b1db8c1f3" member_type: VOTER last_known_addr { host: "127.9.17.65" port: 32797 } } peers { permanent_uuid: "5e823b07d30a45d3a1d1c126bb263a70" member_type: VOTER last_known_addr { host: "127.9.17.67" port: 39521 } }
I20260601 13:36:52.658783 12478 raft_consensus.cc:385] T 1032a6cc3db24f71b9ab4287f8d2a640 P 5e823b07d30a45d3a1d1c126bb263a70 [term 0 FOLLOWER]: Consensus starting up: Expiring failure detector timer to make a prompt election more likely
I20260601 13:36:52.658826 12478 raft_consensus.cc:740] T 1032a6cc3db24f71b9ab4287f8d2a640 P 5e823b07d30a45d3a1d1c126bb263a70 [term 0 FOLLOWER]: Becoming Follower/Learner. State: Replica: 5e823b07d30a45d3a1d1c126bb263a70, State: Initialized, Role: FOLLOWER
I20260601 13:36:52.658946 12478 consensus_queue.cc:260] T 1032a6cc3db24f71b9ab4287f8d2a640 P 5e823b07d30a45d3a1d1c126bb263a70 [NON_LEADER]: Queue going to NON_LEADER mode. State: All replicated index: 0, Majority replicated index: 0, Committed index: 0, Last appended: 0.0, Last appended by leader: 0, Current term: 0, Majority size: -1, State: 0, Mode: NON_LEADER, active raft config: opid_index: -1 OBSOLETE_local: false peers { permanent_uuid: "aaf42527aefd4b16908919acf45c1fa8" member_type: VOTER last_known_addr { host: "127.9.17.66" port: 35051 } } peers { permanent_uuid: "bac817f363d24a0bb39a933b1db8c1f3" member_type: VOTER last_known_addr { host: "127.9.17.65" port: 32797 } } peers { permanent_uuid: "5e823b07d30a45d3a1d1c126bb263a70" member_type: VOTER last_known_addr { host: "127.9.17.67" port: 39521 } }
I20260601 13:36:52.659209 12478 ts_tablet_manager.cc:1434] T 1032a6cc3db24f71b9ab4287f8d2a640 P 5e823b07d30a45d3a1d1c126bb263a70: Time spent starting tablet: real 0.001s	user 0.001s	sys 0.000s
I20260601 13:36:52.659363 12478 tablet_bootstrap.cc:492] T 7cc380cd789a4592baea47addda56f75 P 5e823b07d30a45d3a1d1c126bb263a70: Bootstrap starting.
I20260601 13:36:52.660274 12478 tablet_bootstrap.cc:654] T 7cc380cd789a4592baea47addda56f75 P 5e823b07d30a45d3a1d1c126bb263a70: Neither blocks nor log segments found. Creating new log.
I20260601 13:36:52.661285 12478 tablet_bootstrap.cc:492] T 7cc380cd789a4592baea47addda56f75 P 5e823b07d30a45d3a1d1c126bb263a70: No bootstrap required, opened a new log
I20260601 13:36:52.661372 12478 ts_tablet_manager.cc:1403] T 7cc380cd789a4592baea47addda56f75 P 5e823b07d30a45d3a1d1c126bb263a70: Time spent bootstrapping tablet: real 0.002s	user 0.002s	sys 0.000s
I20260601 13:36:52.661791 12478 raft_consensus.cc:359] T 7cc380cd789a4592baea47addda56f75 P 5e823b07d30a45d3a1d1c126bb263a70 [term 0 FOLLOWER]: Replica starting. Triggering 0 pending ops. Active config: opid_index: -1 OBSOLETE_local: false peers { permanent_uuid: "bac817f363d24a0bb39a933b1db8c1f3" member_type: VOTER last_known_addr { host: "127.9.17.65" port: 32797 } } peers { permanent_uuid: "aaf42527aefd4b16908919acf45c1fa8" member_type: VOTER last_known_addr { host: "127.9.17.66" port: 35051 } } peers { permanent_uuid: "5e823b07d30a45d3a1d1c126bb263a70" member_type: VOTER last_known_addr { host: "127.9.17.67" port: 39521 } }
I20260601 13:36:52.661908 12478 raft_consensus.cc:385] T 7cc380cd789a4592baea47addda56f75 P 5e823b07d30a45d3a1d1c126bb263a70 [term 0 FOLLOWER]: Consensus starting up: Expiring failure detector timer to make a prompt election more likely
I20260601 13:36:52.661966 12478 raft_consensus.cc:740] T 7cc380cd789a4592baea47addda56f75 P 5e823b07d30a45d3a1d1c126bb263a70 [term 0 FOLLOWER]: Becoming Follower/Learner. State: Replica: 5e823b07d30a45d3a1d1c126bb263a70, State: Initialized, Role: FOLLOWER
I20260601 13:36:52.662102 12478 consensus_queue.cc:260] T 7cc380cd789a4592baea47addda56f75 P 5e823b07d30a45d3a1d1c126bb263a70 [NON_LEADER]: Queue going to NON_LEADER mode. State: All replicated index: 0, Majority replicated index: 0, Committed index: 0, Last appended: 0.0, Last appended by leader: 0, Current term: 0, Majority size: -1, State: 0, Mode: NON_LEADER, active raft config: opid_index: -1 OBSOLETE_local: false peers { permanent_uuid: "bac817f363d24a0bb39a933b1db8c1f3" member_type: VOTER last_known_addr { host: "127.9.17.65" port: 32797 } } peers { permanent_uuid: "aaf42527aefd4b16908919acf45c1fa8" member_type: VOTER last_known_addr { host: "127.9.17.66" port: 35051 } } peers { permanent_uuid: "5e823b07d30a45d3a1d1c126bb263a70" member_type: VOTER last_known_addr { host: "127.9.17.67" port: 39521 } }
I20260601 13:36:52.662341 12478 ts_tablet_manager.cc:1434] T 7cc380cd789a4592baea47addda56f75 P 5e823b07d30a45d3a1d1c126bb263a70: Time spent starting tablet: real 0.001s	user 0.000s	sys 0.000s
I20260601 13:36:52.662559 12478 tablet_bootstrap.cc:492] T 5263559ce1d8460c89e887d4b41484f8 P 5e823b07d30a45d3a1d1c126bb263a70: Bootstrap starting.
I20260601 13:36:52.663575 12478 tablet_bootstrap.cc:654] T 5263559ce1d8460c89e887d4b41484f8 P 5e823b07d30a45d3a1d1c126bb263a70: Neither blocks nor log segments found. Creating new log.
I20260601 13:36:52.664692 12478 tablet_bootstrap.cc:492] T 5263559ce1d8460c89e887d4b41484f8 P 5e823b07d30a45d3a1d1c126bb263a70: No bootstrap required, opened a new log
I20260601 13:36:52.664808 12478 ts_tablet_manager.cc:1403] T 5263559ce1d8460c89e887d4b41484f8 P 5e823b07d30a45d3a1d1c126bb263a70: Time spent bootstrapping tablet: real 0.002s	user 0.002s	sys 0.000s
I20260601 13:36:52.665154 12478 raft_consensus.cc:359] T 5263559ce1d8460c89e887d4b41484f8 P 5e823b07d30a45d3a1d1c126bb263a70 [term 0 FOLLOWER]: Replica starting. Triggering 0 pending ops. Active config: opid_index: -1 OBSOLETE_local: false peers { permanent_uuid: "aaf42527aefd4b16908919acf45c1fa8" member_type: VOTER last_known_addr { host: "127.9.17.66" port: 35051 } } peers { permanent_uuid: "bac817f363d24a0bb39a933b1db8c1f3" member_type: VOTER last_known_addr { host: "127.9.17.65" port: 32797 } } peers { permanent_uuid: "5e823b07d30a45d3a1d1c126bb263a70" member_type: VOTER last_known_addr { host: "127.9.17.67" port: 39521 } }
I20260601 13:36:52.665298 12478 raft_consensus.cc:385] T 5263559ce1d8460c89e887d4b41484f8 P 5e823b07d30a45d3a1d1c126bb263a70 [term 0 FOLLOWER]: Consensus starting up: Expiring failure detector timer to make a prompt election more likely
I20260601 13:36:52.665347 12478 raft_consensus.cc:740] T 5263559ce1d8460c89e887d4b41484f8 P 5e823b07d30a45d3a1d1c126bb263a70 [term 0 FOLLOWER]: Becoming Follower/Learner. State: Replica: 5e823b07d30a45d3a1d1c126bb263a70, State: Initialized, Role: FOLLOWER
I20260601 13:36:52.665477 12478 consensus_queue.cc:260] T 5263559ce1d8460c89e887d4b41484f8 P 5e823b07d30a45d3a1d1c126bb263a70 [NON_LEADER]: Queue going to NON_LEADER mode. State: All replicated index: 0, Majority replicated index: 0, Committed index: 0, Last appended: 0.0, Last appended by leader: 0, Current term: 0, Majority size: -1, State: 0, Mode: NON_LEADER, active raft config: opid_index: -1 OBSOLETE_local: false peers { permanent_uuid: "aaf42527aefd4b16908919acf45c1fa8" member_type: VOTER last_known_addr { host: "127.9.17.66" port: 35051 } } peers { permanent_uuid: "bac817f363d24a0bb39a933b1db8c1f3" member_type: VOTER last_known_addr { host: "127.9.17.65" port: 32797 } } peers { permanent_uuid: "5e823b07d30a45d3a1d1c126bb263a70" member_type: VOTER last_known_addr { host: "127.9.17.67" port: 39521 } }
I20260601 13:36:52.665731 12478 ts_tablet_manager.cc:1434] T 5263559ce1d8460c89e887d4b41484f8 P 5e823b07d30a45d3a1d1c126bb263a70: Time spent starting tablet: real 0.001s	user 0.001s	sys 0.000s
I20260601 13:36:52.722482 12495 raft_consensus.cc:493] T a7b1fe184eb141c2bfdd715ee4e11a8b P 5e823b07d30a45d3a1d1c126bb263a70 [term 0 FOLLOWER]: Starting pre-election (no leader contacted us within the election timeout)
I20260601 13:36:52.722679 12495 raft_consensus.cc:515] T a7b1fe184eb141c2bfdd715ee4e11a8b P 5e823b07d30a45d3a1d1c126bb263a70 [term 0 FOLLOWER]: Starting pre-election with config: opid_index: -1 OBSOLETE_local: false peers { permanent_uuid: "aaf42527aefd4b16908919acf45c1fa8" member_type: VOTER last_known_addr { host: "127.9.17.66" port: 35051 } } peers { permanent_uuid: "bac817f363d24a0bb39a933b1db8c1f3" member_type: VOTER last_known_addr { host: "127.9.17.65" port: 32797 } } peers { permanent_uuid: "5e823b07d30a45d3a1d1c126bb263a70" member_type: VOTER last_known_addr { host: "127.9.17.67" port: 39521 } }
I20260601 13:36:52.723249 12495 leader_election.cc:290] T a7b1fe184eb141c2bfdd715ee4e11a8b P 5e823b07d30a45d3a1d1c126bb263a70 [CANDIDATE]: Term 1 pre-election: Requested pre-vote from peers aaf42527aefd4b16908919acf45c1fa8 (127.9.17.66:35051), bac817f363d24a0bb39a933b1db8c1f3 (127.9.17.65:32797)
I20260601 13:36:52.727046 12482 raft_consensus.cc:493] T c6baf9fa97734e3bb66ebc0725230a4d P bac817f363d24a0bb39a933b1db8c1f3 [term 0 FOLLOWER]: Starting pre-election (no leader contacted us within the election timeout)
I20260601 13:36:52.727155 12482 raft_consensus.cc:515] T c6baf9fa97734e3bb66ebc0725230a4d P bac817f363d24a0bb39a933b1db8c1f3 [term 0 FOLLOWER]: Starting pre-election with config: opid_index: -1 OBSOLETE_local: false peers { permanent_uuid: "aaf42527aefd4b16908919acf45c1fa8" member_type: VOTER last_known_addr { host: "127.9.17.66" port: 35051 } } peers { permanent_uuid: "bac817f363d24a0bb39a933b1db8c1f3" member_type: VOTER last_known_addr { host: "127.9.17.65" port: 32797 } } peers { permanent_uuid: "5e823b07d30a45d3a1d1c126bb263a70" member_type: VOTER last_known_addr { host: "127.9.17.67" port: 39521 } }
I20260601 13:36:52.727705 12482 leader_election.cc:290] T c6baf9fa97734e3bb66ebc0725230a4d P bac817f363d24a0bb39a933b1db8c1f3 [CANDIDATE]: Term 1 pre-election: Requested pre-vote from peers aaf42527aefd4b16908919acf45c1fa8 (127.9.17.66:35051), 5e823b07d30a45d3a1d1c126bb263a70 (127.9.17.67:39521)
I20260601 13:36:52.727789 12278 tablet_service.cc:1917] Received RequestConsensusVote() RPC: tablet_id: "a7b1fe184eb141c2bfdd715ee4e11a8b" candidate_uuid: "5e823b07d30a45d3a1d1c126bb263a70" candidate_term: 1 candidate_status { last_received { term: 0 index: 0 } } ignore_live_leader: false dest_uuid: "bac817f363d24a0bb39a933b1db8c1f3" is_pre_election: true
I20260601 13:36:52.727926 12278 raft_consensus.cc:2468] T a7b1fe184eb141c2bfdd715ee4e11a8b P bac817f363d24a0bb39a933b1db8c1f3 [term 0 FOLLOWER]: Leader pre-election vote request: Granting yes vote for candidate 5e823b07d30a45d3a1d1c126bb263a70 in term 0.
I20260601 13:36:52.728067 12354 tablet_service.cc:1917] Received RequestConsensusVote() RPC: tablet_id: "a7b1fe184eb141c2bfdd715ee4e11a8b" candidate_uuid: "5e823b07d30a45d3a1d1c126bb263a70" candidate_term: 1 candidate_status { last_received { term: 0 index: 0 } } ignore_live_leader: false dest_uuid: "aaf42527aefd4b16908919acf45c1fa8" is_pre_election: true
I20260601 13:36:52.728184 12354 raft_consensus.cc:2468] T a7b1fe184eb141c2bfdd715ee4e11a8b P aaf42527aefd4b16908919acf45c1fa8 [term 0 FOLLOWER]: Leader pre-election vote request: Granting yes vote for candidate 5e823b07d30a45d3a1d1c126bb263a70 in term 0.
I20260601 13:36:52.728461 12395 leader_election.cc:304] T a7b1fe184eb141c2bfdd715ee4e11a8b P 5e823b07d30a45d3a1d1c126bb263a70 [CANDIDATE]: Term 1 pre-election: Election decided. Result: candidate won. Election summary: received 2 responses out of 3 voters: 2 yes votes; 0 no votes. yes voters: 5e823b07d30a45d3a1d1c126bb263a70, aaf42527aefd4b16908919acf45c1fa8; no voters: 
I20260601 13:36:52.728644 12495 raft_consensus.cc:2804] T a7b1fe184eb141c2bfdd715ee4e11a8b P 5e823b07d30a45d3a1d1c126bb263a70 [term 0 FOLLOWER]: Leader pre-election won for term 1
I20260601 13:36:52.728716 12495 raft_consensus.cc:493] T a7b1fe184eb141c2bfdd715ee4e11a8b P 5e823b07d30a45d3a1d1c126bb263a70 [term 0 FOLLOWER]: Starting leader election (no leader contacted us within the election timeout)
I20260601 13:36:52.728770 12495 raft_consensus.cc:3060] T a7b1fe184eb141c2bfdd715ee4e11a8b P 5e823b07d30a45d3a1d1c126bb263a70 [term 0 FOLLOWER]: Advancing to term 1
I20260601 13:36:52.729980 12495 raft_consensus.cc:515] T a7b1fe184eb141c2bfdd715ee4e11a8b P 5e823b07d30a45d3a1d1c126bb263a70 [term 1 FOLLOWER]: Starting leader election with config: opid_index: -1 OBSOLETE_local: false peers { permanent_uuid: "aaf42527aefd4b16908919acf45c1fa8" member_type: VOTER last_known_addr { host: "127.9.17.66" port: 35051 } } peers { permanent_uuid: "bac817f363d24a0bb39a933b1db8c1f3" member_type: VOTER last_known_addr { host: "127.9.17.65" port: 32797 } } peers { permanent_uuid: "5e823b07d30a45d3a1d1c126bb263a70" member_type: VOTER last_known_addr { host: "127.9.17.67" port: 39521 } }
I20260601 13:36:52.730348 12495 leader_election.cc:290] T a7b1fe184eb141c2bfdd715ee4e11a8b P 5e823b07d30a45d3a1d1c126bb263a70 [CANDIDATE]: Term 1 election: Requested vote from peers aaf42527aefd4b16908919acf45c1fa8 (127.9.17.66:35051), bac817f363d24a0bb39a933b1db8c1f3 (127.9.17.65:32797)
I20260601 13:36:52.730574 12354 tablet_service.cc:1917] Received RequestConsensusVote() RPC: tablet_id: "a7b1fe184eb141c2bfdd715ee4e11a8b" candidate_uuid: "5e823b07d30a45d3a1d1c126bb263a70" candidate_term: 1 candidate_status { last_received { term: 0 index: 0 } } ignore_live_leader: false dest_uuid: "aaf42527aefd4b16908919acf45c1fa8"
I20260601 13:36:52.730687 12354 raft_consensus.cc:3060] T a7b1fe184eb141c2bfdd715ee4e11a8b P aaf42527aefd4b16908919acf45c1fa8 [term 0 FOLLOWER]: Advancing to term 1
I20260601 13:36:52.730722 12278 tablet_service.cc:1917] Received RequestConsensusVote() RPC: tablet_id: "a7b1fe184eb141c2bfdd715ee4e11a8b" candidate_uuid: "5e823b07d30a45d3a1d1c126bb263a70" candidate_term: 1 candidate_status { last_received { term: 0 index: 0 } } ignore_live_leader: false dest_uuid: "bac817f363d24a0bb39a933b1db8c1f3"
I20260601 13:36:52.730835 12278 raft_consensus.cc:3060] T a7b1fe184eb141c2bfdd715ee4e11a8b P bac817f363d24a0bb39a933b1db8c1f3 [term 0 FOLLOWER]: Advancing to term 1
I20260601 13:36:52.731474 12354 raft_consensus.cc:2468] T a7b1fe184eb141c2bfdd715ee4e11a8b P aaf42527aefd4b16908919acf45c1fa8 [term 1 FOLLOWER]: Leader election vote request: Granting yes vote for candidate 5e823b07d30a45d3a1d1c126bb263a70 in term 1.
I20260601 13:36:52.731742 12278 raft_consensus.cc:2468] T a7b1fe184eb141c2bfdd715ee4e11a8b P bac817f363d24a0bb39a933b1db8c1f3 [term 1 FOLLOWER]: Leader election vote request: Granting yes vote for candidate 5e823b07d30a45d3a1d1c126bb263a70 in term 1.
I20260601 13:36:52.731794 12395 leader_election.cc:304] T a7b1fe184eb141c2bfdd715ee4e11a8b P 5e823b07d30a45d3a1d1c126bb263a70 [CANDIDATE]: Term 1 election: Election decided. Result: candidate won. Election summary: received 2 responses out of 3 voters: 2 yes votes; 0 no votes. yes voters: 5e823b07d30a45d3a1d1c126bb263a70, aaf42527aefd4b16908919acf45c1fa8; no voters: 
I20260601 13:36:52.732441 12495 raft_consensus.cc:2804] T a7b1fe184eb141c2bfdd715ee4e11a8b P 5e823b07d30a45d3a1d1c126bb263a70 [term 1 FOLLOWER]: Leader election won for term 1
I20260601 13:36:52.732554 12495 raft_consensus.cc:697] T a7b1fe184eb141c2bfdd715ee4e11a8b P 5e823b07d30a45d3a1d1c126bb263a70 [term 1 LEADER]: Becoming Leader. State: Replica: 5e823b07d30a45d3a1d1c126bb263a70, State: Running, Role: LEADER
I20260601 13:36:52.732656 12429 tablet_service.cc:1917] Received RequestConsensusVote() RPC: tablet_id: "c6baf9fa97734e3bb66ebc0725230a4d" candidate_uuid: "bac817f363d24a0bb39a933b1db8c1f3" candidate_term: 1 candidate_status { last_received { term: 0 index: 0 } } ignore_live_leader: false dest_uuid: "5e823b07d30a45d3a1d1c126bb263a70" is_pre_election: true
I20260601 13:36:52.732694 12495 consensus_queue.cc:237] T a7b1fe184eb141c2bfdd715ee4e11a8b P 5e823b07d30a45d3a1d1c126bb263a70 [LEADER]: Queue going to LEADER mode. State: All replicated index: 0, Majority replicated index: 0, Committed index: 0, Last appended: 0.0, Last appended by leader: 0, Current term: 1, Majority size: 2, State: 0, Mode: LEADER, active raft config: opid_index: -1 OBSOLETE_local: false peers { permanent_uuid: "aaf42527aefd4b16908919acf45c1fa8" member_type: VOTER last_known_addr { host: "127.9.17.66" port: 35051 } } peers { permanent_uuid: "bac817f363d24a0bb39a933b1db8c1f3" member_type: VOTER last_known_addr { host: "127.9.17.65" port: 32797 } } peers { permanent_uuid: "5e823b07d30a45d3a1d1c126bb263a70" member_type: VOTER last_known_addr { host: "127.9.17.67" port: 39521 } }
I20260601 13:36:52.732761 12429 raft_consensus.cc:2468] T c6baf9fa97734e3bb66ebc0725230a4d P 5e823b07d30a45d3a1d1c126bb263a70 [term 0 FOLLOWER]: Leader pre-election vote request: Granting yes vote for candidate bac817f363d24a0bb39a933b1db8c1f3 in term 0.
I20260601 13:36:52.733011 12243 leader_election.cc:304] T c6baf9fa97734e3bb66ebc0725230a4d P bac817f363d24a0bb39a933b1db8c1f3 [CANDIDATE]: Term 1 pre-election: Election decided. Result: candidate won. Election summary: received 2 responses out of 3 voters: 2 yes votes; 0 no votes. yes voters: 5e823b07d30a45d3a1d1c126bb263a70, bac817f363d24a0bb39a933b1db8c1f3; no voters: 
I20260601 13:36:52.733176 12482 raft_consensus.cc:2804] T c6baf9fa97734e3bb66ebc0725230a4d P bac817f363d24a0bb39a933b1db8c1f3 [term 0 FOLLOWER]: Leader pre-election won for term 1
I20260601 13:36:52.733247 12482 raft_consensus.cc:493] T c6baf9fa97734e3bb66ebc0725230a4d P bac817f363d24a0bb39a933b1db8c1f3 [term 0 FOLLOWER]: Starting leader election (no leader contacted us within the election timeout)
I20260601 13:36:52.733294 12482 raft_consensus.cc:3060] T c6baf9fa97734e3bb66ebc0725230a4d P bac817f363d24a0bb39a933b1db8c1f3 [term 0 FOLLOWER]: Advancing to term 1
I20260601 13:36:52.733460 12354 tablet_service.cc:1917] Received RequestConsensusVote() RPC: tablet_id: "c6baf9fa97734e3bb66ebc0725230a4d" candidate_uuid: "bac817f363d24a0bb39a933b1db8c1f3" candidate_term: 1 candidate_status { last_received { term: 0 index: 0 } } ignore_live_leader: false dest_uuid: "aaf42527aefd4b16908919acf45c1fa8" is_pre_election: true
I20260601 13:36:52.733582 12354 raft_consensus.cc:2468] T c6baf9fa97734e3bb66ebc0725230a4d P aaf42527aefd4b16908919acf45c1fa8 [term 0 FOLLOWER]: Leader pre-election vote request: Granting yes vote for candidate bac817f363d24a0bb39a933b1db8c1f3 in term 0.
I20260601 13:36:52.734194 12482 raft_consensus.cc:515] T c6baf9fa97734e3bb66ebc0725230a4d P bac817f363d24a0bb39a933b1db8c1f3 [term 1 FOLLOWER]: Starting leader election with config: opid_index: -1 OBSOLETE_local: false peers { permanent_uuid: "aaf42527aefd4b16908919acf45c1fa8" member_type: VOTER last_known_addr { host: "127.9.17.66" port: 35051 } } peers { permanent_uuid: "bac817f363d24a0bb39a933b1db8c1f3" member_type: VOTER last_known_addr { host: "127.9.17.65" port: 32797 } } peers { permanent_uuid: "5e823b07d30a45d3a1d1c126bb263a70" member_type: VOTER last_known_addr { host: "127.9.17.67" port: 39521 } }
I20260601 13:36:52.734375 12175 catalog_manager.cc:5696] T a7b1fe184eb141c2bfdd715ee4e11a8b P 5e823b07d30a45d3a1d1c126bb263a70 reported cstate change: term changed from 0 to 1, leader changed from <none> to 5e823b07d30a45d3a1d1c126bb263a70 (127.9.17.67). New cstate: current_term: 1 leader_uuid: "5e823b07d30a45d3a1d1c126bb263a70" committed_config { opid_index: -1 OBSOLETE_local: false peers { permanent_uuid: "aaf42527aefd4b16908919acf45c1fa8" member_type: VOTER last_known_addr { host: "127.9.17.66" port: 35051 } health_report { overall_health: UNKNOWN } } peers { permanent_uuid: "bac817f363d24a0bb39a933b1db8c1f3" member_type: VOTER last_known_addr { host: "127.9.17.65" port: 32797 } health_report { overall_health: UNKNOWN } } peers { permanent_uuid: "5e823b07d30a45d3a1d1c126bb263a70" member_type: VOTER last_known_addr { host: "127.9.17.67" port: 39521 } health_report { overall_health: HEALTHY } } }
I20260601 13:36:52.734503 12482 leader_election.cc:290] T c6baf9fa97734e3bb66ebc0725230a4d P bac817f363d24a0bb39a933b1db8c1f3 [CANDIDATE]: Term 1 election: Requested vote from peers aaf42527aefd4b16908919acf45c1fa8 (127.9.17.66:35051), 5e823b07d30a45d3a1d1c126bb263a70 (127.9.17.67:39521)
I20260601 13:36:52.734707 12354 tablet_service.cc:1917] Received RequestConsensusVote() RPC: tablet_id: "c6baf9fa97734e3bb66ebc0725230a4d" candidate_uuid: "bac817f363d24a0bb39a933b1db8c1f3" candidate_term: 1 candidate_status { last_received { term: 0 index: 0 } } ignore_live_leader: false dest_uuid: "aaf42527aefd4b16908919acf45c1fa8"
I20260601 13:36:52.734814 12354 raft_consensus.cc:3060] T c6baf9fa97734e3bb66ebc0725230a4d P aaf42527aefd4b16908919acf45c1fa8 [term 0 FOLLOWER]: Advancing to term 1
I20260601 13:36:52.735586 12354 raft_consensus.cc:2468] T c6baf9fa97734e3bb66ebc0725230a4d P aaf42527aefd4b16908919acf45c1fa8 [term 1 FOLLOWER]: Leader election vote request: Granting yes vote for candidate bac817f363d24a0bb39a933b1db8c1f3 in term 1.
I20260601 13:36:52.735809 12429 tablet_service.cc:1917] Received RequestConsensusVote() RPC: tablet_id: "c6baf9fa97734e3bb66ebc0725230a4d" candidate_uuid: "bac817f363d24a0bb39a933b1db8c1f3" candidate_term: 1 candidate_status { last_received { term: 0 index: 0 } } ignore_live_leader: false dest_uuid: "5e823b07d30a45d3a1d1c126bb263a70"
I20260601 13:36:52.735867 12244 leader_election.cc:304] T c6baf9fa97734e3bb66ebc0725230a4d P bac817f363d24a0bb39a933b1db8c1f3 [CANDIDATE]: Term 1 election: Election decided. Result: candidate won. Election summary: received 2 responses out of 3 voters: 2 yes votes; 0 no votes. yes voters: aaf42527aefd4b16908919acf45c1fa8, bac817f363d24a0bb39a933b1db8c1f3; no voters: 
I20260601 13:36:52.735909 12429 raft_consensus.cc:3060] T c6baf9fa97734e3bb66ebc0725230a4d P 5e823b07d30a45d3a1d1c126bb263a70 [term 0 FOLLOWER]: Advancing to term 1
I20260601 13:36:52.736784 12429 raft_consensus.cc:2468] T c6baf9fa97734e3bb66ebc0725230a4d P 5e823b07d30a45d3a1d1c126bb263a70 [term 1 FOLLOWER]: Leader election vote request: Granting yes vote for candidate bac817f363d24a0bb39a933b1db8c1f3 in term 1.
I20260601 13:36:52.736954 12482 raft_consensus.cc:2804] T c6baf9fa97734e3bb66ebc0725230a4d P bac817f363d24a0bb39a933b1db8c1f3 [term 1 FOLLOWER]: Leader election won for term 1
I20260601 13:36:52.737146 12482 raft_consensus.cc:697] T c6baf9fa97734e3bb66ebc0725230a4d P bac817f363d24a0bb39a933b1db8c1f3 [term 1 LEADER]: Becoming Leader. State: Replica: bac817f363d24a0bb39a933b1db8c1f3, State: Running, Role: LEADER
I20260601 13:36:52.737308 12482 consensus_queue.cc:237] T c6baf9fa97734e3bb66ebc0725230a4d P bac817f363d24a0bb39a933b1db8c1f3 [LEADER]: Queue going to LEADER mode. State: All replicated index: 0, Majority replicated index: 0, Committed index: 0, Last appended: 0.0, Last appended by leader: 0, Current term: 1, Majority size: 2, State: 0, Mode: LEADER, active raft config: opid_index: -1 OBSOLETE_local: false peers { permanent_uuid: "aaf42527aefd4b16908919acf45c1fa8" member_type: VOTER last_known_addr { host: "127.9.17.66" port: 35051 } } peers { permanent_uuid: "bac817f363d24a0bb39a933b1db8c1f3" member_type: VOTER last_known_addr { host: "127.9.17.65" port: 32797 } } peers { permanent_uuid: "5e823b07d30a45d3a1d1c126bb263a70" member_type: VOTER last_known_addr { host: "127.9.17.67" port: 39521 } }
I20260601 13:36:52.738651 12175 catalog_manager.cc:5696] T c6baf9fa97734e3bb66ebc0725230a4d P bac817f363d24a0bb39a933b1db8c1f3 reported cstate change: term changed from 0 to 1, leader changed from <none> to bac817f363d24a0bb39a933b1db8c1f3 (127.9.17.65). New cstate: current_term: 1 leader_uuid: "bac817f363d24a0bb39a933b1db8c1f3" committed_config { opid_index: -1 OBSOLETE_local: false peers { permanent_uuid: "aaf42527aefd4b16908919acf45c1fa8" member_type: VOTER last_known_addr { host: "127.9.17.66" port: 35051 } health_report { overall_health: UNKNOWN } } peers { permanent_uuid: "bac817f363d24a0bb39a933b1db8c1f3" member_type: VOTER last_known_addr { host: "127.9.17.65" port: 32797 } health_report { overall_health: HEALTHY } } peers { permanent_uuid: "5e823b07d30a45d3a1d1c126bb263a70" member_type: VOTER last_known_addr { host: "127.9.17.67" port: 39521 } health_report { overall_health: UNKNOWN } } }
I20260601 13:36:52.740711 12495 raft_consensus.cc:493] T 7cc380cd789a4592baea47addda56f75 P 5e823b07d30a45d3a1d1c126bb263a70 [term 0 FOLLOWER]: Starting pre-election (no leader contacted us within the election timeout)
I20260601 13:36:52.740782 12495 raft_consensus.cc:515] T 7cc380cd789a4592baea47addda56f75 P 5e823b07d30a45d3a1d1c126bb263a70 [term 0 FOLLOWER]: Starting pre-election with config: opid_index: -1 OBSOLETE_local: false peers { permanent_uuid: "bac817f363d24a0bb39a933b1db8c1f3" member_type: VOTER last_known_addr { host: "127.9.17.65" port: 32797 } } peers { permanent_uuid: "aaf42527aefd4b16908919acf45c1fa8" member_type: VOTER last_known_addr { host: "127.9.17.66" port: 35051 } } peers { permanent_uuid: "5e823b07d30a45d3a1d1c126bb263a70" member_type: VOTER last_known_addr { host: "127.9.17.67" port: 39521 } }
I20260601 13:36:52.741129 12495 leader_election.cc:290] T 7cc380cd789a4592baea47addda56f75 P 5e823b07d30a45d3a1d1c126bb263a70 [CANDIDATE]: Term 1 pre-election: Requested pre-vote from peers bac817f363d24a0bb39a933b1db8c1f3 (127.9.17.65:32797), aaf42527aefd4b16908919acf45c1fa8 (127.9.17.66:35051)
I20260601 13:36:52.741390 12278 tablet_service.cc:1917] Received RequestConsensusVote() RPC: tablet_id: "7cc380cd789a4592baea47addda56f75" candidate_uuid: "5e823b07d30a45d3a1d1c126bb263a70" candidate_term: 1 candidate_status { last_received { term: 0 index: 0 } } ignore_live_leader: false dest_uuid: "bac817f363d24a0bb39a933b1db8c1f3" is_pre_election: true
I20260601 13:36:52.741431 12354 tablet_service.cc:1917] Received RequestConsensusVote() RPC: tablet_id: "7cc380cd789a4592baea47addda56f75" candidate_uuid: "5e823b07d30a45d3a1d1c126bb263a70" candidate_term: 1 candidate_status { last_received { term: 0 index: 0 } } ignore_live_leader: false dest_uuid: "aaf42527aefd4b16908919acf45c1fa8" is_pre_election: true
I20260601 13:36:52.741504 12278 raft_consensus.cc:2468] T 7cc380cd789a4592baea47addda56f75 P bac817f363d24a0bb39a933b1db8c1f3 [term 0 FOLLOWER]: Leader pre-election vote request: Granting yes vote for candidate 5e823b07d30a45d3a1d1c126bb263a70 in term 0.
I20260601 13:36:52.741528 12354 raft_consensus.cc:2468] T 7cc380cd789a4592baea47addda56f75 P aaf42527aefd4b16908919acf45c1fa8 [term 0 FOLLOWER]: Leader pre-election vote request: Granting yes vote for candidate 5e823b07d30a45d3a1d1c126bb263a70 in term 0.
I20260601 13:36:52.741734 12392 leader_election.cc:304] T 7cc380cd789a4592baea47addda56f75 P 5e823b07d30a45d3a1d1c126bb263a70 [CANDIDATE]: Term 1 pre-election: Election decided. Result: candidate won. Election summary: received 2 responses out of 3 voters: 2 yes votes; 0 no votes. yes voters: 5e823b07d30a45d3a1d1c126bb263a70, bac817f363d24a0bb39a933b1db8c1f3; no voters: 
I20260601 13:36:52.741894 12495 raft_consensus.cc:2804] T 7cc380cd789a4592baea47addda56f75 P 5e823b07d30a45d3a1d1c126bb263a70 [term 0 FOLLOWER]: Leader pre-election won for term 1
I20260601 13:36:52.741951 12495 raft_consensus.cc:493] T 7cc380cd789a4592baea47addda56f75 P 5e823b07d30a45d3a1d1c126bb263a70 [term 0 FOLLOWER]: Starting leader election (no leader contacted us within the election timeout)
I20260601 13:36:52.741991 12495 raft_consensus.cc:3060] T 7cc380cd789a4592baea47addda56f75 P 5e823b07d30a45d3a1d1c126bb263a70 [term 0 FOLLOWER]: Advancing to term 1
I20260601 13:36:52.742668 12495 raft_consensus.cc:515] T 7cc380cd789a4592baea47addda56f75 P 5e823b07d30a45d3a1d1c126bb263a70 [term 1 FOLLOWER]: Starting leader election with config: opid_index: -1 OBSOLETE_local: false peers { permanent_uuid: "bac817f363d24a0bb39a933b1db8c1f3" member_type: VOTER last_known_addr { host: "127.9.17.65" port: 32797 } } peers { permanent_uuid: "aaf42527aefd4b16908919acf45c1fa8" member_type: VOTER last_known_addr { host: "127.9.17.66" port: 35051 } } peers { permanent_uuid: "5e823b07d30a45d3a1d1c126bb263a70" member_type: VOTER last_known_addr { host: "127.9.17.67" port: 39521 } }
I20260601 13:36:52.742986 12495 leader_election.cc:290] T 7cc380cd789a4592baea47addda56f75 P 5e823b07d30a45d3a1d1c126bb263a70 [CANDIDATE]: Term 1 election: Requested vote from peers bac817f363d24a0bb39a933b1db8c1f3 (127.9.17.65:32797), aaf42527aefd4b16908919acf45c1fa8 (127.9.17.66:35051)
I20260601 13:36:52.743216 12278 tablet_service.cc:1917] Received RequestConsensusVote() RPC: tablet_id: "7cc380cd789a4592baea47addda56f75" candidate_uuid: "5e823b07d30a45d3a1d1c126bb263a70" candidate_term: 1 candidate_status { last_received { term: 0 index: 0 } } ignore_live_leader: false dest_uuid: "bac817f363d24a0bb39a933b1db8c1f3"
I20260601 13:36:52.743220 12354 tablet_service.cc:1917] Received RequestConsensusVote() RPC: tablet_id: "7cc380cd789a4592baea47addda56f75" candidate_uuid: "5e823b07d30a45d3a1d1c126bb263a70" candidate_term: 1 candidate_status { last_received { term: 0 index: 0 } } ignore_live_leader: false dest_uuid: "aaf42527aefd4b16908919acf45c1fa8"
I20260601 13:36:52.743336 12278 raft_consensus.cc:3060] T 7cc380cd789a4592baea47addda56f75 P bac817f363d24a0bb39a933b1db8c1f3 [term 0 FOLLOWER]: Advancing to term 1
I20260601 13:36:52.743336 12354 raft_consensus.cc:3060] T 7cc380cd789a4592baea47addda56f75 P aaf42527aefd4b16908919acf45c1fa8 [term 0 FOLLOWER]: Advancing to term 1
I20260601 13:36:52.744149 12278 raft_consensus.cc:2468] T 7cc380cd789a4592baea47addda56f75 P bac817f363d24a0bb39a933b1db8c1f3 [term 1 FOLLOWER]: Leader election vote request: Granting yes vote for candidate 5e823b07d30a45d3a1d1c126bb263a70 in term 1.
I20260601 13:36:52.744145 12354 raft_consensus.cc:2468] T 7cc380cd789a4592baea47addda56f75 P aaf42527aefd4b16908919acf45c1fa8 [term 1 FOLLOWER]: Leader election vote request: Granting yes vote for candidate 5e823b07d30a45d3a1d1c126bb263a70 in term 1.
I20260601 13:36:52.744415 12392 leader_election.cc:304] T 7cc380cd789a4592baea47addda56f75 P 5e823b07d30a45d3a1d1c126bb263a70 [CANDIDATE]: Term 1 election: Election decided. Result: candidate won. Election summary: received 2 responses out of 3 voters: 2 yes votes; 0 no votes. yes voters: 5e823b07d30a45d3a1d1c126bb263a70, bac817f363d24a0bb39a933b1db8c1f3; no voters: 
I20260601 13:36:52.744626 12495 raft_consensus.cc:2804] T 7cc380cd789a4592baea47addda56f75 P 5e823b07d30a45d3a1d1c126bb263a70 [term 1 FOLLOWER]: Leader election won for term 1
I20260601 13:36:52.744693 12495 raft_consensus.cc:697] T 7cc380cd789a4592baea47addda56f75 P 5e823b07d30a45d3a1d1c126bb263a70 [term 1 LEADER]: Becoming Leader. State: Replica: 5e823b07d30a45d3a1d1c126bb263a70, State: Running, Role: LEADER
I20260601 13:36:52.744799 12495 consensus_queue.cc:237] T 7cc380cd789a4592baea47addda56f75 P 5e823b07d30a45d3a1d1c126bb263a70 [LEADER]: Queue going to LEADER mode. State: All replicated index: 0, Majority replicated index: 0, Committed index: 0, Last appended: 0.0, Last appended by leader: 0, Current term: 1, Majority size: 2, State: 0, Mode: LEADER, active raft config: opid_index: -1 OBSOLETE_local: false peers { permanent_uuid: "bac817f363d24a0bb39a933b1db8c1f3" member_type: VOTER last_known_addr { host: "127.9.17.65" port: 32797 } } peers { permanent_uuid: "aaf42527aefd4b16908919acf45c1fa8" member_type: VOTER last_known_addr { host: "127.9.17.66" port: 35051 } } peers { permanent_uuid: "5e823b07d30a45d3a1d1c126bb263a70" member_type: VOTER last_known_addr { host: "127.9.17.67" port: 39521 } }
I20260601 13:36:52.746101 12175 catalog_manager.cc:5696] T 7cc380cd789a4592baea47addda56f75 P 5e823b07d30a45d3a1d1c126bb263a70 reported cstate change: term changed from 0 to 1, leader changed from <none> to 5e823b07d30a45d3a1d1c126bb263a70 (127.9.17.67). New cstate: current_term: 1 leader_uuid: "5e823b07d30a45d3a1d1c126bb263a70" committed_config { opid_index: -1 OBSOLETE_local: false peers { permanent_uuid: "bac817f363d24a0bb39a933b1db8c1f3" member_type: VOTER last_known_addr { host: "127.9.17.65" port: 32797 } health_report { overall_health: UNKNOWN } } peers { permanent_uuid: "aaf42527aefd4b16908919acf45c1fa8" member_type: VOTER last_known_addr { host: "127.9.17.66" port: 35051 } health_report { overall_health: UNKNOWN } } peers { permanent_uuid: "5e823b07d30a45d3a1d1c126bb263a70" member_type: VOTER last_known_addr { host: "127.9.17.67" port: 39521 } health_report { overall_health: HEALTHY } } }
I20260601 13:36:52.764068 12483 raft_consensus.cc:493] T 1032a6cc3db24f71b9ab4287f8d2a640 P aaf42527aefd4b16908919acf45c1fa8 [term 0 FOLLOWER]: Starting pre-election (no leader contacted us within the election timeout)
I20260601 13:36:52.764252 12483 raft_consensus.cc:515] T 1032a6cc3db24f71b9ab4287f8d2a640 P aaf42527aefd4b16908919acf45c1fa8 [term 0 FOLLOWER]: Starting pre-election with config: opid_index: -1 OBSOLETE_local: false peers { permanent_uuid: "aaf42527aefd4b16908919acf45c1fa8" member_type: VOTER last_known_addr { host: "127.9.17.66" port: 35051 } } peers { permanent_uuid: "bac817f363d24a0bb39a933b1db8c1f3" member_type: VOTER last_known_addr { host: "127.9.17.65" port: 32797 } } peers { permanent_uuid: "5e823b07d30a45d3a1d1c126bb263a70" member_type: VOTER last_known_addr { host: "127.9.17.67" port: 39521 } }
I20260601 13:36:52.764685 12483 leader_election.cc:290] T 1032a6cc3db24f71b9ab4287f8d2a640 P aaf42527aefd4b16908919acf45c1fa8 [CANDIDATE]: Term 1 pre-election: Requested pre-vote from peers bac817f363d24a0bb39a933b1db8c1f3 (127.9.17.65:32797), 5e823b07d30a45d3a1d1c126bb263a70 (127.9.17.67:39521)
I20260601 13:36:52.765101 12429 tablet_service.cc:1917] Received RequestConsensusVote() RPC: tablet_id: "1032a6cc3db24f71b9ab4287f8d2a640" candidate_uuid: "aaf42527aefd4b16908919acf45c1fa8" candidate_term: 1 candidate_status { last_received { term: 0 index: 0 } } ignore_live_leader: false dest_uuid: "5e823b07d30a45d3a1d1c126bb263a70" is_pre_election: true
I20260601 13:36:52.765105 12278 tablet_service.cc:1917] Received RequestConsensusVote() RPC: tablet_id: "1032a6cc3db24f71b9ab4287f8d2a640" candidate_uuid: "aaf42527aefd4b16908919acf45c1fa8" candidate_term: 1 candidate_status { last_received { term: 0 index: 0 } } ignore_live_leader: false dest_uuid: "bac817f363d24a0bb39a933b1db8c1f3" is_pre_election: true
I20260601 13:36:52.765295 12278 raft_consensus.cc:2468] T 1032a6cc3db24f71b9ab4287f8d2a640 P bac817f363d24a0bb39a933b1db8c1f3 [term 0 FOLLOWER]: Leader pre-election vote request: Granting yes vote for candidate aaf42527aefd4b16908919acf45c1fa8 in term 0.
I20260601 13:36:52.765295 12429 raft_consensus.cc:2468] T 1032a6cc3db24f71b9ab4287f8d2a640 P 5e823b07d30a45d3a1d1c126bb263a70 [term 0 FOLLOWER]: Leader pre-election vote request: Granting yes vote for candidate aaf42527aefd4b16908919acf45c1fa8 in term 0.
I20260601 13:36:52.765616 12317 leader_election.cc:304] T 1032a6cc3db24f71b9ab4287f8d2a640 P aaf42527aefd4b16908919acf45c1fa8 [CANDIDATE]: Term 1 pre-election: Election decided. Result: candidate won. Election summary: received 2 responses out of 3 voters: 2 yes votes; 0 no votes. yes voters: aaf42527aefd4b16908919acf45c1fa8, bac817f363d24a0bb39a933b1db8c1f3; no voters: 
I20260601 13:36:52.765830 12483 raft_consensus.cc:2804] T 1032a6cc3db24f71b9ab4287f8d2a640 P aaf42527aefd4b16908919acf45c1fa8 [term 0 FOLLOWER]: Leader pre-election won for term 1
I20260601 13:36:52.765897 12483 raft_consensus.cc:493] T 1032a6cc3db24f71b9ab4287f8d2a640 P aaf42527aefd4b16908919acf45c1fa8 [term 0 FOLLOWER]: Starting leader election (no leader contacted us within the election timeout)
I20260601 13:36:52.765939 12483 raft_consensus.cc:3060] T 1032a6cc3db24f71b9ab4287f8d2a640 P aaf42527aefd4b16908919acf45c1fa8 [term 0 FOLLOWER]: Advancing to term 1
I20260601 13:36:52.766741 12483 raft_consensus.cc:515] T 1032a6cc3db24f71b9ab4287f8d2a640 P aaf42527aefd4b16908919acf45c1fa8 [term 1 FOLLOWER]: Starting leader election with config: opid_index: -1 OBSOLETE_local: false peers { permanent_uuid: "aaf42527aefd4b16908919acf45c1fa8" member_type: VOTER last_known_addr { host: "127.9.17.66" port: 35051 } } peers { permanent_uuid: "bac817f363d24a0bb39a933b1db8c1f3" member_type: VOTER last_known_addr { host: "127.9.17.65" port: 32797 } } peers { permanent_uuid: "5e823b07d30a45d3a1d1c126bb263a70" member_type: VOTER last_known_addr { host: "127.9.17.67" port: 39521 } }
I20260601 13:36:52.767040 12483 leader_election.cc:290] T 1032a6cc3db24f71b9ab4287f8d2a640 P aaf42527aefd4b16908919acf45c1fa8 [CANDIDATE]: Term 1 election: Requested vote from peers bac817f363d24a0bb39a933b1db8c1f3 (127.9.17.65:32797), 5e823b07d30a45d3a1d1c126bb263a70 (127.9.17.67:39521)
I20260601 13:36:52.767319 12278 tablet_service.cc:1917] Received RequestConsensusVote() RPC: tablet_id: "1032a6cc3db24f71b9ab4287f8d2a640" candidate_uuid: "aaf42527aefd4b16908919acf45c1fa8" candidate_term: 1 candidate_status { last_received { term: 0 index: 0 } } ignore_live_leader: false dest_uuid: "bac817f363d24a0bb39a933b1db8c1f3"
I20260601 13:36:52.767381 12429 tablet_service.cc:1917] Received RequestConsensusVote() RPC: tablet_id: "1032a6cc3db24f71b9ab4287f8d2a640" candidate_uuid: "aaf42527aefd4b16908919acf45c1fa8" candidate_term: 1 candidate_status { last_received { term: 0 index: 0 } } ignore_live_leader: false dest_uuid: "5e823b07d30a45d3a1d1c126bb263a70"
I20260601 13:36:52.767412 12278 raft_consensus.cc:3060] T 1032a6cc3db24f71b9ab4287f8d2a640 P bac817f363d24a0bb39a933b1db8c1f3 [term 0 FOLLOWER]: Advancing to term 1
I20260601 13:36:52.767536 12429 raft_consensus.cc:3060] T 1032a6cc3db24f71b9ab4287f8d2a640 P 5e823b07d30a45d3a1d1c126bb263a70 [term 0 FOLLOWER]: Advancing to term 1
I20260601 13:36:52.768203 12278 raft_consensus.cc:2468] T 1032a6cc3db24f71b9ab4287f8d2a640 P bac817f363d24a0bb39a933b1db8c1f3 [term 1 FOLLOWER]: Leader election vote request: Granting yes vote for candidate aaf42527aefd4b16908919acf45c1fa8 in term 1.
