I20260601 13:35:51.513322  2966 sys_catalog.cc:455] T 00000000000000000000000000000000 P f714e61d2cac424682c965eb1bbb8c3a [sys.catalog]: SysCatalogTable state changed. Reason: New leader f714e61d2cac424682c965eb1bbb8c3a. Latest consensus state: current_term: 3 leader_uuid: "f714e61d2cac424682c965eb1bbb8c3a" committed_config { opid_index: -1 OBSOLETE_local: false peers { permanent_uuid: "dff2af7905db4a4c80ee685ed92c9939" member_type: VOTER last_known_addr { host: "127.1.80.190" port: 44151 } } peers { permanent_uuid: "9990a9544e3b4587b810ba84ae89cee7" member_type: VOTER last_known_addr { host: "127.1.80.189" port: 33583 } } peers { permanent_uuid: "f714e61d2cac424682c965eb1bbb8c3a" member_type: VOTER last_known_addr { host: "127.1.80.188" port: 39389 } } }
I20260601 13:35:51.513447  2966 sys_catalog.cc:458] T 00000000000000000000000000000000 P f714e61d2cac424682c965eb1bbb8c3a [sys.catalog]: This master's current role is: LEADER
I20260601 13:35:51.513739  2968 catalog_manager.cc:1510] Loading table and tablet metadata into memory...
I20260601 13:35:51.514869  2968 catalog_manager.cc:679] Loaded metadata for table test-workload [id=5ec3b08c941c4b9fa1e167a092559f32]
I20260601 13:35:51.515705  2968 tablet_loader.cc:96] loaded metadata for tablet 25aa88ee01a24250a38e54daa6eca74e (table test-workload [id=5ec3b08c941c4b9fa1e167a092559f32])
I20260601 13:35:51.515946  2968 tablet_loader.cc:96] loaded metadata for tablet 53dbe9e1c562449790e30f5967a260be (table test-workload [id=5ec3b08c941c4b9fa1e167a092559f32])
I20260601 13:35:51.516144  2968 tablet_loader.cc:96] loaded metadata for tablet 9278bbf7992b41ee9be41c4d9c8ccd2a (table test-workload [id=5ec3b08c941c4b9fa1e167a092559f32])
I20260601 13:35:51.516266  2968 catalog_manager.cc:1519] Initializing Kudu cluster ID...
I20260601 13:35:51.516690  2968 catalog_manager.cc:1294] Loaded cluster ID: c93866575c014f3085c4479304578a48
I20260601 13:35:51.516739  2968 catalog_manager.cc:1530] Initializing Kudu internal certificate authority...
I20260601 13:35:51.517392  2968 catalog_manager.cc:1539] Loading token signing keys...
I20260601 13:35:51.517891  2968 catalog_manager.cc:6080] T 00000000000000000000000000000000 P f714e61d2cac424682c965eb1bbb8c3a: Loaded TSK: 0
I20260601 13:35:51.518419  2968 catalog_manager.cc:1549] Initializing in-progress tserver states...
I20260601 13:35:51.874370  2619 auto_leader_rebalancer.cc:140] leader rebalance for table test-workload
I20260601 13:35:51.874514  2619 auto_leader_rebalancer.cc:451] All tables' leader rebalancing finished this round
I20260601 13:35:52.078563  2444 raft_consensus.cc:1275] T 00000000000000000000000000000000 P dff2af7905db4a4c80ee685ed92c9939 [term 3 FOLLOWER]: Refusing update from remote peer f714e61d2cac424682c965eb1bbb8c3a: Log matching property violated. Preceding OpId in replica: term: 1 index: 9. Preceding OpId from leader: term: 3 index: 10. (index mismatch)
I20260601 13:35:52.079203  2969 consensus_queue.cc:1048] T 00000000000000000000000000000000 P f714e61d2cac424682c965eb1bbb8c3a [LEADER]: Connected to new peer: Peer: permanent_uuid: "dff2af7905db4a4c80ee685ed92c9939" member_type: VOTER last_known_addr { host: "127.1.80.190" port: 44151 }, Status: LMP_MISMATCH, Last received: 0.0, Next index: 10, Last known committed idx: 9, Time since last communication: 0.000s
I20260601 13:35:52.080513  2970 sys_catalog.cc:455] T 00000000000000000000000000000000 P dff2af7905db4a4c80ee685ed92c9939 [sys.catalog]: SysCatalogTable state changed. Reason: New leader f714e61d2cac424682c965eb1bbb8c3a. Latest consensus state: current_term: 3 leader_uuid: "f714e61d2cac424682c965eb1bbb8c3a" committed_config { opid_index: -1 OBSOLETE_local: false peers { permanent_uuid: "dff2af7905db4a4c80ee685ed92c9939" member_type: VOTER last_known_addr { host: "127.1.80.190" port: 44151 } } peers { permanent_uuid: "9990a9544e3b4587b810ba84ae89cee7" member_type: VOTER last_known_addr { host: "127.1.80.189" port: 33583 } } peers { permanent_uuid: "f714e61d2cac424682c965eb1bbb8c3a" member_type: VOTER last_known_addr { host: "127.1.80.188" port: 39389 } } }
I20260601 13:35:52.080652  2970 sys_catalog.cc:458] T 00000000000000000000000000000000 P dff2af7905db4a4c80ee685ed92c9939 [sys.catalog]: This master's current role is: FOLLOWER
I20260601 13:35:52.081902  2969 sys_catalog.cc:455] T 00000000000000000000000000000000 P f714e61d2cac424682c965eb1bbb8c3a [sys.catalog]: SysCatalogTable state changed. Reason: Peer health change. Latest consensus state: current_term: 3 leader_uuid: "f714e61d2cac424682c965eb1bbb8c3a" committed_config { opid_index: -1 OBSOLETE_local: false peers { permanent_uuid: "dff2af7905db4a4c80ee685ed92c9939" member_type: VOTER last_known_addr { host: "127.1.80.190" port: 44151 } } peers { permanent_uuid: "9990a9544e3b4587b810ba84ae89cee7" member_type: VOTER last_known_addr { host: "127.1.80.189" port: 33583 } } peers { permanent_uuid: "f714e61d2cac424682c965eb1bbb8c3a" member_type: VOTER last_known_addr { host: "127.1.80.188" port: 39389 } } }
I20260601 13:35:52.082036  2969 sys_catalog.cc:458] T 00000000000000000000000000000000 P f714e61d2cac424682c965eb1bbb8c3a [sys.catalog]: This master's current role is: LEADER
I20260601 13:35:52.082110  2970 sys_catalog.cc:455] T 00000000000000000000000000000000 P dff2af7905db4a4c80ee685ed92c9939 [sys.catalog]: SysCatalogTable state changed. Reason: Replicated consensus-only round. Latest consensus state: current_term: 3 leader_uuid: "f714e61d2cac424682c965eb1bbb8c3a" committed_config { opid_index: -1 OBSOLETE_local: false peers { permanent_uuid: "dff2af7905db4a4c80ee685ed92c9939" member_type: VOTER last_known_addr { host: "127.1.80.190" port: 44151 } } peers { permanent_uuid: "9990a9544e3b4587b810ba84ae89cee7" member_type: VOTER last_known_addr { host: "127.1.80.189" port: 33583 } } peers { permanent_uuid: "f714e61d2cac424682c965eb1bbb8c3a" member_type: VOTER last_known_addr { host: "127.1.80.188" port: 39389 } } }
I20260601 13:35:52.082249  2970 sys_catalog.cc:458] T 00000000000000000000000000000000 P dff2af7905db4a4c80ee685ed92c9939 [sys.catalog]: This master's current role is: FOLLOWER
W20260601 13:35:52.083209  2550 consensus_peers.cc:597] T 00000000000000000000000000000000 P f714e61d2cac424682c965eb1bbb8c3a -> Peer 9990a9544e3b4587b810ba84ae89cee7 (127.1.80.189:33583): Couldn't send request to peer 9990a9544e3b4587b810ba84ae89cee7. Status: Network error: Client connection negotiation failed: client connection to 127.1.80.189:33583: connect: Connection refused (error 111). This is attempt 1: this message will repeat every 5th retry.
I20260601 13:35:52.093614  1346 tablet_server.cc:179] TabletServer@127.1.80.129:0 shutting down...
I20260601 13:35:52.097668  1346 ts_tablet_manager.cc:1507] Shutting down tablet manager...
I20260601 13:35:52.097927  1346 tablet_replica.cc:333] T 25aa88ee01a24250a38e54daa6eca74e P 9750d251156448d2be484f4e83d01134: stopping tablet replica
I20260601 13:35:52.098068  1346 raft_consensus.cc:2243] T 25aa88ee01a24250a38e54daa6eca74e P 9750d251156448d2be484f4e83d01134 [term 1 LEADER]: Raft consensus shutting down.
I20260601 13:35:52.098193  1346 raft_consensus.cc:2272] T 25aa88ee01a24250a38e54daa6eca74e P 9750d251156448d2be484f4e83d01134 [term 1 FOLLOWER]: Raft consensus is shut down!
I20260601 13:35:52.111210  1346 tablet_server.cc:196] TabletServer@127.1.80.129:0 shutdown complete.
I20260601 13:35:52.113505  1346 tablet_server.cc:179] TabletServer@127.1.80.130:0 shutting down...
I20260601 13:35:52.118470  1346 ts_tablet_manager.cc:1507] Shutting down tablet manager...
I20260601 13:35:52.118734  1346 tablet_replica.cc:333] T 9278bbf7992b41ee9be41c4d9c8ccd2a P 0f67e75a30ce48ef866304cdb6f0f260: stopping tablet replica
I20260601 13:35:52.118876  1346 raft_consensus.cc:2243] T 9278bbf7992b41ee9be41c4d9c8ccd2a P 0f67e75a30ce48ef866304cdb6f0f260 [term 1 LEADER]: Raft consensus shutting down.
I20260601 13:35:52.119041  1346 raft_consensus.cc:2272] T 9278bbf7992b41ee9be41c4d9c8ccd2a P 0f67e75a30ce48ef866304cdb6f0f260 [term 1 FOLLOWER]: Raft consensus is shut down!
I20260601 13:35:52.132051  1346 tablet_server.cc:196] TabletServer@127.1.80.130:0 shutdown complete.
I20260601 13:35:52.134511  1346 tablet_server.cc:179] TabletServer@127.1.80.131:0 shutting down...
I20260601 13:35:52.138453  1346 ts_tablet_manager.cc:1507] Shutting down tablet manager...
I20260601 13:35:52.138705  1346 tablet_replica.cc:333] T 53dbe9e1c562449790e30f5967a260be P eeb304ad943046c8ad40338bd8b14dae: stopping tablet replica
I20260601 13:35:52.138850  1346 raft_consensus.cc:2243] T 53dbe9e1c562449790e30f5967a260be P eeb304ad943046c8ad40338bd8b14dae [term 1 LEADER]: Raft consensus shutting down.
I20260601 13:35:52.138973  1346 raft_consensus.cc:2272] T 53dbe9e1c562449790e30f5967a260be P eeb304ad943046c8ad40338bd8b14dae [term 1 FOLLOWER]: Raft consensus is shut down!
I20260601 13:35:52.151858  1346 tablet_server.cc:196] TabletServer@127.1.80.131:0 shutdown complete.
I20260601 13:35:52.154322  1346 master.cc:562] Master@127.1.80.190:44151 shutting down...
I20260601 13:35:52.158229  1346 raft_consensus.cc:2243] T 00000000000000000000000000000000 P dff2af7905db4a4c80ee685ed92c9939 [term 3 FOLLOWER]: Raft consensus shutting down.
I20260601 13:35:52.158437  1346 raft_consensus.cc:2272] T 00000000000000000000000000000000 P dff2af7905db4a4c80ee685ed92c9939 [term 3 FOLLOWER]: Raft consensus is shut down!
I20260601 13:35:52.158493  1346 tablet_replica.cc:333] T 00000000000000000000000000000000 P dff2af7905db4a4c80ee685ed92c9939: stopping tablet replica
I20260601 13:35:52.171876  1346 master.cc:584] Master@127.1.80.190:44151 shutdown complete.
I20260601 13:35:52.175361  1346 master.cc:562] Master@127.1.80.188:39389 shutting down...
I20260601 13:35:52.179303  1346 raft_consensus.cc:2243] T 00000000000000000000000000000000 P f714e61d2cac424682c965eb1bbb8c3a [term 3 LEADER]: Raft consensus shutting down.
I20260601 13:35:52.179600  1346 raft_consensus.cc:2272] T 00000000000000000000000000000000 P f714e61d2cac424682c965eb1bbb8c3a [term 3 FOLLOWER]: Raft consensus is shut down!
I20260601 13:35:52.179737  1346 tablet_replica.cc:333] T 00000000000000000000000000000000 P f714e61d2cac424682c965eb1bbb8c3a: stopping tablet replica
I20260601 13:35:52.193361  1346 master.cc:584] Master@127.1.80.188:39389 shutdown complete.
[       OK ] AutoRebalancerTest.NextLeaderResumesAutoRebalancing (6438 ms)
[ RUN      ] AutoRebalancerTest.MovesScheduledIfAddTserver
I20260601 13:35:52.201879  1346 internal_mini_cluster.cc:156] Creating distributed mini masters. Addrs: 127.1.80.190:45441
I20260601 13:35:52.202286  1346 file_cache.cc:492] Constructed file cache file cache with capacity 419430
W20260601 13:35:52.204509  2979 instance_detector.cc:116] could not retrieve AWS instance metadata: Network error: curl error: HTTP response code said error: The requested URL returned error: 404
W20260601 13:35:52.204610  2982 instance_detector.cc:116] could not retrieve OpenStack instance metadata: Network error: curl error: HTTP response code said error: The requested URL returned error: 404
I20260601 13:35:52.204756  1346 server_base.cc:1061] running on GCE node
W20260601 13:35:52.204797  2980 instance_detector.cc:116] could not retrieve Azure instance metadata: Network error: curl error: HTTP response code said error: The requested URL returned error: 404
I20260601 13:35:52.205137  1346 hybrid_clock.cc:584] initializing the hybrid clock with 'system_unsync' time source
W20260601 13:35:52.205224  1346 system_unsync_time.cc:38] NTP support is disabled. Clock error bounds will not be accurate. This configuration is not suitable for distributed clusters.
I20260601 13:35:52.205250  1346 hybrid_clock.cc:648] HybridClock initialized: now 1780320952205249 us; error 0 us; skew 500 ppm
I20260601 13:35:52.206176  1346 webserver.cc:533] Webserver started at http://127.1.80.190:38617/ using document root <none> and password file <none>
I20260601 13:35:52.206358  1346 fs_manager.cc:362] Metadata directory not provided
I20260601 13:35:52.206429  1346 fs_manager.cc:368] Using write-ahead log directory (fs_wal_dir) as metadata directory
I20260601 13:35:52.206535  1346 server_base.cc:909] This appears to be a new deployment of Kudu; creating new FS layout
I20260601 13:35:52.206954  1346 fs_manager.cc:1068] Generated new instance metadata in path /tmp/dist-test-task6IZHdq/test-tmp/auto_rebalancer-test.0.AutoRebalancerTest.MovesScheduledIfAddTserver.1780320935971034-1346-0/minicluster-data/master-0-root/instance:
uuid: "21df573334ee48c8a46e7ae3842a4f8d"
format_stamp: "Formatted at 2026-06-01 13:35:52 on dist-test-slave-d25j"
I20260601 13:35:52.208546  1346 fs_manager.cc:696] Time spent creating directory manager: real 0.001s	user 0.002s	sys 0.000s
I20260601 13:35:52.209712  2987 log_block_manager.cc:4031] Time spent loading block containers with low live blocks: real 0.000s	user 0.000s	sys 0.000s
I20260601 13:35:52.210014  1346 fs_manager.cc:730] Time spent opening block manager: real 0.001s	user 0.000s	sys 0.001s
I20260601 13:35:52.210095  1346 fs_manager.cc:647] Opened local filesystem: /tmp/dist-test-task6IZHdq/test-tmp/auto_rebalancer-test.0.AutoRebalancerTest.MovesScheduledIfAddTserver.1780320935971034-1346-0/minicluster-data/master-0-root
uuid: "21df573334ee48c8a46e7ae3842a4f8d"
format_stamp: "Formatted at 2026-06-01 13:35:52 on dist-test-slave-d25j"
I20260601 13:35:52.210166  1346 fs_report.cc:389] FS layout report
--------------------
wal directory: /tmp/dist-test-task6IZHdq/test-tmp/auto_rebalancer-test.0.AutoRebalancerTest.MovesScheduledIfAddTserver.1780320935971034-1346-0/minicluster-data/master-0-root
metadata directory: /tmp/dist-test-task6IZHdq/test-tmp/auto_rebalancer-test.0.AutoRebalancerTest.MovesScheduledIfAddTserver.1780320935971034-1346-0/minicluster-data/master-0-root
1 data directories: /tmp/dist-test-task6IZHdq/test-tmp/auto_rebalancer-test.0.AutoRebalancerTest.MovesScheduledIfAddTserver.1780320935971034-1346-0/minicluster-data/master-0-root/data
Total live blocks: 0
Total live bytes: 0
Total live bytes (after alignment): 0
Total number of LBM containers: 0 (0 full)
Did not check for missing blocks
Did not check for orphaned blocks
Total full LBM containers with extra space: 0 (0 repaired)
Total full LBM container extra space in bytes: 0 (0 repaired)
Total incomplete LBM containers: 0 (0 repaired)
Total LBM partial records: 0 (0 repaired)
Total corrupted LBM metadata records in RocksDB: 0 (0 repaired)
I20260601 13:35:52.215173  1346 rpc_server.cc:225] running with OpenSSL 1.1.1  11 Sep 2018
I20260601 13:35:52.215543  1346 kserver.cc:163] Server-wide thread pool size limit: 3276
I20260601 13:35:52.219696  1346 rpc_server.cc:307] RPC server started. Bound to: 127.1.80.190:45441
I20260601 13:35:52.223208  3039 acceptor_pool.cc:272] collecting diagnostics on the listening RPC socket 127.1.80.190:45441 every 8 connection(s)
I20260601 13:35:52.223765  3040 data_dirs.cc:400] Could only allocate 1 dirs of requested 3 for tablet 00000000000000000000000000000000. 1 dirs total, 0 dirs full, 0 dirs failed
I20260601 13:35:52.225781  3040 tablet_bootstrap.cc:492] T 00000000000000000000000000000000 P 21df573334ee48c8a46e7ae3842a4f8d: Bootstrap starting.
I20260601 13:35:52.226648  3040 tablet_bootstrap.cc:654] T 00000000000000000000000000000000 P 21df573334ee48c8a46e7ae3842a4f8d: Neither blocks nor log segments found. Creating new log.
I20260601 13:35:52.227794  3040 tablet_bootstrap.cc:492] T 00000000000000000000000000000000 P 21df573334ee48c8a46e7ae3842a4f8d: No bootstrap required, opened a new log
I20260601 13:35:52.228233  3040 raft_consensus.cc:359] T 00000000000000000000000000000000 P 21df573334ee48c8a46e7ae3842a4f8d [term 0 FOLLOWER]: Replica starting. Triggering 0 pending ops. Active config: opid_index: -1 OBSOLETE_local: true peers { permanent_uuid: "21df573334ee48c8a46e7ae3842a4f8d" member_type: VOTER }
I20260601 13:35:52.228354  3040 raft_consensus.cc:385] T 00000000000000000000000000000000 P 21df573334ee48c8a46e7ae3842a4f8d [term 0 FOLLOWER]: Consensus starting up: Expiring failure detector timer to make a prompt election more likely
I20260601 13:35:52.228420  3040 raft_consensus.cc:740] T 00000000000000000000000000000000 P 21df573334ee48c8a46e7ae3842a4f8d [term 0 FOLLOWER]: Becoming Follower/Learner. State: Replica: 21df573334ee48c8a46e7ae3842a4f8d, State: Initialized, Role: FOLLOWER
I20260601 13:35:52.228595  3040 consensus_queue.cc:260] T 00000000000000000000000000000000 P 21df573334ee48c8a46e7ae3842a4f8d [NON_LEADER]: Queue going to NON_LEADER mode. State: All replicated index: 0, Majority replicated index: 0, Committed index: 0, Last appended: 0.0, Last appended by leader: 0, Current term: 0, Majority size: -1, State: 0, Mode: NON_LEADER, active raft config: opid_index: -1 OBSOLETE_local: true peers { permanent_uuid: "21df573334ee48c8a46e7ae3842a4f8d" member_type: VOTER }
I20260601 13:35:52.228686  3040 raft_consensus.cc:399] T 00000000000000000000000000000000 P 21df573334ee48c8a46e7ae3842a4f8d [term 0 FOLLOWER]: Only one voter in the Raft config. Triggering election immediately
I20260601 13:35:52.228740  3040 raft_consensus.cc:493] T 00000000000000000000000000000000 P 21df573334ee48c8a46e7ae3842a4f8d [term 0 FOLLOWER]: Starting leader election (initial election of a single-replica configuration)
I20260601 13:35:52.228792  3040 raft_consensus.cc:3060] T 00000000000000000000000000000000 P 21df573334ee48c8a46e7ae3842a4f8d [term 0 FOLLOWER]: Advancing to term 1
I20260601 13:35:52.229734  3040 raft_consensus.cc:515] T 00000000000000000000000000000000 P 21df573334ee48c8a46e7ae3842a4f8d [term 1 FOLLOWER]: Starting leader election with config: opid_index: -1 OBSOLETE_local: true peers { permanent_uuid: "21df573334ee48c8a46e7ae3842a4f8d" member_type: VOTER }
I20260601 13:35:52.229902  3040 leader_election.cc:304] T 00000000000000000000000000000000 P 21df573334ee48c8a46e7ae3842a4f8d [CANDIDATE]: Term 1 election: Election decided. Result: candidate won. Election summary: received 1 responses out of 1 voters: 1 yes votes; 0 no votes. yes voters: 21df573334ee48c8a46e7ae3842a4f8d; no voters: 
I20260601 13:35:52.230115  3040 leader_election.cc:290] T 00000000000000000000000000000000 P 21df573334ee48c8a46e7ae3842a4f8d [CANDIDATE]: Term 1 election: Requested vote from peers 
I20260601 13:35:52.230446  3043 raft_consensus.cc:2804] T 00000000000000000000000000000000 P 21df573334ee48c8a46e7ae3842a4f8d [term 1 FOLLOWER]: Leader election won for term 1
I20260601 13:35:52.230679  3043 raft_consensus.cc:697] T 00000000000000000000000000000000 P 21df573334ee48c8a46e7ae3842a4f8d [term 1 LEADER]: Becoming Leader. State: Replica: 21df573334ee48c8a46e7ae3842a4f8d, State: Running, Role: LEADER
I20260601 13:35:52.230697  3040 sys_catalog.cc:565] T 00000000000000000000000000000000 P 21df573334ee48c8a46e7ae3842a4f8d [sys.catalog]: configured and running, proceeding with master startup.
I20260601 13:35:52.230866  3043 consensus_queue.cc:237] T 00000000000000000000000000000000 P 21df573334ee48c8a46e7ae3842a4f8d [LEADER]: Queue going to LEADER mode. State: All replicated index: 0, Majority replicated index: 0, Committed index: 0, Last appended: 0.0, Last appended by leader: 0, Current term: 1, Majority size: 1, State: 0, Mode: LEADER, active raft config: opid_index: -1 OBSOLETE_local: true peers { permanent_uuid: "21df573334ee48c8a46e7ae3842a4f8d" member_type: VOTER }
I20260601 13:35:52.231360  3045 sys_catalog.cc:455] T 00000000000000000000000000000000 P 21df573334ee48c8a46e7ae3842a4f8d [sys.catalog]: SysCatalogTable state changed. Reason: New leader 21df573334ee48c8a46e7ae3842a4f8d. Latest consensus state: current_term: 1 leader_uuid: "21df573334ee48c8a46e7ae3842a4f8d" committed_config { opid_index: -1 OBSOLETE_local: true peers { permanent_uuid: "21df573334ee48c8a46e7ae3842a4f8d" member_type: VOTER } }
I20260601 13:35:52.231546  3045 sys_catalog.cc:458] T 00000000000000000000000000000000 P 21df573334ee48c8a46e7ae3842a4f8d [sys.catalog]: This master's current role is: LEADER
I20260601 13:35:52.231591  3044 sys_catalog.cc:455] T 00000000000000000000000000000000 P 21df573334ee48c8a46e7ae3842a4f8d [sys.catalog]: SysCatalogTable state changed. Reason: RaftConsensus started. Latest consensus state: current_term: 1 leader_uuid: "21df573334ee48c8a46e7ae3842a4f8d" committed_config { opid_index: -1 OBSOLETE_local: true peers { permanent_uuid: "21df573334ee48c8a46e7ae3842a4f8d" member_type: VOTER } }
I20260601 13:35:52.231660  3044 sys_catalog.cc:458] T 00000000000000000000000000000000 P 21df573334ee48c8a46e7ae3842a4f8d [sys.catalog]: This master's current role is: LEADER
I20260601 13:35:52.232069  3051 catalog_manager.cc:1510] Loading table and tablet metadata into memory...
I20260601 13:35:52.232797  3051 catalog_manager.cc:1519] Initializing Kudu cluster ID...
I20260601 13:35:52.233081  1346 internal_mini_cluster.cc:184] Waiting to initialize catalog manager on master 0
I20260601 13:35:52.234906  3051 catalog_manager.cc:1382] Generated new cluster ID: 177fdda91c054103a1a97320ce5d9dfe
I20260601 13:35:52.234968  3051 catalog_manager.cc:1530] Initializing Kudu internal certificate authority...
I20260601 13:35:52.241348  3051 catalog_manager.cc:1405] Generated new certificate authority record
I20260601 13:35:52.241932  3051 catalog_manager.cc:1539] Loading token signing keys...
I20260601 13:35:52.248081  3051 catalog_manager.cc:6069] T 00000000000000000000000000000000 P 21df573334ee48c8a46e7ae3842a4f8d: Generated new TSK 0
I20260601 13:35:52.248293  3051 catalog_manager.cc:1549] Initializing in-progress tserver states...
I20260601 13:35:52.265606  1346 file_cache.cc:492] Constructed file cache file cache with capacity 419430
W20260601 13:35:52.267817  3064 instance_detector.cc:116] could not retrieve OpenStack instance metadata: Network error: curl error: HTTP response code said error: The requested URL returned error: 404
W20260601 13:35:52.267843  3061 instance_detector.cc:116] could not retrieve AWS instance metadata: Network error: curl error: HTTP response code said error: The requested URL returned error: 404
W20260601 13:35:52.267892  3062 instance_detector.cc:116] could not retrieve Azure instance metadata: Network error: curl error: HTTP response code said error: The requested URL returned error: 404
I20260601 13:35:52.268126  1346 server_base.cc:1061] running on GCE node
I20260601 13:35:52.268335  1346 hybrid_clock.cc:584] initializing the hybrid clock with 'system_unsync' time source
W20260601 13:35:52.268389  1346 system_unsync_time.cc:38] NTP support is disabled. Clock error bounds will not be accurate. This configuration is not suitable for distributed clusters.
I20260601 13:35:52.268409  1346 hybrid_clock.cc:648] HybridClock initialized: now 1780320952268408 us; error 0 us; skew 500 ppm
I20260601 13:35:52.269462  1346 webserver.cc:533] Webserver started at http://127.1.80.129:41631/ using document root <none> and password file <none>
I20260601 13:35:52.269667  1346 fs_manager.cc:362] Metadata directory not provided
I20260601 13:35:52.269740  1346 fs_manager.cc:368] Using write-ahead log directory (fs_wal_dir) as metadata directory
I20260601 13:35:52.269829  1346 server_base.cc:909] This appears to be a new deployment of Kudu; creating new FS layout
I20260601 13:35:52.270259  1346 fs_manager.cc:1068] Generated new instance metadata in path /tmp/dist-test-task6IZHdq/test-tmp/auto_rebalancer-test.0.AutoRebalancerTest.MovesScheduledIfAddTserver.1780320935971034-1346-0/minicluster-data/ts-0-root/instance:
uuid: "06bbd653790745e68acd0f56cbfe56da"
format_stamp: "Formatted at 2026-06-01 13:35:52 on dist-test-slave-d25j"
I20260601 13:35:52.271924  1346 fs_manager.cc:696] Time spent creating directory manager: real 0.001s	user 0.002s	sys 0.000s
I20260601 13:35:52.273247  3069 log_block_manager.cc:4031] Time spent loading block containers with low live blocks: real 0.000s	user 0.000s	sys 0.000s
I20260601 13:35:52.273532  1346 fs_manager.cc:730] Time spent opening block manager: real 0.001s	user 0.001s	sys 0.000s
I20260601 13:35:52.273635  1346 fs_manager.cc:647] Opened local filesystem: /tmp/dist-test-task6IZHdq/test-tmp/auto_rebalancer-test.0.AutoRebalancerTest.MovesScheduledIfAddTserver.1780320935971034-1346-0/minicluster-data/ts-0-root
uuid: "06bbd653790745e68acd0f56cbfe56da"
format_stamp: "Formatted at 2026-06-01 13:35:52 on dist-test-slave-d25j"
I20260601 13:35:52.273736  1346 fs_report.cc:389] FS layout report
--------------------
wal directory: /tmp/dist-test-task6IZHdq/test-tmp/auto_rebalancer-test.0.AutoRebalancerTest.MovesScheduledIfAddTserver.1780320935971034-1346-0/minicluster-data/ts-0-root
metadata directory: /tmp/dist-test-task6IZHdq/test-tmp/auto_rebalancer-test.0.AutoRebalancerTest.MovesScheduledIfAddTserver.1780320935971034-1346-0/minicluster-data/ts-0-root
1 data directories: /tmp/dist-test-task6IZHdq/test-tmp/auto_rebalancer-test.0.AutoRebalancerTest.MovesScheduledIfAddTserver.1780320935971034-1346-0/minicluster-data/ts-0-root/data
Total live blocks: 0
Total live bytes: 0
Total live bytes (after alignment): 0
Total number of LBM containers: 0 (0 full)
Did not check for missing blocks
Did not check for orphaned blocks
Total full LBM containers with extra space: 0 (0 repaired)
Total full LBM container extra space in bytes: 0 (0 repaired)
Total incomplete LBM containers: 0 (0 repaired)
Total LBM partial records: 0 (0 repaired)
Total corrupted LBM metadata records in RocksDB: 0 (0 repaired)
I20260601 13:35:52.283077  1346 rpc_server.cc:225] running with OpenSSL 1.1.1  11 Sep 2018
I20260601 13:35:52.283519  1346 kserver.cc:163] Server-wide thread pool size limit: 3276
I20260601 13:35:52.283847  1346 txn_system_client.cc:432] TxnSystemClient initialization is disabled...
I20260601 13:35:52.284364  1346 ts_tablet_manager.cc:585] Loaded tablet metadata (0 total tablets, 0 live tablets)
I20260601 13:35:52.284428  1346 ts_tablet_manager.cc:531] Time spent load tablet metadata: real 0.000s	user 0.000s	sys 0.000s
I20260601 13:35:52.284485  1346 ts_tablet_manager.cc:616] Registered 0 tablets
I20260601 13:35:52.284538  1346 ts_tablet_manager.cc:595] Time spent register tablets: real 0.000s	user 0.000s	sys 0.000s
I20260601 13:35:52.288859  1346 rpc_server.cc:307] RPC server started. Bound to: 127.1.80.129:41223
I20260601 13:35:52.288942  3133 acceptor_pool.cc:272] collecting diagnostics on the listening RPC socket 127.1.80.129:41223 every 8 connection(s)
I20260601 13:35:52.289857  1346 file_cache.cc:492] Constructed file cache file cache with capacity 419430
W20260601 13:35:52.291949  3138 instance_detector.cc:116] could not retrieve AWS instance metadata: Network error: curl error: HTTP response code said error: The requested URL returned error: 404
W20260601 13:35:52.292016  3139 instance_detector.cc:116] could not retrieve Azure instance metadata: Network error: curl error: HTTP response code said error: The requested URL returned error: 404
W20260601 13:35:52.292106  3141 instance_detector.cc:116] could not retrieve OpenStack instance metadata: Network error: curl error: HTTP response code said error: The requested URL returned error: 404
I20260601 13:35:52.292320  1346 server_base.cc:1061] running on GCE node
I20260601 13:35:52.292577  1346 hybrid_clock.cc:584] initializing the hybrid clock with 'system_unsync' time source
W20260601 13:35:52.292644  1346 system_unsync_time.cc:38] NTP support is disabled. Clock error bounds will not be accurate. This configuration is not suitable for distributed clusters.
I20260601 13:35:52.292681  1346 hybrid_clock.cc:648] HybridClock initialized: now 1780320952292680 us; error 0 us; skew 500 ppm
I20260601 13:35:52.293865  1346 webserver.cc:533] Webserver started at http://127.1.80.130:33139/ using document root <none> and password file <none>
I20260601 13:35:52.294162  1346 fs_manager.cc:362] Metadata directory not provided
I20260601 13:35:52.294267  1346 fs_manager.cc:368] Using write-ahead log directory (fs_wal_dir) as metadata directory
I20260601 13:35:52.294354  1346 server_base.cc:909] This appears to be a new deployment of Kudu; creating new FS layout
I20260601 13:35:52.294816  1346 fs_manager.cc:1068] Generated new instance metadata in path /tmp/dist-test-task6IZHdq/test-tmp/auto_rebalancer-test.0.AutoRebalancerTest.MovesScheduledIfAddTserver.1780320935971034-1346-0/minicluster-data/ts-1-root/instance:
uuid: "6d351795a360464bb316b1ddef543e0d"
format_stamp: "Formatted at 2026-06-01 13:35:52 on dist-test-slave-d25j"
I20260601 13:35:52.296370  1346 fs_manager.cc:696] Time spent creating directory manager: real 0.001s	user 0.000s	sys 0.002s
I20260601 13:35:52.297420  3146 log_block_manager.cc:4031] Time spent loading block containers with low live blocks: real 0.000s	user 0.000s	sys 0.000s
I20260601 13:35:52.297673  1346 fs_manager.cc:730] Time spent opening block manager: real 0.001s	user 0.000s	sys 0.000s
I20260601 13:35:52.297763  1346 fs_manager.cc:647] Opened local filesystem: /tmp/dist-test-task6IZHdq/test-tmp/auto_rebalancer-test.0.AutoRebalancerTest.MovesScheduledIfAddTserver.1780320935971034-1346-0/minicluster-data/ts-1-root
uuid: "6d351795a360464bb316b1ddef543e0d"
format_stamp: "Formatted at 2026-06-01 13:35:52 on dist-test-slave-d25j"
I20260601 13:35:52.297859  1346 fs_report.cc:389] FS layout report
--------------------
wal directory: /tmp/dist-test-task6IZHdq/test-tmp/auto_rebalancer-test.0.AutoRebalancerTest.MovesScheduledIfAddTserver.1780320935971034-1346-0/minicluster-data/ts-1-root
metadata directory: /tmp/dist-test-task6IZHdq/test-tmp/auto_rebalancer-test.0.AutoRebalancerTest.MovesScheduledIfAddTserver.1780320935971034-1346-0/minicluster-data/ts-1-root
1 data directories: /tmp/dist-test-task6IZHdq/test-tmp/auto_rebalancer-test.0.AutoRebalancerTest.MovesScheduledIfAddTserver.1780320935971034-1346-0/minicluster-data/ts-1-root/data
Total live blocks: 0
Total live bytes: 0
Total live bytes (after alignment): 0
Total number of LBM containers: 0 (0 full)
Did not check for missing blocks
Did not check for orphaned blocks
Total full LBM containers with extra space: 0 (0 repaired)
Total full LBM container extra space in bytes: 0 (0 repaired)
Total incomplete LBM containers: 0 (0 repaired)
Total LBM partial records: 0 (0 repaired)
Total corrupted LBM metadata records in RocksDB: 0 (0 repaired)
I20260601 13:35:52.301188  3134 heartbeater.cc:344] Connected to a master server at 127.1.80.190:45441
I20260601 13:35:52.301362  3134 heartbeater.cc:461] Registering TS with master...
I20260601 13:35:52.301654  3134 heartbeater.cc:507] Master 127.1.80.190:45441 requested a full tablet report, sending...
I20260601 13:35:52.302449  3004 ts_manager.cc:194] Registered new tserver with Master: 06bbd653790745e68acd0f56cbfe56da (127.1.80.129:41223)
I20260601 13:35:52.303246  3004 master_service.cc:502] Signed X509 certificate for tserver {username='slave'} at 127.0.0.1:41370
I20260601 13:35:52.320670  1346 rpc_server.cc:225] running with OpenSSL 1.1.1  11 Sep 2018
I20260601 13:35:52.321228  1346 kserver.cc:163] Server-wide thread pool size limit: 3276
I20260601 13:35:52.321568  1346 txn_system_client.cc:432] TxnSystemClient initialization is disabled...
I20260601 13:35:52.322108  1346 ts_tablet_manager.cc:585] Loaded tablet metadata (0 total tablets, 0 live tablets)
I20260601 13:35:52.322170  1346 ts_tablet_manager.cc:531] Time spent load tablet metadata: real 0.000s	user 0.000s	sys 0.000s
I20260601 13:35:52.322227  1346 ts_tablet_manager.cc:616] Registered 0 tablets
I20260601 13:35:52.322274  1346 ts_tablet_manager.cc:595] Time spent register tablets: real 0.000s	user 0.000s	sys 0.000s
I20260601 13:35:52.326685  1346 rpc_server.cc:307] RPC server started. Bound to: 127.1.80.130:42217
I20260601 13:35:52.326723  3209 acceptor_pool.cc:272] collecting diagnostics on the listening RPC socket 127.1.80.130:42217 every 8 connection(s)
I20260601 13:35:52.327512  1346 file_cache.cc:492] Constructed file cache file cache with capacity 419430
W20260601 13:35:52.329788  3214 instance_detector.cc:116] could not retrieve Azure instance metadata: Network error: curl error: HTTP response code said error: The requested URL returned error: 404
W20260601 13:35:52.329983  3213 instance_detector.cc:116] could not retrieve AWS instance metadata: Network error: curl error: HTTP response code said error: The requested URL returned error: 404
W20260601 13:35:52.329799  3216 instance_detector.cc:116] could not retrieve OpenStack instance metadata: Network error: curl error: HTTP response code said error: The requested URL returned error: 404
I20260601 13:35:52.330114  1346 server_base.cc:1061] running on GCE node
I20260601 13:35:52.330349  1346 hybrid_clock.cc:584] initializing the hybrid clock with 'system_unsync' time source
W20260601 13:35:52.330413  1346 system_unsync_time.cc:38] NTP support is disabled. Clock error bounds will not be accurate. This configuration is not suitable for distributed clusters.
I20260601 13:35:52.330453  1346 hybrid_clock.cc:648] HybridClock initialized: now 1780320952330452 us; error 0 us; skew 500 ppm
I20260601 13:35:52.331444  1346 webserver.cc:533] Webserver started at http://127.1.80.131:33387/ using document root <none> and password file <none>
I20260601 13:35:52.331674  1346 fs_manager.cc:362] Metadata directory not provided
I20260601 13:35:52.331761  1346 fs_manager.cc:368] Using write-ahead log directory (fs_wal_dir) as metadata directory
I20260601 13:35:52.331859  1346 server_base.cc:909] This appears to be a new deployment of Kudu; creating new FS layout
I20260601 13:35:52.332355  1346 fs_manager.cc:1068] Generated new instance metadata in path /tmp/dist-test-task6IZHdq/test-tmp/auto_rebalancer-test.0.AutoRebalancerTest.MovesScheduledIfAddTserver.1780320935971034-1346-0/minicluster-data/ts-2-root/instance:
uuid: "d2c64798b18b45eda169bebe78ab25fe"
format_stamp: "Formatted at 2026-06-01 13:35:52 on dist-test-slave-d25j"
I20260601 13:35:52.332448  3210 heartbeater.cc:344] Connected to a master server at 127.1.80.190:45441
I20260601 13:35:52.332561  3210 heartbeater.cc:461] Registering TS with master...
I20260601 13:35:52.332827  3210 heartbeater.cc:507] Master 127.1.80.190:45441 requested a full tablet report, sending...
I20260601 13:35:52.333539  3004 ts_manager.cc:194] Registered new tserver with Master: 6d351795a360464bb316b1ddef543e0d (127.1.80.130:42217)
I20260601 13:35:52.334233  3004 master_service.cc:502] Signed X509 certificate for tserver {username='slave'} at 127.0.0.1:41376
I20260601 13:35:52.334318  1346 fs_manager.cc:696] Time spent creating directory manager: real 0.002s	user 0.000s	sys 0.002s
I20260601 13:35:52.335342  3221 log_block_manager.cc:4031] Time spent loading block containers with low live blocks: real 0.000s	user 0.000s	sys 0.000s
I20260601 13:35:52.335620  1346 fs_manager.cc:730] Time spent opening block manager: real 0.001s	user 0.000s	sys 0.001s
I20260601 13:35:52.335706  1346 fs_manager.cc:647] Opened local filesystem: /tmp/dist-test-task6IZHdq/test-tmp/auto_rebalancer-test.0.AutoRebalancerTest.MovesScheduledIfAddTserver.1780320935971034-1346-0/minicluster-data/ts-2-root
uuid: "d2c64798b18b45eda169bebe78ab25fe"
format_stamp: "Formatted at 2026-06-01 13:35:52 on dist-test-slave-d25j"
I20260601 13:35:52.335800  1346 fs_report.cc:389] FS layout report
--------------------
wal directory: /tmp/dist-test-task6IZHdq/test-tmp/auto_rebalancer-test.0.AutoRebalancerTest.MovesScheduledIfAddTserver.1780320935971034-1346-0/minicluster-data/ts-2-root
metadata directory: /tmp/dist-test-task6IZHdq/test-tmp/auto_rebalancer-test.0.AutoRebalancerTest.MovesScheduledIfAddTserver.1780320935971034-1346-0/minicluster-data/ts-2-root
1 data directories: /tmp/dist-test-task6IZHdq/test-tmp/auto_rebalancer-test.0.AutoRebalancerTest.MovesScheduledIfAddTserver.1780320935971034-1346-0/minicluster-data/ts-2-root/data
Total live blocks: 0
Total live bytes: 0
Total live bytes (after alignment): 0
Total number of LBM containers: 0 (0 full)
Did not check for missing blocks
Did not check for orphaned blocks
Total full LBM containers with extra space: 0 (0 repaired)
Total full LBM container extra space in bytes: 0 (0 repaired)
Total incomplete LBM containers: 0 (0 repaired)
Total LBM partial records: 0 (0 repaired)
Total corrupted LBM metadata records in RocksDB: 0 (0 repaired)
I20260601 13:35:52.346859  1346 rpc_server.cc:225] running with OpenSSL 1.1.1  11 Sep 2018
I20260601 13:35:52.347378  1346 kserver.cc:163] Server-wide thread pool size limit: 3276
I20260601 13:35:52.347745  1346 txn_system_client.cc:432] TxnSystemClient initialization is disabled...
I20260601 13:35:52.348260  1346 ts_tablet_manager.cc:585] Loaded tablet metadata (0 total tablets, 0 live tablets)
I20260601 13:35:52.348322  1346 ts_tablet_manager.cc:531] Time spent load tablet metadata: real 0.000s	user 0.000s	sys 0.000s
I20260601 13:35:52.348383  1346 ts_tablet_manager.cc:616] Registered 0 tablets
I20260601 13:35:52.348418  1346 ts_tablet_manager.cc:595] Time spent register tablets: real 0.000s	user 0.000s	sys 0.000s
I20260601 13:35:52.353245  1346 rpc_server.cc:307] RPC server started. Bound to: 127.1.80.131:37011
I20260601 13:35:52.353336  3285 acceptor_pool.cc:272] collecting diagnostics on the listening RPC socket 127.1.80.131:37011 every 8 connection(s)
I20260601 13:35:52.358367  3286 heartbeater.cc:344] Connected to a master server at 127.1.80.190:45441
I20260601 13:35:52.358515  3286 heartbeater.cc:461] Registering TS with master...
I20260601 13:35:52.358803  3286 heartbeater.cc:507] Master 127.1.80.190:45441 requested a full tablet report, sending...
I20260601 13:35:52.359599  3004 ts_manager.cc:194] Registered new tserver with Master: d2c64798b18b45eda169bebe78ab25fe (127.1.80.131:37011)
I20260601 13:35:52.360134  3004 master_service.cc:502] Signed X509 certificate for tserver {username='slave'} at 127.0.0.1:41382
I20260601 13:35:52.360524  1346 internal_mini_cluster.cc:371] 3 TS(s) registered with all masters after 0.006809086s
I20260601 13:35:53.304345  3134 heartbeater.cc:499] Master 127.1.80.190:45441 was elected leader, sending a full tablet report...
I20260601 13:35:53.335197  3210 heartbeater.cc:499] Master 127.1.80.190:45441 was elected leader, sending a full tablet report...
I20260601 13:35:53.361187  3286 heartbeater.cc:499] Master 127.1.80.190:45441 was elected leader, sending a full tablet report...
I20260601 13:35:53.396733  3004 catalog_manager.cc:2282] Servicing CreateTable request from {username='slave'} at 127.0.0.1:41398:
name: "test-workload"
schema {
  columns {
    name: "key"
    type: INT32
    is_key: true
    is_nullable: false
    encoding: AUTO_ENCODING
    compression: DEFAULT_COMPRESSION
    cfile_block_size: 0
    immutable: false
  }
  columns {
    name: "int_val"
    type: INT32
    is_key: false
    is_nullable: false
    encoding: AUTO_ENCODING
    compression: DEFAULT_COMPRESSION
    cfile_block_size: 0
    immutable: false
  }
  columns {
    name: "string_val"
    type: STRING
    is_key: false
    is_nullable: true
    encoding: AUTO_ENCODING
    compression: DEFAULT_COMPRESSION
    cfile_block_size: 0
    immutable: false
  }
}
num_replicas: 3
split_rows_range_bounds {
  rows: "\004\001\000\377\377\377?""\004\001\000\377\377\377?"
  indirect_data: """"
}
partition_schema {
  range_schema {
    columns {
      name: "key"
    }
  }
}
W20260601 13:35:53.397347  3004 catalog_manager.cc:7076] The number of live tablet servers is not enough to re-replicate a tablet replica of the newly created table test-workload in case of a server failure: 4 tablet servers would be needed, 3 are available. Consider bringing up more tablet servers.
I20260601 13:35:53.408315  3174 tablet_service.cc:1511] Processing CreateTablet for tablet 86a30d5204194df488282af2aed5354f (DEFAULT_TABLE table=test-workload [id=ab59d8cf19ea49d9b3d002a8a4c448e2]), partition=RANGE (key) PARTITION VALUES < 1073741823
I20260601 13:35:53.408366  3173 tablet_service.cc:1511] Processing CreateTablet for tablet 10c853b5752c4c2aac338dc7a349731b (DEFAULT_TABLE table=test-workload [id=ab59d8cf19ea49d9b3d002a8a4c448e2]), partition=RANGE (key) PARTITION 1073741823 <= VALUES
I20260601 13:35:53.408739  3174 data_dirs.cc:400] Could only allocate 1 dirs of requested 3 for tablet 86a30d5204194df488282af2aed5354f. 1 dirs total, 0 dirs full, 0 dirs failed
I20260601 13:35:53.409101  3173 data_dirs.cc:400] Could only allocate 1 dirs of requested 3 for tablet 10c853b5752c4c2aac338dc7a349731b. 1 dirs total, 0 dirs full, 0 dirs failed
I20260601 13:35:53.410080  3098 tablet_service.cc:1511] Processing CreateTablet for tablet 86a30d5204194df488282af2aed5354f (DEFAULT_TABLE table=test-workload [id=ab59d8cf19ea49d9b3d002a8a4c448e2]), partition=RANGE (key) PARTITION VALUES < 1073741823
I20260601 13:35:53.410322  3098 data_dirs.cc:400] Could only allocate 1 dirs of requested 3 for tablet 86a30d5204194df488282af2aed5354f. 1 dirs total, 0 dirs full, 0 dirs failed
I20260601 13:35:53.411780  3306 tablet_bootstrap.cc:492] T 86a30d5204194df488282af2aed5354f P 6d351795a360464bb316b1ddef543e0d: Bootstrap starting.
I20260601 13:35:53.412698  3307 tablet_bootstrap.cc:492] T 86a30d5204194df488282af2aed5354f P 06bbd653790745e68acd0f56cbfe56da: Bootstrap starting.
I20260601 13:35:53.412998  3306 tablet_bootstrap.cc:654] T 86a30d5204194df488282af2aed5354f P 6d351795a360464bb316b1ddef543e0d: Neither blocks nor log segments found. Creating new log.
I20260601 13:35:53.412968  3249 tablet_service.cc:1511] Processing CreateTablet for tablet 86a30d5204194df488282af2aed5354f (DEFAULT_TABLE table=test-workload [id=ab59d8cf19ea49d9b3d002a8a4c448e2]), partition=RANGE (key) PARTITION VALUES < 1073741823
I20260601 13:35:53.413307  3249 data_dirs.cc:400] Could only allocate 1 dirs of requested 3 for tablet 86a30d5204194df488282af2aed5354f. 1 dirs total, 0 dirs full, 0 dirs failed
I20260601 13:35:53.413342  3097 tablet_service.cc:1511] Processing CreateTablet for tablet 10c853b5752c4c2aac338dc7a349731b (DEFAULT_TABLE table=test-workload [id=ab59d8cf19ea49d9b3d002a8a4c448e2]), partition=RANGE (key) PARTITION 1073741823 <= VALUES
I20260601 13:35:53.413614  3097 data_dirs.cc:400] Could only allocate 1 dirs of requested 3 for tablet 10c853b5752c4c2aac338dc7a349731b. 1 dirs total, 0 dirs full, 0 dirs failed
I20260601 13:35:53.413935  3307 tablet_bootstrap.cc:654] T 86a30d5204194df488282af2aed5354f P 06bbd653790745e68acd0f56cbfe56da: Neither blocks nor log segments found. Creating new log.
I20260601 13:35:53.415225  3307 tablet_bootstrap.cc:492] T 86a30d5204194df488282af2aed5354f P 06bbd653790745e68acd0f56cbfe56da: No bootstrap required, opened a new log
I20260601 13:35:53.415318  3307 ts_tablet_manager.cc:1403] T 86a30d5204194df488282af2aed5354f P 06bbd653790745e68acd0f56cbfe56da: Time spent bootstrapping tablet: real 0.003s	user 0.002s	sys 0.000s
I20260601 13:35:53.415745  3248 tablet_service.cc:1511] Processing CreateTablet for tablet 10c853b5752c4c2aac338dc7a349731b (DEFAULT_TABLE table=test-workload [id=ab59d8cf19ea49d9b3d002a8a4c448e2]), partition=RANGE (key) PARTITION 1073741823 <= VALUES
I20260601 13:35:53.415897  3309 tablet_bootstrap.cc:492] T 86a30d5204194df488282af2aed5354f P d2c64798b18b45eda169bebe78ab25fe: Bootstrap starting.
I20260601 13:35:53.415833  3307 raft_consensus.cc:359] T 86a30d5204194df488282af2aed5354f P 06bbd653790745e68acd0f56cbfe56da [term 0 FOLLOWER]: Replica starting. Triggering 0 pending ops. Active config: opid_index: -1 OBSOLETE_local: false peers { permanent_uuid: "6d351795a360464bb316b1ddef543e0d" member_type: VOTER last_known_addr { host: "127.1.80.130" port: 42217 } } peers { permanent_uuid: "06bbd653790745e68acd0f56cbfe56da" member_type: VOTER last_known_addr { host: "127.1.80.129" port: 41223 } } peers { permanent_uuid: "d2c64798b18b45eda169bebe78ab25fe" member_type: VOTER last_known_addr { host: "127.1.80.131" port: 37011 } }
I20260601 13:35:53.416015  3248 data_dirs.cc:400] Could only allocate 1 dirs of requested 3 for tablet 10c853b5752c4c2aac338dc7a349731b. 1 dirs total, 0 dirs full, 0 dirs failed
I20260601 13:35:53.417245  3309 tablet_bootstrap.cc:654] T 86a30d5204194df488282af2aed5354f P d2c64798b18b45eda169bebe78ab25fe: Neither blocks nor log segments found. Creating new log.
I20260601 13:35:53.417481  3306 tablet_bootstrap.cc:492] T 86a30d5204194df488282af2aed5354f P 6d351795a360464bb316b1ddef543e0d: No bootstrap required, opened a new log
I20260601 13:35:53.417565  3306 ts_tablet_manager.cc:1403] T 86a30d5204194df488282af2aed5354f P 6d351795a360464bb316b1ddef543e0d: Time spent bootstrapping tablet: real 0.006s	user 0.000s	sys 0.002s
I20260601 13:35:53.418107  3306 raft_consensus.cc:359] T 86a30d5204194df488282af2aed5354f P 6d351795a360464bb316b1ddef543e0d [term 0 FOLLOWER]: Replica starting. Triggering 0 pending ops. Active config: opid_index: -1 OBSOLETE_local: false peers { permanent_uuid: "6d351795a360464bb316b1ddef543e0d" member_type: VOTER last_known_addr { host: "127.1.80.130" port: 42217 } } peers { permanent_uuid: "06bbd653790745e68acd0f56cbfe56da" member_type: VOTER last_known_addr { host: "127.1.80.129" port: 41223 } } peers { permanent_uuid: "d2c64798b18b45eda169bebe78ab25fe" member_type: VOTER last_known_addr { host: "127.1.80.131" port: 37011 } }
I20260601 13:35:53.418269  3306 raft_consensus.cc:385] T 86a30d5204194df488282af2aed5354f P 6d351795a360464bb316b1ddef543e0d [term 0 FOLLOWER]: Consensus starting up: Expiring failure detector timer to make a prompt election more likely
I20260601 13:35:53.418309  3306 raft_consensus.cc:740] T 86a30d5204194df488282af2aed5354f P 6d351795a360464bb316b1ddef543e0d [term 0 FOLLOWER]: Becoming Follower/Learner. State: Replica: 6d351795a360464bb316b1ddef543e0d, State: Initialized, Role: FOLLOWER
I20260601 13:35:53.418512  3307 raft_consensus.cc:385] T 86a30d5204194df488282af2aed5354f P 06bbd653790745e68acd0f56cbfe56da [term 0 FOLLOWER]: Consensus starting up: Expiring failure detector timer to make a prompt election more likely
I20260601 13:35:53.418455  3306 consensus_queue.cc:260] T 86a30d5204194df488282af2aed5354f P 6d351795a360464bb316b1ddef543e0d [NON_LEADER]: Queue going to NON_LEADER mode. State: All replicated index: 0, Majority replicated index: 0, Committed index: 0, Last appended: 0.0, Last appended by leader: 0, Current term: 0, Majority size: -1, State: 0, Mode: NON_LEADER, active raft config: opid_index: -1 OBSOLETE_local: false peers { permanent_uuid: "6d351795a360464bb316b1ddef543e0d" member_type: VOTER last_known_addr { host: "127.1.80.130" port: 42217 } } peers { permanent_uuid: "06bbd653790745e68acd0f56cbfe56da" member_type: VOTER last_known_addr { host: "127.1.80.129" port: 41223 } } peers { permanent_uuid: "d2c64798b18b45eda169bebe78ab25fe" member_type: VOTER last_known_addr { host: "127.1.80.131" port: 37011 } }
I20260601 13:35:53.418601  3307 raft_consensus.cc:740] T 86a30d5204194df488282af2aed5354f P 06bbd653790745e68acd0f56cbfe56da [term 0 FOLLOWER]: Becoming Follower/Learner. State: Replica: 06bbd653790745e68acd0f56cbfe56da, State: Initialized, Role: FOLLOWER
I20260601 13:35:53.418686  3309 tablet_bootstrap.cc:492] T 86a30d5204194df488282af2aed5354f P d2c64798b18b45eda169bebe78ab25fe: No bootstrap required, opened a new log
I20260601 13:35:53.418812  3309 ts_tablet_manager.cc:1403] T 86a30d5204194df488282af2aed5354f P d2c64798b18b45eda169bebe78ab25fe: Time spent bootstrapping tablet: real 0.003s	user 0.002s	sys 0.000s
I20260601 13:35:53.418787  3307 consensus_queue.cc:260] T 86a30d5204194df488282af2aed5354f P 06bbd653790745e68acd0f56cbfe56da [NON_LEADER]: Queue going to NON_LEADER mode. State: All replicated index: 0, Majority replicated index: 0, Committed index: 0, Last appended: 0.0, Last appended by leader: 0, Current term: 0, Majority size: -1, State: 0, Mode: NON_LEADER, active raft config: opid_index: -1 OBSOLETE_local: false peers { permanent_uuid: "6d351795a360464bb316b1ddef543e0d" member_type: VOTER last_known_addr { host: "127.1.80.130" port: 42217 } } peers { permanent_uuid: "06bbd653790745e68acd0f56cbfe56da" member_type: VOTER last_known_addr { host: "127.1.80.129" port: 41223 } } peers { permanent_uuid: "d2c64798b18b45eda169bebe78ab25fe" member_type: VOTER last_known_addr { host: "127.1.80.131" port: 37011 } }
I20260601 13:35:53.418994  3306 ts_tablet_manager.cc:1434] T 86a30d5204194df488282af2aed5354f P 6d351795a360464bb316b1ddef543e0d: Time spent starting tablet: real 0.001s	user 0.000s	sys 0.002s
I20260601 13:35:53.419214  3307 ts_tablet_manager.cc:1434] T 86a30d5204194df488282af2aed5354f P 06bbd653790745e68acd0f56cbfe56da: Time spent starting tablet: real 0.004s	user 0.002s	sys 0.000s
I20260601 13:35:53.419292  3309 raft_consensus.cc:359] T 86a30d5204194df488282af2aed5354f P d2c64798b18b45eda169bebe78ab25fe [term 0 FOLLOWER]: Replica starting. Triggering 0 pending ops. Active config: opid_index: -1 OBSOLETE_local: false peers { permanent_uuid: "6d351795a360464bb316b1ddef543e0d" member_type: VOTER last_known_addr { host: "127.1.80.130" port: 42217 } } peers { permanent_uuid: "06bbd653790745e68acd0f56cbfe56da" member_type: VOTER last_known_addr { host: "127.1.80.129" port: 41223 } } peers { permanent_uuid: "d2c64798b18b45eda169bebe78ab25fe" member_type: VOTER last_known_addr { host: "127.1.80.131" port: 37011 } }
I20260601 13:35:53.419397  3309 raft_consensus.cc:385] T 86a30d5204194df488282af2aed5354f P d2c64798b18b45eda169bebe78ab25fe [term 0 FOLLOWER]: Consensus starting up: Expiring failure detector timer to make a prompt election more likely
I20260601 13:35:53.419438  3309 raft_consensus.cc:740] T 86a30d5204194df488282af2aed5354f P d2c64798b18b45eda169bebe78ab25fe [term 0 FOLLOWER]: Becoming Follower/Learner. State: Replica: d2c64798b18b45eda169bebe78ab25fe, State: Initialized, Role: FOLLOWER
I20260601 13:35:53.419597  3306 tablet_bootstrap.cc:492] T 10c853b5752c4c2aac338dc7a349731b P 6d351795a360464bb316b1ddef543e0d: Bootstrap starting.
